[INFO] fetching crate eure-fmt 0.2.0...
[INFO] testing eure-fmt-0.2.0 against 1.99.0-beta.8+cargoflags=--release for beta-release-1.100-2
[INFO] extracting crate eure-fmt 0.2.0 into /workspace/builds/worker-6-tc1/source
[INFO] started tweaking crates.io crate eure-fmt 0.2.0
[INFO] finished tweaking crates.io crate eure-fmt 0.2.0
[INFO] tweaked toml for crates.io crate eure-fmt 0.2.0 written to /workspace/builds/worker-6-tc1/source/Cargo.toml
[INFO] validating manifest of crates.io crate eure-fmt 0.2.0 on toolchain 1.99.0-beta.8
[INFO] running `Command { std: CARGO_HOME="/workspace/cargo-home" RUSTUP_HOME="/workspace/rustup-home" "/workspace/cargo-home/bin/cargo" "+1.99.0-beta.8" "metadata" "--manifest-path" "Cargo.toml" "--no-deps", kill_on_drop: false }`
[INFO] crate crates.io crate eure-fmt 0.2.0 already has a lockfile, it will not be regenerated
[INFO] running `Command { std: CARGO_HOME="/workspace/cargo-home" RUSTUP_HOME="/workspace/rustup-home" "/workspace/cargo-home/bin/cargo" "+1.99.0-beta.8" "fetch" "--manifest-path" "Cargo.toml", kill_on_drop: false }`
[INFO] [stderr]     Updating crates.io index
[INFO] [stderr]  Downloading crates ...
[INFO] [stderr]   Downloaded eure-tree v0.2.0
[INFO] [stderr]   Downloaded thisisplural v0.7.0
[INFO] [stderr]   Downloaded bon-macros v3.8.2
[INFO] [stderr]   Downloaded bon v3.8.2
[INFO] [stderr]   Downloaded eure-document v0.2.0
[INFO] running `Command { std: "docker" "create" "-v" "/var/lib/crater-agent-workspace/builds/worker-6-tc1/source:/opt/rustwide/workdir:ro,Z" "-v" "/var/lib/crater-agent-workspace/builds/worker-6-tc1/target:/opt/rustwide/target:rw,Z" "-v" "/var/lib/crater-agent-workspace/cargo-home:/opt/rustwide/cargo-home:ro,Z" "-v" "/var/lib/crater-agent-workspace/rustup-home:/opt/rustwide/rustup-home:ro,Z" "-m" "1610612736" "--network" "none" "ghcr.io/rust-lang/crates-build-env/linux@sha256:77db811e55d90add9212f6832c23229e3de5f1c1f9905e8cb07319ea15df73ac" "sleep" "infinity", kill_on_drop: false }`
[INFO] [stdout] 4c3d288d7a740dec522778fb133a3bda4accfa20cbce5ef536ecfc41842d7b44
[INFO] running `Command { std: "docker" "start" "4c3d288d7a740dec522778fb133a3bda4accfa20cbce5ef536ecfc41842d7b44", kill_on_drop: false }`
[INFO] running `Command { std: "docker" "inspect" "4c3d288d7a740dec522778fb133a3bda4accfa20cbce5ef536ecfc41842d7b44", kill_on_drop: false }`
[INFO] running `Command { std: "docker" "exec" "-e" "SOURCE_DIR=/opt/rustwide/workdir" "-e" "CARGO_HOME=/opt/rustwide/cargo-home" "-e" "RUSTUP_HOME=/opt/rustwide/rustup-home" "-e" "CARGO_TARGET_DIR=/opt/rustwide/target" "-w" "/opt/rustwide/workdir" "--user" "0:0" "4c3d288d7a740dec522778fb133a3bda4accfa20cbce5ef536ecfc41842d7b44" "/opt/rustwide/cargo-home/bin/cargo" "+1.99.0-beta.8" "metadata" "--no-deps" "--format-version=1", kill_on_drop: false }`
[INFO] running `Command { std: "docker" "inspect" "4c3d288d7a740dec522778fb133a3bda4accfa20cbce5ef536ecfc41842d7b44", kill_on_drop: false }`
[INFO] running `Command { std: "docker" "exec" "-e" "SOURCE_DIR=/opt/rustwide/workdir" "-e" "CARGO_HOME=/opt/rustwide/cargo-home" "-e" "RUSTUP_HOME=/opt/rustwide/rustup-home" "-e" "CARGO_TARGET_DIR=/opt/rustwide/target" "-e" "CARGO_INCREMENTAL=0" "-e" "RUST_BACKTRACE=full" "-e" "RUSTFLAGS=--cap-lints=warn" "-e" "RUSTDOCFLAGS=--cap-lints=warn" "-w" "/opt/rustwide/workdir" "--user" "0:0" "4c3d288d7a740dec522778fb133a3bda4accfa20cbce5ef536ecfc41842d7b44" "/opt/rustwide/cargo-home/bin/cargo" "+1.99.0-beta.8" "build" "--frozen" "--message-format=json" "--release", kill_on_drop: false }`
[INFO] [stderr]    Compiling unicode-ident v1.0.23
[INFO] [stderr]    Compiling prettyplease v0.2.37
[INFO] [stderr]    Compiling libc v0.2.180
[INFO] [stderr]    Compiling zerocopy v0.8.39
[INFO] [stderr]    Compiling memchr v2.8.0
[INFO] [stderr]    Compiling thiserror v2.0.18
[INFO] [stderr]    Compiling regex-syntax v0.8.10
[INFO] [stderr]    Compiling ahash v0.8.12
[INFO] [stderr]    Compiling once_cell v1.21.3
[INFO] [stderr]    Compiling indexmap v2.13.0
[INFO] [stderr]    Compiling num-bigint v0.4.6
[INFO] [stderr]    Compiling proc-macro2 v1.0.106
[INFO] [stderr]    Compiling quote v1.0.45
[INFO] [stderr]    Compiling syn v2.0.117
[INFO] [stderr]    Compiling aho-corasick v1.1.4
[INFO] [stderr]    Compiling getrandom v0.3.4
[INFO] [stderr]    Compiling regex-automata v0.4.14
[INFO] [stderr]    Compiling darling_core v0.23.0
[INFO] [stderr]    Compiling regex v1.12.3
[INFO] [stderr]    Compiling thiserror-impl v2.0.18
[INFO] [stderr]    Compiling thisisplural v0.7.0
[INFO] [stderr]    Compiling eure-document v0.2.0
[INFO] [stderr]    Compiling darling_macro v0.23.0
[INFO] [stderr]    Compiling darling v0.23.0
[INFO] [stderr]    Compiling bon-macros v3.8.2
[INFO] [stderr]    Compiling bon v3.8.2
[INFO] [stderr]    Compiling eure-tree v0.2.0
[INFO] [stderr]    Compiling eure-fmt v0.2.0 (/opt/rustwide/workdir)
[INFO] [stderr]     Finished `release` profile [optimized] target(s) in 51.25s
[INFO] running `Command { std: "docker" "inspect" "4c3d288d7a740dec522778fb133a3bda4accfa20cbce5ef536ecfc41842d7b44", kill_on_drop: false }`
[INFO] running `Command { std: "docker" "exec" "-e" "SOURCE_DIR=/opt/rustwide/workdir" "-e" "CARGO_HOME=/opt/rustwide/cargo-home" "-e" "RUSTUP_HOME=/opt/rustwide/rustup-home" "-e" "CARGO_TARGET_DIR=/opt/rustwide/target" "-e" "CARGO_INCREMENTAL=0" "-e" "RUST_BACKTRACE=full" "-e" "RUSTFLAGS=--cap-lints=warn" "-e" "RUSTDOCFLAGS=--cap-lints=warn" "-w" "/opt/rustwide/workdir" "--user" "0:0" "4c3d288d7a740dec522778fb133a3bda4accfa20cbce5ef536ecfc41842d7b44" "/opt/rustwide/cargo-home/bin/cargo" "+1.99.0-beta.8" "test" "--frozen" "--no-run" "--message-format=json" "--release", kill_on_drop: false }`
[INFO] [stderr]    Compiling eure-fmt v0.2.0 (/opt/rustwide/workdir)
[INFO] [stdout] error[E0433]: cannot find module or crate `rand` in this scope
[INFO] [stdout]  --> src/unformat.rs:4:5
[INFO] [stdout]   |
[INFO] [stdout] 4 | use rand::prelude::*;
[INFO] [stdout]   |     ^^^^ use of unresolved module or unlinked crate `rand`
[INFO] [stdout]   |
[INFO] [stdout]   = help: if you wanted to use a crate named `rand`, use `cargo add rand` to add it to your `Cargo.toml`
[INFO] [stdout] 
[INFO] [stdout] 
[INFO] [stdout] error[E0433]: cannot find module or crate `rand` in this scope
[INFO] [stdout]   --> src/unformat.rs:14:14
[INFO] [stdout]    |
[INFO] [stdout] 14 |         rng: rand::rngs::SmallRng::seed_from_u64(seed),
[INFO] [stdout]    |              ^^^^ use of unresolved module or unlinked crate `rand`
[INFO] [stdout]    |
[INFO] [stdout]    = help: if you wanted to use a crate named `rand`, use `cargo add rand` to add it to your `Cargo.toml`
[INFO] [stdout] 
[INFO] [stdout] 
[INFO] [stdout] error[E0433]: cannot find module or crate `rand` in this scope
[INFO] [stdout]   --> src/unformat.rs:23:10
[INFO] [stdout]    |
[INFO] [stdout] 23 |     rng: rand::rngs::SmallRng,
[INFO] [stdout]    |          ^^^^ use of unresolved module or unlinked crate `rand`
[INFO] [stdout]    |
[INFO] [stdout]    = help: if you wanted to use a crate named `rand`, use `cargo add rand` to add it to your `Cargo.toml`
[INFO] [stdout] 
[INFO] [stdout] 
[INFO] [stdout] error[E0433]: cannot find module or crate `rand` in this scope
[INFO] [stdout]   --> src/unformat.rs:42:18
[INFO] [stdout]    |
[INFO] [stdout] 42 |             rng: rand::rngs::SmallRng::from_os_rng(),
[INFO] [stdout]    |                  ^^^^ use of unresolved module or unlinked crate `rand`
[INFO] [stdout]    |
[INFO] [stdout]    = help: if you wanted to use a crate named `rand`, use `cargo add rand` to add it to your `Cargo.toml`
[INFO] [stdout] 
[INFO] [stdout] 
[INFO] [stdout] error[E0433]: cannot find module or crate `eure_parol` in this scope
[INFO] [stdout]     --> src/builder.rs:1260:19
[INFO] [stdout]      |
[INFO] [stdout] 1260 |         let cst = eure_parol::parse(input, "<input>").expect("parse failed");
[INFO] [stdout]      |                   ^^^^^^^^^^ use of unresolved module or unlinked crate `eure_parol`
[INFO] [stdout]      |
[INFO] [stdout]      = help: if you wanted to use a crate named `eure_parol`, use `cargo add eure_parol` to add it to your `Cargo.toml`
[INFO] [stdout] 
[INFO] [stdout] 
[INFO] [stdout] error[E0433]: cannot find module or crate `eure_parol` in this scope
[INFO] [stdout]    --> src/lib.rs:141:19
[INFO] [stdout]     |
[INFO] [stdout] 141 |         let cst = eure_parol::parse(input, "<input>").expect("parse failed");
[INFO] [stdout]     |                   ^^^^^^^^^^ use of unresolved module or unlinked crate `eure_parol`
[INFO] [stdout]     |
[INFO] [stdout]     = help: if you wanted to use a crate named `eure_parol`, use `cargo add eure_parol` to add it to your `Cargo.toml`
[INFO] [stdout] 
[INFO] [stdout] 
[INFO] [stdout] For more information about this error, try `rustc --explain E0433`.
[INFO] [stdout] 
[INFO] [stderr] error: could not compile `eure-fmt` (lib test) due to 6 previous errors
[INFO] running `Command { std: "docker" "inspect" "4c3d288d7a740dec522778fb133a3bda4accfa20cbce5ef536ecfc41842d7b44", kill_on_drop: false }`
[INFO] running `Command { std: "docker" "rm" "-f" "4c3d288d7a740dec522778fb133a3bda4accfa20cbce5ef536ecfc41842d7b44", kill_on_drop: false }`
[INFO] [stdout] 4c3d288d7a740dec522778fb133a3bda4accfa20cbce5ef536ecfc41842d7b44
