[INFO] fetching crate etopay-sdk 0.16.1...
[INFO] testing etopay-sdk-0.16.1 against 1.100.0-beta.1+cargoflags=--release for beta-release-1.100-2
[INFO] extracting crate etopay-sdk 0.16.1 into /workspace/builds/worker-1-tc2/source
[INFO] started tweaking crates.io crate etopay-sdk 0.16.1
[INFO] removed 0 missing examples
[INFO] removed 0 missing tests
[INFO] finished tweaking crates.io crate etopay-sdk 0.16.1
[INFO] tweaked toml for crates.io crate etopay-sdk 0.16.1 written to /workspace/builds/worker-1-tc2/source/Cargo.toml
[INFO] validating manifest of crates.io crate etopay-sdk 0.16.1 on toolchain 1.100.0-beta.1
[INFO] running `Command { std: CARGO_HOME="/workspace/cargo-home" RUSTUP_HOME="/workspace/rustup-home" "/workspace/cargo-home/bin/cargo" "+1.100.0-beta.1" "metadata" "--manifest-path" "Cargo.toml" "--no-deps", kill_on_drop: false }`
[INFO] crate crates.io crate etopay-sdk 0.16.1 already has a lockfile, it will not be regenerated
[INFO] running `Command { std: CARGO_HOME="/workspace/cargo-home" RUSTUP_HOME="/workspace/rustup-home" "/workspace/cargo-home/bin/cargo" "+1.100.0-beta.1" "fetch" "--manifest-path" "Cargo.toml", kill_on_drop: false }`
[INFO] running `Command { std: "docker" "create" "-v" "/var/lib/crater-agent-workspace/builds/worker-1-tc2/source:/opt/rustwide/workdir:ro,Z" "-v" "/var/lib/crater-agent-workspace/builds/worker-1-tc2/target:/opt/rustwide/target:rw,Z" "-v" "/var/lib/crater-agent-workspace/cargo-home:/opt/rustwide/cargo-home:ro,Z" "-v" "/var/lib/crater-agent-workspace/rustup-home:/opt/rustwide/rustup-home:ro,Z" "-m" "1610612736" "--network" "none" "ghcr.io/rust-lang/crates-build-env/linux@sha256:77db811e55d90add9212f6832c23229e3de5f1c1f9905e8cb07319ea15df73ac" "sleep" "infinity", kill_on_drop: false }`
[INFO] [stdout] 2988894ce40143bdb3177af5f30f77da9cad7b5eef6367e12f4f9abd683fcbaa
[INFO] running `Command { std: "docker" "start" "2988894ce40143bdb3177af5f30f77da9cad7b5eef6367e12f4f9abd683fcbaa", kill_on_drop: false }`
[INFO] running `Command { std: "docker" "inspect" "2988894ce40143bdb3177af5f30f77da9cad7b5eef6367e12f4f9abd683fcbaa", kill_on_drop: false }`
[INFO] running `Command { std: "docker" "exec" "-e" "SOURCE_DIR=/opt/rustwide/workdir" "-e" "CARGO_HOME=/opt/rustwide/cargo-home" "-e" "RUSTUP_HOME=/opt/rustwide/rustup-home" "-e" "CARGO_TARGET_DIR=/opt/rustwide/target" "-w" "/opt/rustwide/workdir" "--user" "0:0" "2988894ce40143bdb3177af5f30f77da9cad7b5eef6367e12f4f9abd683fcbaa" "/opt/rustwide/cargo-home/bin/cargo" "+1.100.0-beta.1" "metadata" "--no-deps" "--format-version=1", kill_on_drop: false }`
[INFO] running `Command { std: "docker" "inspect" "2988894ce40143bdb3177af5f30f77da9cad7b5eef6367e12f4f9abd683fcbaa", kill_on_drop: false }`
[INFO] running `Command { std: "docker" "exec" "-e" "SOURCE_DIR=/opt/rustwide/workdir" "-e" "CARGO_HOME=/opt/rustwide/cargo-home" "-e" "RUSTUP_HOME=/opt/rustwide/rustup-home" "-e" "CARGO_TARGET_DIR=/opt/rustwide/target" "-e" "CARGO_INCREMENTAL=0" "-e" "RUST_BACKTRACE=full" "-e" "RUSTFLAGS=--cap-lints=warn" "-e" "RUSTDOCFLAGS=--cap-lints=warn" "-w" "/opt/rustwide/workdir" "--user" "0:0" "2988894ce40143bdb3177af5f30f77da9cad7b5eef6367e12f4f9abd683fcbaa" "/opt/rustwide/cargo-home/bin/cargo" "+1.100.0-beta.1" "build" "--frozen" "--message-format=json" "--release", kill_on_drop: false }`
[INFO] [stderr]    Compiling proc-macro2 v1.0.95
[INFO] [stderr]    Compiling unicode-ident v1.0.18
[INFO] [stderr]    Compiling libc v0.2.172
[INFO] [stderr]    Compiling serde v1.0.219
[INFO] [stderr]    Compiling typenum v1.18.0
[INFO] [stderr]    Compiling crunchy v0.2.3
[INFO] [stderr]    Compiling tiny-keccak v2.0.2
[INFO] [stderr]    Compiling ruint-macro v1.2.1
[INFO] [stderr]    Compiling autocfg v1.4.0
[INFO] [stderr]    Compiling memchr v2.7.4
[INFO] [stderr]    Compiling cfg-if v1.0.0
[INFO] [stderr]    Compiling hashbrown v0.15.3
[INFO] [stderr]    Compiling itoa v1.0.15
[INFO] [stderr]    Compiling futures-core v0.3.31
[INFO] [stderr]    Compiling tracing-core v0.1.33
[INFO] [stderr]    Compiling serde_json v1.0.140
[INFO] [stderr]    Compiling cpufeatures v0.2.17
[INFO] [stderr]    Compiling thiserror v2.0.12
[INFO] [stderr]    Compiling quote v1.0.40
[INFO] [stderr]    Compiling getrandom v0.2.16
[INFO] [stderr]    Compiling indexmap v2.9.0
[INFO] [stderr]    Compiling cc v1.2.24
[INFO] [stderr]    Compiling syn v2.0.101
[INFO] [stderr]    Compiling rand_core v0.6.4
[INFO] [stderr]    Compiling winnow v0.7.10
[INFO] [stderr]    Compiling ff v0.13.1
[INFO] [stderr]    Compiling ryu v1.0.20
[INFO] [stderr]    Compiling group v0.13.0
[INFO] [stderr]    Compiling stable_deref_trait v1.2.0
[INFO] [stderr]    Compiling futures-sink v0.3.31
[INFO] [stderr]    Compiling proc-macro-error-attr2 v2.0.0
[INFO] [stderr]    Compiling slab v0.4.9
[INFO] [stderr]    Compiling futures-channel v0.3.31
[INFO] [stderr]    Compiling mio v1.0.4
[INFO] [stderr]    Compiling socket2 v0.5.10
[INFO] [stderr]    Compiling futures-task v0.3.31
[INFO] [stderr]    Compiling futures-io v0.3.31
[INFO] [stderr]    Compiling untrusted v0.9.0
[INFO] [stderr]    Compiling crc-catalog v2.4.0
[INFO] [stderr]    Compiling writeable v0.6.1
[INFO] [stderr]    Compiling litemap v0.8.0
[INFO] [stderr]    Compiling ring v0.17.14
[INFO] [stderr]    Compiling crc v3.3.0
[INFO] [stderr]    Compiling icu_normalizer_data v2.0.0
[INFO] [stderr]    Compiling icu_properties_data v2.0.1
[INFO] [stderr]    Compiling anyhow v1.0.98
[INFO] [stderr]    Compiling either v1.15.0
[INFO] [stderr]    Compiling percent-encoding v2.3.1
[INFO] [stderr]    Compiling base64 v0.22.1
[INFO] [stderr]    Compiling zerocopy v0.8.25
[INFO] [stderr]    Compiling itertools v0.13.0
[INFO] [stderr]    Compiling tower-service v0.3.3
[INFO] [stderr]    Compiling lock_api v0.4.12
[INFO] [stderr]    Compiling getrandom v0.3.3
[INFO] [stderr]    Compiling rustls v0.23.27
[INFO] [stderr]    Compiling parking_lot_core v0.9.10
[INFO] [stderr]    Compiling rustix v1.0.7
[INFO] [stderr]    Compiling bitflags v2.9.1
[INFO] [stderr]    Compiling try-lock v0.2.5
[INFO] [stderr]    Compiling want v0.3.1
[INFO] [stderr]    Compiling form_urlencoded v1.2.1
[INFO] [stderr]    Compiling sync_wrapper v1.0.2
[INFO] [stderr]    Compiling linux-raw-sys v0.9.4
[INFO] [stderr]    Compiling tower-layer v0.3.3
[INFO] [stderr]    Compiling prettyplease v0.2.32
[INFO] [stderr]    Compiling regex-syntax v0.8.5
[INFO] [stderr]    Compiling num-traits v0.2.19
[INFO] [stderr]    Compiling once_cell v1.21.3
[INFO] [stderr]    Compiling ipnet v2.11.0
[INFO] [stderr]    Compiling fastrand v2.3.0
[INFO] [stderr]    Compiling fixedbitset v0.5.7
[INFO] [stderr]    Compiling futures-utils-wasm v0.1.0
[INFO] [stderr]    Compiling rustversion v1.0.21
[INFO] [stderr]    Compiling petgraph v0.7.1
[INFO] [stderr]    Compiling ppv-lite86 v0.2.21
[INFO] [stderr]    Compiling keccak v0.1.5
[INFO] [stderr]    Compiling synstructure v0.13.2
[INFO] [stderr]    Compiling syn-solidity v1.1.2
[INFO] [stderr]    Compiling macro-string v0.1.4
[INFO] [stderr]    Compiling proc-macro-error2 v2.0.1
[INFO] [stderr]    Compiling regex-automata v0.4.9
[INFO] [stderr]    Compiling tempfile v3.20.0
[INFO] [stderr]    Compiling iri-string v0.7.8
[INFO] [stderr]    Compiling multimap v0.10.1
[INFO] [stderr]    Compiling log v0.4.27
[INFO] [stderr]    Compiling serde_derive v1.0.219
[INFO] [stderr]    Compiling zeroize_derive v1.4.2
[INFO] [stderr]    Compiling derive_more-impl v2.0.1
[INFO] [stderr]    Compiling zeroize v1.8.1
[INFO] [stderr]    Compiling generic-array v0.14.7
[INFO] [stderr]    Compiling der v0.7.10
[INFO] [stderr]    Compiling alloy-rlp-derive v0.3.12
[INFO] [stderr]    Compiling crypto-common v0.1.6
[INFO] [stderr]    Compiling block-buffer v0.10.4
[INFO] [stderr]    Compiling crypto-bigint v0.5.5
[INFO] [stderr]    Compiling digest v0.10.7
[INFO] [stderr]    Compiling hmac v0.12.1
[INFO] [stderr]    Compiling sha2 v0.10.9
[INFO] [stderr]    Compiling spki v0.7.3
[INFO] [stderr]    Compiling rfc6979 v0.4.0
[INFO] [stderr]    Compiling pkcs8 v0.10.2
[INFO] [stderr]    Compiling signature v2.2.0
[INFO] [stderr]    Compiling zerofrom-derive v0.1.6
[INFO] [stderr]    Compiling tracing-attributes v0.1.28
[INFO] [stderr]    Compiling derive_more v2.0.1
[INFO] [stderr]    Compiling yoke-derive v0.8.0
[INFO] [stderr]    Compiling thiserror-impl v2.0.12
[INFO] [stderr]    Compiling zerovec-derive v0.11.1
[INFO] [stderr]    Compiling zerofrom v0.1.6
[INFO] [stderr]    Compiling displaydoc v0.2.5
[INFO] [stderr]    Compiling yoke v0.8.0
[INFO] [stderr]    Compiling tokio-macros v2.5.0
[INFO] [stderr]    Compiling tracing v0.1.41
[INFO] [stderr]    Compiling futures-macro v0.3.31
[INFO] [stderr]    Compiling zerotrie v0.2.2
[INFO] [stderr]    Compiling auto_impl v1.3.0
[INFO] [stderr]    Compiling thiserror-impl v1.0.69
[INFO] [stderr]    Compiling zerovec v0.11.2
[INFO] [stderr]    Compiling rustls-pki-types v1.12.0
[INFO] [stderr]    Compiling futures-util v0.3.31
[INFO] [stderr]    Compiling prost-derive v0.13.5
[INFO] [stderr]    Compiling thiserror v1.0.69
[INFO] [stderr]    Compiling block-padding v0.3.3
[INFO] [stderr]    Compiling inout v0.1.4
[INFO] [stderr]    Compiling tinystr v0.8.1
[INFO] [stderr]    Compiling potential_utf v0.1.2
[INFO] [stderr]    Compiling cipher v0.4.4
[INFO] [stderr]    Compiling icu_collections v2.0.0
[INFO] [stderr]    Compiling icu_locale_core v2.0.0
[INFO] [stderr]    Compiling webpki-roots v1.0.0
[INFO] [stderr]    Compiling bytes v1.10.1
[INFO] [stderr]    Compiling serdect v0.2.0
[INFO] [stderr]    Compiling arrayvec v0.7.6
[INFO] [stderr]    Compiling sec1 v0.7.3
[INFO] [stderr]    Compiling const-hex v1.14.1
[INFO] [stderr]    Compiling elliptic-curve v0.13.8
[INFO] [stderr]    Compiling ecdsa v0.16.9
[INFO] [stderr]    Compiling alloy-rlp v0.3.12
[INFO] [stderr]    Compiling smallvec v1.15.0
[INFO] [stderr]    Compiling ruint v1.15.0
[INFO] [stderr]    Compiling k256 v0.13.4
[INFO] [stderr]    Compiling alloy-sol-type-parser v1.1.2
[INFO] [stderr]    Compiling alloy-primitives v1.2.0
[INFO] [stderr]    Compiling tokio v1.45.1
[INFO] [stderr]    Compiling alloy-json-abi v1.1.2
[INFO] [stderr]    Compiling nybbles v0.3.4
[INFO] [stderr]    Compiling icu_provider v2.0.0
[INFO] [stderr]    Compiling alloy-eip2930 v0.2.1
[INFO] [stderr]    Compiling alloy-sol-macro-input v1.1.2
[INFO] [stderr]    Compiling alloy-eip2124 v0.2.0
[INFO] [stderr]    Compiling alloy-eip7702 v0.6.1
[INFO] [stderr]    Compiling alloy-sol-macro-expander v1.1.2
[INFO] [stderr]    Compiling alloy-serde v1.0.9
[INFO] [stderr]    Compiling http v1.3.1
[INFO] [stderr]    Compiling alloy-trie v0.8.1
[INFO] [stderr]    Compiling alloy-eips v1.0.9
[INFO] [stderr]    Compiling icu_normalizer v2.0.0
[INFO] [stderr]    Compiling http-body v1.0.1
[INFO] [stderr]    Compiling icu_properties v2.0.1
[INFO] [stderr]    Compiling alloy-sol-macro v1.1.2
[INFO] [stderr]    Compiling alloy-consensus v1.0.9
[INFO] [stderr]    Compiling alloy-sol-types v1.1.2
[INFO] [stderr]    Compiling idna_adapter v1.2.1
[INFO] [stderr]    Compiling rustls-webpki v0.103.3
[INFO] [stderr]    Compiling tower v0.5.2
[INFO] [stderr]    Compiling hyper v1.6.0
[INFO] [stderr]    Compiling idna v1.0.3
[INFO] [stderr]    Compiling futures-executor v0.3.31
[INFO] [stderr]    Compiling alloy-network-primitives v1.0.9
[INFO] [stderr]    Compiling alloy-consensus-any v1.0.9
[INFO] [stderr]    Compiling prost v0.13.5
[INFO] [stderr]    Compiling prost-types v0.13.5
[INFO] [stderr]    Compiling hyper-util v0.1.13
[INFO] [stderr]    Compiling futures v0.3.31
[INFO] [stderr]    Compiling url v2.5.4
[INFO] [stderr]    Compiling regex v1.11.1
[INFO] [stderr]    Compiling parking_lot v0.12.3
[INFO] [stderr]    Compiling prost-build v0.13.5
[INFO] [stderr]    Compiling tower-http v0.6.5
[INFO] [stderr]    Compiling http-body-util v0.1.3
[INFO] [stderr]    Compiling serde_urlencoded v0.7.1
[INFO] [stderr]    Compiling tokio-rustls v0.26.2
[INFO] [stderr]    Compiling bs58 v0.5.1
[INFO] [stderr]    Compiling sha3 v0.10.8
[INFO] [stderr]    Compiling hyper-rustls v0.27.6
[INFO] [stderr]    Compiling ripemd v0.1.3
[INFO] [stderr]    Compiling pin-project-internal v1.1.10
[INFO] [stderr]    Compiling async-trait v0.1.88
[INFO] [stderr]    Compiling radium v0.7.0
[INFO] [stderr]    Compiling mime v0.3.17
[INFO] [stderr]    Compiling reqwest v0.12.19
[INFO] [stderr]    Compiling pin-project v1.1.10
[INFO] [stderr]    Compiling alloy-signer v1.0.9
[INFO] [stderr]    Compiling tokio-util v0.7.15
[INFO] [stderr]    Compiling pbkdf2 v0.12.2
[INFO] [stderr]    Compiling strum_macros v0.27.1
[INFO] [stderr]    Compiling async-stream-impl v0.3.6
[INFO] [stderr]    Compiling num_enum_derive v0.7.3
[INFO] [stderr]    Compiling rand_chacha v0.3.1
[INFO] [stderr]    Compiling const_format_proc_macros v0.2.34
[INFO] [stderr]    Compiling tap v1.0.1
[INFO] [stderr]    Compiling strsim v0.11.1
[INFO] [stderr]    Compiling darling_core v0.20.11
[INFO] [stderr]    Compiling rand v0.8.5
[INFO] [stderr]    Compiling num_enum v0.7.3
[INFO] [stderr]    Compiling wyz v0.5.1
[INFO] [stderr]    Compiling coins-core v0.12.0
[INFO] [stderr]    Compiling async-stream v0.3.6
[INFO] [stderr]    Compiling tokio-stream v0.1.17
[INFO] [stderr]    Compiling tracing-futures v0.2.5
[INFO] [stderr]    Compiling byteorder v1.5.0
[INFO] [stderr]    Compiling powerfmt v0.2.0
[INFO] [stderr]    Compiling tz-rs v0.7.0
[INFO] [stderr]    Compiling hashbrown v0.14.5
[INFO] [stderr]    Compiling funty v2.0.0
[INFO] [stderr]    Compiling strum v0.27.1
[INFO] [stderr]    Compiling deranged v0.4.0
[INFO] [stderr]    Compiling tzdb_data v0.2.2
[INFO] [stderr]    Compiling dashmap v6.1.0
[INFO] [stderr]    Compiling bitvec v1.0.1
[INFO] [stderr]    Compiling alloy-json-rpc v1.0.9
[INFO] [stderr]    Compiling alloy-rpc-types-eth v1.0.9
[INFO] [stderr]    Compiling darling_macro v0.20.11
[INFO] [stderr]    Compiling alloy-transport v1.0.9
[INFO] [stderr]    Compiling alloy-dyn-abi v1.1.2
[INFO] [stderr]    Compiling alloy-chains v0.2.2
[INFO] [stderr]    Compiling alloy-transport-http v1.0.9
[INFO] [stderr]    Compiling alloy-rpc-client v1.0.9
[INFO] [stderr]    Compiling coins-bip32 v0.12.0
[INFO] [stderr]    Compiling etospheres-labs-merkle v1.11.1-pre
[INFO] [stderr]    Compiling lru v0.13.0
[INFO] [stderr]    Compiling digest v0.9.0
[INFO] [stderr]    Compiling alloy-rpc-types-any v1.0.9
[INFO] [stderr]    Compiling rand_core v0.9.3
[INFO] [stderr]    Compiling alloy-network v1.0.9
[INFO] [stderr]    Compiling aho-corasick v1.1.3
[INFO] [stderr]    Compiling iana-time-zone v0.1.63
[INFO] [stderr]    Compiling time-core v0.1.4
[INFO] [stderr]    Compiling num-conv v0.1.0
[INFO] [stderr]    Compiling rust_decimal v1.37.1
[INFO] [stderr]    Compiling num_threads v0.1.7
[INFO] [stderr]    Compiling rustix v0.38.44
[INFO] [stderr]    Compiling time v0.3.41
[INFO] [stderr]    Compiling tinyvec v1.9.0
[INFO] [stderr]    Compiling tzdb v0.7.2
[INFO] [stderr]    Compiling alloy-provider v1.0.9
[INFO] [stderr]    Compiling coins-bip39 v0.12.0
[INFO] [stderr]    Compiling rand_chacha v0.9.0
[INFO] [stderr]    Compiling darling v0.20.11
[INFO] [stderr]    Compiling const_format v0.2.34
[INFO] [stderr]    Compiling universal-hash v0.5.1
[INFO] [stderr]    Compiling block-buffer v0.9.0
[INFO] [stderr]    Compiling is-terminal v0.4.16
[INFO] [stderr]    Compiling error-chain v0.12.4
[INFO] [stderr]    Compiling ref-cast v1.0.24
[INFO] [stderr]    Compiling bit-vec v0.6.3
[INFO] [stderr]    Compiling constant_time_eq v0.3.1
[INFO] [stderr]    Compiling is_debug v1.1.0
[INFO] [stderr]    Compiling subtle-ng v2.5.0
[INFO] [stderr]    Compiling rle-decode-fast v1.0.3
[INFO] [stderr]    Compiling linux-raw-sys v0.4.15
[INFO] [stderr]    Compiling blake2b_simd v1.0.3
[INFO] [stderr]    Compiling chrono v0.4.41
[INFO] [stderr]    Compiling alloy-contract v1.0.9
[INFO] [stderr]    Compiling curve25519-dalek-ng v4.1.1
[INFO] [stderr]    Compiling libflate_lz77 v1.2.0
[INFO] [stderr]    Compiling shadow-rs v1.1.1
[INFO] [stderr]    Compiling bit-set v0.5.3
[INFO] [stderr]    Compiling colored v1.9.4
[INFO] [stderr]    Compiling sha2 v0.9.9
[INFO] [stderr]    Compiling polyval v0.6.2
[INFO] [stderr]    Compiling serde_with_macros v3.12.0
[INFO] [stderr]    Compiling rand v0.9.1
[INFO] [stderr]    Compiling alloy-signer-local v1.0.9
[INFO] [stderr]    Compiling unicode-normalization v0.1.24
[INFO] [stderr]    Compiling alloy-rpc-types v1.0.9
[INFO] [stderr]    Compiling alloy-core v1.1.2
[INFO] [stderr]    Compiling etospheres-labs-rusty_secrets v0.2.3-pre
[INFO] [stderr]    Compiling etospheres-labs-lamport_sigs v0.7.1-pre
[INFO] [stderr]    Compiling aes v0.8.4
[INFO] [stderr]    Compiling derive_more-impl v1.0.0
[INFO] [stderr]    Compiling ref-cast-impl v1.0.24
[INFO] [stderr]    Compiling crc32fast v1.4.2
[INFO] [stderr]    Compiling rustc-hash v1.1.0
[INFO] [stderr]    Compiling hmac-sha512 v0.1.9
[INFO] [stderr]    Compiling adler32 v1.2.0
[INFO] [stderr]    Compiling libflate v1.4.0
[INFO] [stderr]    Compiling slip10_ed25519 v0.1.3
[INFO] [stderr]    Compiling tiny-bip39 v2.0.0
[INFO] [stderr]    Compiling etopay-api-types v0.16.1
[INFO] [stderr]    Compiling etospheres-labs-merkle_sigs v1.7.1-pre
[INFO] [stderr]    Compiling serde_with v3.12.0
[INFO] [stderr]    Compiling alloy v1.0.9
[INFO] [stderr]    Compiling ed25519-consensus v2.1.0
[INFO] [stderr]    Compiling ghash v0.5.1
[INFO] [stderr]    Compiling fern v0.6.2
[INFO] [stderr]    Compiling fancy-regex v0.13.0
[INFO] [stderr]    Compiling derive_more v1.0.0
[INFO] [stderr]    Compiling etopay-sdk v0.16.1 (/opt/rustwide/workdir)
[INFO] [stderr]    Compiling fs4 v0.7.0
[INFO] [stderr]    Compiling rust-argon2 v2.1.0
[INFO] [stderr]    Compiling time-helper v0.1.0
[INFO] [stderr]    Compiling rmp v0.8.14
[INFO] [stderr]    Compiling bip32 v0.5.3
[INFO] [stderr]    Compiling bcs v0.1.6
[INFO] [stderr]    Compiling serde-name v0.2.1
[INFO] [stderr]    Compiling ctr v0.9.2
[INFO] [stderr]    Compiling twofish v0.7.1
[INFO] [stderr]    Compiling cbc v0.1.2
[INFO] [stderr]    Compiling salsa20 v0.10.2
[INFO] [stderr]    Compiling chacha20 v0.9.1
[INFO] [stderr]    Compiling blake2 v0.10.6
[INFO] [stderr]    Compiling aead v0.5.2
[INFO] [stderr]    Compiling uuid v1.17.0
[INFO] [stderr]    Compiling rust_decimal_macros v1.37.1
[INFO] [stderr]    Compiling serde_repr v0.1.20
[INFO] [stderr]    Compiling page_size v0.6.0
[INFO] [stderr]    Compiling memmap2 v0.9.5
[INFO] [stderr]    Compiling base64ct v1.8.0
[INFO] [stderr]    Compiling bumpalo v3.17.0
[INFO] [stderr]    Compiling xml-rs v0.8.26
[INFO] [stderr]    Compiling jammdb v0.11.0
[INFO] [stderr]    Compiling etopay-wallet v0.16.1
[INFO] [stderr]    Compiling aes-gcm v0.10.3
[INFO] [stderr]    Compiling rmp-serde v1.3.0
[INFO] [stderr]    Compiling zxcvbn v3.1.0
[INFO] [stderr]    Compiling fern-logger v0.5.0
[INFO] [stderr]    Compiling kdbx-rs v0.5.2
[INFO] [stderr]    Compiling secrecy v0.10.3
[INFO] [stdout] warning: struct `ViviswapBackendCall` is never constructed
[INFO] [stdout]   --> src/backend/viviswap.rs:31:8
[INFO] [stdout]    |
[INFO] [stdout] 31 | struct ViviswapBackendCall {
[INFO] [stdout]    |        ^^^^^^^^^^^^^^^^^^^
[INFO] [stdout]    |
[INFO] [stdout]    = note: `#[warn(dead_code)]` (part of `#[warn(unused)]`) on by default
[INFO] [stdout] 
[INFO] [stdout] 
[INFO] [stdout] warning: associated items `new`, `with_query`, `with_body`, `execute_inner`, `execute_parse`, and `execute` are never used
[INFO] [stdout]    --> src/backend/viviswap.rs:38:12
[INFO] [stdout]     |
[INFO] [stdout]  37 | impl ViviswapBackendCall {
[INFO] [stdout]     | ------------------------ associated items in this implementation
[INFO] [stdout]  38 |     pub fn new(config: &Config, access_token: &AccessToken, method: reqwest::Method, url_path: &str) -> Self {
[INFO] [stdout]     |            ^^^
[INFO] [stdout] ...
[INFO] [stdout]  55 |     pub fn with_query<T: serde::Serialize>(self, query: &T) -> Self {
[INFO] [stdout]     |            ^^^^^^^^^^
[INFO] [stdout] ...
[INFO] [stdout]  63 |     pub fn with_body<T: serde::Serialize>(self, body: &T) -> Self {
[INFO] [stdout]     |            ^^^^^^^^^
[INFO] [stdout] ...
[INFO] [stdout]  71 |     async fn execute_inner<R, F, Fut>(self, ok_transform: F) -> Result<R>
[INFO] [stdout]     |              ^^^^^^^^^^^^^
[INFO] [stdout] ...
[INFO] [stdout]  99 |     pub async fn execute_parse<R: for<'de> serde::Deserialize<'de>>(self) -> Result<R> {
[INFO] [stdout]     |                  ^^^^^^^^^^^^^
[INFO] [stdout] ...
[INFO] [stdout] 109 |     pub async fn execute(self) -> Result<()> {
[INFO] [stdout]     |                  ^^^^^^^
[INFO] [stdout] 
[INFO] [stdout] 
[INFO] [stdout] warning: function `create_viviswap_user` is never used
[INFO] [stdout]    --> src/backend/viviswap.rs:136:14
[INFO] [stdout]     |
[INFO] [stdout] 136 | pub async fn create_viviswap_user(
[INFO] [stdout]     |              ^^^^^^^^^^^^^^^^^^^^
[INFO] [stdout] 
[INFO] [stdout] 
[INFO] [stdout] warning: function `get_viviswap_kyc_status` is never used
[INFO] [stdout]    --> src/backend/viviswap.rs:170:14
[INFO] [stdout]     |
[INFO] [stdout] 170 | pub async fn get_viviswap_kyc_status(config: &Config, access_token: &AccessToken) -> Result<KycDetailsResponse> {
[INFO] [stdout]     |              ^^^^^^^^^^^^^^^^^^^^^^^
[INFO] [stdout] 
[INFO] [stdout] 
[INFO] [stdout] warning: function `set_viviswap_kyc_general_details` is never used
[INFO] [stdout]    --> src/backend/viviswap.rs:200:14
[INFO] [stdout]     |
[INFO] [stdout] 200 | pub async fn set_viviswap_kyc_general_details(
[INFO] [stdout]     |              ^^^^^^^^^^^^^^^^^^^^^^^^^^^^^^^^
[INFO] [stdout] 
[INFO] [stdout] 
[INFO] [stdout] warning: function `set_viviswap_kyc_personal_details` is never used
[INFO] [stdout]    --> src/backend/viviswap.rs:244:14
[INFO] [stdout]     |
[INFO] [stdout] 244 | pub async fn set_viviswap_kyc_personal_details(
[INFO] [stdout]     |              ^^^^^^^^^^^^^^^^^^^^^^^^^^^^^^^^^
[INFO] [stdout] 
[INFO] [stdout] 
[INFO] [stdout] warning: function `set_viviswap_kyc_identity_details` is never used
[INFO] [stdout]    --> src/backend/viviswap.rs:280:14
[INFO] [stdout]     |
[INFO] [stdout] 280 | pub async fn set_viviswap_kyc_identity_details(
[INFO] [stdout]     |              ^^^^^^^^^^^^^^^^^^^^^^^^^^^^^^^^^
[INFO] [stdout] 
[INFO] [stdout] 
[INFO] [stdout] warning: function `set_viviswap_kyc_residence_details` is never used
[INFO] [stdout]    --> src/backend/viviswap.rs:316:14
[INFO] [stdout]     |
[INFO] [stdout] 316 | pub async fn set_viviswap_kyc_residence_details(
[INFO] [stdout]     |              ^^^^^^^^^^^^^^^^^^^^^^^^^^^^^^^^^^
[INFO] [stdout] 
[INFO] [stdout] 
[INFO] [stdout] warning: function `get_viviswap_kyc_amla_open_questions` is never used
[INFO] [stdout]    --> src/backend/viviswap.rs:347:14
[INFO] [stdout]     |
[INFO] [stdout] 347 | pub async fn get_viviswap_kyc_amla_open_questions(
[INFO] [stdout]     |              ^^^^^^^^^^^^^^^^^^^^^^^^^^^^^^^^^^^^
[INFO] [stdout] 
[INFO] [stdout] 
[INFO] [stdout] warning: function `set_viviswap_kyc_amla_answer` is never used
[INFO] [stdout]    --> src/backend/viviswap.rs:375:14
[INFO] [stdout]     |
[INFO] [stdout] 375 | pub async fn set_viviswap_kyc_amla_answer(
[INFO] [stdout]     |              ^^^^^^^^^^^^^^^^^^^^^^^^^^^^
[INFO] [stdout] 
[INFO] [stdout] 
[INFO] [stdout] warning: function `get_viviswap_kyc_open_documents` is never used
[INFO] [stdout]    --> src/backend/viviswap.rs:406:14
[INFO] [stdout]     |
[INFO] [stdout] 406 | pub async fn get_viviswap_kyc_open_documents(
[INFO] [stdout]     |              ^^^^^^^^^^^^^^^^^^^^^^^^^^^^^^^
[INFO] [stdout] 
[INFO] [stdout] 
[INFO] [stdout] warning: function `set_viviswap_kyc_document` is never used
[INFO] [stdout]    --> src/backend/viviswap.rs:434:14
[INFO] [stdout]     |
[INFO] [stdout] 434 | pub async fn set_viviswap_kyc_document(
[INFO] [stdout]     |              ^^^^^^^^^^^^^^^^^^^^^^^^^
[INFO] [stdout] 
[INFO] [stdout] 
[INFO] [stdout] warning: function `delete_viviswap_detail` is never used
[INFO] [stdout]    --> src/backend/viviswap.rs:464:14
[INFO] [stdout]     |
[INFO] [stdout] 464 | pub async fn delete_viviswap_detail(
[INFO] [stdout]     |              ^^^^^^^^^^^^^^^^^^^^^^
[INFO] [stdout] 
[INFO] [stdout] 
[INFO] [stdout] warning: function `set_viviswap_detail` is never used
[INFO] [stdout]    --> src/backend/viviswap.rs:500:14
[INFO] [stdout]     |
[INFO] [stdout] 500 | pub async fn set_viviswap_detail(
[INFO] [stdout]     |              ^^^^^^^^^^^^^^^^^^^
[INFO] [stdout] 
[INFO] [stdout] 
[INFO] [stdout] warning: function `get_viviswap_details` is never used
[INFO] [stdout]    --> src/backend/viviswap.rs:536:14
[INFO] [stdout]     |
[INFO] [stdout] 536 | pub async fn get_viviswap_details(
[INFO] [stdout]     |              ^^^^^^^^^^^^^^^^^^^^
[INFO] [stdout] 
[INFO] [stdout] 
[INFO] [stdout] warning: function `set_viviswap_contract` is never used
[INFO] [stdout]    --> src/backend/viviswap.rs:572:14
[INFO] [stdout]     |
[INFO] [stdout] 572 | pub async fn set_viviswap_contract(
[INFO] [stdout]     |              ^^^^^^^^^^^^^^^^^^^^^
[INFO] [stdout] 
[INFO] [stdout] 
[INFO] [stdout] warning: function `get_viviswap_payment_method` is never used
[INFO] [stdout]    --> src/backend/viviswap.rs:612:14
[INFO] [stdout]     |
[INFO] [stdout] 612 | pub async fn get_viviswap_payment_method(
[INFO] [stdout]     |              ^^^^^^^^^^^^^^^^^^^^^^^^^^^
[INFO] [stdout] 
[INFO] [stdout] 
[INFO] [stdout] warning: function `get_viviswap_order` is never used
[INFO] [stdout]    --> src/backend/viviswap.rs:639:14
[INFO] [stdout]     |
[INFO] [stdout] 639 | pub async fn get_viviswap_order(config: &Config, access_token: &AccessToken, order_id: &str) -> Result<Order> {
[INFO] [stdout]     |              ^^^^^^^^^^^^^^^^^^
[INFO] [stdout] 
[INFO] [stdout] 
[INFO] [stdout] warning: function `get_viviswap_orders` is never used
[INFO] [stdout]    --> src/backend/viviswap.rs:669:14
[INFO] [stdout]     |
[INFO] [stdout] 669 | pub async fn get_viviswap_orders(
[INFO] [stdout]     |              ^^^^^^^^^^^^^^^^^^^
[INFO] [stdout] 
[INFO] [stdout] 
[INFO] [stderr]     Finished `release` profile [optimized] target(s) in 8m 08s
[INFO] [stderr] warning: the following packages contain code that will be rejected by a future version of Rust: etospheres-labs-rusty_secrets v0.2.3-pre, proc-macro-error2 v2.0.1
[INFO] [stderr] note: to see what the problems were, use the option `--future-incompat-report`, or run `cargo report future-incompatibilities --id 1`
[INFO] running `Command { std: "docker" "inspect" "2988894ce40143bdb3177af5f30f77da9cad7b5eef6367e12f4f9abd683fcbaa", kill_on_drop: false }`
[INFO] running `Command { std: "docker" "exec" "-e" "SOURCE_DIR=/opt/rustwide/workdir" "-e" "CARGO_HOME=/opt/rustwide/cargo-home" "-e" "RUSTUP_HOME=/opt/rustwide/rustup-home" "-e" "CARGO_TARGET_DIR=/opt/rustwide/target" "-e" "CARGO_INCREMENTAL=0" "-e" "RUST_BACKTRACE=full" "-e" "RUSTFLAGS=--cap-lints=warn" "-e" "RUSTDOCFLAGS=--cap-lints=warn" "-w" "/opt/rustwide/workdir" "--user" "0:0" "2988894ce40143bdb3177af5f30f77da9cad7b5eef6367e12f4f9abd683fcbaa" "/opt/rustwide/cargo-home/bin/cargo" "+1.100.0-beta.1" "test" "--frozen" "--no-run" "--message-format=json" "--release", kill_on_drop: false }`
[INFO] [stderr]    Compiling memchr v2.7.4
[INFO] [stderr]    Compiling tokio-util v0.7.15
[INFO] [stderr]    Compiling regex-syntax v0.8.5
[INFO] [stderr]    Compiling atomic-waker v1.1.2
[INFO] [stderr]    Compiling num-traits v0.2.19
[INFO] [stderr]    Compiling httpdate v1.0.3
[INFO] [stderr]    Compiling semver v1.0.26
[INFO] [stderr]    Compiling anstyle v1.0.10
[INFO] [stderr]    Compiling zerocopy v0.8.25
[INFO] [stderr]    Compiling mockall_derive v0.13.1
[INFO] [stderr]    Compiling predicates-core v1.0.9
[INFO] [stderr]    Compiling h2 v0.4.10
[INFO] [stderr]    Compiling tokio-stream v0.1.17
[INFO] [stderr]    Compiling rustc_version v0.4.1
[INFO] [stderr]    Compiling serde_json v1.0.140
[INFO] [stderr]    Compiling aho-corasick v1.1.3
[INFO] [stderr]    Compiling getrandom v0.2.16
[INFO] [stderr]    Compiling chrono v0.4.41
[INFO] [stderr]    Compiling termtree v0.5.1
[INFO] [stderr]    Compiling rand_core v0.6.4
[INFO] [stderr]    Compiling predicates-tree v1.0.12
[INFO] [stderr]    Compiling rust_decimal v1.37.1
[INFO] [stderr]    Compiling alloy-json-abi v1.1.2
[INFO] [stderr]    Compiling rstest_macros v0.25.0
[INFO] [stderr]    Compiling regex-automata v0.4.9
[INFO] [stderr]    Compiling ppv-lite86 v0.2.21
[INFO] [stderr]    Compiling predicates v3.1.3
[INFO] [stderr]    Compiling alloy-sol-macro-input v1.1.2
[INFO] [stderr]    Compiling alloy-sol-macro-expander v1.1.2
[INFO] [stderr]    Compiling utf8parse v0.2.2
[INFO] [stderr]    Compiling downcast v0.11.0
[INFO] [stderr]    Compiling fragile v2.0.1
[INFO] [stderr]    Compiling anstyle-parse v0.2.6
[INFO] [stderr]    Compiling tiny-bip39 v2.0.0
[INFO] [stderr]    Compiling rand_chacha v0.3.1
[INFO] [stderr]    Compiling etopay-api-types v0.16.1
[INFO] [stderr]    Compiling rmp v0.8.14
[INFO] [stderr]    Compiling hyper v1.6.0
[INFO] [stderr]    Compiling mockall v0.13.1
[INFO] [stderr]    Compiling relative-path v1.9.3
[INFO] [stderr]    Compiling glob v0.3.2
[INFO] [stderr]    Compiling is_terminal_polyfill v1.70.1
[INFO] [stderr]    Compiling anstyle-query v1.1.2
[INFO] [stderr]    Compiling colorchoice v1.0.3
[INFO] [stderr]    Compiling anstream v0.6.18
[INFO] [stderr]    Compiling regex v1.11.1
[INFO] [stderr]    Compiling kdbx-rs v0.5.2
[INFO] [stderr]    Compiling rmp-serde v1.3.0
[INFO] [stderr]    Compiling prost-build v0.13.5
[INFO] [stderr]    Compiling hyper-util v0.1.13
[INFO] [stderr]    Compiling alloy-sol-macro v1.1.2
[INFO] [stderr]    Compiling alloy-sol-types v1.1.2
[INFO] [stderr]    Compiling etopay-sdk v0.16.1 (/opt/rustwide/workdir)
[INFO] [stderr]    Compiling rand v0.8.5
[INFO] [stderr]    Compiling etospheres-labs-merkle v1.11.1-pre
[INFO] [stderr]    Compiling hyper-rustls v0.27.6
[INFO] [stderr]    Compiling etospheres-labs-rusty_secrets v0.2.3-pre
[INFO] [stderr]    Compiling reqwest v0.12.19
[INFO] [stderr]    Compiling etospheres-labs-merkle_sigs v1.7.1-pre
[INFO] [stderr]    Compiling env_filter v0.1.3
[INFO] [stderr]    Compiling dummy v0.11.0
[INFO] [stderr]    Compiling assert-json-diff v2.0.2
[INFO] [stderr]    Compiling similar v2.7.0
[INFO] [stderr]    Compiling jiff v0.2.14
[INFO] [stderr]    Compiling deunicode v1.6.2
[INFO] [stderr]    Compiling mockito v1.7.0
[INFO] [stderr]    Compiling fake v4.3.0
[INFO] [stderr]    Compiling rstest v0.25.0
[INFO] [stderr]    Compiling rstest_reuse v0.7.0
[INFO] [stderr]    Compiling fluent-assertions v0.4.0
[INFO] [stderr]    Compiling dotenvy v0.15.7
[INFO] [stderr]    Compiling env_logger v0.11.8
[INFO] [stderr]    Compiling alloy-json-rpc v1.0.9
[INFO] [stderr]    Compiling alloy-rpc-types-eth v1.0.9
[INFO] [stderr]    Compiling alloy-transport v1.0.9
[INFO] [stderr]    Compiling alloy-dyn-abi v1.1.2
[INFO] [stderr]    Compiling alloy-transport-http v1.0.9
[INFO] [stderr]    Compiling alloy-rpc-client v1.0.9
[INFO] [stderr]    Compiling alloy-core v1.1.2
[INFO] [stderr]    Compiling alloy-rpc-types-any v1.0.9
[INFO] [stderr]    Compiling alloy-rpc-types v1.0.9
[INFO] [stderr]    Compiling alloy-network v1.0.9
[INFO] [stderr]    Compiling alloy-provider v1.0.9
[INFO] [stderr]    Compiling alloy-signer-local v1.0.9
[INFO] [stderr]    Compiling alloy-contract v1.0.9
[INFO] [stderr]    Compiling alloy v1.0.9
[INFO] [stderr]    Compiling etopay-wallet v0.16.1
[INFO] [stdout] warning: struct `ViviswapBackendCall` is never constructed
[INFO] [stdout]   --> src/backend/viviswap.rs:31:8
[INFO] [stdout]    |
[INFO] [stdout] 31 | struct ViviswapBackendCall {
[INFO] [stdout]    |        ^^^^^^^^^^^^^^^^^^^
[INFO] [stdout]    |
[INFO] [stdout]    = note: `#[warn(dead_code)]` (part of `#[warn(unused)]`) on by default
[INFO] [stdout] 
[INFO] [stdout] 
[INFO] [stdout] warning: associated items `new`, `with_query`, `with_body`, `execute_inner`, `execute_parse`, and `execute` are never used
[INFO] [stdout]    --> src/backend/viviswap.rs:38:12
[INFO] [stdout]     |
[INFO] [stdout]  37 | impl ViviswapBackendCall {
[INFO] [stdout]     | ------------------------ associated items in this implementation
[INFO] [stdout]  38 |     pub fn new(config: &Config, access_token: &AccessToken, method: reqwest::Method, url_path: &str) -> Self {
[INFO] [stdout]     |            ^^^
[INFO] [stdout] ...
[INFO] [stdout]  55 |     pub fn with_query<T: serde::Serialize>(self, query: &T) -> Self {
[INFO] [stdout]     |            ^^^^^^^^^^
[INFO] [stdout] ...
[INFO] [stdout]  63 |     pub fn with_body<T: serde::Serialize>(self, body: &T) -> Self {
[INFO] [stdout]     |            ^^^^^^^^^
[INFO] [stdout] ...
[INFO] [stdout]  71 |     async fn execute_inner<R, F, Fut>(self, ok_transform: F) -> Result<R>
[INFO] [stdout]     |              ^^^^^^^^^^^^^
[INFO] [stdout] ...
[INFO] [stdout]  99 |     pub async fn execute_parse<R: for<'de> serde::Deserialize<'de>>(self) -> Result<R> {
[INFO] [stdout]     |                  ^^^^^^^^^^^^^
[INFO] [stdout] ...
[INFO] [stdout] 109 |     pub async fn execute(self) -> Result<()> {
[INFO] [stdout]     |                  ^^^^^^^
[INFO] [stdout] 
[INFO] [stdout] 
[INFO] [stdout] warning: function `create_viviswap_user` is never used
[INFO] [stdout]    --> src/backend/viviswap.rs:136:14
[INFO] [stdout]     |
[INFO] [stdout] 136 | pub async fn create_viviswap_user(
[INFO] [stdout]     |              ^^^^^^^^^^^^^^^^^^^^
[INFO] [stdout] 
[INFO] [stdout] 
[INFO] [stdout] warning: function `get_viviswap_kyc_status` is never used
[INFO] [stdout]    --> src/backend/viviswap.rs:170:14
[INFO] [stdout]     |
[INFO] [stdout] 170 | pub async fn get_viviswap_kyc_status(config: &Config, access_token: &AccessToken) -> Result<KycDetailsResponse> {
[INFO] [stdout]     |              ^^^^^^^^^^^^^^^^^^^^^^^
[INFO] [stdout] 
[INFO] [stdout] 
[INFO] [stdout] warning: function `set_viviswap_kyc_general_details` is never used
[INFO] [stdout]    --> src/backend/viviswap.rs:200:14
[INFO] [stdout]     |
[INFO] [stdout] 200 | pub async fn set_viviswap_kyc_general_details(
[INFO] [stdout]     |              ^^^^^^^^^^^^^^^^^^^^^^^^^^^^^^^^
[INFO] [stdout] 
[INFO] [stdout] 
[INFO] [stdout] warning: function `set_viviswap_kyc_personal_details` is never used
[INFO] [stdout]    --> src/backend/viviswap.rs:244:14
[INFO] [stdout]     |
[INFO] [stdout] 244 | pub async fn set_viviswap_kyc_personal_details(
[INFO] [stdout]     |              ^^^^^^^^^^^^^^^^^^^^^^^^^^^^^^^^^
[INFO] [stdout] 
[INFO] [stdout] 
[INFO] [stdout] warning: function `set_viviswap_kyc_identity_details` is never used
[INFO] [stdout]    --> src/backend/viviswap.rs:280:14
[INFO] [stdout]     |
[INFO] [stdout] 280 | pub async fn set_viviswap_kyc_identity_details(
[INFO] [stdout]     |              ^^^^^^^^^^^^^^^^^^^^^^^^^^^^^^^^^
[INFO] [stdout] 
[INFO] [stdout] 
[INFO] [stdout] warning: function `set_viviswap_kyc_residence_details` is never used
[INFO] [stdout]    --> src/backend/viviswap.rs:316:14
[INFO] [stdout]     |
[INFO] [stdout] 316 | pub async fn set_viviswap_kyc_residence_details(
[INFO] [stdout]     |              ^^^^^^^^^^^^^^^^^^^^^^^^^^^^^^^^^^
[INFO] [stdout] 
[INFO] [stdout] 
[INFO] [stdout] warning: function `get_viviswap_kyc_amla_open_questions` is never used
[INFO] [stdout]    --> src/backend/viviswap.rs:347:14
[INFO] [stdout]     |
[INFO] [stdout] 347 | pub async fn get_viviswap_kyc_amla_open_questions(
[INFO] [stdout]     |              ^^^^^^^^^^^^^^^^^^^^^^^^^^^^^^^^^^^^
[INFO] [stdout] 
[INFO] [stdout] 
[INFO] [stdout] warning: function `set_viviswap_kyc_amla_answer` is never used
[INFO] [stdout]    --> src/backend/viviswap.rs:375:14
[INFO] [stdout]     |
[INFO] [stdout] 375 | pub async fn set_viviswap_kyc_amla_answer(
[INFO] [stdout]     |              ^^^^^^^^^^^^^^^^^^^^^^^^^^^^
[INFO] [stdout] 
[INFO] [stdout] 
[INFO] [stdout] warning: function `get_viviswap_kyc_open_documents` is never used
[INFO] [stdout]    --> src/backend/viviswap.rs:406:14
[INFO] [stdout]     |
[INFO] [stdout] 406 | pub async fn get_viviswap_kyc_open_documents(
[INFO] [stdout]     |              ^^^^^^^^^^^^^^^^^^^^^^^^^^^^^^^
[INFO] [stdout] 
[INFO] [stdout] 
[INFO] [stdout] warning: function `set_viviswap_kyc_document` is never used
[INFO] [stdout]    --> src/backend/viviswap.rs:434:14
[INFO] [stdout]     |
[INFO] [stdout] 434 | pub async fn set_viviswap_kyc_document(
[INFO] [stdout]     |              ^^^^^^^^^^^^^^^^^^^^^^^^^
[INFO] [stdout] 
[INFO] [stdout] 
[INFO] [stdout] warning: function `delete_viviswap_detail` is never used
[INFO] [stdout]    --> src/backend/viviswap.rs:464:14
[INFO] [stdout]     |
[INFO] [stdout] 464 | pub async fn delete_viviswap_detail(
[INFO] [stdout]     |              ^^^^^^^^^^^^^^^^^^^^^^
[INFO] [stdout] 
[INFO] [stdout] 
[INFO] [stdout] warning: function `set_viviswap_detail` is never used
[INFO] [stdout]    --> src/backend/viviswap.rs:500:14
[INFO] [stdout]     |
[INFO] [stdout] 500 | pub async fn set_viviswap_detail(
[INFO] [stdout]     |              ^^^^^^^^^^^^^^^^^^^
[INFO] [stdout] 
[INFO] [stdout] 
[INFO] [stdout] warning: function `get_viviswap_details` is never used
[INFO] [stdout]    --> src/backend/viviswap.rs:536:14
[INFO] [stdout]     |
[INFO] [stdout] 536 | pub async fn get_viviswap_details(
[INFO] [stdout]     |              ^^^^^^^^^^^^^^^^^^^^
[INFO] [stdout] 
[INFO] [stdout] 
[INFO] [stdout] warning: function `set_viviswap_contract` is never used
[INFO] [stdout]    --> src/backend/viviswap.rs:572:14
[INFO] [stdout]     |
[INFO] [stdout] 572 | pub async fn set_viviswap_contract(
[INFO] [stdout]     |              ^^^^^^^^^^^^^^^^^^^^^
[INFO] [stdout] 
[INFO] [stdout] 
[INFO] [stdout] warning: function `get_viviswap_payment_method` is never used
[INFO] [stdout]    --> src/backend/viviswap.rs:612:14
[INFO] [stdout]     |
[INFO] [stdout] 612 | pub async fn get_viviswap_payment_method(
[INFO] [stdout]     |              ^^^^^^^^^^^^^^^^^^^^^^^^^^^
[INFO] [stdout] 
[INFO] [stdout] 
[INFO] [stdout] warning: function `get_viviswap_order` is never used
[INFO] [stdout]    --> src/backend/viviswap.rs:639:14
[INFO] [stdout]     |
[INFO] [stdout] 639 | pub async fn get_viviswap_order(config: &Config, access_token: &AccessToken, order_id: &str) -> Result<Order> {
[INFO] [stdout]     |              ^^^^^^^^^^^^^^^^^^
[INFO] [stdout] 
[INFO] [stdout] 
[INFO] [stdout] warning: function `get_viviswap_orders` is never used
[INFO] [stdout]    --> src/backend/viviswap.rs:669:14
[INFO] [stdout]     |
[INFO] [stdout] 669 | pub async fn get_viviswap_orders(
[INFO] [stdout]     |              ^^^^^^^^^^^^^^^^^^^
[INFO] [stdout] 
[INFO] [stdout] 
[INFO] [stdout] error[E0432]: unresolved import `testing`
[INFO] [stdout]   --> src/testing_utils.rs:38:5
[INFO] [stdout]    |
[INFO] [stdout] 38 | use testing::CleanUp;
[INFO] [stdout]    |     ^^^^^^^ use of unresolved module or unlinked crate `testing`
[INFO] [stdout]    |
[INFO] [stdout]    = help: if you wanted to use a crate named `testing`, use `cargo add testing` to add it to your `Cargo.toml`
[INFO] [stdout] 
[INFO] [stdout] 
[INFO] [stdout] error[E0432]: unresolved import `testing`
[INFO] [stdout]   --> src/user/memory_storage.rs:73:9
[INFO] [stdout]    |
[INFO] [stdout] 73 |     use testing::CleanUp;
[INFO] [stdout]    |         ^^^^^^^ use of unresolved module or unlinked crate `testing`
[INFO] [stdout]    |
[INFO] [stdout]    = help: if you wanted to use a crate named `testing`, use `cargo add testing` to add it to your `Cargo.toml`
[INFO] [stdout] 
[INFO] [stdout] 
[INFO] [stdout] error[E0433]: cannot find module or crate `testing` in this scope
[INFO] [stdout]    --> src/core/config.rs:177:23
[INFO] [stdout]     |
[INFO] [stdout] 177 |         let cleanup = testing::CleanUp::default();
[INFO] [stdout]     |                       ^^^^^^^ use of unresolved module or unlinked crate `testing`
[INFO] [stdout]     |
[INFO] [stdout]     = help: if you wanted to use a crate named `testing`, use `cargo add testing` to add it to your `Cargo.toml`
[INFO] [stdout] 
[INFO] [stdout] 
[INFO] [stdout] error[E0433]: cannot find module or crate `testing` in this scope
[INFO] [stdout]    --> src/core/config.rs:191:23
[INFO] [stdout]     |
[INFO] [stdout] 191 |         let cleanup = testing::CleanUp::default();
[INFO] [stdout]     |                       ^^^^^^^ use of unresolved module or unlinked crate `testing`
[INFO] [stdout]     |
[INFO] [stdout]     = help: if you wanted to use a crate named `testing`, use `cargo add testing` to add it to your `Cargo.toml`
[INFO] [stdout] 
[INFO] [stdout] 
[INFO] [stdout] error[E0432]: unresolved import `testing`
[INFO] [stdout]  --> tests/utils/mod.rs:9:5
[INFO] [stdout]   |
[INFO] [stdout] 9 | use testing::CleanUp;
[INFO] [stdout]   |     ^^^^^^^ use of unresolved module or unlinked crate `testing`
[INFO] [stdout]   |
[INFO] [stdout]   = help: if you wanted to use a crate named `testing`, use `cargo add testing` to add it to your `Cargo.toml`
[INFO] [stdout] 
[INFO] [stdout] 
[INFO] [stdout] error[E0432]: unresolved import `testing`
[INFO] [stdout]  --> tests/rt_wallet.rs:7:5
[INFO] [stdout]   |
[INFO] [stdout] 7 | use testing::USER_SATOSHI;
[INFO] [stdout]   |     ^^^^^^^ use of unresolved module or unlinked crate `testing`
[INFO] [stdout]   |
[INFO] [stdout]   = help: if you wanted to use a crate named `testing`, use `cargo add testing` to add it to your `Cargo.toml`
[INFO] [stdout] 
[INFO] [stdout] 
[INFO] [stdout] error[E0432]: unresolved import `testing`
[INFO] [stdout]  --> examples/utils.rs:9:5
[INFO] [stdout]   |
[INFO] [stdout] 9 | use testing::{CleanUp, USER_SATOSHI};
[INFO] [stdout]   |     ^^^^^^^ use of unresolved module or unlinked crate `testing`
[INFO] [stdout]   |
[INFO] [stdout]   = help: if you wanted to use a crate named `testing`, use `cargo add testing` to add it to your `Cargo.toml`
[INFO] [stdout] 
[INFO] [stdout] 
[INFO] [stdout] error[E0432]: unresolved import `testing`
[INFO] [stdout]  --> examples/11_reset_pin.rs:3:5
[INFO] [stdout]   |
[INFO] [stdout] 3 | use testing::USER_SATOSHI;
[INFO] [stdout]   |     ^^^^^^^ use of unresolved module or unlinked crate `testing`
[INFO] [stdout]   |
[INFO] [stdout]   = help: if you wanted to use a crate named `testing`, use `cargo add testing` to add it to your `Cargo.toml`
[INFO] [stdout] 
[INFO] [stdout] 
[INFO] [stdout] error[E0432]: unresolved import `testing`
[INFO] [stdout]  --> examples/utils.rs:9:5
[INFO] [stdout]   |
[INFO] [stdout] 9 | use testing::{CleanUp, USER_SATOSHI};
[INFO] [stdout]   |     ^^^^^^^ use of unresolved module or unlinked crate `testing`
[INFO] [stdout]   |
[INFO] [stdout]   = help: if you wanted to use a crate named `testing`, use `cargo add testing` to add it to your `Cargo.toml`
[INFO] [stdout] 
[INFO] [stdout] 
[INFO] [stdout] error[E0432]: unresolved import `testing`
[INFO] [stdout]  --> examples/05_migrate_wallet_from_backup.rs:3:5
[INFO] [stdout]   |
[INFO] [stdout] 3 | use testing::USER_SATOSHI;
[INFO] [stdout]   |     ^^^^^^^ use of unresolved module or unlinked crate `testing`
[INFO] [stdout]   |
[INFO] [stdout]   = help: if you wanted to use a crate named `testing`, use `cargo add testing` to add it to your `Cargo.toml`
[INFO] [stdout] 
[INFO] [stdout] 
[INFO] [stdout] error[E0432]: unresolved import `testing`
[INFO] [stdout]  --> examples/utils.rs:9:5
[INFO] [stdout]   |
[INFO] [stdout] 9 | use testing::{CleanUp, USER_SATOSHI};
[INFO] [stdout]   |     ^^^^^^^ use of unresolved module or unlinked crate `testing`
[INFO] [stdout]   |
[INFO] [stdout]   = help: if you wanted to use a crate named `testing`, use `cargo add testing` to add it to your `Cargo.toml`
[INFO] [stdout] 
[INFO] [stdout] 
[INFO] [stdout] error[E0432]: unresolved import `testing`
[INFO] [stdout]  --> examples/14_get_exchange_rate.rs:2:5
[INFO] [stdout]   |
[INFO] [stdout] 2 | use testing::USER_SATOSHI;
[INFO] [stdout]   |     ^^^^^^^ use of unresolved module or unlinked crate `testing`
[INFO] [stdout]   |
[INFO] [stdout]   = help: if you wanted to use a crate named `testing`, use `cargo add testing` to add it to your `Cargo.toml`
[INFO] [stdout] 
[INFO] [stdout] 
[INFO] [stdout] error[E0432]: unresolved import `testing`
[INFO] [stdout]  --> examples/utils.rs:9:5
[INFO] [stdout]   |
[INFO] [stdout] 9 | use testing::{CleanUp, USER_SATOSHI};
[INFO] [stdout]   |     ^^^^^^^ use of unresolved module or unlinked crate `testing`
[INFO] [stdout]   |
[INFO] [stdout]   = help: if you wanted to use a crate named `testing`, use `cargo add testing` to add it to your `Cargo.toml`
[INFO] [stdout] 
[INFO] [stdout] 
[INFO] [stdout] error[E0432]: unresolved import `testing`
[INFO] [stdout]  --> examples/16_get_tx_list.rs:3:5
[INFO] [stdout]   |
[INFO] [stdout] 3 | use testing::USER_SATOSHI;
[INFO] [stdout]   |     ^^^^^^^ use of unresolved module or unlinked crate `testing`
[INFO] [stdout]   |
[INFO] [stdout]   = help: if you wanted to use a crate named `testing`, use `cargo add testing` to add it to your `Cargo.toml`
[INFO] [stdout] 
[INFO] [stdout] 
[INFO] [stdout] error[E0432]: unresolved import `testing`
[INFO] [stdout]  --> examples/utils.rs:9:5
[INFO] [stdout]   |
[INFO] [stdout] 9 | use testing::{CleanUp, USER_SATOSHI};
[INFO] [stdout]   |     ^^^^^^^ use of unresolved module or unlinked crate `testing`
[INFO] [stdout]   |
[INFO] [stdout]   = help: if you wanted to use a crate named `testing`, use `cargo add testing` to add it to your `Cargo.toml`
[INFO] [stdout] 
[INFO] [stdout] 
[INFO] [stdout] error[E0432]: unresolved import `testing`
[INFO] [stdout]  --> examples/10_verify_pin.rs:3:5
[INFO] [stdout]   |
[INFO] [stdout] 3 | use testing::USER_SATOSHI;
[INFO] [stdout]   |     ^^^^^^^ use of unresolved module or unlinked crate `testing`
[INFO] [stdout]   |
[INFO] [stdout]   = help: if you wanted to use a crate named `testing`, use `cargo add testing` to add it to your `Cargo.toml`
[INFO] [stdout] 
[INFO] [stdout] 
[INFO] [stdout] error[E0432]: unresolved import `testing`
[INFO] [stdout]  --> examples/22_init_wallet_from_shares.rs:2:5
[INFO] [stdout]   |
[INFO] [stdout] 2 | use testing::USER_SATOSHI;
[INFO] [stdout]   |     ^^^^^^^ use of unresolved module or unlinked crate `testing`
[INFO] [stdout]   |
[INFO] [stdout]   = help: if you wanted to use a crate named `testing`, use `cargo add testing` to add it to your `Cargo.toml`
[INFO] [stdout] 
[INFO] [stdout] 
[INFO] [stdout] error[E0432]: unresolved import `testing`
[INFO] [stdout]  --> examples/utils.rs:9:5
[INFO] [stdout]   |
[INFO] [stdout] 9 | use testing::{CleanUp, USER_SATOSHI};
[INFO] [stdout]   |     ^^^^^^^ use of unresolved module or unlinked crate `testing`
[INFO] [stdout]   |
[INFO] [stdout]   = help: if you wanted to use a crate named `testing`, use `cargo add testing` to add it to your `Cargo.toml`
[INFO] [stdout] 
[INFO] [stdout] 
[INFO] [stdout] error[E0433]: cannot find module or crate `testing` in this scope
[INFO] [stdout]    --> tests/rt_wallet.rs:258:25
[INFO] [stdout]     |
[INFO] [stdout] 258 |     let keycloak_user = testing::KeycloakUser::from(user.clone());
[INFO] [stdout]     |                         ^^^^^^^ use of unresolved module or unlinked crate `testing`
[INFO] [stdout]     |
[INFO] [stdout]     = help: if you wanted to use a crate named `testing`, use `cargo add testing` to add it to your `Cargo.toml`
[INFO] [stdout] 
[INFO] [stdout] 
[INFO] [stdout] error[E0433]: cannot find module or crate `testing` in this scope
[INFO] [stdout]   --> examples/utils.rs:34:24
[INFO] [stdout]    |
[INFO] [stdout] 34 |     let access_token = testing::get_access_token(&user.username, &user.password)
[INFO] [stdout]    |                        ^^^^^^^ use of unresolved module or unlinked crate `testing`
[INFO] [stdout]    |
[INFO] [stdout]    = help: if you wanted to use a crate named `testing`, use `cargo add testing` to add it to your `Cargo.toml`
[INFO] [stdout] 
[INFO] [stdout] 
[INFO] [stdout] error[E0433]: cannot find module or crate `testing` in this scope
[INFO] [stdout]   --> examples/utils.rs:34:24
[INFO] [stdout]    |
[INFO] [stdout] 34 |     let access_token = testing::get_access_token(&user.username, &user.password)
[INFO] [stdout]    |                        ^^^^^^^ use of unresolved module or unlinked crate `testing`
[INFO] [stdout]    |
[INFO] [stdout]    = help: if you wanted to use a crate named `testing`, use `cargo add testing` to add it to your `Cargo.toml`
[INFO] [stdout] 
[INFO] [stdout] 
[INFO] [stdout] error[E0433]: cannot find module or crate `testing` in this scope
[INFO] [stdout]   --> examples/utils.rs:34:24
[INFO] [stdout]    |
[INFO] [stdout] 34 |     let access_token = testing::get_access_token(&user.username, &user.password)
[INFO] [stdout]    |                        ^^^^^^^ use of unresolved module or unlinked crate `testing`
[INFO] [stdout]    |
[INFO] [stdout]    = help: if you wanted to use a crate named `testing`, use `cargo add testing` to add it to your `Cargo.toml`
[INFO] [stdout] 
[INFO] [stdout] 
[INFO] [stdout] error[E0433]: cannot find module or crate `testing` in this scope
[INFO] [stdout]    --> tests/rt_wallet.rs:311:19
[INFO] [stdout]     |
[INFO] [stdout] 311 |     let cleanup = testing::CleanUp::default();
[INFO] [stdout]     |                   ^^^^^^^ use of unresolved module or unlinked crate `testing`
[INFO] [stdout]     |
[INFO] [stdout]     = help: if you wanted to use a crate named `testing`, use `cargo add testing` to add it to your `Cargo.toml`
[INFO] [stdout] 
[INFO] [stdout] 
[INFO] [stdout] error[E0433]: cannot find module or crate `testing` in this scope
[INFO] [stdout]   --> examples/utils.rs:34:24
[INFO] [stdout]    |
[INFO] [stdout] 34 |     let access_token = testing::get_access_token(&user.username, &user.password)
[INFO] [stdout]    |                        ^^^^^^^ use of unresolved module or unlinked crate `testing`
[INFO] [stdout]    |
[INFO] [stdout]    = help: if you wanted to use a crate named `testing`, use `cargo add testing` to add it to your `Cargo.toml`
[INFO] [stdout] 
[INFO] [stdout] 
[INFO] [stdout] error[E0433]: cannot find module or crate `testing` in this scope
[INFO] [stdout]   --> examples/utils.rs:34:24
[INFO] [stdout]    |
[INFO] [stdout] 34 |     let access_token = testing::get_access_token(&user.username, &user.password)
[INFO] [stdout]    |                        ^^^^^^^ use of unresolved module or unlinked crate `testing`
[INFO] [stdout]    |
[INFO] [stdout]    = help: if you wanted to use a crate named `testing`, use `cargo add testing` to add it to your `Cargo.toml`
[INFO] [stdout] 
[INFO] [stdout] 
[INFO] [stdout] error[E0433]: cannot find module or crate `testing` in this scope
[INFO] [stdout]   --> examples/utils.rs:34:24
[INFO] [stdout]    |
[INFO] [stdout] 34 |     let access_token = testing::get_access_token(&user.username, &user.password)
[INFO] [stdout]    |                        ^^^^^^^ use of unresolved module or unlinked crate `testing`
[INFO] [stdout]    |
[INFO] [stdout]    = help: if you wanted to use a crate named `testing`, use `cargo add testing` to add it to your `Cargo.toml`
[INFO] [stdout] 
[INFO] [stdout] 
[INFO] [stdout] error[E0433]: cannot find module or crate `testing` in this scope
[INFO] [stdout]    --> tests/rt_wallet.rs:368:25
[INFO] [stdout]     |
[INFO] [stdout] 368 |     let keycloak_user = testing::KeycloakUser::from(user.clone());
[INFO] [stdout]     |                         ^^^^^^^ use of unresolved module or unlinked crate `testing`
[INFO] [stdout]     |
[INFO] [stdout]     = help: if you wanted to use a crate named `testing`, use `cargo add testing` to add it to your `Cargo.toml`
[INFO] [stdout] 
[INFO] [stdout] 
[INFO] [stdout] error[E0433]: cannot find module or crate `testing` in this scope
[INFO] [stdout]    --> tests/rt_wallet.rs:371:19
[INFO] [stdout]     |
[INFO] [stdout] 371 |     let cleanup = testing::CleanUp::default();
[INFO] [stdout]     |                   ^^^^^^^ use of unresolved module or unlinked crate `testing`
[INFO] [stdout]     |
[INFO] [stdout]     = help: if you wanted to use a crate named `testing`, use `cargo add testing` to add it to your `Cargo.toml`
[INFO] [stdout] 
[INFO] [stdout] 
[INFO] [stdout] error[E0433]: cannot find module or crate `testing` in this scope
[INFO] [stdout]   --> examples/utils.rs:60:20
[INFO] [stdout]    |
[INFO] [stdout] 60 |     fn from(value: testing::TestUser) -> Self {
[INFO] [stdout]    |                    ^^^^^^^ use of unresolved module or unlinked crate `testing`
[INFO] [stdout]    |
[INFO] [stdout]    = help: if you wanted to use a crate named `testing`, use `cargo add testing` to add it to your `Cargo.toml`
[INFO] [stdout] 
[INFO] [stdout] 
[INFO] [stdout] error[E0433]: cannot find module or crate `testing` in this scope
[INFO] [stdout]   --> examples/utils.rs:59:11
[INFO] [stdout]    |
[INFO] [stdout] 59 | impl From<testing::TestUser> for TestUser {
[INFO] [stdout]    |           ^^^^^^^ use of unresolved module or unlinked crate `testing`
[INFO] [stdout]    |
[INFO] [stdout]    = help: if you wanted to use a crate named `testing`, use `cargo add testing` to add it to your `Cargo.toml`
[INFO] [stdout] 
[INFO] [stdout] 
[INFO] [stdout] Some errors have detailed explanations: E0432, E0433.
[INFO] [stdout] 
[INFO] [stdout] For more information about an error, try `rustc --explain E0432`.
[INFO] [stdout] 
[INFO] [stdout] error[E0433]: cannot find module or crate `testing` in this scope
[INFO] [stdout]   --> examples/utils.rs:60:20
[INFO] [stdout]    |
[INFO] [stdout] 60 |     fn from(value: testing::TestUser) -> Self {
[INFO] [stdout]    |                    ^^^^^^^ use of unresolved module or unlinked crate `testing`
[INFO] [stdout]    |
[INFO] [stdout]    = help: if you wanted to use a crate named `testing`, use `cargo add testing` to add it to your `Cargo.toml`
[INFO] [stdout] 
[INFO] [stdout] 
[INFO] [stdout] error[E0433]: cannot find module or crate `testing` in this scope
[INFO] [stdout]   --> examples/utils.rs:59:11
[INFO] [stdout]    |
[INFO] [stdout] 59 | impl From<testing::TestUser> for TestUser {
[INFO] [stdout]    |           ^^^^^^^ use of unresolved module or unlinked crate `testing`
[INFO] [stdout]    |
[INFO] [stdout]    = help: if you wanted to use a crate named `testing`, use `cargo add testing` to add it to your `Cargo.toml`
[INFO] [stdout] 
[INFO] [stdout] 
[INFO] [stdout] Some errors have detailed explanations: E0432, E0433.
[INFO] [stdout] 
[INFO] [stdout] For more information about an error, try `rustc --explain E0432`.
[INFO] [stdout] 
[INFO] [stdout] error[E0433]: cannot find module or crate `testing` in this scope
[INFO] [stdout]    --> tests/rt_wallet.rs:417:25
[INFO] [stdout]     |
[INFO] [stdout] 417 |     let keycloak_user = testing::KeycloakUser::from(user.clone());
[INFO] [stdout]     |                         ^^^^^^^ use of unresolved module or unlinked crate `testing`
[INFO] [stdout]     |
[INFO] [stdout]     = help: if you wanted to use a crate named `testing`, use `cargo add testing` to add it to your `Cargo.toml`
[INFO] [stdout] 
[INFO] [stdout] 
[INFO] [stdout] error[E0433]: cannot find module or crate `testing` in this scope
[INFO] [stdout]   --> examples/utils.rs:60:20
[INFO] [stdout]    |
[INFO] [stdout] 60 |     fn from(value: testing::TestUser) -> Self {
[INFO] [stdout]    |                    ^^^^^^^ use of unresolved module or unlinked crate `testing`
[INFO] [stdout]    |
[INFO] [stdout]    = help: if you wanted to use a crate named `testing`, use `cargo add testing` to add it to your `Cargo.toml`
[INFO] [stdout] 
[INFO] [stdout] 
[INFO] [stderr] error: could not compile `etopay-sdk` (example "05_migrate_wallet_from_backup") due to 5 previous errors
[INFO] [stdout] error[E0433]: cannot find module or crate `testing` in this scope
[INFO] [stdout]   --> examples/utils.rs:59:11
[INFO] [stdout]    |
[INFO] [stdout] 59 | impl From<testing::TestUser> for TestUser {
[INFO] [stdout]    |           ^^^^^^^ use of unresolved module or unlinked crate `testing`
[INFO] [stdout]    |
[INFO] [stdout]    = help: if you wanted to use a crate named `testing`, use `cargo add testing` to add it to your `Cargo.toml`
[INFO] [stdout] 
[INFO] [stdout] 
[INFO] [stderr] warning: build failed, waiting for other jobs to finish...
[INFO] [stdout] Some errors have detailed explanations: E0432, E0433.
[INFO] [stdout] 
[INFO] [stderr] error: could not compile `etopay-sdk` (example "14_get_exchange_rate") due to 5 previous errors
[INFO] [stdout] For more information about an error, try `rustc --explain E0432`.
[INFO] [stdout] 
[INFO] [stderr] error: could not compile `etopay-sdk` (example "10_verify_pin") due to 5 previous errors
[INFO] [stdout] error[E0433]: cannot find module or crate `testing` in this scope
[INFO] [stdout]    --> tests/rt_wallet.rs:257:16
[INFO] [stdout]     |
[INFO] [stdout] 257 |     let user = testing::TestUser::default();
[INFO] [stdout]     |                ^^^^^^^ use of unresolved module or unlinked crate `testing`
[INFO] [stdout]     |
[INFO] [stdout]     = help: if you wanted to use a crate named `testing`, use `cargo add testing` to add it to your `Cargo.toml`
[INFO] [stdout] help: consider importing this struct
[INFO] [stdout]     |
[INFO] [stdout]   2 + use crate::utils::TestUser;
[INFO] [stdout]     |
[INFO] [stdout] help: if you import `TestUser`, refer to it directly
[INFO] [stdout]     |
[INFO] [stdout] 257 -     let user = testing::TestUser::default();
[INFO] [stdout] 257 +     let user = TestUser::default();
[INFO] [stdout]     |
[INFO] [stdout] 
[INFO] [stdout] 
[INFO] [stdout] error[E0433]: cannot find module or crate `testing` in this scope
[INFO] [stdout]   --> examples/utils.rs:60:20
[INFO] [stdout]    |
[INFO] [stdout] 60 |     fn from(value: testing::TestUser) -> Self {
[INFO] [stdout]    |                    ^^^^^^^ use of unresolved module or unlinked crate `testing`
[INFO] [stdout]    |
[INFO] [stdout]    = help: if you wanted to use a crate named `testing`, use `cargo add testing` to add it to your `Cargo.toml`
[INFO] [stdout] 
[INFO] [stdout] 
[INFO] [stdout] error[E0433]: cannot find module or crate `testing` in this scope
[INFO] [stdout]    --> tests/rt_wallet.rs:365:16
[INFO] [stdout]     |
[INFO] [stdout] 365 |     let user = testing::TestUser::default();
[INFO] [stdout]     |                ^^^^^^^ use of unresolved module or unlinked crate `testing`
[INFO] [stdout]     |
[INFO] [stdout]     = help: if you wanted to use a crate named `testing`, use `cargo add testing` to add it to your `Cargo.toml`
[INFO] [stdout] help: consider importing this struct
[INFO] [stdout]     |
[INFO] [stdout]   2 + use crate::utils::TestUser;
[INFO] [stdout]     |
[INFO] [stdout] help: if you import `TestUser`, refer to it directly
[INFO] [stdout]     |
[INFO] [stdout] 365 -     let user = testing::TestUser::default();
[INFO] [stdout] 365 +     let user = TestUser::default();
[INFO] [stdout]     |
[INFO] [stdout] 
[INFO] [stdout] 
[INFO] [stdout] error[E0433]: cannot find module or crate `testing` in this scope
[INFO] [stdout]    --> tests/rt_wallet.rs:414:16
[INFO] [stdout]     |
[INFO] [stdout] 414 |     let user = testing::TestUser::default();
[INFO] [stdout]     |                ^^^^^^^ use of unresolved module or unlinked crate `testing`
[INFO] [stdout]     |
[INFO] [stdout]     = help: if you wanted to use a crate named `testing`, use `cargo add testing` to add it to your `Cargo.toml`
[INFO] [stdout] help: consider importing this struct
[INFO] [stdout]     |
[INFO] [stdout]   2 + use crate::utils::TestUser;
[INFO] [stdout]     |
[INFO] [stdout] help: if you import `TestUser`, refer to it directly
[INFO] [stdout]     |
[INFO] [stdout] 414 -     let user = testing::TestUser::default();
[INFO] [stdout] 414 +     let user = TestUser::default();
[INFO] [stdout]     |
[INFO] [stdout] 
[INFO] [stdout] 
[INFO] [stdout] error[E0433]: cannot find module or crate `testing` in this scope
[INFO] [stdout]   --> examples/utils.rs:59:11
[INFO] [stdout]    |
[INFO] [stdout] 59 | impl From<testing::TestUser> for TestUser {
[INFO] [stdout]    |           ^^^^^^^ use of unresolved module or unlinked crate `testing`
[INFO] [stdout]    |
[INFO] [stdout]    = help: if you wanted to use a crate named `testing`, use `cargo add testing` to add it to your `Cargo.toml`
[INFO] [stdout] 
[INFO] [stdout] 
[INFO] [stdout] Some errors have detailed explanations: E0432, E0433.
[INFO] [stdout] 
[INFO] [stdout] For more information about an error, try `rustc --explain E0432`.
[INFO] [stdout] 
[INFO] [stdout] error[E0433]: cannot find module or crate `testing` in this scope
[INFO] [stdout]   --> tests/utils/mod.rs:31:24
[INFO] [stdout]    |
[INFO] [stdout] 31 |     let access_token = testing::get_access_token(username, &password).await.access_token;
[INFO] [stdout]    |                        ^^^^^^^ use of unresolved module or unlinked crate `testing`
[INFO] [stdout]    |
[INFO] [stdout]    = help: if you wanted to use a crate named `testing`, use `cargo add testing` to add it to your `Cargo.toml`
[INFO] [stdout] 
[INFO] [stdout] 
[INFO] [stderr] error: could not compile `etopay-sdk` (example "22_init_wallet_from_shares") due to 5 previous errors
[INFO] [stdout] error[E0433]: cannot find module or crate `testing` in this scope
[INFO] [stdout]   --> examples/utils.rs:60:20
[INFO] [stdout]    |
[INFO] [stdout] 60 |     fn from(value: testing::TestUser) -> Self {
[INFO] [stdout]    |                    ^^^^^^^ use of unresolved module or unlinked crate `testing`
[INFO] [stdout]    |
[INFO] [stdout]    = help: if you wanted to use a crate named `testing`, use `cargo add testing` to add it to your `Cargo.toml`
[INFO] [stdout] 
[INFO] [stdout] 
[INFO] [stdout] error[E0433]: cannot find module or crate `testing` in this scope
[INFO] [stdout]   --> examples/utils.rs:59:11
[INFO] [stdout]    |
[INFO] [stdout] 59 | impl From<testing::TestUser> for TestUser {
[INFO] [stdout]    |           ^^^^^^^ use of unresolved module or unlinked crate `testing`
[INFO] [stdout]    |
[INFO] [stdout]    = help: if you wanted to use a crate named `testing`, use `cargo add testing` to add it to your `Cargo.toml`
[INFO] [stdout] 
[INFO] [stdout] 
[INFO] [stdout] Some errors have detailed explanations: E0432, E0433.
[INFO] [stdout] 
[INFO] [stdout] For more information about an error, try `rustc --explain E0432`.
[INFO] [stdout] 
[INFO] [stderr] error: could not compile `etopay-sdk` (example "11_reset_pin") due to 5 previous errors
[INFO] [stdout] error[E0433]: cannot find module or crate `testing` in this scope
[INFO] [stdout]   --> examples/utils.rs:60:20
[INFO] [stdout]    |
[INFO] [stdout] 60 |     fn from(value: testing::TestUser) -> Self {
[INFO] [stdout]    |                    ^^^^^^^ use of unresolved module or unlinked crate `testing`
[INFO] [stdout]    |
[INFO] [stdout]    = help: if you wanted to use a crate named `testing`, use `cargo add testing` to add it to your `Cargo.toml`
[INFO] [stdout] 
[INFO] [stdout] 
[INFO] [stdout] error[E0433]: cannot find module or crate `testing` in this scope
[INFO] [stdout]   --> examples/utils.rs:59:11
[INFO] [stdout]    |
[INFO] [stdout] 59 | impl From<testing::TestUser> for TestUser {
[INFO] [stdout]    |           ^^^^^^^ use of unresolved module or unlinked crate `testing`
[INFO] [stdout]    |
[INFO] [stdout]    = help: if you wanted to use a crate named `testing`, use `cargo add testing` to add it to your `Cargo.toml`
[INFO] [stdout] 
[INFO] [stdout] 
[INFO] [stdout] Some errors have detailed explanations: E0432, E0433.
[INFO] [stdout] 
[INFO] [stdout] For more information about an error, try `rustc --explain E0432`.
[INFO] [stdout] 
[INFO] [stderr] error: could not compile `etopay-sdk` (example "16_get_tx_list") due to 5 previous errors
[INFO] [stdout] error[E0433]: cannot find module or crate `testing` in this scope
[INFO] [stdout]    --> tests/rt_wallet.rs:421:24
[INFO] [stdout]     |
[INFO] [stdout] 421 |     let access_token = testing::get_access_token(&user.username, &user.password)
[INFO] [stdout]     |                        ^^^^^^^ use of unresolved module or unlinked crate `testing`
[INFO] [stdout]     |
[INFO] [stdout]     = help: if you wanted to use a crate named `testing`, use `cargo add testing` to add it to your `Cargo.toml`
[INFO] [stdout] 
[INFO] [stdout] 
[INFO] [stdout] error[E0433]: cannot find module or crate `testing` in this scope
[INFO] [stdout]   --> tests/utils/mod.rs:63:20
[INFO] [stdout]    |
[INFO] [stdout] 63 |     fn from(value: testing::TestUser) -> Self {
[INFO] [stdout]    |                    ^^^^^^^ use of unresolved module or unlinked crate `testing`
[INFO] [stdout]    |
[INFO] [stdout]    = help: if you wanted to use a crate named `testing`, use `cargo add testing` to add it to your `Cargo.toml`
[INFO] [stdout] 
[INFO] [stdout] 
[INFO] [stdout] error[E0433]: cannot find module or crate `testing` in this scope
[INFO] [stdout]   --> tests/utils/mod.rs:62:11
[INFO] [stdout]    |
[INFO] [stdout] 62 | impl From<testing::TestUser> for TestUser {
[INFO] [stdout]    |           ^^^^^^^ use of unresolved module or unlinked crate `testing`
[INFO] [stdout]    |
[INFO] [stdout]    = help: if you wanted to use a crate named `testing`, use `cargo add testing` to add it to your `Cargo.toml`
[INFO] [stdout] 
[INFO] [stdout] 
[INFO] [stdout] Some errors have detailed explanations: E0432, E0433.
[INFO] [stdout] 
[INFO] [stdout] For more information about an error, try `rustc --explain E0432`.
[INFO] [stdout] 
[INFO] [stderr] error: could not compile `etopay-sdk` (test "rt_wallet") due to 14 previous errors
[INFO] [stdout] error[E0433]: cannot find module or crate `testing` in this scope
[INFO] [stdout]    --> src/core/config.rs:176:46
[INFO] [stdout]     |
[INFO] [stdout] 176 |     pub fn new_test_with_cleanup() -> (Self, testing::CleanUp) {
[INFO] [stdout]     |                                              ^^^^^^^ use of unresolved module or unlinked crate `testing`
[INFO] [stdout]     |
[INFO] [stdout]     = help: if you wanted to use a crate named `testing`, use `cargo add testing` to add it to your `Cargo.toml`
[INFO] [stdout] 
[INFO] [stdout] 
[INFO] [stdout] error[E0433]: cannot find module or crate `testing` in this scope
[INFO] [stdout]    --> src/core/config.rs:190:59
[INFO] [stdout]     |
[INFO] [stdout] 190 |     pub fn new_test_with_cleanup_url(url: &str) -> (Self, testing::CleanUp) {
[INFO] [stdout]     |                                                           ^^^^^^^ use of unresolved module or unlinked crate `testing`
[INFO] [stdout]     |
[INFO] [stdout]     = help: if you wanted to use a crate named `testing`, use `cargo add testing` to add it to your `Cargo.toml`
[INFO] [stdout] 
[INFO] [stdout] 
[INFO] [stdout] Some errors have detailed explanations: E0432, E0433.
[INFO] [stdout] 
[INFO] [stdout] For more information about an error, try `rustc --explain E0432`.
[INFO] [stdout] 
[INFO] [stderr] error: could not compile `etopay-sdk` (lib test) due to 6 previous errors
[INFO] running `Command { std: "docker" "inspect" "2988894ce40143bdb3177af5f30f77da9cad7b5eef6367e12f4f9abd683fcbaa", kill_on_drop: false }`
[INFO] running `Command { std: "docker" "rm" "-f" "2988894ce40143bdb3177af5f30f77da9cad7b5eef6367e12f4f9abd683fcbaa", kill_on_drop: false }`
[INFO] [stdout] 2988894ce40143bdb3177af5f30f77da9cad7b5eef6367e12f4f9abd683fcbaa
