[INFO] fetching crate etke_openai_api_rust 0.1.10...
[INFO] testing etke_openai_api_rust-0.1.10 against 1.99.0-beta.8+cargoflags=--release for beta-release-1.100-2
[INFO] extracting crate etke_openai_api_rust 0.1.10 into /workspace/builds/worker-7-tc1/source
[INFO] started tweaking crates.io crate etke_openai_api_rust 0.1.10
[INFO] finished tweaking crates.io crate etke_openai_api_rust 0.1.10
[INFO] tweaked toml for crates.io crate etke_openai_api_rust 0.1.10 written to /workspace/builds/worker-7-tc1/source/Cargo.toml
[INFO] validating manifest of crates.io crate etke_openai_api_rust 0.1.10 on toolchain 1.99.0-beta.8
[INFO] running `Command { std: CARGO_HOME="/workspace/cargo-home" RUSTUP_HOME="/workspace/rustup-home" "/workspace/cargo-home/bin/cargo" "+1.99.0-beta.8" "metadata" "--manifest-path" "Cargo.toml" "--no-deps", kill_on_drop: false }`
[INFO] crate crates.io crate etke_openai_api_rust 0.1.10 already has a lockfile, it will not be regenerated
[INFO] running `Command { std: CARGO_HOME="/workspace/cargo-home" RUSTUP_HOME="/workspace/rustup-home" "/workspace/cargo-home/bin/cargo" "+1.99.0-beta.8" "fetch" "--manifest-path" "Cargo.toml", kill_on_drop: false }`
[INFO] [stderr]  Downloading crates ...
[INFO] [stderr]   Downloaded serde v1.0.158
[INFO] [stderr]   Downloaded serde_derive v1.0.158
[INFO] [stderr]   Downloaded serde_json v1.0.94
[INFO] [stderr]   Downloaded syn v2.0.5
[INFO] running `Command { std: "docker" "create" "-v" "/var/lib/crater-agent-workspace/builds/worker-7-tc1/source:/opt/rustwide/workdir:ro,Z" "-v" "/var/lib/crater-agent-workspace/builds/worker-7-tc1/target:/opt/rustwide/target:rw,Z" "-v" "/var/lib/crater-agent-workspace/cargo-home:/opt/rustwide/cargo-home:ro,Z" "-v" "/var/lib/crater-agent-workspace/rustup-home:/opt/rustwide/rustup-home:ro,Z" "-m" "1610612736" "--network" "none" "ghcr.io/rust-lang/crates-build-env/linux@sha256:77db811e55d90add9212f6832c23229e3de5f1c1f9905e8cb07319ea15df73ac" "sleep" "infinity", kill_on_drop: false }`
[INFO] [stdout] 64ebaa1c372a389cc228f467abd8cf0223e046bedb609a042ea5f27c9accf6ec
[INFO] running `Command { std: "docker" "start" "64ebaa1c372a389cc228f467abd8cf0223e046bedb609a042ea5f27c9accf6ec", kill_on_drop: false }`
[INFO] running `Command { std: "docker" "inspect" "64ebaa1c372a389cc228f467abd8cf0223e046bedb609a042ea5f27c9accf6ec", kill_on_drop: false }`
[INFO] running `Command { std: "docker" "exec" "-e" "SOURCE_DIR=/opt/rustwide/workdir" "-e" "CARGO_HOME=/opt/rustwide/cargo-home" "-e" "RUSTUP_HOME=/opt/rustwide/rustup-home" "-e" "CARGO_TARGET_DIR=/opt/rustwide/target" "-w" "/opt/rustwide/workdir" "--user" "0:0" "64ebaa1c372a389cc228f467abd8cf0223e046bedb609a042ea5f27c9accf6ec" "/opt/rustwide/cargo-home/bin/cargo" "+1.99.0-beta.8" "metadata" "--no-deps" "--format-version=1", kill_on_drop: false }`
[INFO] running `Command { std: "docker" "inspect" "64ebaa1c372a389cc228f467abd8cf0223e046bedb609a042ea5f27c9accf6ec", kill_on_drop: false }`
[INFO] running `Command { std: "docker" "exec" "-e" "SOURCE_DIR=/opt/rustwide/workdir" "-e" "CARGO_HOME=/opt/rustwide/cargo-home" "-e" "RUSTUP_HOME=/opt/rustwide/rustup-home" "-e" "CARGO_TARGET_DIR=/opt/rustwide/target" "-e" "CARGO_INCREMENTAL=0" "-e" "RUST_BACKTRACE=full" "-e" "RUSTFLAGS=--cap-lints=warn" "-e" "RUSTDOCFLAGS=--cap-lints=warn" "-w" "/opt/rustwide/workdir" "--user" "0:0" "64ebaa1c372a389cc228f467abd8cf0223e046bedb609a042ea5f27c9accf6ec" "/opt/rustwide/cargo-home/bin/cargo" "+1.99.0-beta.8" "build" "--frozen" "--message-format=json" "--release", kill_on_drop: false }`
[INFO] [stderr]    Compiling libc v0.2.140
[INFO] [stderr]    Compiling cc v1.0.79
[INFO] [stderr]    Compiling proc-macro2 v1.0.53
[INFO] [stderr]    Compiling unicode-ident v1.0.8
[INFO] [stderr]    Compiling quote v1.0.26
[INFO] [stderr]    Compiling once_cell v1.17.1
[INFO] [stderr]    Compiling serde_derive v1.0.158
[INFO] [stderr]    Compiling tinyvec v1.6.0
[INFO] [stderr]    Compiling serde v1.0.158
[INFO] [stderr]    Compiling log v0.4.17
[INFO] [stderr]    Compiling serde_json v1.0.94
[INFO] [stderr]    Compiling unicode-bidi v0.3.13
[INFO] [stderr]    Compiling rustls v0.20.8
[INFO] [stderr]    Compiling percent-encoding v2.2.0
[INFO] [stderr]    Compiling miniz_oxide v0.6.2
[INFO] [stderr]    Compiling form_urlencoded v1.1.0
[INFO] [stderr]    Compiling ryu v1.0.13
[INFO] [stderr]    Compiling getrandom v0.2.8
[INFO] [stderr]    Compiling rand_core v0.6.4
[INFO] [stderr]    Compiling ring v0.16.20
[INFO] [stderr]    Compiling rustls-native-certs v0.6.3
[INFO] [stderr]    Compiling syn v2.0.5
[INFO] [stderr]    Compiling flate2 v1.0.25
[INFO] [stderr]    Compiling unicode-normalization v0.1.22
[INFO] [stderr]    Compiling rand_chacha v0.3.1
[INFO] [stderr]    Compiling rand v0.8.5
[INFO] [stderr]    Compiling idna v0.3.0
[INFO] [stderr]    Compiling url v2.3.1
[INFO] [stderr]    Compiling webpki v0.22.0
[INFO] [stderr]    Compiling sct v0.7.0
[INFO] [stderr]    Compiling webpki-roots v0.22.6
[INFO] [stderr]    Compiling ureq v2.6.2
[INFO] [stderr]    Compiling etke_openai_api_rust v0.1.10 (/opt/rustwide/workdir)
[INFO] [stderr]     Finished `release` profile [optimized] target(s) in 58.81s
[INFO] running `Command { std: "docker" "inspect" "64ebaa1c372a389cc228f467abd8cf0223e046bedb609a042ea5f27c9accf6ec", kill_on_drop: false }`
[INFO] running `Command { std: "docker" "exec" "-e" "SOURCE_DIR=/opt/rustwide/workdir" "-e" "CARGO_HOME=/opt/rustwide/cargo-home" "-e" "RUSTUP_HOME=/opt/rustwide/rustup-home" "-e" "CARGO_TARGET_DIR=/opt/rustwide/target" "-e" "CARGO_INCREMENTAL=0" "-e" "RUST_BACKTRACE=full" "-e" "RUSTFLAGS=--cap-lints=warn" "-e" "RUSTDOCFLAGS=--cap-lints=warn" "-w" "/opt/rustwide/workdir" "--user" "0:0" "64ebaa1c372a389cc228f467abd8cf0223e046bedb609a042ea5f27c9accf6ec" "/opt/rustwide/cargo-home/bin/cargo" "+1.99.0-beta.8" "test" "--frozen" "--no-run" "--message-format=json" "--release", kill_on_drop: false }`
[INFO] [stderr]    Compiling etke_openai_api_rust v0.1.10 (/opt/rustwide/workdir)
[INFO] [stdout] error[E0599]: no method named `contains` found for enum `std::option::Option<T>` in the current scope
[INFO] [stdout]    --> src/apis/images.rs:170:21
[INFO] [stdout]     |
[INFO] [stdout] 170 |         assert!(image.url.contains("http"));
[INFO] [stdout]     |                           ^^^^^^^^ method not found in `std::option::Option<std::string::String>`
[INFO] [stdout]     |
[INFO] [stdout] note: the method `contains` exists on the type `std::string::String`
[INFO] [stdout]    --> /rustc/dfb0accb7f508ae8be965d8629557221c889dd98/library/core/src/str/mod.rs:1383:4
[INFO] [stdout] help: consider using `Option::expect` to unwrap the `std::string::String` value, panicking if the value is an `Option::None`
[INFO] [stdout]     |
[INFO] [stdout] 170 |         assert!(image.url.expect("REASON").contains("http"));
[INFO] [stdout]     |                          +++++++++++++++++
[INFO] [stdout] 
[INFO] [stdout] 
[INFO] [stdout] error[E0599]: no method named `contains` found for enum `std::option::Option<T>` in the current scope
[INFO] [stdout]    --> src/apis/images.rs:194:21
[INFO] [stdout]     |
[INFO] [stdout] 194 |         assert!(image.url.contains("http"));
[INFO] [stdout]     |                           ^^^^^^^^ method not found in `std::option::Option<std::string::String>`
[INFO] [stdout]     |
[INFO] [stdout] note: the method `contains` exists on the type `std::string::String`
[INFO] [stdout]    --> /rustc/dfb0accb7f508ae8be965d8629557221c889dd98/library/core/src/str/mod.rs:1383:4
[INFO] [stdout] help: consider using `Option::expect` to unwrap the `std::string::String` value, panicking if the value is an `Option::None`
[INFO] [stdout]     |
[INFO] [stdout] 194 |         assert!(image.url.expect("REASON").contains("http"));
[INFO] [stdout]     |                          +++++++++++++++++
[INFO] [stdout] 
[INFO] [stdout] 
[INFO] [stdout] error[E0599]: no method named `contains` found for enum `std::option::Option<T>` in the current scope
[INFO] [stdout]    --> src/apis/images.rs:218:21
[INFO] [stdout]     |
[INFO] [stdout] 218 |         assert!(image.url.contains("http"));
[INFO] [stdout]     |                           ^^^^^^^^ method not found in `std::option::Option<std::string::String>`
[INFO] [stdout]     |
[INFO] [stdout] note: the method `contains` exists on the type `std::string::String`
[INFO] [stdout]    --> /rustc/dfb0accb7f508ae8be965d8629557221c889dd98/library/core/src/str/mod.rs:1383:4
[INFO] [stdout] help: consider using `Option::expect` to unwrap the `std::string::String` value, panicking if the value is an `Option::None`
[INFO] [stdout]     |
[INFO] [stdout] 218 |         assert!(image.url.expect("REASON").contains("http"));
[INFO] [stdout]     |                          +++++++++++++++++
[INFO] [stdout] 
[INFO] [stdout] 
[INFO] [stdout] For more information about this error, try `rustc --explain E0599`.
[INFO] [stdout] 
[INFO] [stderr] error: could not compile `etke_openai_api_rust` (lib test) due to 3 previous errors
[INFO] running `Command { std: "docker" "inspect" "64ebaa1c372a389cc228f467abd8cf0223e046bedb609a042ea5f27c9accf6ec", kill_on_drop: false }`
[INFO] running `Command { std: "docker" "rm" "-f" "64ebaa1c372a389cc228f467abd8cf0223e046bedb609a042ea5f27c9accf6ec", kill_on_drop: false }`
[INFO] [stdout] 64ebaa1c372a389cc228f467abd8cf0223e046bedb609a042ea5f27c9accf6ec
