[INFO] fetching crate essential-transaction-storage 0.3.0...
[INFO] testing essential-transaction-storage-0.3.0 against 1.99.0-beta.8+cargoflags=--release for beta-release-1.100-2
[INFO] extracting crate essential-transaction-storage 0.3.0 into /workspace/builds/worker-6-tc1/source
[INFO] started tweaking crates.io crate essential-transaction-storage 0.3.0
[INFO] finished tweaking crates.io crate essential-transaction-storage 0.3.0
[INFO] tweaked toml for crates.io crate essential-transaction-storage 0.3.0 written to /workspace/builds/worker-6-tc1/source/Cargo.toml
[INFO] validating manifest of crates.io crate essential-transaction-storage 0.3.0 on toolchain 1.99.0-beta.8
[INFO] running `Command { std: CARGO_HOME="/workspace/cargo-home" RUSTUP_HOME="/workspace/rustup-home" "/workspace/cargo-home/bin/cargo" "+1.99.0-beta.8" "metadata" "--manifest-path" "Cargo.toml" "--no-deps", kill_on_drop: false }`
[INFO] running `Command { std: CARGO_HOME="/workspace/cargo-home" RUSTUP_HOME="/workspace/rustup-home" "/workspace/cargo-home/bin/cargo" "+1.99.0-beta.8" "generate-lockfile" "--manifest-path" "Cargo.toml", kill_on_drop: false }`
[INFO] [stderr]     Updating crates.io index
[INFO] [stderr]      Locking 112 packages to highest compatible versions
[INFO] [stderr]       Adding essential-hash v0.2.0 (available: v0.10.0)
[INFO] [stderr]       Adding essential-state-read-vm v0.3.0 (available: v0.7.0)
[INFO] [stderr]       Adding essential-types v0.2.0 (available: v0.8.0)
[INFO] [stderr]       Adding generic-array v0.14.7 (available: v0.14.9)
[INFO] [stderr]       Adding imbl v3.0.0 (available: v7.0.2)
[INFO] [stderr]       Adding thiserror v1.0.69 (available: v2.0.21)
[INFO] running `Command { std: CARGO_HOME="/workspace/cargo-home" RUSTUP_HOME="/workspace/rustup-home" "/workspace/cargo-home/bin/cargo" "+1.99.0-beta.8" "fetch" "--manifest-path" "Cargo.toml", kill_on_drop: false }`
[INFO] running `Command { std: "docker" "create" "-v" "/var/lib/crater-agent-workspace/builds/worker-6-tc1/source:/opt/rustwide/workdir:ro,Z" "-v" "/var/lib/crater-agent-workspace/builds/worker-6-tc1/target:/opt/rustwide/target:rw,Z" "-v" "/var/lib/crater-agent-workspace/cargo-home:/opt/rustwide/cargo-home:ro,Z" "-v" "/var/lib/crater-agent-workspace/rustup-home:/opt/rustwide/rustup-home:ro,Z" "-m" "1610612736" "--network" "none" "ghcr.io/rust-lang/crates-build-env/linux@sha256:77db811e55d90add9212f6832c23229e3de5f1c1f9905e8cb07319ea15df73ac" "sleep" "infinity", kill_on_drop: false }`
[INFO] [stdout] 5868cf7a4bff93f923cae18465f68e7503af188b07af82f30f7d38f8cd3f4d92
[INFO] running `Command { std: "docker" "start" "5868cf7a4bff93f923cae18465f68e7503af188b07af82f30f7d38f8cd3f4d92", kill_on_drop: false }`
[INFO] running `Command { std: "docker" "inspect" "5868cf7a4bff93f923cae18465f68e7503af188b07af82f30f7d38f8cd3f4d92", kill_on_drop: false }`
[INFO] running `Command { std: "docker" "exec" "-e" "SOURCE_DIR=/opt/rustwide/workdir" "-e" "CARGO_HOME=/opt/rustwide/cargo-home" "-e" "RUSTUP_HOME=/opt/rustwide/rustup-home" "-e" "CARGO_TARGET_DIR=/opt/rustwide/target" "-w" "/opt/rustwide/workdir" "--user" "0:0" "5868cf7a4bff93f923cae18465f68e7503af188b07af82f30f7d38f8cd3f4d92" "/opt/rustwide/cargo-home/bin/cargo" "+1.99.0-beta.8" "metadata" "--no-deps" "--format-version=1", kill_on_drop: false }`
[INFO] running `Command { std: "docker" "inspect" "5868cf7a4bff93f923cae18465f68e7503af188b07af82f30f7d38f8cd3f4d92", kill_on_drop: false }`
[INFO] running `Command { std: "docker" "exec" "-e" "SOURCE_DIR=/opt/rustwide/workdir" "-e" "CARGO_HOME=/opt/rustwide/cargo-home" "-e" "RUSTUP_HOME=/opt/rustwide/rustup-home" "-e" "CARGO_TARGET_DIR=/opt/rustwide/target" "-e" "CARGO_INCREMENTAL=0" "-e" "RUST_BACKTRACE=full" "-e" "RUSTFLAGS=--cap-lints=warn" "-e" "RUSTDOCFLAGS=--cap-lints=warn" "-w" "/opt/rustwide/workdir" "--user" "0:0" "5868cf7a4bff93f923cae18465f68e7503af188b07af82f30f7d38f8cd3f4d92" "/opt/rustwide/cargo-home/bin/cargo" "+1.99.0-beta.8" "build" "--frozen" "--message-format=json" "--release", kill_on_drop: false }`
[INFO] [stderr]    Compiling syn v3.0.9
[INFO] [stderr]    Compiling equivalent v1.0.3
[INFO] [stderr]    Compiling unsafe-libyaml v0.2.11
[INFO] [stderr]    Compiling thiserror v2.0.21
[INFO] [stderr]    Compiling futures-core v0.3.34
[INFO] [stderr]    Compiling futures-sink v0.3.34
[INFO] [stderr]    Compiling secp256k1-sys v0.10.1
[INFO] [stderr]    Compiling heapless v0.7.17
[INFO] [stderr]    Compiling curve25519-dalek-derive v0.1.1
[INFO] [stderr]    Compiling zeroize v1.9.1
[INFO] [stderr]    Compiling signature v2.2.0
[INFO] [stderr]    Compiling smallvec v1.16.3
[INFO] [stderr]    Compiling sha2 v0.10.9
[INFO] [stderr]    Compiling hash32 v0.2.1
[INFO] [stderr]    Compiling spin v0.9.9
[INFO] [stderr]    Compiling thiserror-impl v1.0.69
[INFO] [stderr]    Compiling indexmap v2.14.2
[INFO] [stderr]    Compiling futures-channel v0.3.34
[INFO] [stderr]    Compiling either v1.19.0
[INFO] [stderr]    Compiling ed25519 v2.2.3
[INFO] [stderr]    Compiling anyhow v1.0.104
[INFO] [stderr]    Compiling bitmaps v3.2.1
[INFO] [stderr]    Compiling bytes v1.12.1
[INFO] [stderr]    Compiling rand_xoshiro v0.6.0
[INFO] [stderr]    Compiling parking_lot_core v0.9.12
[INFO] [stderr]    Compiling rayon v1.12.0
[INFO] [stderr]    Compiling curve25519-dalek v4.1.3
[INFO] [stderr]    Compiling parking_lot v0.12.5
[INFO] [stderr]    Compiling imbl-sized-chunks v0.1.3
[INFO] [stderr]    Compiling imbl v3.0.0
[INFO] [stderr]    Compiling thiserror v1.0.69
[INFO] [stderr]    Compiling ed25519-dalek v2.2.0
[INFO] [stderr]    Compiling serde_derive v1.0.229
[INFO] [stderr]    Compiling futures-macro v0.3.34
[INFO] [stderr]    Compiling thiserror-impl v2.0.21
[INFO] [stderr]    Compiling tokio-macros v2.7.2
[INFO] [stderr]    Compiling tokio v1.53.3
[INFO] [stderr]    Compiling futures-util v0.3.34
[INFO] [stderr]    Compiling cobs v0.3.0
[INFO] [stderr]    Compiling serde v1.0.229
[INFO] [stderr]    Compiling hex v0.4.3
[INFO] [stderr]    Compiling serde_yaml v0.9.34+deprecated
[INFO] [stderr]    Compiling essential-types v0.2.0
[INFO] [stderr]    Compiling postcard v1.1.3
[INFO] [stderr]    Compiling secp256k1 v0.29.1
[INFO] [stderr]    Compiling essential-hash v0.2.0
[INFO] [stderr]    Compiling essential-asm-spec v0.2.1
[INFO] [stderr]    Compiling futures-executor v0.3.34
[INFO] [stderr]    Compiling essential-asm-gen v0.3.1
[INFO] [stderr]    Compiling futures v0.3.34
[INFO] [stderr]    Compiling essential-constraint-asm v0.3.1
[INFO] [stderr]    Compiling essential-constraint-vm v0.3.0
[INFO] [stderr]    Compiling essential-state-asm v0.3.1
[INFO] [stderr]    Compiling essential-storage v0.3.0
[INFO] [stderr]    Compiling essential-state-read-vm v0.3.0
[INFO] [stderr]    Compiling essential-transaction-storage v0.3.0 (/opt/rustwide/workdir)
[INFO] [stderr]     Finished `release` profile [optimized] target(s) in 32.18s
[INFO] running `Command { std: "docker" "inspect" "5868cf7a4bff93f923cae18465f68e7503af188b07af82f30f7d38f8cd3f4d92", kill_on_drop: false }`
[INFO] running `Command { std: "docker" "exec" "-e" "SOURCE_DIR=/opt/rustwide/workdir" "-e" "CARGO_HOME=/opt/rustwide/cargo-home" "-e" "RUSTUP_HOME=/opt/rustwide/rustup-home" "-e" "CARGO_TARGET_DIR=/opt/rustwide/target" "-e" "CARGO_INCREMENTAL=0" "-e" "RUST_BACKTRACE=full" "-e" "RUSTFLAGS=--cap-lints=warn" "-e" "RUSTDOCFLAGS=--cap-lints=warn" "-w" "/opt/rustwide/workdir" "--user" "0:0" "5868cf7a4bff93f923cae18465f68e7503af188b07af82f30f7d38f8cd3f4d92" "/opt/rustwide/cargo-home/bin/cargo" "+1.99.0-beta.8" "test" "--frozen" "--no-run" "--message-format=json" "--release", kill_on_drop: false }`
[INFO] [stderr]    Compiling essential-transaction-storage v0.3.0 (/opt/rustwide/workdir)
[INFO] [stdout] error[E0433]: cannot find module or crate `test_utils` in this scope
[INFO] [stdout]  --> src/tests.rs:4:5
[INFO] [stdout]   |
[INFO] [stdout] 4 | use test_utils::{empty::Empty, sign_contract_with_random_keypair};
[INFO] [stdout]   |     ^^^^^^^^^^ use of unresolved module or unlinked crate `test_utils`
[INFO] [stdout]   |
[INFO] [stdout]   = help: if you wanted to use a crate named `test_utils`, use `cargo add test_utils` to add it to your `Cargo.toml`
[INFO] [stdout] 
[INFO] [stdout] 
[INFO] [stdout] error[E0432]: unresolved import `essential_memory_storage`
[INFO] [stdout]  --> src/tests.rs:1:5
[INFO] [stdout]   |
[INFO] [stdout] 1 | use essential_memory_storage::MemoryStorage;
[INFO] [stdout]   |     ^^^^^^^^^^^^^^^^^^^^^^^^ use of unresolved module or unlinked crate `essential_memory_storage`
[INFO] [stdout]   |
[INFO] [stdout] help: there is a crate or module with a similar name
[INFO] [stdout]   |
[INFO] [stdout] 1 - use essential_memory_storage::MemoryStorage;
[INFO] [stdout] 1 + use essential_storage::MemoryStorage;
[INFO] [stdout]   |
[INFO] [stdout] 
[INFO] [stdout] 
[INFO] [stdout] error[E0432]: unresolved import `test_utils`
[INFO] [stdout]  --> src/tests.rs:4:5
[INFO] [stdout]   |
[INFO] [stdout] 4 | use test_utils::{empty::Empty, sign_contract_with_random_keypair};
[INFO] [stdout]   |     ^^^^^^^^^^ use of unresolved module or unlinked crate `test_utils`
[INFO] [stdout]   |
[INFO] [stdout]   = help: if you wanted to use a crate named `test_utils`, use `cargo add test_utils` to add it to your `Cargo.toml`
[INFO] [stdout] 
[INFO] [stdout] 
[INFO] [stdout] error[E0599]: no associated function or constant named `empty` found for struct `Predicate` in the current scope
[INFO] [stdout]   --> src/tests.rs:11:32
[INFO] [stdout]    |
[INFO] [stdout] 11 |     let predicate = Predicate::empty();
[INFO] [stdout]    |                                ^^^^^ associated function or constant not found in `Predicate`
[INFO] [stdout] 
[INFO] [stdout] 
[INFO] [stdout] Some errors have detailed explanations: E0432, E0433, E0599.
[INFO] [stdout] 
[INFO] [stdout] For more information about an error, try `rustc --explain E0432`.
[INFO] [stdout] 
[INFO] [stderr] error: could not compile `essential-transaction-storage` (lib test) due to 4 previous errors
[INFO] running `Command { std: "docker" "inspect" "5868cf7a4bff93f923cae18465f68e7503af188b07af82f30f7d38f8cd3f4d92", kill_on_drop: false }`
[INFO] running `Command { std: "docker" "rm" "-f" "5868cf7a4bff93f923cae18465f68e7503af188b07af82f30f7d38f8cd3f4d92", kill_on_drop: false }`
[INFO] [stdout] 5868cf7a4bff93f923cae18465f68e7503af188b07af82f30f7d38f8cd3f4d92
