[INFO] fetching crate esp-wifi-sys-esp32h2 0.3.0...
[INFO] testing esp-wifi-sys-esp32h2-0.3.0 against 1.100.0-beta.1+cargoflags=--release for beta-release-1.100-2
[INFO] extracting crate esp-wifi-sys-esp32h2 0.3.0 into /workspace/builds/worker-5-tc2/source
[INFO] removed /workspace/builds/worker-5-tc2/source/.cargo/config.toml
[INFO] started tweaking crates.io crate esp-wifi-sys-esp32h2 0.3.0
[INFO] finished tweaking crates.io crate esp-wifi-sys-esp32h2 0.3.0
[INFO] tweaked toml for crates.io crate esp-wifi-sys-esp32h2 0.3.0 written to /workspace/builds/worker-5-tc2/source/Cargo.toml
[INFO] validating manifest of crates.io crate esp-wifi-sys-esp32h2 0.3.0 on toolchain 1.100.0-beta.1
[INFO] running `Command { std: CARGO_HOME="/workspace/cargo-home" RUSTUP_HOME="/workspace/rustup-home" "/workspace/cargo-home/bin/cargo" "+1.100.0-beta.1" "metadata" "--manifest-path" "Cargo.toml" "--no-deps", kill_on_drop: false }`
[INFO] crate crates.io crate esp-wifi-sys-esp32h2 0.3.0 already has a lockfile, it will not be regenerated
[INFO] running `Command { std: CARGO_HOME="/workspace/cargo-home" RUSTUP_HOME="/workspace/rustup-home" "/workspace/cargo-home/bin/cargo" "+1.100.0-beta.1" "fetch" "--manifest-path" "Cargo.toml", kill_on_drop: false }`
[INFO] running `Command { std: "docker" "create" "-v" "/var/lib/crater-agent-workspace/builds/worker-5-tc2/source:/opt/rustwide/workdir:ro,Z" "-v" "/var/lib/crater-agent-workspace/builds/worker-5-tc2/target:/opt/rustwide/target:rw,Z" "-v" "/var/lib/crater-agent-workspace/cargo-home:/opt/rustwide/cargo-home:ro,Z" "-v" "/var/lib/crater-agent-workspace/rustup-home:/opt/rustwide/rustup-home:ro,Z" "-m" "1610612736" "--network" "none" "ghcr.io/rust-lang/crates-build-env/linux@sha256:77db811e55d90add9212f6832c23229e3de5f1c1f9905e8cb07319ea15df73ac" "sleep" "infinity", kill_on_drop: false }`
[INFO] [stdout] 4556ba64cfc3b635f171d248b82314f4acaf514e7faca25d8485b3e2e298b881
[INFO] running `Command { std: "docker" "start" "4556ba64cfc3b635f171d248b82314f4acaf514e7faca25d8485b3e2e298b881", kill_on_drop: false }`
[INFO] running `Command { std: "docker" "inspect" "4556ba64cfc3b635f171d248b82314f4acaf514e7faca25d8485b3e2e298b881", kill_on_drop: false }`
[INFO] running `Command { std: "docker" "exec" "-e" "SOURCE_DIR=/opt/rustwide/workdir" "-e" "CARGO_HOME=/opt/rustwide/cargo-home" "-e" "RUSTUP_HOME=/opt/rustwide/rustup-home" "-e" "CARGO_TARGET_DIR=/opt/rustwide/target" "-w" "/opt/rustwide/workdir" "--user" "0:0" "4556ba64cfc3b635f171d248b82314f4acaf514e7faca25d8485b3e2e298b881" "/opt/rustwide/cargo-home/bin/cargo" "+1.100.0-beta.1" "metadata" "--no-deps" "--format-version=1", kill_on_drop: false }`
[INFO] running `Command { std: "docker" "inspect" "4556ba64cfc3b635f171d248b82314f4acaf514e7faca25d8485b3e2e298b881", kill_on_drop: false }`
[INFO] running `Command { std: "docker" "exec" "-e" "SOURCE_DIR=/opt/rustwide/workdir" "-e" "CARGO_HOME=/opt/rustwide/cargo-home" "-e" "RUSTUP_HOME=/opt/rustwide/rustup-home" "-e" "CARGO_TARGET_DIR=/opt/rustwide/target" "-e" "CARGO_INCREMENTAL=0" "-e" "RUST_BACKTRACE=full" "-e" "RUSTFLAGS=--cap-lints=warn" "-e" "RUSTDOCFLAGS=--cap-lints=warn" "-w" "/opt/rustwide/workdir" "--user" "0:0" "4556ba64cfc3b635f171d248b82314f4acaf514e7faca25d8485b3e2e298b881" "/opt/rustwide/cargo-home/bin/cargo" "+1.100.0-beta.1" "build" "--frozen" "--message-format=json" "--release", kill_on_drop: false }`
[INFO] [stderr]    Compiling esp-wifi-sys-esp32h2 v0.3.0 (/opt/rustwide/workdir)
[INFO] [stderr]     Finished `release` profile [optimized] target(s) in 1.04s
[INFO] running `Command { std: "docker" "inspect" "4556ba64cfc3b635f171d248b82314f4acaf514e7faca25d8485b3e2e298b881", kill_on_drop: false }`
[INFO] running `Command { std: "docker" "exec" "-e" "SOURCE_DIR=/opt/rustwide/workdir" "-e" "CARGO_HOME=/opt/rustwide/cargo-home" "-e" "RUSTUP_HOME=/opt/rustwide/rustup-home" "-e" "CARGO_TARGET_DIR=/opt/rustwide/target" "-e" "CARGO_INCREMENTAL=0" "-e" "RUST_BACKTRACE=full" "-e" "RUSTFLAGS=--cap-lints=warn" "-e" "RUSTDOCFLAGS=--cap-lints=warn" "-w" "/opt/rustwide/workdir" "--user" "0:0" "4556ba64cfc3b635f171d248b82314f4acaf514e7faca25d8485b3e2e298b881" "/opt/rustwide/cargo-home/bin/cargo" "+1.100.0-beta.1" "test" "--frozen" "--no-run" "--message-format=json" "--release", kill_on_drop: false }`
[INFO] [stderr]    Compiling esp-wifi-sys-esp32h2 v0.3.0 (/opt/rustwide/workdir)
[INFO] [stdout] warning: suspicious definition of the runtime `malloc` symbol used by the standard library
[INFO] [stdout]     --> src/include.rs:3727:5
[INFO] [stdout]      |
[INFO] [stdout] 3727 |     pub fn malloc(arg1: crate::c_types::c_uint) -> *mut crate::c_types::c_void;
[INFO] [stdout]      |     ^^^^^^^^^^^^^^^^^^^^^^^^^^^^^^^^^^^^^^^^^^^^^^^^^^^^^^^^^^^^^^^^^^^^^^^^^^^
[INFO] [stdout]      |
[INFO] [stdout]      = note: expected `unsafe extern "C" fn(usize) -> *mut core::ffi::c_void` (for the current target)
[INFO] [stdout]              found    `unsafe extern "C" fn(u32) -> *mut core::ffi::c_void`
[INFO] [stdout]      = help: either fix the signature or remove any attributes like `#[unsafe(no_mangle)]`, `#[unsafe(export_name = "malloc")]`, or `#[link_name = "malloc"]`
[INFO] [stdout]      = help: allow this lint if the signature is compatible
[INFO] [stdout]      = note: `#[warn(suspicious_runtime_symbol_definitions)]` on by default
[INFO] [stdout] 
[INFO] [stdout] 
[INFO] [stdout] warning: suspicious definition of the runtime `realloc` symbol used by the standard library
[INFO] [stdout]     --> src/include.rs:3858:5
[INFO] [stdout]      |
[INFO] [stdout] 3858 | /     pub fn realloc(
[INFO] [stdout] 3859 | |         arg1: *mut crate::c_types::c_void,
[INFO] [stdout] 3860 | |         arg2: crate::c_types::c_uint,
[INFO] [stdout] 3861 | |     ) -> *mut crate::c_types::c_void;
[INFO] [stdout]      | |_____________________________________^
[INFO] [stdout]      |
[INFO] [stdout]      = note: expected `unsafe extern "C" fn(*mut core::ffi::c_void, usize) -> *mut core::ffi::c_void` (for the current target)
[INFO] [stdout]              found    `unsafe extern "C" fn(*mut core::ffi::c_void, u32) -> *mut core::ffi::c_void`
[INFO] [stdout]      = help: either fix the signature or remove any attributes like `#[unsafe(no_mangle)]`, `#[unsafe(export_name = "realloc")]`, or `#[link_name = "realloc"]`
[INFO] [stdout]      = help: allow this lint if the signature is compatible
[INFO] [stdout] 
[INFO] [stdout] 
[INFO] [stdout] error: linking with `cc` failed: exit status: 1
[INFO] [stdout]   |
[INFO] [stdout]   = note:  "cc" "-m64" "/opt/rustwide/target/release/build/esp-wifi-sys-esp32h2/dc89fa7255ae7943/out/rustcapxqrw/symbols.o" "<2 object files omitted>" "-Wl,--as-needed" "-Wl,-Bdynamic" "-lble_app" "-lbtbb" "-lcoexist" "-lphy" "-lprintf" "-Wl,-Bstatic" "<sysroot>/lib/rustlib/x86_64-unknown-linux-gnu/lib/{libtest-*,libgetopts-*,librustc_std_workspace_std-*,libstd-*,libpanic_unwind-*,libobject-*,libmemchr-*,libaddr2line-*,libgimli-*,libcfg_if-*,librustc_demangle-*,libstd_detect-*,libhashbrown-*,librustc_std_workspace_alloc-*,libminiz_oxide-*,libadler2-*,libunwind-*,liblibc-*,librustc_std_workspace_core-*,liballoc-*,libcore-*,libcompiler_builtins-*}.rlib" "-Wl,-Bdynamic" "-lgcc_s" "-lutil" "-lrt" "-lpthread" "-lm" "-ldl" "-lc" "-L" "/opt/rustwide/target/release/build/esp-wifi-sys-esp32h2/dc89fa7255ae7943/out/rustcapxqrw/raw-dylibs" "-B<sysroot>/lib/rustlib/x86_64-unknown-linux-gnu/bin/gcc-ld" "-fuse-ld=lld" "-Wl,--eh-frame-hdr" "-Wl,-z,noexecstack" "-L" "/opt/rustwide/target/release/build/esp-wifi-sys-esp32h2/db6ae491820d286c/out" "-L" "<sysroot>/lib/rustlib/x86_64-unknown-linux-gnu/lib" "-o" "/opt/rustwide/target/release/build/esp-wifi-sys-esp32h2/dc89fa7255ae7943/out/esp_wifi_sys_esp32h2-dc89fa7255ae7943" "-Wl,--gc-sections" "-pie" "-Wl,-z,relro,-z,now" "-Wl,-O1" "-Wl,--strip-debug" "-nodefaultlibs"
[INFO] [stdout]   = note: some arguments are omitted. use `--verbose` to show all linker arguments
[INFO] [stdout]   = note: rust-lld: error: /opt/rustwide/target/release/build/esp-wifi-sys-esp32h2/db6ae491820d286c/out/libble_app.a(ble_hci_pawr.c.o) is incompatible with elf64-x86-64
[INFO] [stdout]           rust-lld: error: /opt/rustwide/target/release/build/esp-wifi-sys-esp32h2/db6ae491820d286c/out/libble_app.a(ble_hci_swr.c.o) is incompatible with elf64-x86-64
[INFO] [stdout]           rust-lld: error: /opt/rustwide/target/release/build/esp-wifi-sys-esp32h2/db6ae491820d286c/out/libble_app.a(ble_lll.c.o) is incompatible with elf64-x86-64
[INFO] [stdout]           rust-lld: error: /opt/rustwide/target/release/build/esp-wifi-sys-esp32h2/db6ae491820d286c/out/libble_app.a(ble_lll_adv.c.o) is incompatible with elf64-x86-64
[INFO] [stdout]           rust-lld: error: /opt/rustwide/target/release/build/esp-wifi-sys-esp32h2/db6ae491820d286c/out/libble_app.a(ble_lll_conn.c.o) is incompatible with elf64-x86-64
[INFO] [stdout]           rust-lld: error: /opt/rustwide/target/release/build/esp-wifi-sys-esp32h2/db6ae491820d286c/out/libble_app.a(ble_lll_df.c.o) is incompatible with elf64-x86-64
[INFO] [stdout]           rust-lld: error: /opt/rustwide/target/release/build/esp-wifi-sys-esp32h2/db6ae491820d286c/out/libble_app.a(ble_lll_mmgmt.c.o) is incompatible with elf64-x86-64
[INFO] [stdout]           rust-lld: error: /opt/rustwide/target/release/build/esp-wifi-sys-esp32h2/db6ae491820d286c/out/libble_app.a(ble_lll_pawr.c.o) is incompatible with elf64-x86-64
[INFO] [stdout]           rust-lld: error: /opt/rustwide/target/release/build/esp-wifi-sys-esp32h2/db6ae491820d286c/out/libble_app.a(ble_lll_scan.c.o) is incompatible with elf64-x86-64
[INFO] [stdout]           rust-lld: error: /opt/rustwide/target/release/build/esp-wifi-sys-esp32h2/db6ae491820d286c/out/libble_app.a(ble_lll_sched.c.o) is incompatible with elf64-x86-64
[INFO] [stdout]           rust-lld: error: /opt/rustwide/target/release/build/esp-wifi-sys-esp32h2/db6ae491820d286c/out/libble_app.a(ble_lll_sleep.c.o) is incompatible with elf64-x86-64
[INFO] [stdout]           rust-lld: error: /opt/rustwide/target/release/build/esp-wifi-sys-esp32h2/db6ae491820d286c/out/libble_app.a(ble_lll_swr.c.o) is incompatible with elf64-x86-64
[INFO] [stdout]           rust-lld: error: /opt/rustwide/target/release/build/esp-wifi-sys-esp32h2/db6ae491820d286c/out/libble_app.a(ble_lll_sync.c.o) is incompatible with elf64-x86-64
[INFO] [stdout]           rust-lld: error: /opt/rustwide/target/release/build/esp-wifi-sys-esp32h2/db6ae491820d286c/out/libble_app.a(ble_lll_timer.c.o) is incompatible with elf64-x86-64
[INFO] [stdout]           rust-lld: error: /opt/rustwide/target/release/build/esp-wifi-sys-esp32h2/db6ae491820d286c/out/libble_app.a(ble_hw_rst.c.o) is incompatible with elf64-x86-64
[INFO] [stdout]           rust-lld: error: /opt/rustwide/target/release/build/esp-wifi-sys-esp32h2/db6ae491820d286c/out/libble_app.a(ble_hw_verify.c.o) is incompatible with elf64-x86-64
[INFO] [stdout]           rust-lld: error: /opt/rustwide/target/release/build/esp-wifi-sys-esp32h2/db6ae491820d286c/out/libble_app.a(ble_random_mode.c.o) is incompatible with elf64-x86-64
[INFO] [stdout]           rust-lld: error: /opt/rustwide/target/release/build/esp-wifi-sys-esp32h2/db6ae491820d286c/out/libble_app.a(ble_random_mode_adv.c.o) is incompatible with elf64-x86-64
[INFO] [stdout]           rust-lld: error: /opt/rustwide/target/release/build/esp-wifi-sys-esp32h2/db6ae491820d286c/out/libble_app.a(ble_random_mode_conn.c.o) is incompatible with elf64-x86-64
[INFO] [stdout]           rust-lld: error: /opt/rustwide/target/release/build/esp-wifi-sys-esp32h2/db6ae491820d286c/out/libble_app.a(ble_random_mode_init.c.o) is incompatible with elf64-x86-64
[INFO] [stdout]           rust-lld: error: too many errors emitted, stopping now (use --error-limit=0 to see all errors)
[INFO] [stdout]           collect2: error: ld returned 1 exit status
[INFO] [stdout]           
[INFO] [stdout] 
[INFO] [stdout] 
[INFO] [stderr] error: could not compile `esp-wifi-sys-esp32h2` (lib test) due to 1 previous error; 2 warnings emitted
[INFO] running `Command { std: "docker" "inspect" "4556ba64cfc3b635f171d248b82314f4acaf514e7faca25d8485b3e2e298b881", kill_on_drop: false }`
[INFO] running `Command { std: "docker" "rm" "-f" "4556ba64cfc3b635f171d248b82314f4acaf514e7faca25d8485b3e2e298b881", kill_on_drop: false }`
[INFO] [stdout] 4556ba64cfc3b635f171d248b82314f4acaf514e7faca25d8485b3e2e298b881
