[INFO] fetching crate ese-integrity 0.3.3...
[INFO] testing ese-integrity-0.3.3 against 1.99.0-beta.8+cargoflags=--release for beta-release-1.100-2
[INFO] extracting crate ese-integrity 0.3.3 into /workspace/builds/worker-2-tc1/source
[INFO] started tweaking crates.io crate ese-integrity 0.3.3
[INFO] removed 0 missing tests
[INFO] finished tweaking crates.io crate ese-integrity 0.3.3
[INFO] tweaked toml for crates.io crate ese-integrity 0.3.3 written to /workspace/builds/worker-2-tc1/source/Cargo.toml
[INFO] validating manifest of crates.io crate ese-integrity 0.3.3 on toolchain 1.99.0-beta.8
[INFO] running `Command { std: CARGO_HOME="/workspace/cargo-home" RUSTUP_HOME="/workspace/rustup-home" "/workspace/cargo-home/bin/cargo" "+1.99.0-beta.8" "metadata" "--manifest-path" "Cargo.toml" "--no-deps", kill_on_drop: false }`
[INFO] crate crates.io crate ese-integrity 0.3.3 already has a lockfile, it will not be regenerated
[INFO] running `Command { std: CARGO_HOME="/workspace/cargo-home" RUSTUP_HOME="/workspace/rustup-home" "/workspace/cargo-home/bin/cargo" "+1.99.0-beta.8" "fetch" "--manifest-path" "Cargo.toml", kill_on_drop: false }`
[INFO] [stderr]     Updating crates.io index
[INFO] [stderr]  Downloading crates ...
[INFO] [stderr]   Downloaded ese-core v0.2.2
[INFO] [stderr]   Downloaded forensicnomicon-core v1.1.0
[INFO] [stderr]   Downloaded forensicnomicon-data v1.2.1
[INFO] [stderr]   Downloaded forensicnomicon v1.6.0
[INFO] running `Command { std: "docker" "create" "-v" "/var/lib/crater-agent-workspace/builds/worker-2-tc1/source:/opt/rustwide/workdir:ro,Z" "-v" "/var/lib/crater-agent-workspace/builds/worker-2-tc1/target:/opt/rustwide/target:rw,Z" "-v" "/var/lib/crater-agent-workspace/cargo-home:/opt/rustwide/cargo-home:ro,Z" "-v" "/var/lib/crater-agent-workspace/rustup-home:/opt/rustwide/rustup-home:ro,Z" "-m" "1610612736" "--network" "none" "ghcr.io/rust-lang/crates-build-env/linux@sha256:77db811e55d90add9212f6832c23229e3de5f1c1f9905e8cb07319ea15df73ac" "sleep" "infinity", kill_on_drop: false }`
[INFO] [stdout] 6e77c9f057da51a136b6662fb6363c20bc1a1aab9d6c00fdd82b50bc9f1ca9b2
[INFO] running `Command { std: "docker" "start" "6e77c9f057da51a136b6662fb6363c20bc1a1aab9d6c00fdd82b50bc9f1ca9b2", kill_on_drop: false }`
[INFO] running `Command { std: "docker" "inspect" "6e77c9f057da51a136b6662fb6363c20bc1a1aab9d6c00fdd82b50bc9f1ca9b2", kill_on_drop: false }`
[INFO] running `Command { std: "docker" "exec" "-e" "SOURCE_DIR=/opt/rustwide/workdir" "-e" "CARGO_HOME=/opt/rustwide/cargo-home" "-e" "RUSTUP_HOME=/opt/rustwide/rustup-home" "-e" "CARGO_TARGET_DIR=/opt/rustwide/target" "-w" "/opt/rustwide/workdir" "--user" "0:0" "6e77c9f057da51a136b6662fb6363c20bc1a1aab9d6c00fdd82b50bc9f1ca9b2" "/opt/rustwide/cargo-home/bin/cargo" "+1.99.0-beta.8" "metadata" "--no-deps" "--format-version=1", kill_on_drop: false }`
[INFO] running `Command { std: "docker" "inspect" "6e77c9f057da51a136b6662fb6363c20bc1a1aab9d6c00fdd82b50bc9f1ca9b2", kill_on_drop: false }`
[INFO] running `Command { std: "docker" "exec" "-e" "SOURCE_DIR=/opt/rustwide/workdir" "-e" "CARGO_HOME=/opt/rustwide/cargo-home" "-e" "RUSTUP_HOME=/opt/rustwide/rustup-home" "-e" "CARGO_TARGET_DIR=/opt/rustwide/target" "-e" "CARGO_INCREMENTAL=0" "-e" "RUST_BACKTRACE=full" "-e" "RUSTFLAGS=--cap-lints=warn" "-e" "RUSTDOCFLAGS=--cap-lints=warn" "-w" "/opt/rustwide/workdir" "--user" "0:0" "6e77c9f057da51a136b6662fb6363c20bc1a1aab9d6c00fdd82b50bc9f1ca9b2" "/opt/rustwide/cargo-home/bin/cargo" "+1.99.0-beta.8" "build" "--frozen" "--message-format=json" "--release", kill_on_drop: false }`
[INFO] [stderr]    Compiling syn v2.0.118
[INFO] [stderr]    Compiling forensicnomicon-core v1.1.0
[INFO] [stderr]    Compiling memmap2 v0.9.11
[INFO] [stderr]    Compiling forensicnomicon-data v1.2.1
[INFO] [stderr]    Compiling serde_derive v1.0.228
[INFO] [stderr]    Compiling thiserror-impl v2.0.18
[INFO] [stderr]    Compiling thiserror v2.0.18
[INFO] [stderr]    Compiling serde v1.0.228
[INFO] [stderr]    Compiling ese-core v0.2.2
[INFO] [stderr]    Compiling forensicnomicon v1.6.0
[INFO] [stderr]    Compiling ese-integrity v0.3.3 (/opt/rustwide/workdir)
[INFO] [stderr]     Finished `release` profile [optimized] target(s) in 18.23s
[INFO] running `Command { std: "docker" "inspect" "6e77c9f057da51a136b6662fb6363c20bc1a1aab9d6c00fdd82b50bc9f1ca9b2", kill_on_drop: false }`
[INFO] running `Command { std: "docker" "exec" "-e" "SOURCE_DIR=/opt/rustwide/workdir" "-e" "CARGO_HOME=/opt/rustwide/cargo-home" "-e" "RUSTUP_HOME=/opt/rustwide/rustup-home" "-e" "CARGO_TARGET_DIR=/opt/rustwide/target" "-e" "CARGO_INCREMENTAL=0" "-e" "RUST_BACKTRACE=full" "-e" "RUSTFLAGS=--cap-lints=warn" "-e" "RUSTDOCFLAGS=--cap-lints=warn" "-w" "/opt/rustwide/workdir" "--user" "0:0" "6e77c9f057da51a136b6662fb6363c20bc1a1aab9d6c00fdd82b50bc9f1ca9b2" "/opt/rustwide/cargo-home/bin/cargo" "+1.99.0-beta.8" "test" "--frozen" "--no-run" "--message-format=json" "--release", kill_on_drop: false }`
[INFO] [stderr]    Compiling bitflags v2.13.0
[INFO] [stderr]    Compiling rustix v1.1.4
[INFO] [stderr]    Compiling tempfile v3.27.0
[INFO] [stderr]    Compiling ese-integrity v0.3.3 (/opt/rustwide/workdir)
[INFO] [stdout] error[E0432]: unresolved import `ese_test_fixtures`
[INFO] [stdout]  --> tests/fixtures.rs:7:5
[INFO] [stdout]   |
[INFO] [stdout] 7 | use ese_test_fixtures::{EseFileBuilder, PageBuilder, PAGE_SIZE};
[INFO] [stdout]   |     ^^^^^^^^^^^^^^^^^ use of unresolved module or unlinked crate `ese_test_fixtures`
[INFO] [stdout]   |
[INFO] [stdout]   = help: if you wanted to use a crate named `ese_test_fixtures`, use `cargo add ese_test_fixtures` to add it to your `Cargo.toml`
[INFO] [stdout] 
[INFO] [stdout] 
[INFO] [stdout] error[E0432]: unresolved import `ese_test_fixtures`
[INFO] [stdout]  --> tests/fixtures.rs:7:5
[INFO] [stdout]   |
[INFO] [stdout] 7 | use ese_test_fixtures::{EseFileBuilder, PageBuilder, PAGE_SIZE};
[INFO] [stdout]   |     ^^^^^^^^^^^^^^^^^ use of unresolved module or unlinked crate `ese_test_fixtures`
[INFO] [stdout]   |
[INFO] [stdout]   = help: if you wanted to use a crate named `ese_test_fixtures`, use `cargo add ese_test_fixtures` to add it to your `Cargo.toml`
[INFO] [stdout] 
[INFO] [stdout] 
[INFO] [stdout] error[E0432]: unresolved import `ese_test_fixtures`
[INFO] [stdout]   --> tests/robustness_tests.rs:92:9
[INFO] [stdout]    |
[INFO] [stdout] 92 |     use ese_test_fixtures::{EseFileBuilder, PageBuilder, PAGE_SIZE};
[INFO] [stdout]    |         ^^^^^^^^^^^^^^^^^ use of unresolved module or unlinked crate `ese_test_fixtures`
[INFO] [stdout]    |
[INFO] [stdout]    = help: if you wanted to use a crate named `ese_test_fixtures`, use `cargo add ese_test_fixtures` to add it to your `Cargo.toml`
[INFO] [stdout] 
[INFO] [stdout] 
[INFO] [stdout] For more information about this error, try `rustc --explain E0432`.
[INFO] [stdout] 
[INFO] [stderr] error: could not compile `ese-integrity` (test "fixtures") due to 1 previous error
[INFO] [stderr] warning: build failed, waiting for other jobs to finish...
[INFO] [stdout] error[E0432]: unresolved import `ese_test_fixtures`
[INFO] [stdout]  --> tests/fixtures.rs:7:5
[INFO] [stdout]   |
[INFO] [stdout] 7 | use ese_test_fixtures::{EseFileBuilder, PageBuilder, PAGE_SIZE};
[INFO] [stdout]   |     ^^^^^^^^^^^^^^^^^ use of unresolved module or unlinked crate `ese_test_fixtures`
[INFO] [stdout]   |
[INFO] [stdout]   = help: if you wanted to use a crate named `ese_test_fixtures`, use `cargo add ese_test_fixtures` to add it to your `Cargo.toml`
[INFO] [stdout] 
[INFO] [stdout] 
[INFO] [stdout] For more information about this error, try `rustc --explain E0432`.
[INFO] [stdout] 
[INFO] [stderr] error: could not compile `ese-integrity` (test "robustness_tests") due to 2 previous errors
[INFO] [stdout] error[E0433]: cannot find module or crate `ese_test_fixtures` in this scope
[INFO] [stdout]    --> tests/integrity_tests.rs:346:18
[INFO] [stdout]     |
[INFO] [stdout] 346 |     let header = ese_test_fixtures::make_raw_header_page(0, ese_core::DB_STATE_CLEAN_SHUTDOWN);
[INFO] [stdout]     |                  ^^^^^^^^^^^^^^^^^ use of unresolved module or unlinked crate `ese_test_fixtures`
[INFO] [stdout]     |
[INFO] [stdout]     = help: if you wanted to use a crate named `ese_test_fixtures`, use `cargo add ese_test_fixtures` to add it to your `Cargo.toml`
[INFO] [stdout] 
[INFO] [stdout] 
[INFO] [stdout] Some errors have detailed explanations: E0432, E0433.
[INFO] [stdout] 
[INFO] [stdout] For more information about an error, try `rustc --explain E0432`.
[INFO] [stdout] 
[INFO] [stderr] error: could not compile `ese-integrity` (test "integrity_tests") due to 2 previous errors
[INFO] running `Command { std: "docker" "inspect" "6e77c9f057da51a136b6662fb6363c20bc1a1aab9d6c00fdd82b50bc9f1ca9b2", kill_on_drop: false }`
[INFO] running `Command { std: "docker" "rm" "-f" "6e77c9f057da51a136b6662fb6363c20bc1a1aab9d6c00fdd82b50bc9f1ca9b2", kill_on_drop: false }`
[INFO] [stdout] 6e77c9f057da51a136b6662fb6363c20bc1a1aab9d6c00fdd82b50bc9f1ca9b2
