[INFO] fetching crate ese-carver 0.1.3...
[INFO] testing ese-carver-0.1.3 against 1.100.0-beta.1+cargoflags=--release for beta-release-1.100-2
[INFO] extracting crate ese-carver 0.1.3 into /workspace/builds/worker-7-tc2/source
[INFO] started tweaking crates.io crate ese-carver 0.1.3
[INFO] removed 0 missing tests
[INFO] finished tweaking crates.io crate ese-carver 0.1.3
[INFO] tweaked toml for crates.io crate ese-carver 0.1.3 written to /workspace/builds/worker-7-tc2/source/Cargo.toml
[INFO] validating manifest of crates.io crate ese-carver 0.1.3 on toolchain 1.100.0-beta.1
[INFO] running `Command { std: CARGO_HOME="/workspace/cargo-home" RUSTUP_HOME="/workspace/rustup-home" "/workspace/cargo-home/bin/cargo" "+1.100.0-beta.1" "metadata" "--manifest-path" "Cargo.toml" "--no-deps", kill_on_drop: false }`
[INFO] crate crates.io crate ese-carver 0.1.3 already has a lockfile, it will not be regenerated
[INFO] running `Command { std: CARGO_HOME="/workspace/cargo-home" RUSTUP_HOME="/workspace/rustup-home" "/workspace/cargo-home/bin/cargo" "+1.100.0-beta.1" "fetch" "--manifest-path" "Cargo.toml", kill_on_drop: false }`
[INFO] running `Command { std: "docker" "create" "-v" "/var/lib/crater-agent-workspace/builds/worker-7-tc2/source:/opt/rustwide/workdir:ro,Z" "-v" "/var/lib/crater-agent-workspace/builds/worker-7-tc2/target:/opt/rustwide/target:rw,Z" "-v" "/var/lib/crater-agent-workspace/cargo-home:/opt/rustwide/cargo-home:ro,Z" "-v" "/var/lib/crater-agent-workspace/rustup-home:/opt/rustwide/rustup-home:ro,Z" "-m" "1610612736" "--network" "none" "ghcr.io/rust-lang/crates-build-env/linux@sha256:77db811e55d90add9212f6832c23229e3de5f1c1f9905e8cb07319ea15df73ac" "sleep" "infinity", kill_on_drop: false }`
[INFO] [stdout] a98ca422d1cba4a2f77387c002690ddbd73f9723719c198eaf0084b7cc0948bf
[INFO] running `Command { std: "docker" "start" "a98ca422d1cba4a2f77387c002690ddbd73f9723719c198eaf0084b7cc0948bf", kill_on_drop: false }`
[INFO] running `Command { std: "docker" "inspect" "a98ca422d1cba4a2f77387c002690ddbd73f9723719c198eaf0084b7cc0948bf", kill_on_drop: false }`
[INFO] running `Command { std: "docker" "exec" "-e" "SOURCE_DIR=/opt/rustwide/workdir" "-e" "CARGO_HOME=/opt/rustwide/cargo-home" "-e" "RUSTUP_HOME=/opt/rustwide/rustup-home" "-e" "CARGO_TARGET_DIR=/opt/rustwide/target" "-w" "/opt/rustwide/workdir" "--user" "0:0" "a98ca422d1cba4a2f77387c002690ddbd73f9723719c198eaf0084b7cc0948bf" "/opt/rustwide/cargo-home/bin/cargo" "+1.100.0-beta.1" "metadata" "--no-deps" "--format-version=1", kill_on_drop: false }`
[INFO] running `Command { std: "docker" "inspect" "a98ca422d1cba4a2f77387c002690ddbd73f9723719c198eaf0084b7cc0948bf", kill_on_drop: false }`
[INFO] running `Command { std: "docker" "exec" "-e" "SOURCE_DIR=/opt/rustwide/workdir" "-e" "CARGO_HOME=/opt/rustwide/cargo-home" "-e" "RUSTUP_HOME=/opt/rustwide/rustup-home" "-e" "CARGO_TARGET_DIR=/opt/rustwide/target" "-e" "CARGO_INCREMENTAL=0" "-e" "RUST_BACKTRACE=full" "-e" "RUSTFLAGS=--cap-lints=warn" "-e" "RUSTDOCFLAGS=--cap-lints=warn" "-w" "/opt/rustwide/workdir" "--user" "0:0" "a98ca422d1cba4a2f77387c002690ddbd73f9723719c198eaf0084b7cc0948bf" "/opt/rustwide/cargo-home/bin/cargo" "+1.100.0-beta.1" "build" "--frozen" "--message-format=json" "--release", kill_on_drop: false }`
[INFO] [stderr]    Compiling syn v2.0.118
[INFO] [stderr]    Compiling memmap2 v0.9.11
[INFO] [stderr]    Compiling serde_derive v1.0.228
[INFO] [stderr]    Compiling thiserror-impl v2.0.18
[INFO] [stderr]    Compiling thiserror v2.0.18
[INFO] [stderr]    Compiling serde v1.0.228
[INFO] [stderr]    Compiling ese-core v0.2.2
[INFO] [stderr]    Compiling ese-carver v0.1.3 (/opt/rustwide/workdir)
[INFO] [stderr]     Finished `release` profile [optimized] target(s) in 9.88s
[INFO] running `Command { std: "docker" "inspect" "a98ca422d1cba4a2f77387c002690ddbd73f9723719c198eaf0084b7cc0948bf", kill_on_drop: false }`
[INFO] running `Command { std: "docker" "exec" "-e" "SOURCE_DIR=/opt/rustwide/workdir" "-e" "CARGO_HOME=/opt/rustwide/cargo-home" "-e" "RUSTUP_HOME=/opt/rustwide/rustup-home" "-e" "CARGO_TARGET_DIR=/opt/rustwide/target" "-e" "CARGO_INCREMENTAL=0" "-e" "RUST_BACKTRACE=full" "-e" "RUSTFLAGS=--cap-lints=warn" "-e" "RUSTDOCFLAGS=--cap-lints=warn" "-w" "/opt/rustwide/workdir" "--user" "0:0" "a98ca422d1cba4a2f77387c002690ddbd73f9723719c198eaf0084b7cc0948bf" "/opt/rustwide/cargo-home/bin/cargo" "+1.100.0-beta.1" "test" "--frozen" "--no-run" "--message-format=json" "--release", kill_on_drop: false }`
[INFO] [stderr]    Compiling rustix v1.1.4
[INFO] [stderr]    Compiling bitflags v2.13.0
[INFO] [stderr]    Compiling getrandom v0.4.3
[INFO] [stderr]    Compiling fastrand v2.4.1
[INFO] [stderr]    Compiling once_cell v1.21.4
[INFO] [stderr]    Compiling tempfile v3.27.0
[INFO] [stderr]    Compiling ese-carver v0.1.3 (/opt/rustwide/workdir)
[INFO] [stdout] error[E0432]: unresolved import `ese_test_fixtures`
[INFO] [stdout]  --> tests/fixtures.rs:7:5
[INFO] [stdout]   |
[INFO] [stdout] 7 | use ese_test_fixtures::{make_raw_header_page, PageBuilder};
[INFO] [stdout]   |     ^^^^^^^^^^^^^^^^^ use of unresolved module or unlinked crate `ese_test_fixtures`
[INFO] [stdout]   |
[INFO] [stdout]   = help: if you wanted to use a crate named `ese_test_fixtures`, use `cargo add ese_test_fixtures` to add it to your `Cargo.toml`
[INFO] [stdout] 
[INFO] [stdout] 
[INFO] [stdout] error[E0432]: unresolved import `ese_test_fixtures`
[INFO] [stdout]  --> tests/fixtures.rs:9:9
[INFO] [stdout]   |
[INFO] [stdout] 9 | pub use ese_test_fixtures::PAGE_SIZE;
[INFO] [stdout]   |         ^^^^^^^^^^^^^^^^^ use of unresolved module or unlinked crate `ese_test_fixtures`
[INFO] [stdout]   |
[INFO] [stdout]   = help: if you wanted to use a crate named `ese_test_fixtures`, use `cargo add ese_test_fixtures` to add it to your `Cargo.toml`
[INFO] [stdout] 
[INFO] [stdout] 
[INFO] [stdout] For more information about this error, try `rustc --explain E0432`.
[INFO] [stdout] 
[INFO] [stderr] error: could not compile `ese-carver` (test "fixtures") due to 2 previous errors
[INFO] [stderr] warning: build failed, waiting for other jobs to finish...
[INFO] [stdout] error[E0432]: unresolved import `ese_test_fixtures`
[INFO] [stdout]  --> tests/fixtures.rs:7:5
[INFO] [stdout]   |
[INFO] [stdout] 7 | use ese_test_fixtures::{make_raw_header_page, PageBuilder};
[INFO] [stdout]   |     ^^^^^^^^^^^^^^^^^ use of unresolved module or unlinked crate `ese_test_fixtures`
[INFO] [stdout]   |
[INFO] [stdout]   = help: if you wanted to use a crate named `ese_test_fixtures`, use `cargo add ese_test_fixtures` to add it to your `Cargo.toml`
[INFO] [stdout] 
[INFO] [stdout] 
[INFO] [stdout] error[E0432]: unresolved import `ese_test_fixtures`
[INFO] [stdout]  --> tests/fixtures.rs:9:9
[INFO] [stdout]   |
[INFO] [stdout] 9 | pub use ese_test_fixtures::PAGE_SIZE;
[INFO] [stdout]   |         ^^^^^^^^^^^^^^^^^ use of unresolved module or unlinked crate `ese_test_fixtures`
[INFO] [stdout]   |
[INFO] [stdout]   = help: if you wanted to use a crate named `ese_test_fixtures`, use `cargo add ese_test_fixtures` to add it to your `Cargo.toml`
[INFO] [stdout] 
[INFO] [stdout] 
[INFO] [stdout] For more information about this error, try `rustc --explain E0432`.
[INFO] [stdout] 
[INFO] [stderr] error: could not compile `ese-carver` (test "fragment_tests") due to 2 previous errors
[INFO] running `Command { std: "docker" "inspect" "a98ca422d1cba4a2f77387c002690ddbd73f9723719c198eaf0084b7cc0948bf", kill_on_drop: false }`
[INFO] running `Command { std: "docker" "rm" "-f" "a98ca422d1cba4a2f77387c002690ddbd73f9723719c198eaf0084b7cc0948bf", kill_on_drop: false }`
[INFO] [stdout] a98ca422d1cba4a2f77387c002690ddbd73f9723719c198eaf0084b7cc0948bf
