[INFO] fetching crate erudite 1.0.0...
[INFO] testing erudite-1.0.0 against 1.100.0-beta.1+cargoflags=--release for beta-release-1.100-2
[INFO] extracting crate erudite 1.0.0 into /workspace/builds/worker-0-tc2/source
[INFO] started tweaking crates.io crate erudite 1.0.0
[INFO] removed 0 missing examples
[INFO] removed 0 missing tests
[INFO] finished tweaking crates.io crate erudite 1.0.0
[INFO] tweaked toml for crates.io crate erudite 1.0.0 written to /workspace/builds/worker-0-tc2/source/Cargo.toml
[INFO] validating manifest of crates.io crate erudite 1.0.0 on toolchain 1.100.0-beta.1
[INFO] running `Command { std: CARGO_HOME="/workspace/cargo-home" RUSTUP_HOME="/workspace/rustup-home" "/workspace/cargo-home/bin/cargo" "+1.100.0-beta.1" "metadata" "--manifest-path" "Cargo.toml" "--no-deps", kill_on_drop: false }`
[INFO] crate crates.io crate erudite 1.0.0 already has a lockfile, it will not be regenerated
[INFO] running `Command { std: CARGO_HOME="/workspace/cargo-home" RUSTUP_HOME="/workspace/rustup-home" "/workspace/cargo-home/bin/cargo" "+1.100.0-beta.1" "fetch" "--manifest-path" "Cargo.toml", kill_on_drop: false }`
[INFO] running `Command { std: "docker" "create" "-v" "/var/lib/crater-agent-workspace/builds/worker-0-tc2/source:/opt/rustwide/workdir:ro,Z" "-v" "/var/lib/crater-agent-workspace/builds/worker-0-tc2/target:/opt/rustwide/target:rw,Z" "-v" "/var/lib/crater-agent-workspace/cargo-home:/opt/rustwide/cargo-home:ro,Z" "-v" "/var/lib/crater-agent-workspace/rustup-home:/opt/rustwide/rustup-home:ro,Z" "-m" "1610612736" "--network" "none" "ghcr.io/rust-lang/crates-build-env/linux@sha256:77db811e55d90add9212f6832c23229e3de5f1c1f9905e8cb07319ea15df73ac" "sleep" "infinity", kill_on_drop: false }`
[INFO] [stdout] 91177a1b6cdc26851981d3551559d755d12db101025bf8629526913b317dbc75
[INFO] running `Command { std: "docker" "start" "91177a1b6cdc26851981d3551559d755d12db101025bf8629526913b317dbc75", kill_on_drop: false }`
[INFO] running `Command { std: "docker" "inspect" "91177a1b6cdc26851981d3551559d755d12db101025bf8629526913b317dbc75", kill_on_drop: false }`
[INFO] running `Command { std: "docker" "exec" "-e" "SOURCE_DIR=/opt/rustwide/workdir" "-e" "CARGO_HOME=/opt/rustwide/cargo-home" "-e" "RUSTUP_HOME=/opt/rustwide/rustup-home" "-e" "CARGO_TARGET_DIR=/opt/rustwide/target" "-w" "/opt/rustwide/workdir" "--user" "0:0" "91177a1b6cdc26851981d3551559d755d12db101025bf8629526913b317dbc75" "/opt/rustwide/cargo-home/bin/cargo" "+1.100.0-beta.1" "metadata" "--no-deps" "--format-version=1", kill_on_drop: false }`
[INFO] running `Command { std: "docker" "inspect" "91177a1b6cdc26851981d3551559d755d12db101025bf8629526913b317dbc75", kill_on_drop: false }`
[INFO] running `Command { std: "docker" "exec" "-e" "SOURCE_DIR=/opt/rustwide/workdir" "-e" "CARGO_HOME=/opt/rustwide/cargo-home" "-e" "RUSTUP_HOME=/opt/rustwide/rustup-home" "-e" "CARGO_TARGET_DIR=/opt/rustwide/target" "-e" "CARGO_INCREMENTAL=0" "-e" "RUST_BACKTRACE=full" "-e" "RUSTFLAGS=--cap-lints=warn" "-e" "RUSTDOCFLAGS=--cap-lints=warn" "-w" "/opt/rustwide/workdir" "--user" "0:0" "91177a1b6cdc26851981d3551559d755d12db101025bf8629526913b317dbc75" "/opt/rustwide/cargo-home/bin/cargo" "+1.100.0-beta.1" "build" "--frozen" "--message-format=json" "--release", kill_on_drop: false }`
[INFO] [stderr]    Compiling proc-macro2 v1.0.101
[INFO] [stderr]    Compiling quote v1.0.41
[INFO] [stderr]    Compiling unicode-ident v1.0.19
[INFO] [stderr]    Compiling libc v0.2.177
[INFO] [stderr]    Compiling pin-project-lite v0.2.16
[INFO] [stderr]    Compiling zerocopy v0.8.27
[INFO] [stderr]    Compiling thiserror v2.0.17
[INFO] [stderr]    Compiling futures-core v0.3.31
[INFO] [stderr]    Compiling futures-sink v0.3.31
[INFO] [stderr]    Compiling futures-io v0.3.31
[INFO] [stderr]    Compiling slab v0.4.11
[INFO] [stderr]    Compiling bytes v1.10.1
[INFO] [stderr]    Compiling futures-channel v0.3.31
[INFO] [stderr]    Compiling futures-task v0.3.31
[INFO] [stderr]    Compiling memchr v2.7.6
[INFO] [stderr]    Compiling unicode-segmentation v1.12.0
[INFO] [stderr]    Compiling once_cell v1.21.3
[INFO] [stderr]    Compiling tracing-core v0.1.34
[INFO] [stderr]    Compiling convert_case v0.7.1
[INFO] [stderr]    Compiling syn v2.0.106
[INFO] [stderr]    Compiling futures-util v0.3.31
[INFO] [stderr]    Compiling getrandom v0.2.16
[INFO] [stderr]    Compiling mio v1.0.4
[INFO] [stderr]    Compiling signal-hook-registry v1.4.6
[INFO] [stderr]    Compiling rand_core v0.6.4
[INFO] [stderr]    Compiling ppv-lite86 v0.2.21
[INFO] [stderr]    Compiling rand_chacha v0.3.1
[INFO] [stderr]    Compiling rand v0.8.5
[INFO] [stderr]    Compiling futures v0.3.31
[INFO] [stderr]    Compiling enumflags2_derive v0.7.12
[INFO] [stderr]    Compiling tokio-macros v2.6.0
[INFO] [stderr]    Compiling thiserror-impl v2.0.17
[INFO] [stderr]    Compiling derive_more-impl v2.0.1
[INFO] [stderr]    Compiling tracing-attributes v0.1.30
[INFO] [stderr]    Compiling concat-idents v1.1.5
[INFO] [stderr]    Compiling enumflags2 v0.7.12
[INFO] [stderr]    Compiling tokio v1.48.0
[INFO] [stderr]    Compiling tracing v0.1.41
[INFO] [stderr]    Compiling landlock v0.4.3
[INFO] [stderr]    Compiling derive_more v2.0.1
[INFO] [stderr]    Compiling tmpdir v1.0.0
[INFO] [stderr]    Compiling leucite v1.0.0
[INFO] [stderr]    Compiling erudite v1.0.0 (/opt/rustwide/workdir)
[INFO] [stderr]     Finished `release` profile [optimized] target(s) in 42.07s
[INFO] running `Command { std: "docker" "inspect" "91177a1b6cdc26851981d3551559d755d12db101025bf8629526913b317dbc75", kill_on_drop: false }`
[INFO] running `Command { std: "docker" "exec" "-e" "SOURCE_DIR=/opt/rustwide/workdir" "-e" "CARGO_HOME=/opt/rustwide/cargo-home" "-e" "RUSTUP_HOME=/opt/rustwide/rustup-home" "-e" "CARGO_TARGET_DIR=/opt/rustwide/target" "-e" "CARGO_INCREMENTAL=0" "-e" "RUST_BACKTRACE=full" "-e" "RUSTFLAGS=--cap-lints=warn" "-e" "RUSTDOCFLAGS=--cap-lints=warn" "-w" "/opt/rustwide/workdir" "--user" "0:0" "91177a1b6cdc26851981d3551559d755d12db101025bf8629526913b317dbc75" "/opt/rustwide/cargo-home/bin/cargo" "+1.100.0-beta.1" "test" "--frozen" "--no-run" "--message-format=json" "--release", kill_on_drop: false }`
[INFO] [stderr]    Compiling tracing-core v0.1.34
[INFO] [stderr]    Compiling aho-corasick v1.1.3
[INFO] [stderr]    Compiling parking_lot_core v0.9.12
[INFO] [stderr]    Compiling socket2 v0.6.1
[INFO] [stderr]    Compiling regex-syntax v0.8.8
[INFO] [stderr]    Compiling log v0.4.28
[INFO] [stderr]    Compiling parking_lot v0.12.5
[INFO] [stderr]    Compiling tokio v1.48.0
[INFO] [stderr]    Compiling tracing v0.1.41
[INFO] [stderr]    Compiling tracing-log v0.2.0
[INFO] [stderr]    Compiling regex-automata v0.4.13
[INFO] [stderr]    Compiling matchers v0.2.0
[INFO] [stderr]    Compiling regex v1.12.2
[INFO] [stderr]    Compiling leucite v1.0.0
[INFO] [stderr]    Compiling tmpdir v1.0.0
[INFO] [stderr]    Compiling tracing-subscriber v0.3.20
[INFO] [stderr]    Compiling erudite v1.0.0 (/opt/rustwide/workdir)
[INFO] [stdout] error[E0277]: the trait bound `ExpectedOutput: From<regex::Regex>` is not satisfied
[INFO] [stdout]    --> examples/simple.rs:26:36
[INFO] [stdout]     |
[INFO] [stdout]  26 |         .test("test_group", "foo", Regex::new(r"\d+").unwrap(), true)
[INFO] [stdout]     |          ----                      ^^^^^^^^^^^^^^^^^^^^^^^^^^^ the trait `From<regex::Regex>` is not implemented for `ExpectedOutput`
[INFO] [stdout]     |          |
[INFO] [stdout]     |          required by a bound introduced by this call
[INFO] [stdout]     |
[INFO] [stdout] help: `ExpectedOutput` implements trait `From<T>`
[INFO] [stdout]    --> src/cases.rs:9:24
[INFO] [stdout]     |
[INFO] [stdout]   9 | #[derive(Debug, Clone, From)]
[INFO] [stdout]     |                        ^^^^ `From<std::string::String>`
[INFO] [stdout] ...
[INFO] [stdout]  22 | impl From<&str> for ExpectedOutput {
[INFO] [stdout]     | ^^^^^^^^^^^^^^^^^^^^^^^^^^^^^^^^^^ `From<&str>`
[INFO] [stdout]     = note: required for `regex::Regex` to implement `Into<ExpectedOutput>`
[INFO] [stdout] note: required by a bound in `TestContextBuilder::<G, T, Tests, RunCmd>::test`
[INFO] [stdout]    --> src/context/builder.rs:316:22
[INFO] [stdout]     |
[INFO] [stdout] 278 | impl<G, T, Tests, RunCmd> TestContextBuilder<G, T, Tests, RunCmd>
[INFO] [stdout] ...
[INFO] [stdout] 312 |     pub fn test(
[INFO] [stdout] ...
[INFO] [stdout] 316 |         output: impl Into<ExpectedOutput>,
[INFO] [stdout]     |                      ^^^^^^^^^^^^^^^^^^^^ required by this bound in `TestContextBuilder::<G, T, Tests, RunCmd>::test`
[INFO] [stdout]     = note: this error originates in the derive macro `From` (in Nightly builds, run with -Z macro-backtrace for more info)
[INFO] [stdout] 
[INFO] [stdout] 
[INFO] [stdout] error[E0277]: the trait bound `ExpectedOutput: From<regex::Regex>` is not satisfied
[INFO] [stdout]    --> tests/validation.rs:41:31
[INFO] [stdout]     |
[INFO] [stdout]  41 |         .test((), "echo 123", Regex::new(r"^\d+$").unwrap(), ())
[INFO] [stdout]     |          ----                 ^^^^^^^^^^^^^^^^^^^^^^^^^^^^^ the trait `From<regex::Regex>` is not implemented for `ExpectedOutput`
[INFO] [stdout]     |          |
[INFO] [stdout]     |          required by a bound introduced by this call
[INFO] [stdout]     |
[INFO] [stdout] help: `ExpectedOutput` implements trait `From<T>`
[INFO] [stdout]    --> src/cases.rs:9:24
[INFO] [stdout]     |
[INFO] [stdout]   9 | #[derive(Debug, Clone, From)]
[INFO] [stdout]     |                        ^^^^ `From<std::string::String>`
[INFO] [stdout] ...
[INFO] [stdout]  22 | impl From<&str> for ExpectedOutput {
[INFO] [stdout]     | ^^^^^^^^^^^^^^^^^^^^^^^^^^^^^^^^^^ `From<&str>`
[INFO] [stdout]     = note: required for `regex::Regex` to implement `Into<ExpectedOutput>`
[INFO] [stdout] note: required by a bound in `TestContextBuilder::<G, T, Tests, RunCmd>::test`
[INFO] [stdout]    --> src/context/builder.rs:316:22
[INFO] [stdout]     |
[INFO] [stdout] 278 | impl<G, T, Tests, RunCmd> TestContextBuilder<G, T, Tests, RunCmd>
[INFO] [stdout] ...
[INFO] [stdout] 312 |     pub fn test(
[INFO] [stdout] ...
[INFO] [stdout] 316 |         output: impl Into<ExpectedOutput>,
[INFO] [stdout]     |                      ^^^^^^^^^^^^^^^^^^^^ required by this bound in `TestContextBuilder::<G, T, Tests, RunCmd>::test`
[INFO] [stdout]     = note: this error originates in the derive macro `From` (in Nightly builds, run with -Z macro-backtrace for more info)
[INFO] [stdout] 
[INFO] [stdout] 
[INFO] [stdout] error[E0277]: the trait bound `ExpectedOutput: From<regex::Regex>` is not satisfied
[INFO] [stdout]    --> tests/validation.rs:42:31
[INFO] [stdout]     |
[INFO] [stdout]  42 |         .test((), "echo a2b", Regex::new(r"\d").unwrap(), ())
[INFO] [stdout]     |          ----                 ^^^^^^^^^^^^^^^^^^^^^^^^^^ the trait `From<regex::Regex>` is not implemented for `ExpectedOutput`
[INFO] [stdout]     |          |
[INFO] [stdout]     |          required by a bound introduced by this call
[INFO] [stdout]     |
[INFO] [stdout] help: `ExpectedOutput` implements trait `From<T>`
[INFO] [stdout]    --> src/cases.rs:9:24
[INFO] [stdout]     |
[INFO] [stdout]   9 | #[derive(Debug, Clone, From)]
[INFO] [stdout]     |                        ^^^^ `From<std::string::String>`
[INFO] [stdout] ...
[INFO] [stdout]  22 | impl From<&str> for ExpectedOutput {
[INFO] [stdout]     | ^^^^^^^^^^^^^^^^^^^^^^^^^^^^^^^^^^ `From<&str>`
[INFO] [stdout]     = note: required for `regex::Regex` to implement `Into<ExpectedOutput>`
[INFO] [stdout] note: required by a bound in `TestContextBuilder::<G, T, Tests, RunCmd>::test`
[INFO] [stdout]    --> src/context/builder.rs:316:22
[INFO] [stdout]     |
[INFO] [stdout] 278 | impl<G, T, Tests, RunCmd> TestContextBuilder<G, T, Tests, RunCmd>
[INFO] [stdout] ...
[INFO] [stdout] 312 |     pub fn test(
[INFO] [stdout] ...
[INFO] [stdout] 316 |         output: impl Into<ExpectedOutput>,
[INFO] [stdout]     |                      ^^^^^^^^^^^^^^^^^^^^ required by this bound in `TestContextBuilder::<G, T, Tests, RunCmd>::test`
[INFO] [stdout]     = note: this error originates in the derive macro `From` (in Nightly builds, run with -Z macro-backtrace for more info)
[INFO] [stdout] 
[INFO] [stdout] 
[INFO] [stdout] error[E0277]: the trait bound `ExpectedOutput: From<regex::Regex>` is not satisfied
[INFO] [stdout]    --> tests/validation.rs:43:31
[INFO] [stdout]     |
[INFO] [stdout]  43 |         .test((), "echo ab2", Regex::new(r"\d$").unwrap(), ())
[INFO] [stdout]     |          ----                 ^^^^^^^^^^^^^^^^^^^^^^^^^^^ the trait `From<regex::Regex>` is not implemented for `ExpectedOutput`
[INFO] [stdout]     |          |
[INFO] [stdout]     |          required by a bound introduced by this call
[INFO] [stdout]     |
[INFO] [stdout] help: `ExpectedOutput` implements trait `From<T>`
[INFO] [stdout]    --> src/cases.rs:9:24
[INFO] [stdout]     |
[INFO] [stdout]   9 | #[derive(Debug, Clone, From)]
[INFO] [stdout]     |                        ^^^^ `From<std::string::String>`
[INFO] [stdout] ...
[INFO] [stdout]  22 | impl From<&str> for ExpectedOutput {
[INFO] [stdout]     | ^^^^^^^^^^^^^^^^^^^^^^^^^^^^^^^^^^ `From<&str>`
[INFO] [stdout]     = note: required for `regex::Regex` to implement `Into<ExpectedOutput>`
[INFO] [stdout] note: required by a bound in `TestContextBuilder::<G, T, Tests, RunCmd>::test`
[INFO] [stdout]    --> src/context/builder.rs:316:22
[INFO] [stdout]     |
[INFO] [stdout] 278 | impl<G, T, Tests, RunCmd> TestContextBuilder<G, T, Tests, RunCmd>
[INFO] [stdout] ...
[INFO] [stdout] 312 |     pub fn test(
[INFO] [stdout] ...
[INFO] [stdout] 316 |         output: impl Into<ExpectedOutput>,
[INFO] [stdout]     |                      ^^^^^^^^^^^^^^^^^^^^ required by this bound in `TestContextBuilder::<G, T, Tests, RunCmd>::test`
[INFO] [stdout]     = note: this error originates in the derive macro `From` (in Nightly builds, run with -Z macro-backtrace for more info)
[INFO] [stdout] 
[INFO] [stdout] 
[INFO] [stdout] For more information about this error, try `rustc --explain E0277`.
[INFO] [stdout] 
[INFO] [stderr] error: could not compile `erudite` (example "simple") due to 1 previous error
[INFO] [stderr] warning: build failed, waiting for other jobs to finish...
[INFO] [stdout] For more information about this error, try `rustc --explain E0277`.
[INFO] [stdout] 
[INFO] [stderr] error: could not compile `erudite` (test "validation") due to 3 previous errors
[INFO] [stdout] error[E0277]: the trait bound `ExpectedOutput: From<regex::Regex>` is not satisfied
[INFO] [stdout]    --> src/cases.rs:146:13
[INFO] [stdout]     |
[INFO] [stdout] 146 |             ExpectedOutput::from(re!(".")),
[INFO] [stdout]     |             ^^^^^^^^^^^^^^ unsatisfied trait bound
[INFO] [stdout]     |
[INFO] [stdout] help: the trait `From<regex::Regex>` is not implemented for `ExpectedOutput`
[INFO] [stdout]    --> src/cases.rs:10:1
[INFO] [stdout]     |
[INFO] [stdout]  10 | pub enum ExpectedOutput {
[INFO] [stdout]     | ^^^^^^^^^^^^^^^^^^^^^^^
[INFO] [stdout] help: `ExpectedOutput` implements trait `From<T>`
[INFO] [stdout]    --> src/cases.rs:9:24
[INFO] [stdout]     |
[INFO] [stdout]   9 | #[derive(Debug, Clone, From)]
[INFO] [stdout]     |                        ^^^^ `From<String>`
[INFO] [stdout] ...
[INFO] [stdout]  22 | impl From<&str> for ExpectedOutput {
[INFO] [stdout]     | ^^^^^^^^^^^^^^^^^^^^^^^^^^^^^^^^^^ `From<&str>`
[INFO] [stdout]     = note: this error originates in the derive macro `From` (in Nightly builds, run with -Z macro-backtrace for more info)
[INFO] [stdout] 
[INFO] [stdout] 
[INFO] [stdout] error[E0277]: the trait bound `ExpectedOutput: From<regex::Regex>` is not satisfied
[INFO] [stdout]    --> src/cases.rs:149:13
[INFO] [stdout]     |
[INFO] [stdout] 149 |             ExpectedOutput::from(re!(".")),
[INFO] [stdout]     |             ^^^^^^^^^^^^^^ unsatisfied trait bound
[INFO] [stdout]     |
[INFO] [stdout] help: the trait `From<regex::Regex>` is not implemented for `ExpectedOutput`
[INFO] [stdout]    --> src/cases.rs:10:1
[INFO] [stdout]     |
[INFO] [stdout]  10 | pub enum ExpectedOutput {
[INFO] [stdout]     | ^^^^^^^^^^^^^^^^^^^^^^^
[INFO] [stdout] help: `ExpectedOutput` implements trait `From<T>`
[INFO] [stdout]    --> src/cases.rs:9:24
[INFO] [stdout]     |
[INFO] [stdout]   9 | #[derive(Debug, Clone, From)]
[INFO] [stdout]     |                        ^^^^ `From<String>`
[INFO] [stdout] ...
[INFO] [stdout]  22 | impl From<&str> for ExpectedOutput {
[INFO] [stdout]     | ^^^^^^^^^^^^^^^^^^^^^^^^^^^^^^^^^^ `From<&str>`
[INFO] [stdout]     = note: this error originates in the derive macro `From` (in Nightly builds, run with -Z macro-backtrace for more info)
[INFO] [stdout] 
[INFO] [stdout] 
[INFO] [stdout] error[E0277]: the trait bound `ExpectedOutput: From<regex::Regex>` is not satisfied
[INFO] [stdout]    --> src/cases.rs:153:13
[INFO] [stdout]     |
[INFO] [stdout] 153 |             ExpectedOutput::from(re!(".")),
[INFO] [stdout]     |             ^^^^^^^^^^^^^^ unsatisfied trait bound
[INFO] [stdout]     |
[INFO] [stdout] help: the trait `From<regex::Regex>` is not implemented for `ExpectedOutput`
[INFO] [stdout]    --> src/cases.rs:10:1
[INFO] [stdout]     |
[INFO] [stdout]  10 | pub enum ExpectedOutput {
[INFO] [stdout]     | ^^^^^^^^^^^^^^^^^^^^^^^
[INFO] [stdout] help: `ExpectedOutput` implements trait `From<T>`
[INFO] [stdout]    --> src/cases.rs:9:24
[INFO] [stdout]     |
[INFO] [stdout]   9 | #[derive(Debug, Clone, From)]
[INFO] [stdout]     |                        ^^^^ `From<String>`
[INFO] [stdout] ...
[INFO] [stdout]  22 | impl From<&str> for ExpectedOutput {
[INFO] [stdout]     | ^^^^^^^^^^^^^^^^^^^^^^^^^^^^^^^^^^ `From<&str>`
[INFO] [stdout]     = note: this error originates in the derive macro `From` (in Nightly builds, run with -Z macro-backtrace for more info)
[INFO] [stdout] 
[INFO] [stdout] 
[INFO] [stdout] error[E0277]: the trait bound `ExpectedOutput: From<regex::Regex>` is not satisfied
[INFO] [stdout]    --> src/cases.rs:154:13
[INFO] [stdout]     |
[INFO] [stdout] 154 |             ExpectedOutput::from(re!(".")),
[INFO] [stdout]     |             ^^^^^^^^^^^^^^ unsatisfied trait bound
[INFO] [stdout]     |
[INFO] [stdout] help: the trait `From<regex::Regex>` is not implemented for `ExpectedOutput`
[INFO] [stdout]    --> src/cases.rs:10:1
[INFO] [stdout]     |
[INFO] [stdout]  10 | pub enum ExpectedOutput {
[INFO] [stdout]     | ^^^^^^^^^^^^^^^^^^^^^^^
[INFO] [stdout] help: `ExpectedOutput` implements trait `From<T>`
[INFO] [stdout]    --> src/cases.rs:9:24
[INFO] [stdout]     |
[INFO] [stdout]   9 | #[derive(Debug, Clone, From)]
[INFO] [stdout]     |                        ^^^^ `From<String>`
[INFO] [stdout] ...
[INFO] [stdout]  22 | impl From<&str> for ExpectedOutput {
[INFO] [stdout]     | ^^^^^^^^^^^^^^^^^^^^^^^^^^^^^^^^^^ `From<&str>`
[INFO] [stdout]     = note: this error originates in the derive macro `From` (in Nightly builds, run with -Z macro-backtrace for more info)
[INFO] [stdout] 
[INFO] [stdout] 
[INFO] [stdout] error[E0277]: the trait bound `ExpectedOutput: From<regex::Regex>` is not satisfied
[INFO] [stdout]    --> src/cases.rs:157:13
[INFO] [stdout]     |
[INFO] [stdout] 157 |             ExpectedOutput::from(re!(".")),
[INFO] [stdout]     |             ^^^^^^^^^^^^^^ unsatisfied trait bound
[INFO] [stdout]     |
[INFO] [stdout] help: the trait `From<regex::Regex>` is not implemented for `ExpectedOutput`
[INFO] [stdout]    --> src/cases.rs:10:1
[INFO] [stdout]     |
[INFO] [stdout]  10 | pub enum ExpectedOutput {
[INFO] [stdout]     | ^^^^^^^^^^^^^^^^^^^^^^^
[INFO] [stdout] help: `ExpectedOutput` implements trait `From<T>`
[INFO] [stdout]    --> src/cases.rs:9:24
[INFO] [stdout]     |
[INFO] [stdout]   9 | #[derive(Debug, Clone, From)]
[INFO] [stdout]     |                        ^^^^ `From<String>`
[INFO] [stdout] ...
[INFO] [stdout]  22 | impl From<&str> for ExpectedOutput {
[INFO] [stdout]     | ^^^^^^^^^^^^^^^^^^^^^^^^^^^^^^^^^^ `From<&str>`
[INFO] [stdout]     = note: this error originates in the derive macro `From` (in Nightly builds, run with -Z macro-backtrace for more info)
[INFO] [stdout] 
[INFO] [stdout] 
[INFO] [stdout] error[E0277]: the trait bound `ExpectedOutput: From<regex::Regex>` is not satisfied
[INFO] [stdout]    --> src/cases.rs:158:13
[INFO] [stdout]     |
[INFO] [stdout] 158 |             ExpectedOutput::from(re!(".+")),
[INFO] [stdout]     |             ^^^^^^^^^^^^^^ unsatisfied trait bound
[INFO] [stdout]     |
[INFO] [stdout] help: the trait `From<regex::Regex>` is not implemented for `ExpectedOutput`
[INFO] [stdout]    --> src/cases.rs:10:1
[INFO] [stdout]     |
[INFO] [stdout]  10 | pub enum ExpectedOutput {
[INFO] [stdout]     | ^^^^^^^^^^^^^^^^^^^^^^^
[INFO] [stdout] help: `ExpectedOutput` implements trait `From<T>`
[INFO] [stdout]    --> src/cases.rs:9:24
[INFO] [stdout]     |
[INFO] [stdout]   9 | #[derive(Debug, Clone, From)]
[INFO] [stdout]     |                        ^^^^ `From<String>`
[INFO] [stdout] ...
[INFO] [stdout]  22 | impl From<&str> for ExpectedOutput {
[INFO] [stdout]     | ^^^^^^^^^^^^^^^^^^^^^^^^^^^^^^^^^^ `From<&str>`
[INFO] [stdout]     = note: this error originates in the derive macro `From` (in Nightly builds, run with -Z macro-backtrace for more info)
[INFO] [stdout] 
[INFO] [stdout] 
[INFO] [stdout] error[E0277]: the trait bound `ExpectedOutput: From<regex::Regex>` is not satisfied
[INFO] [stdout]    --> src/cases.rs:178:25
[INFO] [stdout]     |
[INFO] [stdout] 178 |         let validator = ExpectedOutput::from(re!(r"([01]\d|2[0-3])(:[0-5]\d){2}"));
[INFO] [stdout]     |                         ^^^^^^^^^^^^^^ unsatisfied trait bound
[INFO] [stdout]     |
[INFO] [stdout] help: the trait `From<regex::Regex>` is not implemented for `ExpectedOutput`
[INFO] [stdout]    --> src/cases.rs:10:1
[INFO] [stdout]     |
[INFO] [stdout]  10 | pub enum ExpectedOutput {
[INFO] [stdout]     | ^^^^^^^^^^^^^^^^^^^^^^^
[INFO] [stdout] help: `ExpectedOutput` implements trait `From<T>`
[INFO] [stdout]    --> src/cases.rs:9:24
[INFO] [stdout]     |
[INFO] [stdout]   9 | #[derive(Debug, Clone, From)]
[INFO] [stdout]     |                        ^^^^ `From<String>`
[INFO] [stdout] ...
[INFO] [stdout]  22 | impl From<&str> for ExpectedOutput {
[INFO] [stdout]     | ^^^^^^^^^^^^^^^^^^^^^^^^^^^^^^^^^^ `From<&str>`
[INFO] [stdout]     = note: this error originates in the derive macro `From` (in Nightly builds, run with -Z macro-backtrace for more info)
[INFO] [stdout] 
[INFO] [stdout] 
[INFO] [stdout] For more information about this error, try `rustc --explain E0277`.
[INFO] [stdout] 
[INFO] [stderr] error: could not compile `erudite` (lib test) due to 7 previous errors
[INFO] running `Command { std: "docker" "inspect" "91177a1b6cdc26851981d3551559d755d12db101025bf8629526913b317dbc75", kill_on_drop: false }`
[INFO] running `Command { std: "docker" "rm" "-f" "91177a1b6cdc26851981d3551559d755d12db101025bf8629526913b317dbc75", kill_on_drop: false }`
[INFO] [stdout] 91177a1b6cdc26851981d3551559d755d12db101025bf8629526913b317dbc75
