[INFO] fetching crate eros-macros 0.8.1...
[INFO] testing eros-macros-0.8.1 against 1.99.0-beta.8+cargoflags=--release for beta-release-1.100-2
[INFO] extracting crate eros-macros 0.8.1 into /workspace/builds/worker-4-tc1/source
[INFO] started tweaking crates.io crate eros-macros 0.8.1
[INFO] removed 0 missing tests
[INFO] finished tweaking crates.io crate eros-macros 0.8.1
[INFO] tweaked toml for crates.io crate eros-macros 0.8.1 written to /workspace/builds/worker-4-tc1/source/Cargo.toml
[INFO] validating manifest of crates.io crate eros-macros 0.8.1 on toolchain 1.99.0-beta.8
[INFO] running `Command { std: CARGO_HOME="/workspace/cargo-home" RUSTUP_HOME="/workspace/rustup-home" "/workspace/cargo-home/bin/cargo" "+1.99.0-beta.8" "metadata" "--manifest-path" "Cargo.toml" "--no-deps", kill_on_drop: false }`
[INFO] crate crates.io crate eros-macros 0.8.1 already has a lockfile, it will not be regenerated
[INFO] running `Command { std: CARGO_HOME="/workspace/cargo-home" RUSTUP_HOME="/workspace/rustup-home" "/workspace/cargo-home/bin/cargo" "+1.99.0-beta.8" "fetch" "--manifest-path" "Cargo.toml", kill_on_drop: false }`
[INFO] running `Command { std: "docker" "create" "-v" "/var/lib/crater-agent-workspace/builds/worker-4-tc1/source:/opt/rustwide/workdir:ro,Z" "-v" "/var/lib/crater-agent-workspace/builds/worker-4-tc1/target:/opt/rustwide/target:rw,Z" "-v" "/var/lib/crater-agent-workspace/cargo-home:/opt/rustwide/cargo-home:ro,Z" "-v" "/var/lib/crater-agent-workspace/rustup-home:/opt/rustwide/rustup-home:ro,Z" "-m" "1610612736" "--network" "none" "ghcr.io/rust-lang/crates-build-env/linux@sha256:77db811e55d90add9212f6832c23229e3de5f1c1f9905e8cb07319ea15df73ac" "sleep" "infinity", kill_on_drop: false }`
[INFO] [stdout] 7b035cad5c1fb3554da02ddeb77ab83d18386bf09bc40e447984f44da52f6ba4
[INFO] running `Command { std: "docker" "start" "7b035cad5c1fb3554da02ddeb77ab83d18386bf09bc40e447984f44da52f6ba4", kill_on_drop: false }`
[INFO] running `Command { std: "docker" "inspect" "7b035cad5c1fb3554da02ddeb77ab83d18386bf09bc40e447984f44da52f6ba4", kill_on_drop: false }`
[INFO] running `Command { std: "docker" "exec" "-e" "SOURCE_DIR=/opt/rustwide/workdir" "-e" "CARGO_HOME=/opt/rustwide/cargo-home" "-e" "RUSTUP_HOME=/opt/rustwide/rustup-home" "-e" "CARGO_TARGET_DIR=/opt/rustwide/target" "-w" "/opt/rustwide/workdir" "--user" "0:0" "7b035cad5c1fb3554da02ddeb77ab83d18386bf09bc40e447984f44da52f6ba4" "/opt/rustwide/cargo-home/bin/cargo" "+1.99.0-beta.8" "metadata" "--no-deps" "--format-version=1", kill_on_drop: false }`
[INFO] running `Command { std: "docker" "inspect" "7b035cad5c1fb3554da02ddeb77ab83d18386bf09bc40e447984f44da52f6ba4", kill_on_drop: false }`
[INFO] running `Command { std: "docker" "exec" "-e" "SOURCE_DIR=/opt/rustwide/workdir" "-e" "CARGO_HOME=/opt/rustwide/cargo-home" "-e" "RUSTUP_HOME=/opt/rustwide/rustup-home" "-e" "CARGO_TARGET_DIR=/opt/rustwide/target" "-e" "CARGO_INCREMENTAL=0" "-e" "RUST_BACKTRACE=full" "-e" "RUSTFLAGS=--cap-lints=warn" "-e" "RUSTDOCFLAGS=--cap-lints=warn" "-w" "/opt/rustwide/workdir" "--user" "0:0" "7b035cad5c1fb3554da02ddeb77ab83d18386bf09bc40e447984f44da52f6ba4" "/opt/rustwide/cargo-home/bin/cargo" "+1.99.0-beta.8" "build" "--frozen" "--message-format=json" "--release", kill_on_drop: false }`
[INFO] [stderr]    Compiling eros-macros v0.8.1 (/opt/rustwide/workdir)
[INFO] [stderr]     Finished `release` profile [optimized] target(s) in 3.16s
[INFO] running `Command { std: "docker" "inspect" "7b035cad5c1fb3554da02ddeb77ab83d18386bf09bc40e447984f44da52f6ba4", kill_on_drop: false }`
[INFO] running `Command { std: "docker" "exec" "-e" "SOURCE_DIR=/opt/rustwide/workdir" "-e" "CARGO_HOME=/opt/rustwide/cargo-home" "-e" "RUSTUP_HOME=/opt/rustwide/rustup-home" "-e" "CARGO_TARGET_DIR=/opt/rustwide/target" "-e" "CARGO_INCREMENTAL=0" "-e" "RUST_BACKTRACE=full" "-e" "RUSTFLAGS=--cap-lints=warn" "-e" "RUSTDOCFLAGS=--cap-lints=warn" "-w" "/opt/rustwide/workdir" "--user" "0:0" "7b035cad5c1fb3554da02ddeb77ab83d18386bf09bc40e447984f44da52f6ba4" "/opt/rustwide/cargo-home/bin/cargo" "+1.99.0-beta.8" "test" "--frozen" "--no-run" "--message-format=json" "--release", kill_on_drop: false }`
[INFO] [stderr]    Compiling libc v0.2.186
[INFO] [stderr]    Compiling smallvec v1.15.2
[INFO] [stderr]    Compiling bytes v1.11.1
[INFO] [stderr]    Compiling parking_lot_core v0.9.12
[INFO] [stderr]    Compiling mio v1.2.1
[INFO] [stderr]    Compiling syn v2.0.117
[INFO] [stderr]    Compiling tokio-macros v2.7.0
[INFO] [stderr]    Compiling eros-macros v0.8.1 (/opt/rustwide/workdir)
[INFO] [stderr]    Compiling parking_lot v0.12.5
[INFO] [stderr]    Compiling tokio v1.52.3
[INFO] [stderr]    Compiling errno v0.3.14
[INFO] [stderr]    Compiling socket2 v0.6.4
[INFO] [stderr]    Compiling signal-hook-registry v1.4.8
[INFO] [stdout] error[E0433]: cannot find module or crate `eros` in this scope
[INFO] [stdout]    --> tests/mod.rs:697:5
[INFO] [stdout]     |
[INFO] [stdout] 697 |     eros::bail!("failed")
[INFO] [stdout]     |     ^^^^ use of unresolved module or unlinked crate `eros`
[INFO] [stdout] 
[INFO] [stdout] 
[INFO] [stdout] error[E0433]: cannot find module or crate `eros` in this scope
[INFO] [stdout]    --> tests/mod.rs:695:1
[INFO] [stdout]     |
[INFO] [stdout] 695 | #[eros_macros::eager_context("static message")]
[INFO] [stdout]     | ^^^^^^^^^^^^^^^^^^^^^^^^^^^^^^^^^^^^^^^^^^^^^^^ use of unresolved module or unlinked crate `eros`
[INFO] [stdout]     |
[INFO] [stdout]     = note: this error originates in the attribute macro `eros_macros::eager_context` (in Nightly builds, run with -Z macro-backtrace for more info)
[INFO] [stdout] 
[INFO] [stdout] 
[INFO] [stdout] error[E0433]: cannot find module or crate `eros` in this scope
[INFO] [stdout]    --> tests/mod.rs:653:9
[INFO] [stdout]     |
[INFO] [stdout] 653 |         eros::bail!("async consumed")
[INFO] [stdout]     |         ^^^^ use of unresolved module or unlinked crate `eros`
[INFO] [stdout] 
[INFO] [stdout] 
[INFO] [stdout] error[E0433]: cannot find module or crate `eros` in this scope
[INFO] [stdout]    --> tests/mod.rs:650:5
[INFO] [stdout]     |
[INFO] [stdout] 650 |     #[eros_macros::eager_context("async consuming {}", self.value)]
[INFO] [stdout]     |     ^^^^^^^^^^^^^^^^^^^^^^^^^^^^^^^^^^^^^^^^^^^^^^^^^^^^^^^^^^^^^^^ use of unresolved module or unlinked crate `eros`
[INFO] [stdout]     |
[INFO] [stdout]     = note: this error originates in the attribute macro `eros_macros::eager_context` (in Nightly builds, run with -Z macro-backtrace for more info)
[INFO] [stdout] 
[INFO] [stdout] 
[INFO] [stdout] error[E0433]: cannot find module or crate `eros` in this scope
[INFO] [stdout]    --> tests/mod.rs:647:9
[INFO] [stdout]     |
[INFO] [stdout] 647 |         eros::bail!("replaced")
[INFO] [stdout]     |         ^^^^ use of unresolved module or unlinked crate `eros`
[INFO] [stdout] 
[INFO] [stdout] 
[INFO] [stdout] error[E0433]: cannot find module or crate `eros` in this scope
[INFO] [stdout]    --> tests/mod.rs:644:5
[INFO] [stdout]     |
[INFO] [stdout] 644 |     #[eros_macros::eager_context("before={} input={}", self.value, input)]
[INFO] [stdout]     |     ^^^^^^^^^^^^^^^^^^^^^^^^^^^^^^^^^^^^^^^^^^^^^^^^^^^^^^^^^^^^^^^^^^^^^^ use of unresolved module or unlinked crate `eros`
[INFO] [stdout]     |
[INFO] [stdout]     = note: this error originates in the attribute macro `eros_macros::eager_context` (in Nightly builds, run with -Z macro-backtrace for more info)
[INFO] [stdout] 
[INFO] [stdout] 
[INFO] [stdout] error[E0433]: cannot find module or crate `eros` in this scope
[INFO] [stdout]    --> tests/mod.rs:641:9
[INFO] [stdout]     |
[INFO] [stdout] 641 |         eros::bail!("consumed")
[INFO] [stdout]     |         ^^^^ use of unresolved module or unlinked crate `eros`
[INFO] [stdout] 
[INFO] [stdout] 
[INFO] [stdout] error[E0433]: cannot find module or crate `eros` in this scope
[INFO] [stdout]    --> tests/mod.rs:638:5
[INFO] [stdout]     |
[INFO] [stdout] 638 |     #[eros_macros::eager_context("consuming {}", self.value)]
[INFO] [stdout]     |     ^^^^^^^^^^^^^^^^^^^^^^^^^^^^^^^^^^^^^^^^^^^^^^^^^^^^^^^^^ use of unresolved module or unlinked crate `eros`
[INFO] [stdout]     |
[INFO] [stdout]     = note: this error originates in the attribute macro `eros_macros::eager_context` (in Nightly builds, run with -Z macro-backtrace for more info)
[INFO] [stdout] 
[INFO] [stdout] 
[INFO] [stdout] error[E0433]: cannot find module or crate `eros` in this scope
[INFO] [stdout]    --> tests/mod.rs:623:1
[INFO] [stdout]     |
[INFO] [stdout] 623 | #[eros_macros::eager_context()]
[INFO] [stdout]     | ^^^^^^^^^^^^^^^^^^^^^^^^^^^^^^^ use of unresolved module or unlinked crate `eros`
[INFO] [stdout]     |
[INFO] [stdout]     = note: this error originates in the attribute macro `eros_macros::eager_context` (in Nightly builds, run with -Z macro-backtrace for more info)
[INFO] [stdout] 
[INFO] [stdout] 
[INFO] [stdout] error[E0433]: cannot find module or crate `eros` in this scope
[INFO] [stdout]    --> tests/mod.rs:612:9
[INFO] [stdout]     |
[INFO] [stdout] 612 |     Err(eros::error!("auto owned error"))?;
[INFO] [stdout]     |         ^^^^ use of unresolved module or unlinked crate `eros`
[INFO] [stdout] 
[INFO] [stdout] 
[INFO] [stdout] error[E0433]: cannot find module or crate `eros` in this scope
[INFO] [stdout]    --> tests/mod.rs:605:1
[INFO] [stdout]     |
[INFO] [stdout] 605 | #[eros_macros::eager_context]
[INFO] [stdout]     | ^^^^^^^^^^^^^^^^^^^^^^^^^^^^^ use of unresolved module or unlinked crate `eros`
[INFO] [stdout]     |
[INFO] [stdout]     = note: this error originates in the attribute macro `eros_macros::eager_context` (in Nightly builds, run with -Z macro-backtrace for more info)
[INFO] [stdout] 
[INFO] [stdout] 
[INFO] [stdout] error[E0433]: cannot find module or crate `eros` in this scope
[INFO] [stdout]    --> tests/mod.rs:596:5
[INFO] [stdout]     |
[INFO] [stdout] 596 |     eros::bail!("debug eager error")
[INFO] [stdout]     |     ^^^^ use of unresolved module or unlinked crate `eros`
[INFO] [stdout] 
[INFO] [stdout] 
[INFO] [stdout] error[E0433]: cannot find module or crate `eros` in this scope
[INFO] [stdout]    --> tests/mod.rs:594:1
[INFO] [stdout]     |
[INFO] [stdout] 594 | #[eros_macros::eager_context("payload={:?}", data)]
[INFO] [stdout]     | ^^^^^^^^^^^^^^^^^^^^^^^^^^^^^^^^^^^^^^^^^^^^^^^^^^^ use of unresolved module or unlinked crate `eros`
[INFO] [stdout]     |
[INFO] [stdout]     = note: this error originates in the attribute macro `eros_macros::eager_context` (in Nightly builds, run with -Z macro-backtrace for more info)
[INFO] [stdout] 
[INFO] [stdout] 
[INFO] [stdout] error[E0433]: cannot find module or crate `eros` in this scope
[INFO] [stdout]    --> tests/mod.rs:584:5
[INFO] [stdout]     |
[INFO] [stdout] 584 |     eros::bail!("job failed")
[INFO] [stdout]     |     ^^^^ use of unresolved module or unlinked crate `eros`
[INFO] [stdout] 
[INFO] [stdout] 
[INFO] [stdout] error[E0433]: cannot find module or crate `eros` in this scope
[INFO] [stdout]    --> tests/mod.rs:582:1
[INFO] [stdout]     |
[INFO] [stdout] 582 | #[eros_macros::eager_context("running {}", id)]
[INFO] [stdout]     | ^^^^^^^^^^^^^^^^^^^^^^^^^^^^^^^^^^^^^^^^^^^^^^^ use of unresolved module or unlinked crate `eros`
[INFO] [stdout]     |
[INFO] [stdout]     = note: this error originates in the attribute macro `eros_macros::eager_context` (in Nightly builds, run with -Z macro-backtrace for more info)
[INFO] [stdout] 
[INFO] [stdout] 
[INFO] [stdout] error[E0433]: cannot find module or crate `eros` in this scope
[INFO] [stdout]    --> tests/mod.rs:559:9
[INFO] [stdout]     |
[INFO] [stdout] 559 |         eros::bail!("worker failed")
[INFO] [stdout]     |         ^^^^ use of unresolved module or unlinked crate `eros`
[INFO] [stdout] 
[INFO] [stdout] 
[INFO] [stdout] error[E0433]: cannot find module or crate `eros` in this scope
[INFO] [stdout]    --> tests/mod.rs:557:5
[INFO] [stdout]     |
[INFO] [stdout] 557 |     #[eros_macros::eager_context("worker {} processing {}", self.name, item)]
[INFO] [stdout]     |     ^^^^^^^^^^^^^^^^^^^^^^^^^^^^^^^^^^^^^^^^^^^^^^^^^^^^^^^^^^^^^^^^^^^^^^^^^ use of unresolved module or unlinked crate `eros`
[INFO] [stdout]     |
[INFO] [stdout]     = note: this error originates in the attribute macro `eros_macros::eager_context` (in Nightly builds, run with -Z macro-backtrace for more info)
[INFO] [stdout] 
[INFO] [stdout] 
[INFO] [stdout] error[E0433]: cannot find module or crate `eros` in this scope
[INFO] [stdout]    --> tests/mod.rs:525:5
[INFO] [stdout]     |
[INFO] [stdout] 525 |     #[eros_macros::eager_context("writing entry {}", entry)]
[INFO] [stdout]     |     ^^^^^^^^^^^^^^^^^^^^^^^^^^^^^^^^^^^^^^^^^^^^^^^^^^^^^^^^ use of unresolved module or unlinked crate `eros`
[INFO] [stdout]     |
[INFO] [stdout]     = note: this error originates in the attribute macro `eros_macros::eager_context` (in Nightly builds, run with -Z macro-backtrace for more info)
[INFO] [stdout] 
[INFO] [stdout] 
[INFO] [stdout] error[E0433]: cannot find module or crate `eros` in this scope
[INFO] [stdout]    --> tests/mod.rs:495:5
[INFO] [stdout]     |
[INFO] [stdout] 495 |     #[eros_macros::eager_context("ok dispatch {} via {}", task, self.prefix)]
[INFO] [stdout]     |     ^^^^^^^^^^^^^^^^^^^^^^^^^^^^^^^^^^^^^^^^^^^^^^^^^^^^^^^^^^^^^^^^^^^^^^^^^ use of unresolved module or unlinked crate `eros`
[INFO] [stdout]     |
[INFO] [stdout]     = note: this error originates in the attribute macro `eros_macros::eager_context` (in Nightly builds, run with -Z macro-backtrace for more info)
[INFO] [stdout] 
[INFO] [stdout] 
[INFO] [stdout] error[E0433]: cannot find module or crate `eros` in this scope
[INFO] [stdout]    --> tests/mod.rs:492:9
[INFO] [stdout]     |
[INFO] [stdout] 492 |         eros::bail!("dispatch failed")
[INFO] [stdout]     |         ^^^^ use of unresolved module or unlinked crate `eros`
[INFO] [stdout] 
[INFO] [stdout] 
[INFO] [stdout] error[E0433]: cannot find module or crate `eros` in this scope
[INFO] [stdout]    --> tests/mod.rs:490:5
[INFO] [stdout]     |
[INFO] [stdout] 490 |     #[eros_macros::eager_context("dispatching {} via {}", task, self.prefix)]
[INFO] [stdout]     |     ^^^^^^^^^^^^^^^^^^^^^^^^^^^^^^^^^^^^^^^^^^^^^^^^^^^^^^^^^^^^^^^^^^^^^^^^^ use of unresolved module or unlinked crate `eros`
[INFO] [stdout]     |
[INFO] [stdout]     = note: this error originates in the attribute macro `eros_macros::eager_context` (in Nightly builds, run with -Z macro-backtrace for more info)
[INFO] [stdout] 
[INFO] [stdout] 
[INFO] [stdout] error[E0433]: cannot find module or crate `eros` in this scope
[INFO] [stdout]    --> tests/mod.rs:477:5
[INFO] [stdout]     |
[INFO] [stdout] 477 |     #[eros_macros::eager_context("async val={}", v)]
[INFO] [stdout]     |     ^^^^^^^^^^^^^^^^^^^^^^^^^^^^^^^^^^^^^^^^^^^^^^^^ use of unresolved module or unlinked crate `eros`
[INFO] [stdout]     |
[INFO] [stdout]     = note: this error originates in the attribute macro `eros_macros::eager_context` (in Nightly builds, run with -Z macro-backtrace for more info)
[INFO] [stdout] 
[INFO] [stdout] 
[INFO] [stdout] error[E0433]: cannot find module or crate `eros` in this scope
[INFO] [stdout]    --> tests/mod.rs:465:5
[INFO] [stdout]     |
[INFO] [stdout] 465 |     eros::bail!("async owned error")
[INFO] [stdout]     |     ^^^^ use of unresolved module or unlinked crate `eros`
[INFO] [stdout] 
[INFO] [stdout] 
[INFO] [stdout] error[E0433]: cannot find module or crate `eros` in this scope
[INFO] [stdout]    --> tests/mod.rs:463:1
[INFO] [stdout]     |
[INFO] [stdout] 463 | #[eros_macros::eager_context("async processing {}", payload)]
[INFO] [stdout]     | ^^^^^^^^^^^^^^^^^^^^^^^^^^^^^^^^^^^^^^^^^^^^^^^^^^^^^^^^^^^^^ use of unresolved module or unlinked crate `eros`
[INFO] [stdout]     |
[INFO] [stdout]     = note: this error originates in the attribute macro `eros_macros::eager_context` (in Nightly builds, run with -Z macro-backtrace for more info)
[INFO] [stdout] 
[INFO] [stdout] 
[INFO] [stdout] error[E0433]: cannot find module or crate `eros` in this scope
[INFO] [stdout]    --> tests/mod.rs:453:5
[INFO] [stdout]     |
[INFO] [stdout] 453 |     eros::bail!("duplicate eager error")
[INFO] [stdout]     |     ^^^^ use of unresolved module or unlinked crate `eros`
[INFO] [stdout] 
[INFO] [stdout] 
[INFO] [stdout] error[E0433]: cannot find module or crate `eros` in this scope
[INFO] [stdout]    --> tests/mod.rs:451:1
[INFO] [stdout]     |
[INFO] [stdout] 451 | #[eros_macros::eager_context("first={} again={}", val, val)]
[INFO] [stdout]     | ^^^^^^^^^^^^^^^^^^^^^^^^^^^^^^^^^^^^^^^^^^^^^^^^^^^^^^^^^^^^ use of unresolved module or unlinked crate `eros`
[INFO] [stdout]     |
[INFO] [stdout]     = note: this error originates in the attribute macro `eros_macros::eager_context` (in Nightly builds, run with -Z macro-backtrace for more info)
[INFO] [stdout] 
[INFO] [stdout] 
[INFO] [stdout] error[E0433]: cannot find module or crate `eros` in this scope
[INFO] [stdout]    --> tests/mod.rs:441:5
[INFO] [stdout]     |
[INFO] [stdout] 441 |     eros::bail!("mixed error")
[INFO] [stdout]     |     ^^^^ use of unresolved module or unlinked crate `eros`
[INFO] [stdout] 
[INFO] [stdout] 
[INFO] [stdout] error[E0433]: cannot find module or crate `eros` in this scope
[INFO] [stdout]    --> tests/mod.rs:439:1
[INFO] [stdout]     |
[INFO] [stdout] 439 | #[eros_macros::eager_context("name={} id={}", name, id)]
[INFO] [stdout]     | ^^^^^^^^^^^^^^^^^^^^^^^^^^^^^^^^^^^^^^^^^^^^^^^^^^^^^^^^ use of unresolved module or unlinked crate `eros`
[INFO] [stdout]     |
[INFO] [stdout]     = note: this error originates in the attribute macro `eros_macros::eager_context` (in Nightly builds, run with -Z macro-backtrace for more info)
[INFO] [stdout] 
[INFO] [stdout] 
[INFO] [stdout] error[E0433]: cannot find module or crate `eros` in this scope
[INFO] [stdout]    --> tests/mod.rs:428:5
[INFO] [stdout]     |
[INFO] [stdout] 428 |     eros::bail!("two owned error")
[INFO] [stdout]     |     ^^^^ use of unresolved module or unlinked crate `eros`
[INFO] [stdout] 
[INFO] [stdout] 
[INFO] [stdout] error[E0433]: cannot find module or crate `eros` in this scope
[INFO] [stdout]    --> tests/mod.rs:426:1
[INFO] [stdout]     |
[INFO] [stdout] 426 | #[eros_macros::eager_context("a={} b={}", a, b)]
[INFO] [stdout]     | ^^^^^^^^^^^^^^^^^^^^^^^^^^^^^^^^^^^^^^^^^^^^^^^^ use of unresolved module or unlinked crate `eros`
[INFO] [stdout]     |
[INFO] [stdout]     = note: this error originates in the attribute macro `eros_macros::eager_context` (in Nightly builds, run with -Z macro-backtrace for more info)
[INFO] [stdout] 
[INFO] [stdout] 
[INFO] [stdout] error[E0433]: cannot find module or crate `eros` in this scope
[INFO] [stdout]    --> tests/mod.rs:418:5
[INFO] [stdout]     |
[INFO] [stdout] 418 |     #[eros_macros::eager_context("value was {}", val)]
[INFO] [stdout]     |     ^^^^^^^^^^^^^^^^^^^^^^^^^^^^^^^^^^^^^^^^^^^^^^^^^^ use of unresolved module or unlinked crate `eros`
[INFO] [stdout]     |
[INFO] [stdout]     = note: this error originates in the attribute macro `eros_macros::eager_context` (in Nightly builds, run with -Z macro-backtrace for more info)
[INFO] [stdout] 
[INFO] [stdout] 
[INFO] [stdout] error[E0433]: cannot find module or crate `eros` in this scope
[INFO] [stdout]    --> tests/mod.rs:406:5
[INFO] [stdout]     |
[INFO] [stdout] 406 |     eros::bail!("owned error")
[INFO] [stdout]     |     ^^^^ use of unresolved module or unlinked crate `eros`
[INFO] [stdout] 
[INFO] [stdout] 
[INFO] [stdout] error[E0433]: cannot find module or crate `eros` in this scope
[INFO] [stdout]    --> tests/mod.rs:404:1
[INFO] [stdout]     |
[INFO] [stdout] 404 | #[eros_macros::eager_context("processing {}", string)]
[INFO] [stdout]     | ^^^^^^^^^^^^^^^^^^^^^^^^^^^^^^^^^^^^^^^^^^^^^^^^^^^^^^ use of unresolved module or unlinked crate `eros`
[INFO] [stdout]     |
[INFO] [stdout]     = note: this error originates in the attribute macro `eros_macros::eager_context` (in Nightly builds, run with -Z macro-backtrace for more info)
[INFO] [stdout] 
[INFO] [stdout] 
[INFO] [stdout] error[E0433]: cannot find module or crate `eros` in this scope
[INFO] [stdout]    --> tests/mod.rs:388:9
[INFO] [stdout]     |
[INFO] [stdout] 388 |         eros::bail!("pipeline failed")
[INFO] [stdout]     |         ^^^^ use of unresolved module or unlinked crate `eros`
[INFO] [stdout] 
[INFO] [stdout] 
[INFO] [stdout] error[E0433]: cannot find module or crate `eros` in this scope
[INFO] [stdout]    --> tests/mod.rs:386:5
[INFO] [stdout]     |
[INFO] [stdout] 386 |     #[eros_macros::context]
[INFO] [stdout]     |     ^^^^^^^^^^^^^^^^^^^^^^^ use of unresolved module or unlinked crate `eros`
[INFO] [stdout]     |
[INFO] [stdout]     = note: this error originates in the attribute macro `eros_macros::context` (in Nightly builds, run with -Z macro-backtrace for more info)
[INFO] [stdout] 
[INFO] [stdout] 
[INFO] [stdout] error[E0433]: cannot find module or crate `eros` in this scope
[INFO] [stdout]    --> tests/mod.rs:371:5
[INFO] [stdout]     |
[INFO] [stdout] 371 |     eros::bail!("async auto error")
[INFO] [stdout]     |     ^^^^ use of unresolved module or unlinked crate `eros`
[INFO] [stdout] 
[INFO] [stdout] 
[INFO] [stdout] error[E0433]: cannot find module or crate `eros` in this scope
[INFO] [stdout]    --> tests/mod.rs:369:1
[INFO] [stdout]     |
[INFO] [stdout] 369 | #[eros_macros::context]
[INFO] [stdout]     | ^^^^^^^^^^^^^^^^^^^^^^^ use of unresolved module or unlinked crate `eros`
[INFO] [stdout]     |
[INFO] [stdout]     = note: this error originates in the attribute macro `eros_macros::context` (in Nightly builds, run with -Z macro-backtrace for more info)
[INFO] [stdout] 
[INFO] [stdout] 
[INFO] [stdout] error[E0433]: cannot find module or crate `eros` in this scope
[INFO] [stdout]    --> tests/mod.rs:354:9
[INFO] [stdout]     |
[INFO] [stdout] 354 |         eros::bail!("process failed")
[INFO] [stdout]     |         ^^^^ use of unresolved module or unlinked crate `eros`
[INFO] [stdout] 
[INFO] [stdout] 
[INFO] [stdout] error[E0433]: cannot find module or crate `eros` in this scope
[INFO] [stdout]    --> tests/mod.rs:352:5
[INFO] [stdout]     |
[INFO] [stdout] 352 |     #[eros_macros::context]
[INFO] [stdout]     |     ^^^^^^^^^^^^^^^^^^^^^^^ use of unresolved module or unlinked crate `eros`
[INFO] [stdout]     |
[INFO] [stdout]     = note: this error originates in the attribute macro `eros_macros::context` (in Nightly builds, run with -Z macro-backtrace for more info)
[INFO] [stdout] 
[INFO] [stdout] 
[INFO] [stdout] error[E0433]: cannot find module or crate `eros` in this scope
[INFO] [stdout]    --> tests/mod.rs:336:1
[INFO] [stdout]     |
[INFO] [stdout] 336 | #[eros_macros::context]
[INFO] [stdout]     | ^^^^^^^^^^^^^^^^^^^^^^^ use of unresolved module or unlinked crate `eros`
[INFO] [stdout]     |
[INFO] [stdout]     = note: this error originates in the attribute macro `eros_macros::context` (in Nightly builds, run with -Z macro-backtrace for more info)
[INFO] [stdout] 
[INFO] [stdout] 
[INFO] [stdout] error[E0433]: cannot find module or crate `eros` in this scope
[INFO] [stdout]    --> tests/mod.rs:317:5
[INFO] [stdout]     |
[INFO] [stdout] 317 |     eros::bail!("mixed error")
[INFO] [stdout]     |     ^^^^ use of unresolved module or unlinked crate `eros`
[INFO] [stdout] 
[INFO] [stdout] 
[INFO] [stdout] error[E0433]: cannot find module or crate `eros` in this scope
[INFO] [stdout]    --> tests/mod.rs:311:1
[INFO] [stdout]     |
[INFO] [stdout] 311 | #[eros_macros::context]
[INFO] [stdout]     | ^^^^^^^^^^^^^^^^^^^^^^^ use of unresolved module or unlinked crate `eros`
[INFO] [stdout]     |
[INFO] [stdout]     = note: this error originates in the attribute macro `eros_macros::context` (in Nightly builds, run with -Z macro-backtrace for more info)
[INFO] [stdout] 
[INFO] [stdout] 
[INFO] [stdout] error[E0433]: cannot find module or crate `eros` in this scope
[INFO] [stdout]    --> tests/mod.rs:296:5
[INFO] [stdout]     |
[INFO] [stdout] 296 |     eros::bail!("debug error")
[INFO] [stdout]     |     ^^^^ use of unresolved module or unlinked crate `eros`
[INFO] [stdout] 
[INFO] [stdout] 
[INFO] [stdout] error[E0433]: cannot find module or crate `eros` in this scope
[INFO] [stdout]    --> tests/mod.rs:294:1
[INFO] [stdout]     |
[INFO] [stdout] 294 | #[eros_macros::context]
[INFO] [stdout]     | ^^^^^^^^^^^^^^^^^^^^^^^ use of unresolved module or unlinked crate `eros`
[INFO] [stdout]     |
[INFO] [stdout]     = note: this error originates in the attribute macro `eros_macros::context` (in Nightly builds, run with -Z macro-backtrace for more info)
[INFO] [stdout] 
[INFO] [stdout] 
[INFO] [stdout] error[E0433]: cannot find module or crate `eros` in this scope
[INFO] [stdout]    --> tests/mod.rs:280:5
[INFO] [stdout]     |
[INFO] [stdout] 280 |     eros::bail!("inner error")
[INFO] [stdout]     |     ^^^^ use of unresolved module or unlinked crate `eros`
[INFO] [stdout] 
[INFO] [stdout] 
[INFO] [stdout] error[E0433]: cannot find module or crate `eros` in this scope
[INFO] [stdout]    --> tests/mod.rs:278:1
[INFO] [stdout]     |
[INFO] [stdout] 278 | #[eros_macros::context]
[INFO] [stdout]     | ^^^^^^^^^^^^^^^^^^^^^^^ use of unresolved module or unlinked crate `eros`
[INFO] [stdout]     |
[INFO] [stdout]     = note: this error originates in the attribute macro `eros_macros::context` (in Nightly builds, run with -Z macro-backtrace for more info)
[INFO] [stdout] 
[INFO] [stdout] 
[INFO] [stdout] error[E0433]: cannot find module or crate `eros` in this scope
[INFO] [stdout]    --> tests/mod.rs:266:5
[INFO] [stdout]     |
[INFO] [stdout] 266 |     eros::bail!("debug format error")
[INFO] [stdout]     |     ^^^^ use of unresolved module or unlinked crate `eros`
[INFO] [stdout] 
[INFO] [stdout] 
[INFO] [stdout] error[E0433]: cannot find module or crate `eros` in this scope
[INFO] [stdout]    --> tests/mod.rs:264:1
[INFO] [stdout]     |
[INFO] [stdout] 264 | #[eros_macros::context("debug value is {:?}", value)]
[INFO] [stdout]     | ^^^^^^^^^^^^^^^^^^^^^^^^^^^^^^^^^^^^^^^^^^^^^^^^^^^^^ use of unresolved module or unlinked crate `eros`
[INFO] [stdout]     |
[INFO] [stdout]     = note: this error originates in the attribute macro `eros_macros::context` (in Nightly builds, run with -Z macro-backtrace for more info)
[INFO] [stdout] 
[INFO] [stdout] 
[INFO] [stdout] error[E0433]: cannot find module or crate `eros` in this scope
[INFO] [stdout]    --> tests/mod.rs:255:5
[INFO] [stdout]     |
[INFO] [stdout] 255 |     eros::bail!("three args error")
[INFO] [stdout]     |     ^^^^ use of unresolved module or unlinked crate `eros`
[INFO] [stdout] 
[INFO] [stdout] 
[INFO] [stdout] error[E0433]: cannot find module or crate `eros` in this scope
[INFO] [stdout]    --> tests/mod.rs:253:1
[INFO] [stdout]     |
[INFO] [stdout] 253 | #[eros_macros::context("a={} b={} c={}", a, b, c)]
[INFO] [stdout]     | ^^^^^^^^^^^^^^^^^^^^^^^^^^^^^^^^^^^^^^^^^^^^^^^^^^ use of unresolved module or unlinked crate `eros`
[INFO] [stdout]     |
[INFO] [stdout]     = note: this error originates in the attribute macro `eros_macros::context` (in Nightly builds, run with -Z macro-backtrace for more info)
[INFO] [stdout] 
[INFO] [stdout] 
[INFO] [stdout] error[E0433]: cannot find module or crate `eros` in this scope
[INFO] [stdout]    --> tests/mod.rs:244:5
[INFO] [stdout]     |
[INFO] [stdout] 244 |     eros::bail!("bare error")
[INFO] [stdout]     |     ^^^^ use of unresolved module or unlinked crate `eros`
[INFO] [stdout] 
[INFO] [stdout] 
[INFO] [stdout] error[E0433]: cannot find module or crate `eros` in this scope
[INFO] [stdout]    --> tests/mod.rs:242:1
[INFO] [stdout]     |
[INFO] [stdout] 242 | #[eros_macros::context("no format args at all")]
[INFO] [stdout]     | ^^^^^^^^^^^^^^^^^^^^^^^^^^^^^^^^^^^^^^^^^^^^^^^^ use of unresolved module or unlinked crate `eros`
[INFO] [stdout]     |
[INFO] [stdout]     = note: this error originates in the attribute macro `eros_macros::context` (in Nightly builds, run with -Z macro-backtrace for more info)
[INFO] [stdout] 
[INFO] [stdout] 
[INFO] [stdout] error[E0433]: cannot find module or crate `eros` in this scope
[INFO] [stdout]    --> tests/mod.rs:213:5
[INFO] [stdout]     |
[INFO] [stdout] 213 |     #[eros_macros::context("push failed, queue len {}", self.items.len())]
[INFO] [stdout]     |     ^^^^^^^^^^^^^^^^^^^^^^^^^^^^^^^^^^^^^^^^^^^^^^^^^^^^^^^^^^^^^^^^^^^^^^ use of unresolved module or unlinked crate `eros`
[INFO] [stdout]     |
[INFO] [stdout]     = note: this error originates in the attribute macro `eros_macros::context` (in Nightly builds, run with -Z macro-backtrace for more info)
[INFO] [stdout] 
[INFO] [stdout] 
[INFO] [stdout] error[E0433]: cannot find module or crate `eros` in this scope
[INFO] [stdout]    --> tests/mod.rs:182:5
[INFO] [stdout]     |
[INFO] [stdout] 182 |     #[eros_macros::context("async fetch ok from {}", self.host)]
[INFO] [stdout]     |     ^^^^^^^^^^^^^^^^^^^^^^^^^^^^^^^^^^^^^^^^^^^^^^^^^^^^^^^^^^^^ use of unresolved module or unlinked crate `eros`
[INFO] [stdout]     |
[INFO] [stdout]     = note: this error originates in the attribute macro `eros_macros::context` (in Nightly builds, run with -Z macro-backtrace for more info)
[INFO] [stdout] 
[INFO] [stdout] 
[INFO] [stdout] error[E0433]: cannot find module or crate `eros` in this scope
[INFO] [stdout]    --> tests/mod.rs:179:9
[INFO] [stdout]     |
[INFO] [stdout] 179 |         eros::bail!("timeout")
[INFO] [stdout]     |         ^^^^ use of unresolved module or unlinked crate `eros`
[INFO] [stdout] 
[INFO] [stdout] 
[INFO] [stdout] error[E0433]: cannot find module or crate `eros` in this scope
[INFO] [stdout]    --> tests/mod.rs:177:5
[INFO] [stdout]     |
[INFO] [stdout] 177 |     #[eros_macros::context("async fetch from {}", self.host)]
[INFO] [stdout]     |     ^^^^^^^^^^^^^^^^^^^^^^^^^^^^^^^^^^^^^^^^^^^^^^^^^^^^^^^^^ use of unresolved module or unlinked crate `eros`
[INFO] [stdout]     |
[INFO] [stdout]     = note: this error originates in the attribute macro `eros_macros::context` (in Nightly builds, run with -Z macro-backtrace for more info)
[INFO] [stdout] 
[INFO] [stdout] 
[INFO] [stdout] error[E0433]: cannot find module or crate `eros` in this scope
[INFO] [stdout]    --> tests/mod.rs:150:5
[INFO] [stdout]     |
[INFO] [stdout] 150 |     #[eros_macros::context("consuming wrapper ok")]
[INFO] [stdout]     |     ^^^^^^^^^^^^^^^^^^^^^^^^^^^^^^^^^^^^^^^^^^^^^^^ use of unresolved module or unlinked crate `eros`
[INFO] [stdout]     |
[INFO] [stdout]     = note: this error originates in the attribute macro `eros_macros::context` (in Nightly builds, run with -Z macro-backtrace for more info)
[INFO] [stdout] 
[INFO] [stdout] 
[INFO] [stdout] error[E0433]: cannot find module or crate `eros` in this scope
[INFO] [stdout]    --> tests/mod.rs:147:9
[INFO] [stdout]     |
[INFO] [stdout] 147 |         eros::bail!("consumed and failed")
[INFO] [stdout]     |         ^^^^ use of unresolved module or unlinked crate `eros`
[INFO] [stdout] 
[INFO] [stdout] 
[INFO] [stdout] error[E0433]: cannot find module or crate `eros` in this scope
[INFO] [stdout]    --> tests/mod.rs:145:5
[INFO] [stdout]     |
[INFO] [stdout] 145 |     #[eros_macros::context("consuming wrapper")]
[INFO] [stdout]     |     ^^^^^^^^^^^^^^^^^^^^^^^^^^^^^^^^^^^^^^^^^^^^ use of unresolved module or unlinked crate `eros`
[INFO] [stdout]     |
[INFO] [stdout]     = note: this error originates in the attribute macro `eros_macros::context` (in Nightly builds, run with -Z macro-backtrace for more info)
[INFO] [stdout] 
[INFO] [stdout] 
[INFO] [stdout] error[E0433]: cannot find module or crate `eros` in this scope
[INFO] [stdout]    --> tests/mod.rs:111:5
[INFO] [stdout]     |
[INFO] [stdout] 111 |     #[eros_macros::context("reset failed")]
[INFO] [stdout]     |     ^^^^^^^^^^^^^^^^^^^^^^^^^^^^^^^^^^^^^^^ use of unresolved module or unlinked crate `eros`
[INFO] [stdout]     |
[INFO] [stdout]     = note: this error originates in the attribute macro `eros_macros::context` (in Nightly builds, run with -Z macro-backtrace for more info)
[INFO] [stdout] 
[INFO] [stdout] 
[INFO] [stdout] error[E0433]: cannot find module or crate `eros` in this scope
[INFO] [stdout]    --> tests/mod.rs:102:5
[INFO] [stdout]     |
[INFO] [stdout] 102 |     #[eros_macros::context("increment failed at count {}", self.count)]
[INFO] [stdout]     |     ^^^^^^^^^^^^^^^^^^^^^^^^^^^^^^^^^^^^^^^^^^^^^^^^^^^^^^^^^^^^^^^^^^^ use of unresolved module or unlinked crate `eros`
[INFO] [stdout]     |
[INFO] [stdout]     = note: this error originates in the attribute macro `eros_macros::context` (in Nightly builds, run with -Z macro-backtrace for more info)
[INFO] [stdout] 
[INFO] [stdout] 
[INFO] [stdout] error[E0433]: cannot find module or crate `eros` in this scope
[INFO] [stdout]   --> tests/mod.rs:60:5
[INFO] [stdout]    |
[INFO] [stdout] 60 |     #[eros_macros::context("shared ref returns ok")]
[INFO] [stdout]    |     ^^^^^^^^^^^^^^^^^^^^^^^^^^^^^^^^^^^^^^^^^^^^^^^^ use of unresolved module or unlinked crate `eros`
[INFO] [stdout]    |
[INFO] [stdout]    = note: this error originates in the attribute macro `eros_macros::context` (in Nightly builds, run with -Z macro-backtrace for more info)
[INFO] [stdout] 
[INFO] [stdout] 
[INFO] [stdout] error[E0433]: cannot find module or crate `eros` in this scope
[INFO] [stdout]   --> tests/mod.rs:57:9
[INFO] [stdout]    |
[INFO] [stdout] 57 |         eros::bail!("not found")
[INFO] [stdout]    |         ^^^^ use of unresolved module or unlinked crate `eros`
[INFO] [stdout] 
[INFO] [stdout] 
[INFO] [stdout] error[E0433]: cannot find module or crate `eros` in this scope
[INFO] [stdout]   --> tests/mod.rs:55:5
[INFO] [stdout]    |
[INFO] [stdout] 55 |     #[eros_macros::context("fetching from {} path {}", self.base_url, path)]
[INFO] [stdout]    |     ^^^^^^^^^^^^^^^^^^^^^^^^^^^^^^^^^^^^^^^^^^^^^^^^^^^^^^^^^^^^^^^^^^^^^^^^ use of unresolved module or unlinked crate `eros`
[INFO] [stdout]    |
[INFO] [stdout]    = note: this error originates in the attribute macro `eros_macros::context` (in Nightly builds, run with -Z macro-backtrace for more info)
[INFO] [stdout] 
[INFO] [stdout] 
[INFO] [stdout] error[E0433]: cannot find module or crate `eros` in this scope
[INFO] [stdout]   --> tests/mod.rs:52:9
[INFO] [stdout]    |
[INFO] [stdout] 52 |         eros::bail!("connection refused")
[INFO] [stdout]    |         ^^^^ use of unresolved module or unlinked crate `eros`
[INFO] [stdout] 
[INFO] [stdout] 
[INFO] [stdout] error[E0433]: cannot find module or crate `eros` in this scope
[INFO] [stdout]   --> tests/mod.rs:50:5
[INFO] [stdout]    |
[INFO] [stdout] 50 |     #[eros_macros::context("fetching from {}", self.base_url)]
[INFO] [stdout]    |     ^^^^^^^^^^^^^^^^^^^^^^^^^^^^^^^^^^^^^^^^^^^^^^^^^^^^^^^^^^ use of unresolved module or unlinked crate `eros`
[INFO] [stdout]    |
[INFO] [stdout]    = note: this error originates in the attribute macro `eros_macros::context` (in Nightly builds, run with -Z macro-backtrace for more info)
[INFO] [stdout] 
[INFO] [stdout] 
[INFO] [stdout] error[E0433]: cannot find module or crate `eros` in this scope
[INFO] [stdout]   --> tests/mod.rs:32:1
[INFO] [stdout]    |
[INFO] [stdout] 32 | #[eros_macros::context("fetching {}", url)]
[INFO] [stdout]    | ^^^^^^^^^^^^^^^^^^^^^^^^^^^^^^^^^^^^^^^^^^^ use of unresolved module or unlinked crate `eros`
[INFO] [stdout]    |
[INFO] [stdout]    = note: this error originates in the attribute macro `eros_macros::context` (in Nightly builds, run with -Z macro-backtrace for more info)
[INFO] [stdout] 
[INFO] [stdout] 
[INFO] [stdout] error[E0433]: cannot find module or crate `eros` in this scope
[INFO] [stdout]   --> tests/mod.rs:22:5
[INFO] [stdout]    |
[INFO] [stdout] 22 |     eros::bail!("async error")
[INFO] [stdout]    |     ^^^^ use of unresolved module or unlinked crate `eros`
[INFO] [stdout] 
[INFO] [stdout] 
[INFO] [stdout] error[E0433]: cannot find module or crate `eros` in this scope
[INFO] [stdout]   --> tests/mod.rs:20:1
[INFO] [stdout]    |
[INFO] [stdout] 20 | #[eros_macros::context("async arg is {}", value)]
[INFO] [stdout]    | ^^^^^^^^^^^^^^^^^^^^^^^^^^^^^^^^^^^^^^^^^^^^^^^^^ use of unresolved module or unlinked crate `eros`
[INFO] [stdout]    |
[INFO] [stdout]    = note: this error originates in the attribute macro `eros_macros::context` (in Nightly builds, run with -Z macro-backtrace for more info)
[INFO] [stdout] 
[INFO] [stdout] 
[INFO] [stdout] error[E0433]: cannot find module or crate `eros` in this scope
[INFO] [stdout]  --> tests/mod.rs:7:5
[INFO] [stdout]   |
[INFO] [stdout] 7 |     eros::bail!("This is the error")
[INFO] [stdout]   |     ^^^^ use of unresolved module or unlinked crate `eros`
[INFO] [stdout] 
[INFO] [stdout] 
[INFO] [stdout] error[E0433]: cannot find module or crate `eros` in this scope
[INFO] [stdout]  --> tests/mod.rs:5:1
[INFO] [stdout]   |
[INFO] [stdout] 5 | #[eros_macros::context("arg1 is {}", arg1)]
[INFO] [stdout]   | ^^^^^^^^^^^^^^^^^^^^^^^^^^^^^^^^^^^^^^^^^^^ use of unresolved module or unlinked crate `eros`
[INFO] [stdout]   |
[INFO] [stdout]   = note: this error originates in the attribute macro `eros_macros::context` (in Nightly builds, run with -Z macro-backtrace for more info)
[INFO] [stdout] 
[INFO] [stdout] 
[INFO] [stdout] error[E0433]: cannot find module or crate `eros` in this scope
[INFO] [stdout]    --> tests/mod.rs:528:13
[INFO] [stdout]     |
[INFO] [stdout] 528 |             eros::bail!("journal full");
[INFO] [stdout]     |             ^^^^ use of unresolved module or unlinked crate `eros`
[INFO] [stdout] 
[INFO] [stdout] 
[INFO] [stdout] error[E0433]: cannot find module or crate `eros` in this scope
[INFO] [stdout]    --> tests/mod.rs:216:13
[INFO] [stdout]     |
[INFO] [stdout] 216 |             eros::bail!("queue full");
[INFO] [stdout]     |             ^^^^ use of unresolved module or unlinked crate `eros`
[INFO] [stdout] 
[INFO] [stdout] 
[INFO] [stdout] error[E0433]: cannot find module or crate `eros` in this scope
[INFO] [stdout]    --> tests/mod.rs:105:13
[INFO] [stdout]     |
[INFO] [stdout] 105 |             eros::bail!("overflow");
[INFO] [stdout]     |             ^^^^ use of unresolved module or unlinked crate `eros`
[INFO] [stdout] 
[INFO] [stdout] 
[INFO] [stdout] error[E0433]: cannot find module or crate `eros` in this scope
[INFO] [stdout]  --> tests/mod.rs:6:58
[INFO] [stdout]   |
[INFO] [stdout] 6 | fn test_function(arg1: &str, arg2: String, arg3: i32) -> eros::Result<String> {
[INFO] [stdout]   |                                                          ^^^^ use of unresolved module or unlinked crate `eros`
[INFO] [stdout]   |
[INFO] [stdout]   = help: if you wanted to use a crate named `eros`, use `cargo add eros` to add it to your `Cargo.toml`
[INFO] [stdout] 
[INFO] [stdout] 
[INFO] [stdout] error[E0433]: cannot find module or crate `eros` in this scope
[INFO] [stdout]   --> tests/mod.rs:21:40
[INFO] [stdout]    |
[INFO] [stdout] 21 | async fn async_function(value: u32) -> eros::Result<u32> {
[INFO] [stdout]    |                                        ^^^^ use of unresolved module or unlinked crate `eros`
[INFO] [stdout]    |
[INFO] [stdout]    = help: if you wanted to use a crate named `eros`, use `cargo add eros` to add it to your `Cargo.toml`
[INFO] [stdout] 
[INFO] [stdout] 
[INFO] [stdout] error[E0433]: cannot find module or crate `eros` in this scope
[INFO] [stdout]   --> tests/mod.rs:33:38
[INFO] [stdout]    |
[INFO] [stdout] 33 | async fn async_success(url: &str) -> eros::Result<String> {
[INFO] [stdout]    |                                      ^^^^ use of unresolved module or unlinked crate `eros`
[INFO] [stdout]    |
[INFO] [stdout]    = help: if you wanted to use a crate named `eros`, use `cargo add eros` to add it to your `Cargo.toml`
[INFO] [stdout] 
[INFO] [stdout] 
[INFO] [stdout] error[E0433]: cannot find module or crate `eros` in this scope
[INFO] [stdout]   --> tests/mod.rs:51:36
[INFO] [stdout]    |
[INFO] [stdout] 51 |     fn fetch(&self, path: &str) -> eros::Result<String> {
[INFO] [stdout]    |                                    ^^^^ use of unresolved module or unlinked crate `eros`
[INFO] [stdout]    |
[INFO] [stdout]    = help: if you wanted to use a crate named `eros`, use `cargo add eros` to add it to your `Cargo.toml`
[INFO] [stdout] 
[INFO] [stdout] 
[INFO] [stdout] error[E0433]: cannot find module or crate `eros` in this scope
[INFO] [stdout]   --> tests/mod.rs:56:46
[INFO] [stdout]    |
[INFO] [stdout] 56 |     fn fetch_multi_arg(&self, path: &str) -> eros::Result<String> {
[INFO] [stdout]    |                                              ^^^^ use of unresolved module or unlinked crate `eros`
[INFO] [stdout]    |
[INFO] [stdout]    = help: if you wanted to use a crate named `eros`, use `cargo add eros` to add it to your `Cargo.toml`
[INFO] [stdout] 
[INFO] [stdout] 
[INFO] [stdout] error[E0433]: cannot find module or crate `eros` in this scope
[INFO] [stdout]   --> tests/mod.rs:61:27
[INFO] [stdout]    |
[INFO] [stdout] 61 |     fn fetch_ok(&self) -> eros::Result<String> {
[INFO] [stdout]    |                           ^^^^ use of unresolved module or unlinked crate `eros`
[INFO] [stdout]    |
[INFO] [stdout]    = help: if you wanted to use a crate named `eros`, use `cargo add eros` to add it to your `Cargo.toml`
[INFO] [stdout] 
[INFO] [stdout] 
[INFO] [stdout] error[E0433]: cannot find module or crate `eros` in this scope
[INFO] [stdout]    --> tests/mod.rs:103:41
[INFO] [stdout]     |
[INFO] [stdout] 103 |     fn increment(&mut self, by: u32) -> eros::Result<()> {
[INFO] [stdout]     |                                         ^^^^ use of unresolved module or unlinked crate `eros`
[INFO] [stdout]     |
[INFO] [stdout]     = help: if you wanted to use a crate named `eros`, use `cargo add eros` to add it to your `Cargo.toml`
[INFO] [stdout] 
[INFO] [stdout] 
[INFO] [stdout] error[E0433]: cannot find module or crate `eros` in this scope
[INFO] [stdout]    --> tests/mod.rs:112:28
[INFO] [stdout]     |
[INFO] [stdout] 112 |     fn reset(&mut self) -> eros::Result<()> {
[INFO] [stdout]     |                            ^^^^ use of unresolved module or unlinked crate `eros`
[INFO] [stdout]     |
[INFO] [stdout]     = help: if you wanted to use a crate named `eros`, use `cargo add eros` to add it to your `Cargo.toml`
[INFO] [stdout] 
[INFO] [stdout] 
[INFO] [stdout] error[E0433]: cannot find module or crate `eros` in this scope
[INFO] [stdout]    --> tests/mod.rs:146:25
[INFO] [stdout]     |
[INFO] [stdout] 146 |     fn consume(self) -> eros::Result<String> {
[INFO] [stdout]     |                         ^^^^ use of unresolved module or unlinked crate `eros`
[INFO] [stdout]     |
[INFO] [stdout]     = help: if you wanted to use a crate named `eros`, use `cargo add eros` to add it to your `Cargo.toml`
[INFO] [stdout] 
[INFO] [stdout] 
[INFO] [stdout] error[E0433]: cannot find module or crate `eros` in this scope
[INFO] [stdout]    --> tests/mod.rs:151:28
[INFO] [stdout]     |
[INFO] [stdout] 151 |     fn consume_ok(self) -> eros::Result<String> {
[INFO] [stdout]     |                            ^^^^ use of unresolved module or unlinked crate `eros`
[INFO] [stdout]     |
[INFO] [stdout]     = help: if you wanted to use a crate named `eros`, use `cargo add eros` to add it to your `Cargo.toml`
[INFO] [stdout] 
[INFO] [stdout] 
[INFO] [stdout] error[E0433]: cannot find module or crate `eros` in this scope
[INFO] [stdout]    --> tests/mod.rs:178:46
[INFO] [stdout]     |
[INFO] [stdout] 178 |     async fn fetch(&self, endpoint: &str) -> eros::Result<String> {
[INFO] [stdout]     |                                              ^^^^ use of unresolved module or unlinked crate `eros`
[INFO] [stdout]     |
[INFO] [stdout]     = help: if you wanted to use a crate named `eros`, use `cargo add eros` to add it to your `Cargo.toml`
[INFO] [stdout] 
[INFO] [stdout] 
[INFO] [stdout] error[E0433]: cannot find module or crate `eros` in this scope
[INFO] [stdout]    --> tests/mod.rs:183:33
[INFO] [stdout]     |
[INFO] [stdout] 183 |     async fn fetch_ok(&self) -> eros::Result<String> {
[INFO] [stdout]     |                                 ^^^^ use of unresolved module or unlinked crate `eros`
[INFO] [stdout]     |
[INFO] [stdout]     = help: if you wanted to use a crate named `eros`, use `cargo add eros` to add it to your `Cargo.toml`
[INFO] [stdout] 
[INFO] [stdout] 
[INFO] [stdout] error[E0433]: cannot find module or crate `eros` in this scope
[INFO] [stdout]    --> tests/mod.rs:214:47
[INFO] [stdout]     |
[INFO] [stdout] 214 |     async fn push(&mut self, item: String) -> eros::Result<()> {
[INFO] [stdout]     |                                               ^^^^ use of unresolved module or unlinked crate `eros`
[INFO] [stdout]     |
[INFO] [stdout]     = help: if you wanted to use a crate named `eros`, use `cargo add eros` to add it to your `Cargo.toml`
[INFO] [stdout] 
[INFO] [stdout] 
[INFO] [stdout] error[E0433]: cannot find module or crate `eros` in this scope
[INFO] [stdout]    --> tests/mod.rs:243:26
[INFO] [stdout]     |
[INFO] [stdout] 243 | fn no_args_function() -> eros::Result<()> {
[INFO] [stdout]     |                          ^^^^ use of unresolved module or unlinked crate `eros`
[INFO] [stdout]     |
[INFO] [stdout]     = help: if you wanted to use a crate named `eros`, use `cargo add eros` to add it to your `Cargo.toml`
[INFO] [stdout] 
[INFO] [stdout] 
[INFO] [stdout] error[E0433]: cannot find module or crate `eros` in this scope
[INFO] [stdout]    --> tests/mod.rs:254:47
[INFO] [stdout]     |
[INFO] [stdout] 254 | fn three_arg_function(a: u8, b: u8, c: u8) -> eros::Result<()> {
[INFO] [stdout]     |                                               ^^^^ use of unresolved module or unlinked crate `eros`
[INFO] [stdout]     |
[INFO] [stdout]     = help: if you wanted to use a crate named `eros`, use `cargo add eros` to add it to your `Cargo.toml`
[INFO] [stdout] 
[INFO] [stdout] 
[INFO] [stdout] error[E0433]: cannot find module or crate `eros` in this scope
[INFO] [stdout]    --> tests/mod.rs:265:43
[INFO] [stdout]     |
[INFO] [stdout] 265 | fn debug_format_function(value: &[u8]) -> eros::Result<()> {
[INFO] [stdout]     |                                           ^^^^ use of unresolved module or unlinked crate `eros`
[INFO] [stdout]     |
[INFO] [stdout]     = help: if you wanted to use a crate named `eros`, use `cargo add eros` to add it to your `Cargo.toml`
[INFO] [stdout] 
[INFO] [stdout] 
[INFO] [stdout] error[E0433]: cannot find module or crate `eros` in this scope
[INFO] [stdout]    --> tests/mod.rs:279:59
[INFO] [stdout]     |
[INFO] [stdout] 279 | fn auto_display(#[fmt("{}")] name: &str, ignored: u32) -> eros::Result<()> {
[INFO] [stdout]     |                                                           ^^^^ use of unresolved module or unlinked crate `eros`
[INFO] [stdout]     |
[INFO] [stdout]     = help: if you wanted to use a crate named `eros`, use `cargo add eros` to add it to your `Cargo.toml`
[INFO] [stdout] 
[INFO] [stdout] 
[INFO] [stdout] error[E0433]: cannot find module or crate `eros` in this scope
[INFO] [stdout]    --> tests/mod.rs:295:48
[INFO] [stdout]     |
[INFO] [stdout] 295 | fn auto_debug(#[fmt("{:?}")] flags: &Flags) -> eros::Result<()> {
[INFO] [stdout]     |                                                ^^^^ use of unresolved module or unlinked crate `eros`
[INFO] [stdout]     |
[INFO] [stdout]     = help: if you wanted to use a crate named `eros`, use `cargo add eros` to add it to your `Cargo.toml`
[INFO] [stdout] 
[INFO] [stdout] 
[INFO] [stdout] error[E0433]: cannot find module or crate `eros` in this scope
[INFO] [stdout]    --> tests/mod.rs:316:6
[INFO] [stdout]     |
[INFO] [stdout] 316 | ) -> eros::Result<()> {
[INFO] [stdout]     |      ^^^^ use of unresolved module or unlinked crate `eros`
[INFO] [stdout]     |
[INFO] [stdout]     = help: if you wanted to use a crate named `eros`, use `cargo add eros` to add it to your `Cargo.toml`
[INFO] [stdout] 
[INFO] [stdout] 
[INFO] [stdout] error[E0433]: cannot find module or crate `eros` in this scope
[INFO] [stdout]    --> tests/mod.rs:337:41
[INFO] [stdout]     |
[INFO] [stdout] 337 | fn auto_ok(#[fmt("{}")] value: &str) -> eros::Result<String> {
[INFO] [stdout]     |                                         ^^^^ use of unresolved module or unlinked crate `eros`
[INFO] [stdout]     |
[INFO] [stdout]     = help: if you wanted to use a crate named `eros`, use `cargo add eros` to add it to your `Cargo.toml`
[INFO] [stdout] 
[INFO] [stdout] 
[INFO] [stdout] error[E0433]: cannot find module or crate `eros` in this scope
[INFO] [stdout]    --> tests/mod.rs:353:46
[INFO] [stdout]     |
[INFO] [stdout] 353 |     fn run(&self, #[fmt("{}")] job: &str) -> eros::Result<()> {
[INFO] [stdout]     |                                              ^^^^ use of unresolved module or unlinked crate `eros`
[INFO] [stdout]     |
[INFO] [stdout]     = help: if you wanted to use a crate named `eros`, use `cargo add eros` to add it to your `Cargo.toml`
[INFO] [stdout] 
[INFO] [stdout] 
[INFO] [stdout] error[E0433]: cannot find module or crate `eros` in this scope
[INFO] [stdout]    --> tests/mod.rs:370:53
[INFO] [stdout]     |
[INFO] [stdout] 370 | async fn auto_async(#[fmt("{}")] endpoint: &str) -> eros::Result<()> {
[INFO] [stdout]     |                                                     ^^^^ use of unresolved module or unlinked crate `eros`
[INFO] [stdout]     |
[INFO] [stdout]     = help: if you wanted to use a crate named `eros`, use `cargo add eros` to add it to your `Cargo.toml`
[INFO] [stdout] 
[INFO] [stdout] 
[INFO] [stdout] error[E0433]: cannot find module or crate `eros` in this scope
[INFO] [stdout]    --> tests/mod.rs:387:65
[INFO] [stdout]     |
[INFO] [stdout] 387 |     async fn execute(&mut self, #[fmt("{:?}")] input: &[u8]) -> eros::Result<()> {
[INFO] [stdout]     |                                                                 ^^^^ use of unresolved module or unlinked crate `eros`
[INFO] [stdout]     |
[INFO] [stdout]     = help: if you wanted to use a crate named `eros`, use `cargo add eros` to add it to your `Cargo.toml`
[INFO] [stdout] 
[INFO] [stdout] 
[INFO] [stdout] error[E0433]: cannot find module or crate `eros` in this scope
[INFO] [stdout]    --> tests/mod.rs:405:45
[INFO] [stdout]     |
[INFO] [stdout] 405 | fn owned_string_function(string: String) -> eros::Result<()> {
[INFO] [stdout]     |                                             ^^^^ use of unresolved module or unlinked crate `eros`
[INFO] [stdout]     |
[INFO] [stdout]     = help: if you wanted to use a crate named `eros`, use `cargo add eros` to add it to your `Cargo.toml`
[INFO] [stdout] 
[INFO] [stdout] 
[INFO] [stdout] error[E0433]: cannot find module or crate `eros` in this scope
[INFO] [stdout]    --> tests/mod.rs:419:35
[INFO] [stdout]     |
[INFO] [stdout] 419 |     fn returns_ok(val: String) -> eros::Result<String> {
[INFO] [stdout]     |                                   ^^^^ use of unresolved module or unlinked crate `eros`
[INFO] [stdout]     |
[INFO] [stdout]     = help: if you wanted to use a crate named `eros`, use `cargo add eros` to add it to your `Cargo.toml`
[INFO] [stdout] 
[INFO] [stdout] 
[INFO] [stdout] error[E0433]: cannot find module or crate `eros` in this scope
[INFO] [stdout]    --> tests/mod.rs:427:46
[INFO] [stdout]     |
[INFO] [stdout] 427 | fn two_owned_params(a: String, b: String) -> eros::Result<()> {
[INFO] [stdout]     |                                              ^^^^ use of unresolved module or unlinked crate `eros`
[INFO] [stdout]     |
[INFO] [stdout]     = help: if you wanted to use a crate named `eros`, use `cargo add eros` to add it to your `Cargo.toml`
[INFO] [stdout] 
[INFO] [stdout] 
[INFO] [stdout] error[E0433]: cannot find module or crate `eros` in this scope
[INFO] [stdout]    --> tests/mod.rs:440:55
[INFO] [stdout]     |
[INFO] [stdout] 440 | fn mixed_owned_and_borrowed(name: String, id: u32) -> eros::Result<()> {
[INFO] [stdout]     |                                                       ^^^^ use of unresolved module or unlinked crate `eros`
[INFO] [stdout]     |
[INFO] [stdout]     = help: if you wanted to use a crate named `eros`, use `cargo add eros` to add it to your `Cargo.toml`
[INFO] [stdout] 
[INFO] [stdout] 
[INFO] [stdout] error[E0433]: cannot find module or crate `eros` in this scope
[INFO] [stdout]    --> tests/mod.rs:452:47
[INFO] [stdout]     |
[INFO] [stdout] 452 | fn duplicate_eager_same_param(val: String) -> eros::Result<()> {
[INFO] [stdout]     |                                               ^^^^ use of unresolved module or unlinked crate `eros`
[INFO] [stdout]     |
[INFO] [stdout]     = help: if you wanted to use a crate named `eros`, use `cargo add eros` to add it to your `Cargo.toml`
[INFO] [stdout] 
[INFO] [stdout] 
[INFO] [stdout] error[E0433]: cannot find module or crate `eros` in this scope
[INFO] [stdout]    --> tests/mod.rs:464:51
[INFO] [stdout]     |
[INFO] [stdout] 464 | async fn async_owned_function(payload: String) -> eros::Result<()> {
[INFO] [stdout]     |                                                   ^^^^ use of unresolved module or unlinked crate `eros`
[INFO] [stdout]     |
[INFO] [stdout]     = help: if you wanted to use a crate named `eros`, use `cargo add eros` to add it to your `Cargo.toml`
[INFO] [stdout] 
[INFO] [stdout] 
[INFO] [stdout] error[E0433]: cannot find module or crate `eros` in this scope
[INFO] [stdout]    --> tests/mod.rs:478:37
[INFO] [stdout]     |
[INFO] [stdout] 478 |     async fn async_ok(v: String) -> eros::Result<String> {
[INFO] [stdout]     |                                     ^^^^ use of unresolved module or unlinked crate `eros`
[INFO] [stdout]     |
[INFO] [stdout]     = help: if you wanted to use a crate named `eros`, use `cargo add eros` to add it to your `Cargo.toml`
[INFO] [stdout] 
[INFO] [stdout] 
[INFO] [stdout] error[E0433]: cannot find module or crate `eros` in this scope
[INFO] [stdout]    --> tests/mod.rs:491:41
[INFO] [stdout]     |
[INFO] [stdout] 491 |     fn dispatch(&self, task: String) -> eros::Result<()> {
[INFO] [stdout]     |                                         ^^^^ use of unresolved module or unlinked crate `eros`
[INFO] [stdout]     |
[INFO] [stdout]     = help: if you wanted to use a crate named `eros`, use `cargo add eros` to add it to your `Cargo.toml`
[INFO] [stdout] 
[INFO] [stdout] 
[INFO] [stdout] error[E0433]: cannot find module or crate `eros` in this scope
[INFO] [stdout]    --> tests/mod.rs:496:44
[INFO] [stdout]     |
[INFO] [stdout] 496 |     fn dispatch_ok(&self, task: String) -> eros::Result<String> {
[INFO] [stdout]     |                                            ^^^^ use of unresolved module or unlinked crate `eros`
[INFO] [stdout]     |
[INFO] [stdout]     = help: if you wanted to use a crate named `eros`, use `cargo add eros` to add it to your `Cargo.toml`
[INFO] [stdout] 
[INFO] [stdout] 
[INFO] [stdout] error[E0433]: cannot find module or crate `eros` in this scope
[INFO] [stdout]    --> tests/mod.rs:526:43
[INFO] [stdout]     |
[INFO] [stdout] 526 |     fn write(&mut self, entry: String) -> eros::Result<()> {
[INFO] [stdout]     |                                           ^^^^ use of unresolved module or unlinked crate `eros`
[INFO] [stdout]     |
[INFO] [stdout]     = help: if you wanted to use a crate named `eros`, use `cargo add eros` to add it to your `Cargo.toml`
[INFO] [stdout] 
[INFO] [stdout] 
[INFO] [stdout] error[E0433]: cannot find module or crate `eros` in this scope
[INFO] [stdout]    --> tests/mod.rs:558:46
[INFO] [stdout]     |
[INFO] [stdout] 558 |     async fn process(&self, item: String) -> eros::Result<()> {
[INFO] [stdout]     |                                              ^^^^ use of unresolved module or unlinked crate `eros`
[INFO] [stdout]     |
[INFO] [stdout]     = help: if you wanted to use a crate named `eros`, use `cargo add eros` to add it to your `Cargo.toml`
[INFO] [stdout] 
[INFO] [stdout] 
[INFO] [stdout] error[E0433]: cannot find module or crate `eros` in this scope
[INFO] [stdout]    --> tests/mod.rs:583:36
[INFO] [stdout]     |
[INFO] [stdout] 583 | fn custom_eager_type(id: JobId) -> eros::Result<()> {
[INFO] [stdout]     |                                    ^^^^ use of unresolved module or unlinked crate `eros`
[INFO] [stdout]     |
[INFO] [stdout]     = help: if you wanted to use a crate named `eros`, use `cargo add eros` to add it to your `Cargo.toml`
[INFO] [stdout] 
[INFO] [stdout] 
[INFO] [stdout] error[E0433]: cannot find module or crate `eros` in this scope
[INFO] [stdout]    --> tests/mod.rs:595:43
[INFO] [stdout]     |
[INFO] [stdout] 595 | fn debug_eager_function(data: Vec<u8>) -> eros::Result<()> {
[INFO] [stdout]     |                                           ^^^^ use of unresolved module or unlinked crate `eros`
[INFO] [stdout]     |
[INFO] [stdout]     = help: if you wanted to use a crate named `eros`, use `cargo add eros` to add it to your `Cargo.toml`
[INFO] [stdout] 
[INFO] [stdout] 
[INFO] [stdout] error[E0433]: cannot find module or crate `eros` in this scope
[INFO] [stdout]    --> tests/mod.rs:610:6
[INFO] [stdout]     |
[INFO] [stdout] 610 | ) -> eros::Result<()> {
[INFO] [stdout]     |      ^^^^ use of unresolved module or unlinked crate `eros`
[INFO] [stdout]     |
[INFO] [stdout]     = help: if you wanted to use a crate named `eros`, use `cargo add eros` to add it to your `Cargo.toml`
[INFO] [stdout] 
[INFO] [stdout] 
[INFO] [stdout] error[E0433]: cannot find module or crate `eros` in this scope
[INFO] [stdout]    --> tests/mod.rs:624:58
[INFO] [stdout]     |
[INFO] [stdout] 624 | async fn eager_auto_async(#[fmt("{}")] value: String) -> eros::Result<String> {
[INFO] [stdout]     |                                                          ^^^^ use of unresolved module or unlinked crate `eros`
[INFO] [stdout]     |
[INFO] [stdout]     = help: if you wanted to use a crate named `eros`, use `cargo add eros` to add it to your `Cargo.toml`
[INFO] [stdout] 
[INFO] [stdout] 
[INFO] [stdout] error[E0433]: cannot find module or crate `eros` in this scope
[INFO] [stdout]    --> tests/mod.rs:639:25
[INFO] [stdout]     |
[INFO] [stdout] 639 |     fn consume(self) -> eros::Result<()> {
[INFO] [stdout]     |                         ^^^^ use of unresolved module or unlinked crate `eros`
[INFO] [stdout]     |
[INFO] [stdout]     = help: if you wanted to use a crate named `eros`, use `cargo add eros` to add it to your `Cargo.toml`
[INFO] [stdout] 
[INFO] [stdout] 
[INFO] [stdout] error[E0433]: cannot find module or crate `eros` in this scope
[INFO] [stdout]    --> tests/mod.rs:645:51
[INFO] [stdout]     |
[INFO] [stdout] 645 |     async fn replace(&mut self, input: String) -> eros::Result<()> {
[INFO] [stdout]     |                                                   ^^^^ use of unresolved module or unlinked crate `eros`
[INFO] [stdout]     |
[INFO] [stdout]     = help: if you wanted to use a crate named `eros`, use `cargo add eros` to add it to your `Cargo.toml`
[INFO] [stdout] 
[INFO] [stdout] 
[INFO] [stdout] error[E0433]: cannot find module or crate `eros` in this scope
[INFO] [stdout]    --> tests/mod.rs:651:37
[INFO] [stdout]     |
[INFO] [stdout] 651 |     async fn consume_async(self) -> eros::Result<()> {
[INFO] [stdout]     |                                     ^^^^ use of unresolved module or unlinked crate `eros`
[INFO] [stdout]     |
[INFO] [stdout]     = help: if you wanted to use a crate named `eros`, use `cargo add eros` to add it to your `Cargo.toml`
[INFO] [stdout] 
[INFO] [stdout] 
[INFO] [stdout] error[E0433]: cannot find module or crate `eros` in this scope
[INFO] [stdout]    --> tests/mod.rs:696:23
[INFO] [stdout]     |
[INFO] [stdout] 696 | fn eager_no_args() -> eros::Result<()> {
[INFO] [stdout]     |                       ^^^^ use of unresolved module or unlinked crate `eros`
[INFO] [stdout]     |
[INFO] [stdout]     = help: if you wanted to use a crate named `eros`, use `cargo add eros` to add it to your `Cargo.toml`
[INFO] [stdout] 
[INFO] [stdout] 
[INFO] [stdout] For more information about this error, try `rustc --explain E0433`.
[INFO] [stdout] 
[INFO] [stderr] error: could not compile `eros-macros` (test "mod") due to 116 previous errors
[INFO] running `Command { std: "docker" "inspect" "7b035cad5c1fb3554da02ddeb77ab83d18386bf09bc40e447984f44da52f6ba4", kill_on_drop: false }`
[INFO] running `Command { std: "docker" "rm" "-f" "7b035cad5c1fb3554da02ddeb77ab83d18386bf09bc40e447984f44da52f6ba4", kill_on_drop: false }`
[INFO] [stdout] 7b035cad5c1fb3554da02ddeb77ab83d18386bf09bc40e447984f44da52f6ba4
