[INFO] fetching crate eproj-core 0.0.2-alpha.1...
[INFO] testing eproj-core-0.0.2-alpha.1 against 1.100.0-beta.1+cargoflags=--release for beta-release-1.100-2
[INFO] extracting crate eproj-core 0.0.2-alpha.1 into /workspace/builds/worker-3-tc2/source
[INFO] started tweaking crates.io crate eproj-core 0.0.2-alpha.1
[INFO] finished tweaking crates.io crate eproj-core 0.0.2-alpha.1
[INFO] tweaked toml for crates.io crate eproj-core 0.0.2-alpha.1 written to /workspace/builds/worker-3-tc2/source/Cargo.toml
[INFO] validating manifest of crates.io crate eproj-core 0.0.2-alpha.1 on toolchain 1.100.0-beta.1
[INFO] running `Command { std: CARGO_HOME="/workspace/cargo-home" RUSTUP_HOME="/workspace/rustup-home" "/workspace/cargo-home/bin/cargo" "+1.100.0-beta.1" "metadata" "--manifest-path" "Cargo.toml" "--no-deps", kill_on_drop: false }`
[INFO] crate crates.io crate eproj-core 0.0.2-alpha.1 already has a lockfile, it will not be regenerated
[INFO] running `Command { std: CARGO_HOME="/workspace/cargo-home" RUSTUP_HOME="/workspace/rustup-home" "/workspace/cargo-home/bin/cargo" "+1.100.0-beta.1" "fetch" "--manifest-path" "Cargo.toml", kill_on_drop: false }`
[INFO] running `Command { std: "docker" "create" "-v" "/var/lib/crater-agent-workspace/builds/worker-3-tc2/source:/opt/rustwide/workdir:ro,Z" "-v" "/var/lib/crater-agent-workspace/builds/worker-3-tc2/target:/opt/rustwide/target:rw,Z" "-v" "/var/lib/crater-agent-workspace/cargo-home:/opt/rustwide/cargo-home:ro,Z" "-v" "/var/lib/crater-agent-workspace/rustup-home:/opt/rustwide/rustup-home:ro,Z" "-m" "1610612736" "--network" "none" "ghcr.io/rust-lang/crates-build-env/linux@sha256:77db811e55d90add9212f6832c23229e3de5f1c1f9905e8cb07319ea15df73ac" "sleep" "infinity", kill_on_drop: false }`
[INFO] [stdout] 968a43cd0f2dd385fdfc09af9cb8b075fd42cff6a36174aa56d0789afa27ce3a
[INFO] running `Command { std: "docker" "start" "968a43cd0f2dd385fdfc09af9cb8b075fd42cff6a36174aa56d0789afa27ce3a", kill_on_drop: false }`
[INFO] running `Command { std: "docker" "inspect" "968a43cd0f2dd385fdfc09af9cb8b075fd42cff6a36174aa56d0789afa27ce3a", kill_on_drop: false }`
[INFO] running `Command { std: "docker" "exec" "-e" "SOURCE_DIR=/opt/rustwide/workdir" "-e" "CARGO_HOME=/opt/rustwide/cargo-home" "-e" "RUSTUP_HOME=/opt/rustwide/rustup-home" "-e" "CARGO_TARGET_DIR=/opt/rustwide/target" "-w" "/opt/rustwide/workdir" "--user" "0:0" "968a43cd0f2dd385fdfc09af9cb8b075fd42cff6a36174aa56d0789afa27ce3a" "/opt/rustwide/cargo-home/bin/cargo" "+1.100.0-beta.1" "metadata" "--no-deps" "--format-version=1", kill_on_drop: false }`
[INFO] running `Command { std: "docker" "inspect" "968a43cd0f2dd385fdfc09af9cb8b075fd42cff6a36174aa56d0789afa27ce3a", kill_on_drop: false }`
[INFO] running `Command { std: "docker" "exec" "-e" "SOURCE_DIR=/opt/rustwide/workdir" "-e" "CARGO_HOME=/opt/rustwide/cargo-home" "-e" "RUSTUP_HOME=/opt/rustwide/rustup-home" "-e" "CARGO_TARGET_DIR=/opt/rustwide/target" "-e" "CARGO_INCREMENTAL=0" "-e" "RUST_BACKTRACE=full" "-e" "RUSTFLAGS=--cap-lints=warn" "-e" "RUSTDOCFLAGS=--cap-lints=warn" "-w" "/opt/rustwide/workdir" "--user" "0:0" "968a43cd0f2dd385fdfc09af9cb8b075fd42cff6a36174aa56d0789afa27ce3a" "/opt/rustwide/cargo-home/bin/cargo" "+1.100.0-beta.1" "build" "--frozen" "--message-format=json" "--release", kill_on_drop: false }`
[INFO] [stderr]    Compiling num-traits v0.2.19
[INFO] [stderr]    Compiling bitflags v2.10.0
[INFO] [stderr]    Compiling linux-raw-sys v0.11.0
[INFO] [stderr]    Compiling simd-adler32 v0.3.8
[INFO] [stderr]    Compiling adler2 v2.0.1
[INFO] [stderr]    Compiling libc v0.2.186
[INFO] [stderr]    Compiling rustix v1.1.2
[INFO] [stderr]    Compiling crc32fast v1.5.0
[INFO] [stderr]    Compiling bytemuck v1.24.0
[INFO] [stderr]    Compiling matrixmultiply v0.3.10
[INFO] [stderr]    Compiling proc-macro2 v1.0.106
[INFO] [stderr]    Compiling link-cplusplus v1.0.12
[INFO] [stderr]    Compiling libsqlite3-sys v0.35.0
[INFO] [stderr]    Compiling cmake v0.1.56
[INFO] [stderr]    Compiling typenum v1.19.0
[INFO] [stderr]    Compiling either v1.15.0
[INFO] [stderr]    Compiling miniz_oxide v0.8.9
[INFO] [stderr]    Compiling rayon v1.11.0
[INFO] [stderr]    Compiling safe_arch v0.7.4
[INFO] [stderr]    Compiling quote v1.0.45
[INFO] [stderr]    Compiling wide v0.7.33
[INFO] [stderr]    Compiling flate2 v1.1.5
[INFO] [stderr]    Compiling syn v2.0.117
[INFO] [stderr]    Compiling num-integer v0.1.46
[INFO] [stderr]    Compiling approx v0.5.1
[INFO] [stderr]    Compiling num-complex v0.4.6
[INFO] [stderr]    Compiling filetime v0.2.26
[INFO] [stderr]    Compiling num-rational v0.4.2
[INFO] [stderr]    Compiling simba v0.9.1
[INFO] [stderr]    Compiling xattr v1.6.1
[INFO] [stderr]    Compiling tar v0.4.44
[INFO] [stderr]    Compiling proj-sys v0.27.0
[INFO] [stderr]    Compiling nalgebra-macros v0.3.0
[INFO] [stderr]    Compiling thiserror-impl v2.0.18
[INFO] [stderr]    Compiling thiserror v2.0.18
[INFO] [stderr]    Compiling nalgebra v0.34.1
[INFO] [stderr] error: could not compile `nalgebra` (lib)
[INFO] [stderr] 
[INFO] [stderr] Caused by:
[INFO] [stderr]   process didn't exit successfully: `/opt/rustwide/rustup-home/toolchains/1.100.0-beta.1-x86_64-unknown-linux-gnu/bin/rustc --crate-name nalgebra --edition=2024 /opt/rustwide/cargo-home/registry/src/index.crates.io-1949cf8c6b5b557f/nalgebra-0.34.1/src/lib.rs --error-format=json --json=diagnostic-rendered-ansi,artifacts,future-incompat,unused-externs-silent --crate-type lib --emit=dep-info,metadata,link -C opt-level=3 -C embed-bitcode=no --cfg 'feature="default"' --cfg 'feature="macros"' --cfg 'feature="matrixmultiply"' --cfg 'feature="nalgebra-macros"' --cfg 'feature="std"' --check-cfg 'cfg(docsrs,test)' --check-cfg 'cfg(feature, values("alga", "alloc", "arbitrary", "bytemuck", "compare", "convert-bytemuck", "convert-glam014", "convert-glam015", "convert-glam016", "convert-glam017", "convert-glam018", "convert-glam019", "convert-glam020", "convert-glam021", "convert-glam022", "convert-glam023", "convert-glam024", "convert-glam025", "convert-glam027", "convert-glam028", "convert-glam029", "convert-glam030", "convert-mint", "debug", "default", "defmt", "encase", "glam014", "glam015", "glam016", "glam017", "glam018", "glam019", "glam020", "glam021", "glam022", "glam023", "glam024", "glam025", "glam027", "glam028", "glam029", "glam030", "io", "libm", "libm-force", "macros", "matrixcompare-core", "matrixmultiply", "mint", "nalgebra-macros", "pest", "pest_derive", "proptest", "proptest-support", "quickcheck", "rand", "rand-no-std", "rand-package", "rand_distr", "rayon", "rkyv", "rkyv-safe-deser", "rkyv-serialize", "rkyv-serialize-no-std", "serde", "serde-serialize", "serde-serialize-no-std", "slow-tests", "sparse", "std"))' -C metadata=683f2e30b06edce8 -C extra-filename=-0003d22be1f25513 --out-dir /opt/rustwide/target/release/build/nalgebra/0003d22be1f25513/out -C strip=debuginfo -L dependency=/opt/rustwide/target/release/build/approx/98c98d1263f3435c/out -L dependency=/opt/rustwide/target/release/build/bytemuck/bd43cdb84c0f55fb/out -L dependency=/opt/rustwide/target/release/build/num-complex/5d2eb0d3ccfd2db7/out -L dependency=/opt/rustwide/target/release/build/num-integer/aa5dfb5761eaa996/out -L dependency=/opt/rustwide/target/release/build/num-traits/af66b93df6dcecf9/out -L dependency=/opt/rustwide/target/release/build/paste/f83aa068d9b8e545/out -L dependency=/opt/rustwide/target/release/build/rawpointer/e637704b8109ab79/out -L dependency=/opt/rustwide/target/release/build/safe_arch/9d9a80b1106ac083/out -L dependency=/opt/rustwide/target/release/build/wide/58054b364004c0a7/out --extern approx=/opt/rustwide/target/release/build/approx/98c98d1263f3435c/out/libapprox-98c98d1263f3435c.rmeta --extern matrixmultiply=/opt/rustwide/target/release/build/matrixmultiply/9eef249faf523e93/out/libmatrixmultiply-9eef249faf523e93.rmeta --extern nalgebra_macros=/opt/rustwide/target/release/build/nalgebra-macros/e0d6dc39e82358fe/out/libnalgebra_macros-e0d6dc39e82358fe.so --extern num_complex=/opt/rustwide/target/release/build/num-complex/5d2eb0d3ccfd2db7/out/libnum_complex-5d2eb0d3ccfd2db7.rmeta --extern num_rational=/opt/rustwide/target/release/build/num-rational/740c65e68365aca2/out/libnum_rational-740c65e68365aca2.rmeta --extern num_traits=/opt/rustwide/target/release/build/num-traits/af66b93df6dcecf9/out/libnum_traits-af66b93df6dcecf9.rmeta --extern simba=/opt/rustwide/target/release/build/simba/75aa9ea77398b519/out/libsimba-75aa9ea77398b519.rmeta --extern typenum=/opt/rustwide/target/release/build/typenum/8462ab9534e178f5/out/libtypenum-8462ab9534e178f5.rmeta --cap-lints allow --cap-lints=warn --force-warn=unused_crate_dependencies` (signal: 9, SIGKILL: kill)
[INFO] [stderr] warning: build failed, waiting for other jobs to finish...
[INFO] [stderr] error: failed to run custom build command for `proj-sys v0.27.0`
[INFO] [stderr] note: To improve backtraces for build dependencies, set the CARGO_PROFILE_RELEASE_BUILD_OVERRIDE_DEBUG=true environment variable to enable debug information generation.
[INFO] [stderr] 
[INFO] [stderr] Caused by:
[INFO] [stderr]   process didn't exit successfully: `/opt/rustwide/target/release/build/proj-sys/0e6fb2a40038358a/out/build_script_build` (exit status: 101)
[INFO] [stderr]   --- stdout
[INFO] [stderr]   cargo:rustc-cfg=bundled_build
[INFO] [stderr]   CMAKE_TOOLCHAIN_FILE_x86_64-unknown-linux-gnu = None
[INFO] [stderr]   CMAKE_TOOLCHAIN_FILE_x86_64_unknown_linux_gnu = None
[INFO] [stderr]   HOST_CMAKE_TOOLCHAIN_FILE = None
[INFO] [stderr]   CMAKE_TOOLCHAIN_FILE = None
[INFO] [stderr]   CMAKE_GENERATOR_x86_64-unknown-linux-gnu = None
[INFO] [stderr]   CMAKE_GENERATOR_x86_64_unknown_linux_gnu = None
[INFO] [stderr]   HOST_CMAKE_GENERATOR = None
[INFO] [stderr]   CMAKE_GENERATOR = None
[INFO] [stderr]   CMAKE_PREFIX_PATH_x86_64-unknown-linux-gnu = None
[INFO] [stderr]   CMAKE_PREFIX_PATH_x86_64_unknown_linux_gnu = None
[INFO] [stderr]   HOST_CMAKE_PREFIX_PATH = None
[INFO] [stderr]   CMAKE_PREFIX_PATH = None
[INFO] [stderr]   CMAKE_x86_64-unknown-linux-gnu = None
[INFO] [stderr]   CMAKE_x86_64_unknown_linux_gnu = None
[INFO] [stderr]   HOST_CMAKE = None
[INFO] [stderr]   CMAKE = None
[INFO] [stderr]   -- The C compiler identification is GNU 15.2.0
[INFO] [stderr]   -- The CXX compiler identification is GNU 15.2.0
[INFO] [stderr]   -- Detecting C compiler ABI info
[INFO] [stderr]   -- Detecting C compiler ABI info - done
[INFO] [stderr]   -- Check for working C compiler: /usr/bin/cc - skipped
[INFO] [stderr]   -- Detecting C compile features
[INFO] [stderr]   -- Detecting C compile features - done
[INFO] [stderr]   -- Detecting CXX compiler ABI info
[INFO] [stderr]   -- Detecting CXX compiler ABI info - done
[INFO] [stderr]   -- Check for working CXX compiler: /usr/bin/c++ - skipped
[INFO] [stderr]   -- Detecting CXX compile features
[INFO] [stderr]   -- Detecting CXX compile features - done
[INFO] [stderr]   -- Requiring C++17
[INFO] [stderr]   -- Requiring C++17 - done
[INFO] [stderr]   -- Requiring C99
[INFO] [stderr]   -- Requiring C99 - done
[INFO] [stderr]   -- Configuring PROJ:
[INFO] [stderr]   -- PROJ_VERSION                   = 9.6.2
[INFO] [stderr]   -- Looking for localeconv
[INFO] [stderr]   -- Looking for localeconv - found
[INFO] [stderr]   -- Looking for strerror
[INFO] [stderr]   -- Looking for strerror - found
[INFO] [stderr]   -- Looking for dladdr in dl
[INFO] [stderr]   -- Looking for dladdr in dl - found
[INFO] [stderr]   -- Looking for exp in m
[INFO] [stderr]   -- Looking for exp in m - found
[INFO] [stderr]   -- nlohmann/json: internal
[INFO] [stderr]   -- Found SQLite3: /usr/lib/x86_64-linux-gnu/libsqlite3.so (found version "3.46.1")
[INFO] [stderr]   -- Performing Test CMAKE_HAVE_LIBC_PTHREAD
[INFO] [stderr]   -- Performing Test CMAKE_HAVE_LIBC_PTHREAD - Success
[INFO] [stderr]   -- Found Threads: TRUE
[INFO] [stderr]   -- Testing disabled
[INFO] [stderr]   -- Performing Test _TEST_SHARP_EMBED
[INFO] [stderr]   -- Performing Test _TEST_SHARP_EMBED - Success
[INFO] [stderr]   -- Configuring proj library:
[INFO] [stderr]   -- ENABLE_IPO                     = OFF
[INFO] [stderr]   -- Embedding proj.ini
[INFO] [stderr]   -- Embedding world
[INFO] [stderr]   -- Embedding other.extra
[INFO] [stderr]   -- Embedding nad27
[INFO] [stderr]   -- Embedding GL27
[INFO] [stderr]   -- Embedding nad83
[INFO] [stderr]   -- Embedding nad.lst
[INFO] [stderr]   -- Embedding CH
[INFO] [stderr]   -- Embedding ITRF2000
[INFO] [stderr]   -- Embedding ITRF2008
[INFO] [stderr]   -- Embedding ITRF2014
[INFO] [stderr]   -- Embedding ITRF2020
[INFO] [stderr]   -- PROJ_OUTPUT_NAME               = proj
[INFO] [stderr]   -- BUILD_SHARED_LIBS              = OFF
[INFO] [stderr]   -- PROJ_LIBRARIES                 = proj
[INFO] [stderr]   -- PROJ: Configured 'dist' target
[INFO] [stderr]   -- EMBED_RESOURCE_FILES=ON
[INFO] [stderr]   -- Configuring done (3.9s)
[INFO] [stderr]   -- Generating done (0.1s)
[INFO] [stderr]   -- Build files have been written to: /opt/rustwide/target/release/build/proj-sys/c70b54f75594ec03/out/build
[INFO] [stderr]   [  0%] Built target check_wkt1_grammar_md5
[INFO] [stderr]   [  0%] Generating proj.db
[INFO] [stderr]   [  0%] Built target check_wkt2_grammar_md5
[INFO] [stderr]   [  0%] Built target generate_proj_db
[INFO] [stderr]   [  1%] Generating file_embed/nad27.c
[INFO] [stderr]   [  1%] Generating file_embed/ITRF2000.c
[INFO] [stderr]   [  1%] Generating file_embed/nad_lst.c
[INFO] [stderr]   [  1%] Generating file_embed/world.c
[INFO] [stderr]   [  1%] Generating file_embed/GL27.c
[INFO] [stderr]   [  1%] Generating file_embed/other_extra.c
[INFO] [stderr]   [  1%] Generating file_embed/ITRF2008.c
[INFO] [stderr]   [  2%] Generating file_embed/nad83.c
[INFO] [stderr]   [  3%] Generating file_embed/ITRF2014.c
[INFO] [stderr]   [  4%] Generating file_embed/proj_ini.c
[INFO] [stderr]   [  5%] Generating file_embed/CH.c
[INFO] [stderr]   [  5%] Generating file_embed/ITRF2020.c
[INFO] [stderr]   [  6%] Building C object src/CMakeFiles/proj_resources.dir/embedded_resources.c.o
[INFO] [stderr]   [  6%] Building C object src/CMakeFiles/proj_resources.dir/file_embed/world.c.o
[INFO] [stderr]   [  6%] Building C object src/CMakeFiles/proj_resources.dir/file_embed/ITRF2000.c.o
[INFO] [stderr]   [  6%] Building C object src/CMakeFiles/proj_resources.dir/file_embed/proj_ini.c.o
[INFO] [stderr]   [  6%] Building C object src/CMakeFiles/proj_resources.dir/file_embed/nad_lst.c.o
[INFO] [stderr]   [  7%] Building C object src/CMakeFiles/proj_resources.dir/file_embed/CH.c.o
[INFO] [stderr]   [  8%] Building C object src/CMakeFiles/proj_resources.dir/file_embed/ITRF2008.c.o
[INFO] [stderr]   [  8%] Building C object src/CMakeFiles/proj_resources.dir/file_embed/nad27.c.o
[INFO] [stderr]   [  9%] Building C object src/CMakeFiles/proj_resources.dir/file_embed/other_extra.c.o
[INFO] [stderr]   [ 10%] Building C object src/CMakeFiles/proj_resources.dir/file_embed/ITRF2020.c.o
[INFO] [stderr]   [ 10%] Building C object src/CMakeFiles/proj_resources.dir/file_embed/nad83.c.o
[INFO] [stderr]   [ 11%] Building C object src/CMakeFiles/proj_resources.dir/file_embed/GL27.c.o
[INFO] [stderr]   [ 11%] Building C object src/CMakeFiles/proj_resources.dir/file_embed/ITRF2014.c.o
[INFO] [stderr]   [ 11%] Built target proj_resources
[INFO] [stderr]   [ 11%] Building CXX object src/CMakeFiles/proj.dir/coord_operation.cpp.o
[INFO] [stderr]   [ 12%] Building CXX object src/CMakeFiles/proj.dir/auth.cpp.o
[INFO] [stderr]   [ 13%] Building CXX object src/CMakeFiles/proj.dir/adjlon.cpp.o
[INFO] [stderr]   [ 14%] Building CXX object src/CMakeFiles/proj.dir/create.cpp.o
[INFO] [stderr]   [ 14%] Building CXX object src/CMakeFiles/proj.dir/aasincos.cpp.o
[INFO] [stderr]   [ 14%] Building CXX object src/CMakeFiles/proj.dir/coordinates.cpp.o
[INFO] [stderr]   [ 15%] Building CXX object src/CMakeFiles/proj.dir/deriv.cpp.o
[INFO] [stderr]   [ 15%] Building CXX object src/CMakeFiles/proj.dir/area.cpp.o
[INFO] [stderr]   [ 15%] Building CXX object src/CMakeFiles/proj.dir/datums.cpp.o
[INFO] [stderr]   [ 15%] Building CXX object src/CMakeFiles/proj.dir/crs_to_crs.cpp.o
[INFO] [stderr]   [ 15%] Building CXX object src/CMakeFiles/proj.dir/ell_set.cpp.o
[INFO] [stderr]   [ 16%] Building CXX object src/CMakeFiles/proj.dir/dmstor.cpp.o
[INFO] [stderr]   [ 16%] Building CXX object src/CMakeFiles/proj.dir/datum_set.cpp.o
[INFO] [stderr]   [ 16%] Building CXX object src/CMakeFiles/proj.dir/dist.cpp.o
[INFO] [stderr]   [ 17%] Building CXX object src/CMakeFiles/proj.dir/ctx.cpp.o
[INFO] [stderr] 
[INFO] [stderr]   --- stderr
[INFO] [stderr]   feature flags specified source build
[INFO] [stderr]   building libproj from source
[INFO] [stderr]   disabling tiff support
[INFO] [stderr]   running: cd "/opt/rustwide/target/release/build/proj-sys/c70b54f75594ec03/out/build" && CMAKE_PREFIX_PATH="" LC_ALL="C" "cmake" "/opt/rustwide/target/release/build/proj-sys/c70b54f75594ec03/out/PROJSRC/proj/proj-9.6.2" "-B" "/opt/rustwide/target/release/build/proj-sys/c70b54f75594ec03/out/build" "-DBUILD_SHARED_LIBS=OFF" "-DBUILD_TESTING=OFF" "-DBUILD_CCT=OFF" "-DBUILD_CS2CS=OFF" "-DBUILD_GEOD=OFF" "-DBUILD_GIE=OFF" "-DBUILD_PROJ=OFF" "-DBUILD_PROJINFO=OFF" "-DBUILD_PROJSYNC=OFF" "-DENABLE_CURL=OFF" "-DENABLE_TIFF=OFF" "-DCMAKE_INSTALL_PREFIX=/opt/rustwide/target/release/build/proj-sys/c70b54f75594ec03/out" "-DCMAKE_C_FLAGS= -ffunction-sections -fdata-sections -fPIC -m64" "-DCMAKE_C_COMPILER=/usr/bin/cc" "-DCMAKE_CXX_FLAGS= -ffunction-sections -fdata-sections -fPIC -m64" "-DCMAKE_CXX_COMPILER=/usr/bin/c++" "-DCMAKE_ASM_FLAGS= -ffunction-sections -fdata-sections -fPIC -m64" "-DCMAKE_ASM_COMPILER=/usr/bin/cc" "-DCMAKE_BUILD_TYPE=Release"
[INFO] [stderr]   CMake Warning at CMakeLists.txt:248 (message):
[INFO] [stderr]     TIFF support is not enabled and will result in the inability to read some
[INFO] [stderr]     grids
[INFO] [stderr] 
[INFO] [stderr] 
[INFO] [stderr]   CMake Warning:
[INFO] [stderr]     Manually-specified variables were not used by the project:
[INFO] [stderr] 
[INFO] [stderr]       CMAKE_ASM_COMPILER
[INFO] [stderr]       CMAKE_ASM_FLAGS
[INFO] [stderr] 
[INFO] [stderr] 
[INFO] [stderr]   running: cd "/opt/rustwide/target/release/build/proj-sys/c70b54f75594ec03/out/build" && LC_ALL="C" MAKEFLAGS="-j --jobserver-fds=4,5 --jobserver-auth=4,5" "cmake" "--build" "/opt/rustwide/target/release/build/proj-sys/c70b54f75594ec03/out/build" "--target" "install" "--config" "Release"
[INFO] [stderr]   c++: fatal error: Killed signal terminated program cc1plus
[INFO] [stderr]   compilation terminated.
[INFO] [stderr]   gmake[2]: *** [src/CMakeFiles/proj.dir/build.make:205: src/CMakeFiles/proj.dir/datum_set.cpp.o] Error 1
[INFO] [stderr]   gmake[2]: *** Waiting for unfinished jobs....
[INFO] [stderr]   c++: fatal error: Killed signal terminated program cc1plus
[INFO] [stderr]   compilation terminated.
[INFO] [stderr]   gmake[2]: *** [src/CMakeFiles/proj.dir/build.make:219: src/CMakeFiles/proj.dir/datums.cpp.o] Error 1
[INFO] [stderr]   c++: fatal error: Killed signal terminated program cc1plus
[INFO] [stderr]   compilation terminated.
[INFO] [stderr]   gmake[2]: *** [src/CMakeFiles/proj.dir/build.make:233: src/CMakeFiles/proj.dir/deriv.cpp.o] Error 1
[INFO] [stderr]   c++: fatal error: Killed signal terminated program cc1plus
[INFO] [stderr]   compilation terminated.
[INFO] [stderr]   gmake[2]: *** [src/CMakeFiles/proj.dir/build.make:93: src/CMakeFiles/proj.dir/adjlon.cpp.o] Error 1
[INFO] [stderr]   c++: fatal error: Killed signal terminated program cc1plus
[INFO] [stderr]   compilation terminated.
[INFO] [stderr]   gmake[2]: *** [src/CMakeFiles/proj.dir/build.make:135: src/CMakeFiles/proj.dir/coord_operation.cpp.o] Error 1
[INFO] [stderr]   c++: fatal error: Killed signal terminated program cc1plus
[INFO] [stderr]   compilation terminated.
[INFO] [stderr]   gmake[2]: *** [src/CMakeFiles/proj.dir/build.make:191: src/CMakeFiles/proj.dir/ctx.cpp.o] Error 1
[INFO] [stderr]   gmake[1]: *** [CMakeFiles/Makefile2:499: src/CMakeFiles/proj.dir/all] Error 2
[INFO] [stderr]   gmake: *** [Makefile:156: all] Error 2
[INFO] [stderr] 
[INFO] [stderr]   thread 'main' (557) panicked at /opt/rustwide/cargo-home/registry/src/index.crates.io-1949cf8c6b5b557f/cmake-0.1.56/src/lib.rs:1129:5:
[INFO] [stderr] 
[INFO] [stderr]   command did not execute successfully, got: exit status: 2
[INFO] [stderr] 
[INFO] [stderr]   build script failed, must exit now
[INFO] [stderr]   stack backtrace:
[INFO] [stderr]      0:     0x5b2c46b4e381 - <<std[617be2ca0a6fd877]::sys::backtrace::BacktraceLock>::print::DisplayBacktrace as core[a373ad73a504971]::fmt::Display>::fmt
[INFO] [stderr]      1:     0x5b2c46b62f6a - core[a373ad73a504971]::fmt::write
[INFO] [stderr]      2:     0x5b2c46b53d5c - <std[617be2ca0a6fd877]::sys::stdio::unix::Stderr as core[a373ad73a504971]::io::write::Write>::write_fmt
[INFO] [stderr]      3:     0x5b2c46b2c9e6 - std[617be2ca0a6fd877]::panicking::default_hook::{closure#0}
[INFO] [stderr]      4:     0x5b2c46b48a91 - std[617be2ca0a6fd877]::panicking::default_hook
[INFO] [stderr]      5:     0x5b2c46b48c4b - std[617be2ca0a6fd877]::panicking::panic_with_hook
[INFO] [stderr]      6:     0x5b2c46b2ca92 - std[617be2ca0a6fd877]::panicking::panic_handler::{closure#0}
[INFO] [stderr]      7:     0x5b2c46b25639 - std[617be2ca0a6fd877]::sys::backtrace::__rust_end_short_backtrace::<std[617be2ca0a6fd877]::panicking::panic_handler::{closure#0}, !>
[INFO] [stderr]      8:     0x5b2c46b2d51d - __rustc[ea4f61d10b84890b]::rust_begin_unwind
[INFO] [stderr]      9:     0x5b2c46b636dc - core[a373ad73a504971]::panicking::panic_fmt
[INFO] [stderr]     10:     0x5b2c46a88c97 - cmake[a0058aa98ee32940]::fail
[INFO] [stderr]     11:     0x5b2c46a88923 - cmake[a0058aa98ee32940]::run
[INFO] [stderr]     12:     0x5b2c46a8e8c5 - <cmake[a0058aa98ee32940]::Config>::build
[INFO] [stderr]     13:     0x5b2c46a78c3f - build_script_build[bd448f2630289d3f]::build_from_source
[INFO] [stderr]     14:     0x5b2c46a793bb - build_script_build[bd448f2630289d3f]::main
[INFO] [stderr]     15:     0x5b2c46a7c063 - <fn() -> core[a373ad73a504971]::result::Result<(), alloc[2e1b2a31b91974c5]::boxed::Box<dyn core[a373ad73a504971]::error::Error>> as core[a373ad73a504971]::ops::function::FnOnce<()>>::call_once
[INFO] [stderr]     16:     0x5b2c46a77b7e - std[617be2ca0a6fd877]::sys::backtrace::__rust_begin_short_backtrace::<fn() -> core[a373ad73a504971]::result::Result<(), alloc[2e1b2a31b91974c5]::boxed::Box<dyn core[a373ad73a504971]::error::Error>>, core[a373ad73a504971]::result::Result<(), alloc[2e1b2a31b91974c5]::boxed::Box<dyn core[a373ad73a504971]::error::Error>>>
[INFO] [stderr]     17:     0x5b2c46a77e59 - std[617be2ca0a6fd877]::rt::lang_start::<core[a373ad73a504971]::result::Result<(), alloc[2e1b2a31b91974c5]::boxed::Box<dyn core[a373ad73a504971]::error::Error>>>::{closure#0}
[INFO] [stderr]     18:     0x5b2c46b47d98 - std[617be2ca0a6fd877]::rt::lang_start_internal
[INFO] [stderr]     19:     0x5b2c46a75e81 - std[617be2ca0a6fd877]::rt::lang_start::<core[a373ad73a504971]::result::Result<(), alloc[2e1b2a31b91974c5]::boxed::Box<dyn core[a373ad73a504971]::error::Error>>>
[INFO] [stderr]     20:     0x5b2c46a7c175 - main
[INFO] [stderr]     21:     0x7858acb59601 - <unknown>
[INFO] [stderr]     22:     0x7858acb59718 - __libc_start_main
[INFO] [stderr]     23:     0x5b2c46a73f25 - _start
[INFO] [stderr]     24:                0x0 - <unknown>
[INFO] running `Command { std: "docker" "inspect" "968a43cd0f2dd385fdfc09af9cb8b075fd42cff6a36174aa56d0789afa27ce3a", kill_on_drop: false }`
[INFO] running `Command { std: "docker" "rm" "-f" "968a43cd0f2dd385fdfc09af9cb8b075fd42cff6a36174aa56d0789afa27ce3a", kill_on_drop: false }`
[INFO] [stdout] 968a43cd0f2dd385fdfc09af9cb8b075fd42cff6a36174aa56d0789afa27ce3a
