[INFO] fetching crate epics_gen 0.2.2...
[INFO] testing epics_gen-0.2.2 against 1.100.0-beta.1+cargoflags=--release for beta-release-1.100-2
[INFO] extracting crate epics_gen 0.2.2 into /workspace/builds/worker-0-tc2/source
[INFO] started tweaking crates.io crate epics_gen 0.2.2
[INFO] removed 0 missing tests
[INFO] finished tweaking crates.io crate epics_gen 0.2.2
[INFO] tweaked toml for crates.io crate epics_gen 0.2.2 written to /workspace/builds/worker-0-tc2/source/Cargo.toml
[INFO] validating manifest of crates.io crate epics_gen 0.2.2 on toolchain 1.100.0-beta.1
[INFO] running `Command { std: CARGO_HOME="/workspace/cargo-home" RUSTUP_HOME="/workspace/rustup-home" "/workspace/cargo-home/bin/cargo" "+1.100.0-beta.1" "metadata" "--manifest-path" "Cargo.toml" "--no-deps", kill_on_drop: false }`
[INFO] running `Command { std: CARGO_HOME="/workspace/cargo-home" RUSTUP_HOME="/workspace/rustup-home" "/workspace/cargo-home/bin/cargo" "+1.100.0-beta.1" "generate-lockfile" "--manifest-path" "Cargo.toml", kill_on_drop: false }`
[INFO] [stderr]     Updating crates.io index
[INFO] [stderr]      Locking 43 packages to highest compatible versions
[INFO] [stderr]       Adding calamine v0.26.1 (available: v0.36.1)
[INFO] [stderr]       Adding strum v0.26.3 (available: v0.28.0)
[INFO] [stderr]       Adding strum_macros v0.26.4 (available: v0.28.0)
[INFO] running `Command { std: CARGO_HOME="/workspace/cargo-home" RUSTUP_HOME="/workspace/rustup-home" "/workspace/cargo-home/bin/cargo" "+1.100.0-beta.1" "fetch" "--manifest-path" "Cargo.toml", kill_on_drop: false }`
[INFO] [stderr] warning: `package.homepage` is redundant with `package.repository`
[INFO] [stderr]   --> Cargo.toml:36:12
[INFO] [stderr]    |
[INFO] [stderr] 36 | homepage = "https://github.com/wtup/epics-gen"
[INFO] [stderr]    |            ^^^^^^^^^^^^^^^^^^^^^^^^^^^^^^^^^^^
[INFO] [stderr] ...
[INFO] [stderr] 41 | repository = "https://github.com/wtup/epics-gen"
[INFO] [stderr]    |              -----------------------------------
[INFO] [stderr]    |
[INFO] [stderr]    = note: `cargo::redundant_homepage` is set to `warn` by default
[INFO] [stderr] help: consider removing `package.homepage`
[INFO] [stderr] warning: `epics_gen` (manifest) generated 1 warning
[INFO] running `Command { std: "docker" "create" "-v" "/var/lib/crater-agent-workspace/builds/worker-0-tc2/source:/opt/rustwide/workdir:ro,Z" "-v" "/var/lib/crater-agent-workspace/builds/worker-0-tc2/target:/opt/rustwide/target:rw,Z" "-v" "/var/lib/crater-agent-workspace/cargo-home:/opt/rustwide/cargo-home:ro,Z" "-v" "/var/lib/crater-agent-workspace/rustup-home:/opt/rustwide/rustup-home:ro,Z" "-m" "1610612736" "--network" "none" "ghcr.io/rust-lang/crates-build-env/linux@sha256:77db811e55d90add9212f6832c23229e3de5f1c1f9905e8cb07319ea15df73ac" "sleep" "infinity", kill_on_drop: false }`
[INFO] [stdout] 6f108b5aacf2db313b00a51bd751069631affd0db61d2cf92175b9d55c5994fd
[INFO] running `Command { std: "docker" "start" "6f108b5aacf2db313b00a51bd751069631affd0db61d2cf92175b9d55c5994fd", kill_on_drop: false }`
[INFO] running `Command { std: "docker" "inspect" "6f108b5aacf2db313b00a51bd751069631affd0db61d2cf92175b9d55c5994fd", kill_on_drop: false }`
[INFO] running `Command { std: "docker" "exec" "-e" "SOURCE_DIR=/opt/rustwide/workdir" "-e" "CARGO_HOME=/opt/rustwide/cargo-home" "-e" "RUSTUP_HOME=/opt/rustwide/rustup-home" "-e" "CARGO_TARGET_DIR=/opt/rustwide/target" "-w" "/opt/rustwide/workdir" "--user" "0:0" "6f108b5aacf2db313b00a51bd751069631affd0db61d2cf92175b9d55c5994fd" "/opt/rustwide/cargo-home/bin/cargo" "+1.100.0-beta.1" "metadata" "--no-deps" "--format-version=1", kill_on_drop: false }`
[INFO] running `Command { std: "docker" "inspect" "6f108b5aacf2db313b00a51bd751069631affd0db61d2cf92175b9d55c5994fd", kill_on_drop: false }`
[INFO] running `Command { std: "docker" "exec" "-e" "SOURCE_DIR=/opt/rustwide/workdir" "-e" "CARGO_HOME=/opt/rustwide/cargo-home" "-e" "RUSTUP_HOME=/opt/rustwide/rustup-home" "-e" "CARGO_TARGET_DIR=/opt/rustwide/target" "-e" "CARGO_INCREMENTAL=0" "-e" "RUST_BACKTRACE=full" "-e" "RUSTFLAGS=--cap-lints=warn" "-e" "RUSTDOCFLAGS=--cap-lints=warn" "-w" "/opt/rustwide/workdir" "--user" "0:0" "6f108b5aacf2db313b00a51bd751069631affd0db61d2cf92175b9d55c5994fd" "/opt/rustwide/cargo-home/bin/cargo" "+1.100.0-beta.1" "build" "--frozen" "--message-format=json" "--release", kill_on_drop: false }`
[INFO] [stderr] warning: `package.homepage` is redundant with `package.repository`
[INFO] [stderr]   --> Cargo.toml:36:12
[INFO] [stderr]    |
[INFO] [stderr] 36 | homepage = "https://github.com/wtup/epics-gen"
[INFO] [stderr]    |            ^^^^^^^^^^^^^^^^^^^^^^^^^^^^^^^^^^^
[INFO] [stderr] ...
[INFO] [stderr] 41 | repository = "https://github.com/wtup/epics-gen"
[INFO] [stderr]    |              -----------------------------------
[INFO] [stderr]    |
[INFO] [stderr]    = note: `cargo::redundant_homepage` is set to `warn` by default
[INFO] [stderr] help: consider removing `package.homepage`
[INFO] [stderr] warning: `epics_gen` (manifest) generated 1 warning
[INFO] [stderr]    Compiling cfg-if v1.0.5
[INFO] [stderr]    Compiling crc32fast v1.5.2
[INFO] [stderr]    Compiling simd-adler32 v0.3.10
[INFO] [stderr]    Compiling core_detect v1.0.0
[INFO] [stderr]    Compiling multiversion_no_op v1.0.0
[INFO] [stderr]    Compiling encoding_rs v0.8.42
[INFO] [stderr]    Compiling serde_core v1.0.229
[INFO] [stderr]    Compiling simdutf8 v0.1.5
[INFO] [stderr]    Compiling log v0.4.34
[INFO] [stderr]    Compiling equivalent v1.0.3
[INFO] [stderr]    Compiling zip v2.6.1
[INFO] [stderr]    Compiling indexmap v2.14.2
[INFO] [stderr]    Compiling regex-automata v0.4.18
[INFO] [stderr]    Compiling miniz_oxide v0.9.1
[INFO] [stderr]    Compiling syn v2.0.119
[INFO] [stderr]    Compiling zopfli v0.8.4
[INFO] [stderr]    Compiling flate2 v1.1.10
[INFO] [stderr]    Compiling codepage v0.1.3
[INFO] [stderr]    Compiling quick-xml v0.31.0
[INFO] [stderr]    Compiling serde v1.0.229
[INFO] [stderr]    Compiling regex v1.13.1
[INFO] [stderr]    Compiling epics_gen_macros v0.2.2
[INFO] [stderr]    Compiling calamine v0.26.1
[INFO] [stdout] error[E0107]: struct takes 1 generic argument but 0 generic arguments were supplied
[INFO] [stdout]    --> /opt/rustwide/cargo-home/registry/src/index.crates.io-1949cf8c6b5b557f/calamine-0.26.1/src/xlsb/mod.rs:603:18
[INFO] [stdout]     |
[INFO] [stdout] 603 |     r: BufReader<ZipFile<'a>>,
[INFO] [stdout]     |                  ^^^^^^^ expected 1 generic argument
[INFO] [stdout]     |
[INFO] [stdout] note: struct defined here, with 1 generic parameter: `R`
[INFO] [stdout]    --> /opt/rustwide/cargo-home/registry/src/index.crates.io-1949cf8c6b5b557f/zip-2.6.1/src/read.rs:252:12
[INFO] [stdout]     |
[INFO] [stdout] 252 | pub struct ZipFile<'a, R: Read> {
[INFO] [stdout]     |            ^^^^^^^     -
[INFO] [stdout] help: add missing generic argument
[INFO] [stdout]     |
[INFO] [stdout] 603 |     r: BufReader<ZipFile<'a, R>>,
[INFO] [stdout]     |                            +++
[INFO] [stdout] 
[INFO] [stdout] 
[INFO] [stdout] error[E0107]: struct takes 1 generic argument but 0 generic arguments were supplied
[INFO] [stdout]    --> /opt/rustwide/cargo-home/registry/src/index.crates.io-1949cf8c6b5b557f/calamine-0.26.1/src/xlsx/mod.rs:26:52
[INFO] [stdout]     |
[INFO] [stdout]  26 | pub(crate) type XlReader<'a> = XmlReader<BufReader<ZipFile<'a>>>;
[INFO] [stdout]     |                                                    ^^^^^^^ expected 1 generic argument
[INFO] [stdout]     |
[INFO] [stdout] note: struct defined here, with 1 generic parameter: `R`
[INFO] [stdout]    --> /opt/rustwide/cargo-home/registry/src/index.crates.io-1949cf8c6b5b557f/zip-2.6.1/src/read.rs:252:12
[INFO] [stdout]     |
[INFO] [stdout] 252 | pub struct ZipFile<'a, R: Read> {
[INFO] [stdout]     |            ^^^^^^^     -
[INFO] [stdout] help: add missing generic argument
[INFO] [stdout]     |
[INFO] [stdout]  26 | pub(crate) type XlReader<'a> = XmlReader<BufReader<ZipFile<'a, R>>>;
[INFO] [stdout]     |                                                              +++
[INFO] [stdout] 
[INFO] [stdout] 
[INFO] [stdout] error[E0107]: struct takes 1 generic argument but 0 generic arguments were supplied
[INFO] [stdout]    --> /opt/rustwide/cargo-home/registry/src/index.crates.io-1949cf8c6b5b557f/calamine-0.26.1/src/ods.rs:24:42
[INFO] [stdout]     |
[INFO] [stdout]  24 | type OdsReader<'a> = XmlReader<BufReader<ZipFile<'a>>>;
[INFO] [stdout]     |                                          ^^^^^^^ expected 1 generic argument
[INFO] [stdout]     |
[INFO] [stdout] note: struct defined here, with 1 generic parameter: `R`
[INFO] [stdout]    --> /opt/rustwide/cargo-home/registry/src/index.crates.io-1949cf8c6b5b557f/zip-2.6.1/src/read.rs:252:12
[INFO] [stdout]     |
[INFO] [stdout] 252 | pub struct ZipFile<'a, R: Read> {
[INFO] [stdout]     |            ^^^^^^^     -
[INFO] [stdout] help: add missing generic argument
[INFO] [stdout]     |
[INFO] [stdout]  24 | type OdsReader<'a> = XmlReader<BufReader<ZipFile<'a, R>>>;
[INFO] [stdout]     |                                                    +++
[INFO] [stdout] 
[INFO] [stdout] 
[INFO] [stdout] error[E0599]: no method named `read_event_into` found for type `!` in the current scope
[INFO] [stdout]    --> /opt/rustwide/cargo-home/registry/src/index.crates.io-1949cf8c6b5b557f/calamine-0.26.1/src/xlsx/mod.rs:827:27
[INFO] [stdout]     |
[INFO] [stdout] 827 |                 match xml.read_event_into(&mut buffer) {
[INFO] [stdout]     |                           ^^^^^^^^^^^^^^^ method not found in `!`
[INFO] [stdout] 
[INFO] [stdout] 
[INFO] [stdout] Some errors have detailed explanations: E0107, E0599.
[INFO] [stdout] 
[INFO] [stdout] For more information about an error, try `rustc --explain E0107`.
[INFO] [stdout] 
[INFO] [stderr] error: could not compile `calamine` (lib) due to 4 previous errors; 1 warning emitted
[INFO] [stderr] warning: build failed, waiting for other jobs to finish...
[INFO] running `Command { std: "docker" "inspect" "6f108b5aacf2db313b00a51bd751069631affd0db61d2cf92175b9d55c5994fd", kill_on_drop: false }`
[INFO] running `Command { std: "docker" "rm" "-f" "6f108b5aacf2db313b00a51bd751069631affd0db61d2cf92175b9d55c5994fd", kill_on_drop: false }`
[INFO] [stdout] 6f108b5aacf2db313b00a51bd751069631affd0db61d2cf92175b9d55c5994fd
