[INFO] fetching crate ens160-aq 0.2.12...
[INFO] testing ens160-aq-0.2.12 against 1.100.0-beta.1+cargoflags=--release for beta-release-1.100-2
[INFO] extracting crate ens160-aq 0.2.12 into /workspace/builds/worker-7-tc2/source
[INFO] started tweaking crates.io crate ens160-aq 0.2.12
[INFO] removed 0 missing examples
[INFO] finished tweaking crates.io crate ens160-aq 0.2.12
[INFO] tweaked toml for crates.io crate ens160-aq 0.2.12 written to /workspace/builds/worker-7-tc2/source/Cargo.toml
[INFO] validating manifest of crates.io crate ens160-aq 0.2.12 on toolchain 1.100.0-beta.1
[INFO] running `Command { std: CARGO_HOME="/workspace/cargo-home" RUSTUP_HOME="/workspace/rustup-home" "/workspace/cargo-home/bin/cargo" "+1.100.0-beta.1" "metadata" "--manifest-path" "Cargo.toml" "--no-deps", kill_on_drop: false }`
[INFO] crate crates.io crate ens160-aq 0.2.12 already has a lockfile, it will not be regenerated
[INFO] running `Command { std: CARGO_HOME="/workspace/cargo-home" RUSTUP_HOME="/workspace/rustup-home" "/workspace/cargo-home/bin/cargo" "+1.100.0-beta.1" "fetch" "--manifest-path" "Cargo.toml", kill_on_drop: false }`
[INFO] [stderr] warning: unused build dependency `embuild`
[INFO] [stderr]  --> Cargo.toml:1:21
[INFO] [stderr]   |
[INFO] [stderr] 1 | [build-dependencies.embuild]
[INFO] [stderr]   |                     ^^^^^^^^
[INFO] [stderr]   |
[INFO] [stderr]   = note: `cargo::unused_dependencies` is set to `warn` by default
[INFO] [stderr] help: consider removing the dependency on `embuild`
[INFO] [stderr] warning: `ens160-aq` (manifest) generated 1 warning
[INFO] running `Command { std: "docker" "create" "-v" "/var/lib/crater-agent-workspace/builds/worker-7-tc2/source:/opt/rustwide/workdir:ro,Z" "-v" "/var/lib/crater-agent-workspace/builds/worker-7-tc2/target:/opt/rustwide/target:rw,Z" "-v" "/var/lib/crater-agent-workspace/cargo-home:/opt/rustwide/cargo-home:ro,Z" "-v" "/var/lib/crater-agent-workspace/rustup-home:/opt/rustwide/rustup-home:ro,Z" "-m" "1610612736" "--network" "none" "ghcr.io/rust-lang/crates-build-env/linux@sha256:77db811e55d90add9212f6832c23229e3de5f1c1f9905e8cb07319ea15df73ac" "sleep" "infinity", kill_on_drop: false }`
[INFO] [stdout] 2aaf5a64a1b073e2e9d66778b1244fed281358dd5bc82534a24efc71ba71fec3
[INFO] running `Command { std: "docker" "start" "2aaf5a64a1b073e2e9d66778b1244fed281358dd5bc82534a24efc71ba71fec3", kill_on_drop: false }`
[INFO] running `Command { std: "docker" "inspect" "2aaf5a64a1b073e2e9d66778b1244fed281358dd5bc82534a24efc71ba71fec3", kill_on_drop: false }`
[INFO] running `Command { std: "docker" "exec" "-e" "SOURCE_DIR=/opt/rustwide/workdir" "-e" "CARGO_HOME=/opt/rustwide/cargo-home" "-e" "RUSTUP_HOME=/opt/rustwide/rustup-home" "-e" "CARGO_TARGET_DIR=/opt/rustwide/target" "-w" "/opt/rustwide/workdir" "--user" "0:0" "2aaf5a64a1b073e2e9d66778b1244fed281358dd5bc82534a24efc71ba71fec3" "/opt/rustwide/cargo-home/bin/cargo" "+1.100.0-beta.1" "metadata" "--no-deps" "--format-version=1", kill_on_drop: false }`
[INFO] running `Command { std: "docker" "inspect" "2aaf5a64a1b073e2e9d66778b1244fed281358dd5bc82534a24efc71ba71fec3", kill_on_drop: false }`
[INFO] running `Command { std: "docker" "exec" "-e" "SOURCE_DIR=/opt/rustwide/workdir" "-e" "CARGO_HOME=/opt/rustwide/cargo-home" "-e" "RUSTUP_HOME=/opt/rustwide/rustup-home" "-e" "CARGO_TARGET_DIR=/opt/rustwide/target" "-e" "CARGO_INCREMENTAL=0" "-e" "RUST_BACKTRACE=full" "-e" "RUSTFLAGS=--cap-lints=warn" "-e" "RUSTDOCFLAGS=--cap-lints=warn" "-w" "/opt/rustwide/workdir" "--user" "0:0" "2aaf5a64a1b073e2e9d66778b1244fed281358dd5bc82534a24efc71ba71fec3" "/opt/rustwide/cargo-home/bin/cargo" "+1.100.0-beta.1" "build" "--frozen" "--message-format=json" "--release", kill_on_drop: false }`
[INFO] [stderr] warning: unused build dependency `embuild`
[INFO] [stderr]  --> Cargo.toml:1:21
[INFO] [stderr]   |
[INFO] [stderr] 1 | [build-dependencies.embuild]
[INFO] [stderr]   |                     ^^^^^^^^
[INFO] [stderr]   |
[INFO] [stderr]   = note: `cargo::unused_dependencies` is set to `warn` by default
[INFO] [stderr] help: consider removing the dependency on `embuild`
[INFO] [stderr] warning: `ens160-aq` (manifest) generated 1 warning
[INFO] [stderr]    Compiling proc-macro2 v1.0.71
[INFO] [stderr]    Compiling unicase v2.7.0
[INFO] [stderr]    Compiling syn v1.0.109
[INFO] [stderr]    Compiling pulldown-cmark v0.11.2
[INFO] [stderr]    Compiling bitflags v2.6.0
[INFO] [stderr]    Compiling libm v0.2.11
[INFO] [stderr]    Compiling memchr v2.7.4
[INFO] [stderr]    Compiling bitfield v0.14.0
[INFO] [stderr]    Compiling embedded-hal v1.0.0
[INFO] [stderr]    Compiling log v0.4.22
[INFO] [stderr]    Compiling num-traits v0.2.17
[INFO] [stderr]    Compiling quote v1.0.33
[INFO] [stderr]    Compiling proc-macro-error-attr v1.0.4
[INFO] [stderr]    Compiling proc-macro-error v1.0.4
[INFO] [stderr]    Compiling maybe-async-cfg v0.2.4
[INFO] [stderr]    Compiling ens160-aq v0.2.12 (/opt/rustwide/workdir)
[INFO] [stderr] warning: unused dependency `byteorder`
[INFO] [stderr]  --> Cargo.toml:7:15
[INFO] [stderr]   |
[INFO] [stderr] 7 | [dependencies.byteorder]
[INFO] [stderr]   |               ^^^^^^^^^^
[INFO] [stderr]   |
[INFO] [stderr]   = note: `cargo::unused_dependencies` is set to `warn` by default
[INFO] [stderr] help: consider removing the dependency on `byteorder`
[INFO] [stderr] warning: unused dependency `num-traits`
[INFO] [stderr]   --> Cargo.toml:29:15
[INFO] [stderr]    |
[INFO] [stderr] 29 | [dependencies.num-traits]
[INFO] [stderr]    |               ^^^^^^^^^^^
[INFO] [stderr]    |
[INFO] [stderr] help: consider removing the dependency on `num-traits`
[INFO] [stderr] warning: `ens160-aq` (manifest) generated 2 warnings
[INFO] [stderr]     Finished `release` profile [optimized] target(s) in 8.06s
[INFO] running `Command { std: "docker" "inspect" "2aaf5a64a1b073e2e9d66778b1244fed281358dd5bc82534a24efc71ba71fec3", kill_on_drop: false }`
[INFO] running `Command { std: "docker" "exec" "-e" "SOURCE_DIR=/opt/rustwide/workdir" "-e" "CARGO_HOME=/opt/rustwide/cargo-home" "-e" "RUSTUP_HOME=/opt/rustwide/rustup-home" "-e" "CARGO_TARGET_DIR=/opt/rustwide/target" "-e" "CARGO_INCREMENTAL=0" "-e" "RUST_BACKTRACE=full" "-e" "RUSTFLAGS=--cap-lints=warn" "-e" "RUSTDOCFLAGS=--cap-lints=warn" "-w" "/opt/rustwide/workdir" "--user" "0:0" "2aaf5a64a1b073e2e9d66778b1244fed281358dd5bc82534a24efc71ba71fec3" "/opt/rustwide/cargo-home/bin/cargo" "+1.100.0-beta.1" "test" "--frozen" "--no-run" "--message-format=json" "--release", kill_on_drop: false }`
[INFO] [stderr] warning: unused build dependency `embuild`
[INFO] [stderr]  --> Cargo.toml:1:21
[INFO] [stderr]   |
[INFO] [stderr] 1 | [build-dependencies.embuild]
[INFO] [stderr]   |                     ^^^^^^^^
[INFO] [stderr]   |
[INFO] [stderr]   = note: `cargo::unused_dependencies` is set to `warn` by default
[INFO] [stderr] help: consider removing the dependency on `embuild`
[INFO] [stderr] warning: `ens160-aq` (manifest) generated 1 warning
[INFO] [stderr]    Compiling ens160-aq v0.2.12 (/opt/rustwide/workdir)
[INFO] [stdout] error[E0433]: cannot find module or crate `esp_idf_hal` in this scope
[INFO] [stdout]  --> examples/airquality.rs:6:5
[INFO] [stdout]   |
[INFO] [stdout] 6 | use esp_idf_hal::{
[INFO] [stdout]   |     ^^^^^^^^^^^ use of unresolved module or unlinked crate `esp_idf_hal`
[INFO] [stdout]   |
[INFO] [stdout]   = help: if you wanted to use a crate named `esp_idf_hal`, use `cargo add esp_idf_hal` to add it to your `Cargo.toml`
[INFO] [stdout] 
[INFO] [stdout] 
[INFO] [stdout] error[E0433]: cannot find module or crate `esp_idf_hal` in this scope
[INFO] [stdout]   --> examples/airquality.rs:11:5
[INFO] [stdout]    |
[INFO] [stdout] 11 | use esp_idf_hal::{gpio::PinDriver, prelude::Peripherals};
[INFO] [stdout]    |     ^^^^^^^^^^^ use of unresolved module or unlinked crate `esp_idf_hal`
[INFO] [stdout]    |
[INFO] [stdout]    = help: if you wanted to use a crate named `esp_idf_hal`, use `cargo add esp_idf_hal` to add it to your `Cargo.toml`
[INFO] [stdout] 
[INFO] [stdout] 
[INFO] [stdout] error[E0432]: unresolved import `anyhow`
[INFO] [stdout]  --> examples/airquality.rs:3:5
[INFO] [stdout]   |
[INFO] [stdout] 3 | use anyhow::Result;
[INFO] [stdout]   |     ^^^^^^ use of unresolved module or unlinked crate `anyhow`
[INFO] [stdout]   |
[INFO] [stdout]   = help: if you wanted to use a crate named `anyhow`, use `cargo add anyhow` to add it to your `Cargo.toml`
[INFO] [stdout] 
[INFO] [stdout] 
[INFO] [stdout] error[E0432]: unresolved import `esp_idf_sys`
[INFO] [stdout]   --> examples/airquality.rs:12:5
[INFO] [stdout]    |
[INFO] [stdout] 12 | use esp_idf_sys as _;
[INFO] [stdout]    |     -----------^^^^^
[INFO] [stdout]    |     |
[INFO] [stdout]    |     no external crate `esp_idf_sys`
[INFO] [stdout] 
[INFO] [stdout] 
[INFO] [stdout] error[E0433]: cannot find module or crate `esp_idf_svc` in this scope
[INFO] [stdout]   --> examples/airquality.rs:18:5
[INFO] [stdout]    |
[INFO] [stdout] 18 |     esp_idf_svc::log::EspLogger::initialize_default();
[INFO] [stdout]    |     ^^^^^^^^^^^ use of unresolved module or unlinked crate `esp_idf_svc`
[INFO] [stdout]    |
[INFO] [stdout]    = help: if you wanted to use a crate named `esp_idf_svc`, use `cargo add esp_idf_svc` to add it to your `Cargo.toml`
[INFO] [stdout] 
[INFO] [stdout] 
[INFO] [stdout] warning: unnecessary parentheses around `if` condition
[INFO] [stdout]   --> examples/airquality.rs:44:16
[INFO] [stdout]    |
[INFO] [stdout] 44 |             if (new_config_int == int_pin_config) {
[INFO] [stdout]    |                ^                                ^
[INFO] [stdout]    |
[INFO] [stdout]    = note: `#[warn(unused_parens)]` (part of `#[warn(unused)]`) on by default
[INFO] [stdout] help: remove these parentheses
[INFO] [stdout]    |
[INFO] [stdout] 44 -             if (new_config_int == int_pin_config) {
[INFO] [stdout] 44 +             if new_config_int == int_pin_config {
[INFO] [stdout]    |
[INFO] [stdout] 
[INFO] [stdout] 
[INFO] [stdout] error[E0433]: cannot find module or crate `esp_idf_sys` in this scope
[INFO] [stdout]   --> examples/airquality.rs:16:5
[INFO] [stdout]    |
[INFO] [stdout] 16 |     esp_idf_sys::link_patches();
[INFO] [stdout]    |     ^^^^^^^^^^^ use of unresolved module or unlinked crate `esp_idf_sys`
[INFO] [stdout]    |
[INFO] [stdout]    = help: if you wanted to use a crate named `esp_idf_sys`, use `cargo add esp_idf_sys` to add it to your `Cargo.toml`
[INFO] [stdout] 
[INFO] [stdout] 
[INFO] [stdout] error[E0599]: no method named `kHz` found for type `{integer}` in the current scope
[INFO] [stdout]   --> examples/airquality.rs:25:48
[INFO] [stdout]    |
[INFO] [stdout] 25 |     let config = I2cConfig::new().baudrate(100.kHz().into()); // should work at 400 kHz also
[INFO] [stdout]    |                                                ^^^ method not found in `{integer}`
[INFO] [stdout] 
[INFO] [stdout] 
[INFO] [stdout] Some errors have detailed explanations: E0432, E0433, E0599.
[INFO] [stdout] 
[INFO] [stdout] For more information about an error, try `rustc --explain E0432`.
[INFO] [stdout] 
[INFO] [stderr] error: could not compile `ens160-aq` (example "airquality") due to 7 previous errors; 1 warning emitted
[INFO] [stderr] warning: build failed, waiting for other jobs to finish...
[INFO] [stderr] warning: unused dependency `byteorder`
[INFO] [stderr]  --> Cargo.toml:7:15
[INFO] [stderr]   |
[INFO] [stderr] 7 | [dependencies.byteorder]
[INFO] [stderr]   |               ^^^^^^^^^^
[INFO] [stderr]   |
[INFO] [stderr]   = note: `cargo::unused_dependencies` is set to `warn` by default
[INFO] [stderr] help: consider removing the dependency on `byteorder`
[INFO] [stderr] warning: unused dependency `num-traits`
[INFO] [stderr]   --> Cargo.toml:29:15
[INFO] [stderr]    |
[INFO] [stderr] 29 | [dependencies.num-traits]
[INFO] [stderr]    |               ^^^^^^^^^^^
[INFO] [stderr]    |
[INFO] [stderr] help: consider removing the dependency on `num-traits`
[INFO] [stderr] warning: `ens160-aq` (manifest) generated 2 warnings
[INFO] running `Command { std: "docker" "inspect" "2aaf5a64a1b073e2e9d66778b1244fed281358dd5bc82534a24efc71ba71fec3", kill_on_drop: false }`
[INFO] running `Command { std: "docker" "rm" "-f" "2aaf5a64a1b073e2e9d66778b1244fed281358dd5bc82534a24efc71ba71fec3", kill_on_drop: false }`
[INFO] [stdout] 2aaf5a64a1b073e2e9d66778b1244fed281358dd5bc82534a24efc71ba71fec3
