[INFO] fetching crate endurox-sys 0.1.1...
[INFO] testing endurox-sys-0.1.1 against 1.99.0-beta.8+cargoflags=--release for beta-release-1.100-2
[INFO] extracting crate endurox-sys 0.1.1 into /workspace/builds/worker-7-tc1/source
[INFO] started tweaking crates.io crate endurox-sys 0.1.1
[INFO] removed 0 missing tests
[INFO] finished tweaking crates.io crate endurox-sys 0.1.1
[INFO] tweaked toml for crates.io crate endurox-sys 0.1.1 written to /workspace/builds/worker-7-tc1/source/Cargo.toml
[INFO] validating manifest of crates.io crate endurox-sys 0.1.1 on toolchain 1.99.0-beta.8
[INFO] running `Command { std: CARGO_HOME="/workspace/cargo-home" RUSTUP_HOME="/workspace/rustup-home" "/workspace/cargo-home/bin/cargo" "+1.99.0-beta.8" "metadata" "--manifest-path" "Cargo.toml" "--no-deps", kill_on_drop: false }`
[INFO] crate crates.io crate endurox-sys 0.1.1 already has a lockfile, it will not be regenerated
[INFO] running `Command { std: CARGO_HOME="/workspace/cargo-home" RUSTUP_HOME="/workspace/rustup-home" "/workspace/cargo-home/bin/cargo" "+1.99.0-beta.8" "fetch" "--manifest-path" "Cargo.toml", kill_on_drop: false }`
[INFO] [stderr]     Updating crates.io index
[INFO] [stderr]  Downloading crates ...
[INFO] [stderr]   Downloaded endurox-derive v0.1.0
[INFO] [stderr]   Downloaded syn v2.0.109
[INFO] running `Command { std: "docker" "create" "-v" "/var/lib/crater-agent-workspace/builds/worker-7-tc1/source:/opt/rustwide/workdir:ro,Z" "-v" "/var/lib/crater-agent-workspace/builds/worker-7-tc1/target:/opt/rustwide/target:rw,Z" "-v" "/var/lib/crater-agent-workspace/cargo-home:/opt/rustwide/cargo-home:ro,Z" "-v" "/var/lib/crater-agent-workspace/rustup-home:/opt/rustwide/rustup-home:ro,Z" "-m" "1610612736" "--network" "none" "ghcr.io/rust-lang/crates-build-env/linux@sha256:77db811e55d90add9212f6832c23229e3de5f1c1f9905e8cb07319ea15df73ac" "sleep" "infinity", kill_on_drop: false }`
[INFO] [stdout] 9ab3e3f55d22dbefdbee45d4dc99622d205e1396de3d67ca0c25a9c78c0c4a76
[INFO] running `Command { std: "docker" "start" "9ab3e3f55d22dbefdbee45d4dc99622d205e1396de3d67ca0c25a9c78c0c4a76", kill_on_drop: false }`
[INFO] running `Command { std: "docker" "inspect" "9ab3e3f55d22dbefdbee45d4dc99622d205e1396de3d67ca0c25a9c78c0c4a76", kill_on_drop: false }`
[INFO] running `Command { std: "docker" "exec" "-e" "SOURCE_DIR=/opt/rustwide/workdir" "-e" "CARGO_HOME=/opt/rustwide/cargo-home" "-e" "RUSTUP_HOME=/opt/rustwide/rustup-home" "-e" "CARGO_TARGET_DIR=/opt/rustwide/target" "-w" "/opt/rustwide/workdir" "--user" "0:0" "9ab3e3f55d22dbefdbee45d4dc99622d205e1396de3d67ca0c25a9c78c0c4a76" "/opt/rustwide/cargo-home/bin/cargo" "+1.99.0-beta.8" "metadata" "--no-deps" "--format-version=1", kill_on_drop: false }`
[INFO] running `Command { std: "docker" "inspect" "9ab3e3f55d22dbefdbee45d4dc99622d205e1396de3d67ca0c25a9c78c0c4a76", kill_on_drop: false }`
[INFO] running `Command { std: "docker" "exec" "-e" "SOURCE_DIR=/opt/rustwide/workdir" "-e" "CARGO_HOME=/opt/rustwide/cargo-home" "-e" "RUSTUP_HOME=/opt/rustwide/rustup-home" "-e" "CARGO_TARGET_DIR=/opt/rustwide/target" "-e" "CARGO_INCREMENTAL=0" "-e" "RUST_BACKTRACE=full" "-e" "RUSTFLAGS=--cap-lints=warn" "-e" "RUSTDOCFLAGS=--cap-lints=warn" "-w" "/opt/rustwide/workdir" "--user" "0:0" "9ab3e3f55d22dbefdbee45d4dc99622d205e1396de3d67ca0c25a9c78c0c4a76" "/opt/rustwide/cargo-home/bin/cargo" "+1.99.0-beta.8" "build" "--frozen" "--message-format=json" "--release", kill_on_drop: false }`
[INFO] [stderr]    Compiling quote v1.0.41
[INFO] [stderr]    Compiling endurox-sys v0.1.1 (/opt/rustwide/workdir)
[INFO] [stderr]    Compiling serde_json v1.0.145
[INFO] [stderr]    Compiling syn v2.0.109
[INFO] [stderr] warning: endurox-sys@0.1.1: ubftab directory not found, skipping UBF constants generation
[INFO] [stderr]    Compiling serde_derive v1.0.228
[INFO] [stderr]    Compiling thiserror-impl v1.0.69
[INFO] [stderr]    Compiling thiserror v1.0.69
[INFO] [stderr]    Compiling serde v1.0.228
[INFO] [stdout] warning: unused import: `c_void`
[INFO] [stdout]  --> src/ffi.rs:3:35
[INFO] [stdout]   |
[INFO] [stdout] 3 | use libc::{c_char, c_int, c_long, c_void};
[INFO] [stdout]   |                                   ^^^^^^
[INFO] [stdout]   |
[INFO] [stdout]   = note: `#[warn(unused_imports)]` (part of `#[warn(unused)]`) on by default
[INFO] [stdout] 
[INFO] [stdout] 
[INFO] [stderr]     Finished `release` profile [optimized] target(s) in 11.76s
[INFO] running `Command { std: "docker" "inspect" "9ab3e3f55d22dbefdbee45d4dc99622d205e1396de3d67ca0c25a9c78c0c4a76", kill_on_drop: false }`
[INFO] running `Command { std: "docker" "exec" "-e" "SOURCE_DIR=/opt/rustwide/workdir" "-e" "CARGO_HOME=/opt/rustwide/cargo-home" "-e" "RUSTUP_HOME=/opt/rustwide/rustup-home" "-e" "CARGO_TARGET_DIR=/opt/rustwide/target" "-e" "CARGO_INCREMENTAL=0" "-e" "RUST_BACKTRACE=full" "-e" "RUSTFLAGS=--cap-lints=warn" "-e" "RUSTDOCFLAGS=--cap-lints=warn" "-w" "/opt/rustwide/workdir" "--user" "0:0" "9ab3e3f55d22dbefdbee45d4dc99622d205e1396de3d67ca0c25a9c78c0c4a76" "/opt/rustwide/cargo-home/bin/cargo" "+1.99.0-beta.8" "test" "--frozen" "--no-run" "--message-format=json" "--release", kill_on_drop: false }`
[INFO] [stderr] warning: endurox-sys@0.1.1: ubftab directory not found, skipping UBF constants generation
[INFO] [stderr]    Compiling endurox-sys v0.1.1 (/opt/rustwide/workdir)
[INFO] [stdout] warning: unused import: `c_void`
[INFO] [stdout]  --> src/ffi.rs:3:35
[INFO] [stdout]   |
[INFO] [stdout] 3 | use libc::{c_char, c_int, c_long, c_void};
[INFO] [stdout]   |                                   ^^^^^^
[INFO] [stdout]   |
[INFO] [stdout]   = note: `#[warn(unused_imports)]` (part of `#[warn(unused)]`) on by default
[INFO] [stdout] 
[INFO] [stdout] 
[INFO] [stdout] warning: unused import: `c_void`
[INFO] [stdout]  --> src/ffi.rs:3:35
[INFO] [stdout]   |
[INFO] [stdout] 3 | use libc::{c_char, c_int, c_long, c_void};
[INFO] [stdout]   |                                   ^^^^^^
[INFO] [stdout]   |
[INFO] [stdout]   = note: `#[warn(unused_imports)]` (part of `#[warn(unused)]`) on by default
[INFO] [stdout] 
[INFO] [stdout] 
[INFO] [stdout] error[E0432]: unresolved import `endurox_sys::ubf`
[INFO] [stdout]  --> tests/ubf_test.rs:1:18
[INFO] [stdout]   |
[INFO] [stdout] 1 | use endurox_sys::ubf::*;
[INFO] [stdout]   |                  ^^^ could not find `ubf` in `endurox_sys`
[INFO] [stdout] 
[INFO] [stdout] 
[INFO] [stdout] error[E0432]: unresolved import `endurox_sys::ubf`
[INFO] [stdout]  --> tests/ubf_struct_test.rs:1:18
[INFO] [stdout]   |
[INFO] [stdout] 1 | use endurox_sys::ubf::*;
[INFO] [stdout]   |                  ^^^ could not find `ubf` in `endurox_sys`
[INFO] [stdout] 
[INFO] [stdout] 
[INFO] [stdout] error[E0432]: unresolved import `endurox_sys::ubf_struct`
[INFO] [stdout]  --> tests/ubf_struct_test.rs:2:18
[INFO] [stdout]   |
[INFO] [stdout] 2 | use endurox_sys::ubf_struct::*;
[INFO] [stdout]   |                  ^^^^^^^^^^ could not find `ubf_struct` in `endurox_sys`
[INFO] [stdout] 
[INFO] [stdout] 
[INFO] [stdout] error: linking with `cc` failed: exit status: 1
[INFO] [stdout]   |
[INFO] [stdout]   = note:  "cc" "-m64" "/opt/rustwide/target/release/deps/rustcB3e66x/symbols.o" "<2 object files omitted>" "-Wl,--as-needed" "-Wl,-Bdynamic" "-latmi" "-lubf" "-lnetproto" "-lnstd" "-lpthread" "-lrt" "-ldl" "-lm" "-Wl,-Bstatic" "<sysroot>/lib/rustlib/x86_64-unknown-linux-gnu/lib/{libtest-*,libgetopts-*,librustc_std_workspace_std-*}.rlib" "/opt/rustwide/target/release/deps/liblibc-a940482f0e8d294f.rlib" "<sysroot>/lib/rustlib/x86_64-unknown-linux-gnu/lib/{libstd-*,libpanic_unwind-*,libobject-*,libmemchr-*,libaddr2line-*,libgimli-*,libcfg_if-*,librustc_demangle-*,libstd_detect-*,libhashbrown-*,librustc_std_workspace_alloc-*,libminiz_oxide-*,libadler2-*,libunwind-*,liblibc-*,librustc_std_workspace_core-*,liballoc-*,libcore-*,libcompiler_builtins-*}.rlib" "-Wl,-Bdynamic" "-lgcc_s" "-lutil" "-lrt" "-lpthread" "-lm" "-ldl" "-lc" "-L" "/opt/rustwide/target/release/deps/rustcB3e66x/raw-dylibs" "-B<sysroot>/lib/rustlib/x86_64-unknown-linux-gnu/bin/gcc-ld" "-fuse-ld=lld" "-Wl,--eh-frame-hdr" "-Wl,-z,noexecstack" "-L" "/opt/endurox/lib" "-L" "<sysroot>/lib/rustlib/x86_64-unknown-linux-gnu/lib" "-o" "/opt/rustwide/target/release/deps/endurox_sys-79c7c82fde4737cf" "-Wl,--gc-sections" "-pie" "-Wl,-z,relro,-z,now" "-Wl,-O1" "-Wl,--strip-debug" "-nodefaultlibs"
[INFO] [stdout]   = note: some arguments are omitted. use `--verbose` to show all linker arguments
[INFO] [stdout]   = note: rust-lld: error: unable to find library -latmi
[INFO] [stdout]           rust-lld: error: unable to find library -lubf
[INFO] [stdout]           rust-lld: error: unable to find library -lnetproto
[INFO] [stdout]           rust-lld: error: unable to find library -lnstd
[INFO] [stdout]           collect2: error: ld returned 1 exit status
[INFO] [stdout]           
[INFO] [stdout] 
[INFO] [stdout] 
[INFO] [stderr] warning: endurox-sys@0.1.1: ubftab directory not found, skipping UBF constants generation
[INFO] [stderr] error: could not compile `endurox-sys` (lib test) due to 1 previous error; 1 warning emitted
[INFO] [stderr] warning: build failed, waiting for other jobs to finish...
[INFO] [stdout] For more information about this error, try `rustc --explain E0432`.
[INFO] [stdout] 
[INFO] [stderr] warning: endurox-sys@0.1.1: ubftab directory not found, skipping UBF constants generation
[INFO] [stderr] error: could not compile `endurox-sys` (test "ubf_test") due to 1 previous error
[INFO] [stdout] For more information about this error, try `rustc --explain E0432`.
[INFO] [stdout] 
[INFO] [stderr] warning: endurox-sys@0.1.1: ubftab directory not found, skipping UBF constants generation
[INFO] [stderr] error: could not compile `endurox-sys` (test "ubf_struct_test") due to 2 previous errors
[INFO] running `Command { std: "docker" "inspect" "9ab3e3f55d22dbefdbee45d4dc99622d205e1396de3d67ca0c25a9c78c0c4a76", kill_on_drop: false }`
[INFO] running `Command { std: "docker" "rm" "-f" "9ab3e3f55d22dbefdbee45d4dc99622d205e1396de3d67ca0c25a9c78c0c4a76", kill_on_drop: false }`
[INFO] [stdout] 9ab3e3f55d22dbefdbee45d4dc99622d205e1396de3d67ca0c25a9c78c0c4a76
