[INFO] fetching crate enable-ansi 0.2.5...
[INFO] testing enable-ansi-0.2.5 against 1.100.0-beta.1+cargoflags=--release for beta-release-1.100-2
[INFO] extracting crate enable-ansi 0.2.5 into /workspace/builds/worker-7-tc2/source
[INFO] started tweaking crates.io crate enable-ansi 0.2.5
[INFO] finished tweaking crates.io crate enable-ansi 0.2.5
[INFO] tweaked toml for crates.io crate enable-ansi 0.2.5 written to /workspace/builds/worker-7-tc2/source/Cargo.toml
[INFO] validating manifest of crates.io crate enable-ansi 0.2.5 on toolchain 1.100.0-beta.1
[INFO] running `Command { std: CARGO_HOME="/workspace/cargo-home" RUSTUP_HOME="/workspace/rustup-home" "/workspace/cargo-home/bin/cargo" "+1.100.0-beta.1" "metadata" "--manifest-path" "Cargo.toml" "--no-deps", kill_on_drop: false }`
[INFO] crate crates.io crate enable-ansi 0.2.5 already has a lockfile, it will not be regenerated
[INFO] running `Command { std: CARGO_HOME="/workspace/cargo-home" RUSTUP_HOME="/workspace/rustup-home" "/workspace/cargo-home/bin/cargo" "+1.100.0-beta.1" "fetch" "--manifest-path" "Cargo.toml", kill_on_drop: false }`
[INFO] running `Command { std: "docker" "create" "-v" "/var/lib/crater-agent-workspace/builds/worker-7-tc2/source:/opt/rustwide/workdir:ro,Z" "-v" "/var/lib/crater-agent-workspace/builds/worker-7-tc2/target:/opt/rustwide/target:rw,Z" "-v" "/var/lib/crater-agent-workspace/cargo-home:/opt/rustwide/cargo-home:ro,Z" "-v" "/var/lib/crater-agent-workspace/rustup-home:/opt/rustwide/rustup-home:ro,Z" "-m" "1610612736" "--network" "none" "ghcr.io/rust-lang/crates-build-env/linux@sha256:77db811e55d90add9212f6832c23229e3de5f1c1f9905e8cb07319ea15df73ac" "sleep" "infinity", kill_on_drop: false }`
[INFO] [stdout] 1da756c093ce83eed8c0964f5d3afd03ed061d55db3a03bd1d403eb3cf52efc8
[INFO] running `Command { std: "docker" "start" "1da756c093ce83eed8c0964f5d3afd03ed061d55db3a03bd1d403eb3cf52efc8", kill_on_drop: false }`
[INFO] running `Command { std: "docker" "inspect" "1da756c093ce83eed8c0964f5d3afd03ed061d55db3a03bd1d403eb3cf52efc8", kill_on_drop: false }`
[INFO] running `Command { std: "docker" "exec" "-e" "SOURCE_DIR=/opt/rustwide/workdir" "-e" "CARGO_HOME=/opt/rustwide/cargo-home" "-e" "RUSTUP_HOME=/opt/rustwide/rustup-home" "-e" "CARGO_TARGET_DIR=/opt/rustwide/target" "-w" "/opt/rustwide/workdir" "--user" "0:0" "1da756c093ce83eed8c0964f5d3afd03ed061d55db3a03bd1d403eb3cf52efc8" "/opt/rustwide/cargo-home/bin/cargo" "+1.100.0-beta.1" "metadata" "--no-deps" "--format-version=1", kill_on_drop: false }`
[INFO] running `Command { std: "docker" "inspect" "1da756c093ce83eed8c0964f5d3afd03ed061d55db3a03bd1d403eb3cf52efc8", kill_on_drop: false }`
[INFO] running `Command { std: "docker" "exec" "-e" "SOURCE_DIR=/opt/rustwide/workdir" "-e" "CARGO_HOME=/opt/rustwide/cargo-home" "-e" "RUSTUP_HOME=/opt/rustwide/rustup-home" "-e" "CARGO_TARGET_DIR=/opt/rustwide/target" "-e" "CARGO_INCREMENTAL=0" "-e" "RUST_BACKTRACE=full" "-e" "RUSTFLAGS=--cap-lints=warn" "-e" "RUSTDOCFLAGS=--cap-lints=warn" "-w" "/opt/rustwide/workdir" "--user" "0:0" "1da756c093ce83eed8c0964f5d3afd03ed061d55db3a03bd1d403eb3cf52efc8" "/opt/rustwide/cargo-home/bin/cargo" "+1.100.0-beta.1" "build" "--frozen" "--message-format=json" "--release", kill_on_drop: false }`
[INFO] [stderr]    Compiling enable-ansi v0.2.5 (/opt/rustwide/workdir)
[INFO] [stdout] error: linking with `cc` failed: exit status: 1
[INFO] [stdout]   |
[INFO] [stdout]   = note:  "cc" "-m64" "/opt/rustwide/target/release/build/enable-ansi/c34cc059fd329ac1/out/rustcfXad4W/symbols.o" "<2 object files omitted>" "-Wl,--as-needed" "-Wl,-Bstatic" "/opt/rustwide/target/release/build/enable-ansi/1519df85f2e4e3fe/out/libenable_ansi-1519df85f2e4e3fe.rlib" "<sysroot>/lib/rustlib/x86_64-unknown-linux-gnu/lib/{libstd-*,libpanic_unwind-*,libobject-*,libmemchr-*,libaddr2line-*,libgimli-*,libcfg_if-*,librustc_demangle-*,libstd_detect-*,libhashbrown-*,librustc_std_workspace_alloc-*,libminiz_oxide-*,libadler2-*,libunwind-*,liblibc-*,librustc_std_workspace_core-*,liballoc-*,libcore-*,libcompiler_builtins-*}.rlib" "-Wl,-Bdynamic" "-lgcc_s" "-lutil" "-lrt" "-lpthread" "-lm" "-ldl" "-lc" "-L" "/opt/rustwide/target/release/build/enable-ansi/c34cc059fd329ac1/out/rustcfXad4W/raw-dylibs" "-B<sysroot>/lib/rustlib/x86_64-unknown-linux-gnu/bin/gcc-ld" "-fuse-ld=lld" "-Wl,--eh-frame-hdr" "-Wl,-z,noexecstack" "-L" "<sysroot>/lib/rustlib/x86_64-unknown-linux-gnu/lib" "-o" "/opt/rustwide/target/release/build/enable-ansi/c34cc059fd329ac1/out/pretty_print" "-Wl,--gc-sections" "-pie" "-Wl,-z,relro,-z,now" "-Wl,-O1" "-Wl,--strip-debug" "-nodefaultlibs"
[INFO] [stdout]   = note: some arguments are omitted. use `--verbose` to show all linker arguments
[INFO] [stdout]   = note: rust-lld: error: undefined symbol: GetStdHandle
[INFO] [stdout]           >>> referenced by enable_ansi.b61b3b813dea0346-cgu.0
[INFO] [stdout]           >>>               enable_ansi-1519df85f2e4e3fe.enable_ansi.b61b3b813dea0346-cgu.0.rcgu.o:(enable_ansi::enable_ansi) in archive /opt/rustwide/target/release/build/enable-ansi/1519df85f2e4e3fe/out/libenable_ansi-1519df85f2e4e3fe.rlib
[INFO] [stdout]           
[INFO] [stdout]           rust-lld: error: undefined symbol: GetConsoleMode
[INFO] [stdout]           >>> referenced by enable_ansi.b61b3b813dea0346-cgu.0
[INFO] [stdout]           >>>               enable_ansi-1519df85f2e4e3fe.enable_ansi.b61b3b813dea0346-cgu.0.rcgu.o:(enable_ansi::enable_ansi) in archive /opt/rustwide/target/release/build/enable-ansi/1519df85f2e4e3fe/out/libenable_ansi-1519df85f2e4e3fe.rlib
[INFO] [stdout]           
[INFO] [stdout]           rust-lld: error: undefined symbol: SetConsoleMode
[INFO] [stdout]           >>> referenced by enable_ansi.b61b3b813dea0346-cgu.0
[INFO] [stdout]           >>>               enable_ansi-1519df85f2e4e3fe.enable_ansi.b61b3b813dea0346-cgu.0.rcgu.o:(enable_ansi::enable_ansi) in archive /opt/rustwide/target/release/build/enable-ansi/1519df85f2e4e3fe/out/libenable_ansi-1519df85f2e4e3fe.rlib
[INFO] [stdout]           collect2: error: ld returned 1 exit status
[INFO] [stdout]           
[INFO] [stdout] 
[INFO] [stdout] 
[INFO] [stderr] error: could not compile `enable-ansi` (bin "pretty_print") due to 1 previous error
[INFO] running `Command { std: "docker" "inspect" "1da756c093ce83eed8c0964f5d3afd03ed061d55db3a03bd1d403eb3cf52efc8", kill_on_drop: false }`
[INFO] running `Command { std: "docker" "rm" "-f" "1da756c093ce83eed8c0964f5d3afd03ed061d55db3a03bd1d403eb3cf52efc8", kill_on_drop: false }`
[INFO] [stdout] 1da756c093ce83eed8c0964f5d3afd03ed061d55db3a03bd1d403eb3cf52efc8
