[INFO] fetching crate emixlog 0.7.0...
[INFO] testing emixlog-0.7.0 against 1.100.0-beta.1+cargoflags=--release for beta-release-1.100-2
[INFO] extracting crate emixlog 0.7.0 into /workspace/builds/worker-4-tc2/source
[INFO] started tweaking crates.io crate emixlog 0.7.0
[INFO] removed 0 missing tests
[INFO] finished tweaking crates.io crate emixlog 0.7.0
[INFO] tweaked toml for crates.io crate emixlog 0.7.0 written to /workspace/builds/worker-4-tc2/source/Cargo.toml
[INFO] validating manifest of crates.io crate emixlog 0.7.0 on toolchain 1.100.0-beta.1
[INFO] running `Command { std: CARGO_HOME="/workspace/cargo-home" RUSTUP_HOME="/workspace/rustup-home" "/workspace/cargo-home/bin/cargo" "+1.100.0-beta.1" "metadata" "--manifest-path" "Cargo.toml" "--no-deps", kill_on_drop: false }`
[INFO] crate crates.io crate emixlog 0.7.0 already has a lockfile, it will not be regenerated
[INFO] running `Command { std: CARGO_HOME="/workspace/cargo-home" RUSTUP_HOME="/workspace/rustup-home" "/workspace/cargo-home/bin/cargo" "+1.100.0-beta.1" "fetch" "--manifest-path" "Cargo.toml", kill_on_drop: false }`
[INFO] running `Command { std: "docker" "create" "-v" "/var/lib/crater-agent-workspace/builds/worker-4-tc2/source:/opt/rustwide/workdir:ro,Z" "-v" "/var/lib/crater-agent-workspace/builds/worker-4-tc2/target:/opt/rustwide/target:rw,Z" "-v" "/var/lib/crater-agent-workspace/cargo-home:/opt/rustwide/cargo-home:ro,Z" "-v" "/var/lib/crater-agent-workspace/rustup-home:/opt/rustwide/rustup-home:ro,Z" "-m" "1610612736" "--network" "none" "ghcr.io/rust-lang/crates-build-env/linux@sha256:77db811e55d90add9212f6832c23229e3de5f1c1f9905e8cb07319ea15df73ac" "sleep" "infinity", kill_on_drop: false }`
[INFO] [stdout] 2e43f82dd6aba4795bdf39a065aef141c3e117ca2e7da3816e70f4425f644ce3
[INFO] running `Command { std: "docker" "start" "2e43f82dd6aba4795bdf39a065aef141c3e117ca2e7da3816e70f4425f644ce3", kill_on_drop: false }`
[INFO] running `Command { std: "docker" "inspect" "2e43f82dd6aba4795bdf39a065aef141c3e117ca2e7da3816e70f4425f644ce3", kill_on_drop: false }`
[INFO] running `Command { std: "docker" "exec" "-e" "SOURCE_DIR=/opt/rustwide/workdir" "-e" "CARGO_HOME=/opt/rustwide/cargo-home" "-e" "RUSTUP_HOME=/opt/rustwide/rustup-home" "-e" "CARGO_TARGET_DIR=/opt/rustwide/target" "-w" "/opt/rustwide/workdir" "--user" "0:0" "2e43f82dd6aba4795bdf39a065aef141c3e117ca2e7da3816e70f4425f644ce3" "/opt/rustwide/cargo-home/bin/cargo" "+1.100.0-beta.1" "metadata" "--no-deps" "--format-version=1", kill_on_drop: false }`
[INFO] running `Command { std: "docker" "inspect" "2e43f82dd6aba4795bdf39a065aef141c3e117ca2e7da3816e70f4425f644ce3", kill_on_drop: false }`
[INFO] running `Command { std: "docker" "exec" "-e" "SOURCE_DIR=/opt/rustwide/workdir" "-e" "CARGO_HOME=/opt/rustwide/cargo-home" "-e" "RUSTUP_HOME=/opt/rustwide/rustup-home" "-e" "CARGO_TARGET_DIR=/opt/rustwide/target" "-e" "CARGO_INCREMENTAL=0" "-e" "RUST_BACKTRACE=full" "-e" "RUSTFLAGS=--cap-lints=warn" "-e" "RUSTDOCFLAGS=--cap-lints=warn" "-w" "/opt/rustwide/workdir" "--user" "0:0" "2e43f82dd6aba4795bdf39a065aef141c3e117ca2e7da3816e70f4425f644ce3" "/opt/rustwide/cargo-home/bin/cargo" "+1.100.0-beta.1" "build" "--frozen" "--message-format=json" "--release", kill_on_drop: false }`
[INFO] [stderr]    Compiling zerocopy v0.8.58
[INFO] [stderr]    Compiling num-traits v0.2.19
[INFO] [stderr]    Compiling smallvec v1.16.1
[INFO] [stderr]    Compiling destructure_traitobject v0.2.0
[INFO] [stderr]    Compiling syn v3.0.6
[INFO] [stderr]    Compiling syn v2.0.119
[INFO] [stderr]    Compiling crc32fast v1.5.2
[INFO] [stderr]    Compiling serde_json v1.0.151
[INFO] [stderr]    Compiling thread-id v5.1.0
[INFO] [stderr]    Compiling log v0.4.34
[INFO] [stderr]    Compiling log-mdc v0.1.0
[INFO] [stderr]    Compiling mock_instant v0.6.1
[INFO] [stderr]    Compiling unsafe-any-ors v1.0.0
[INFO] [stderr]    Compiling typemap-ors v1.0.0
[INFO] [stderr]    Compiling flate2 v1.1.10
[INFO] [stderr]    Compiling parking_lot_core v0.9.12
[INFO] [stderr]    Compiling parking_lot v0.12.5
[INFO] [stderr]    Compiling serde_derive v1.0.229
[INFO] [stderr]    Compiling thiserror-impl v2.0.21
[INFO] [stderr]    Compiling ordered-float v2.10.1
[INFO] [stderr]    Compiling chrono v0.4.45
[INFO] [stderr]    Compiling thiserror v2.0.21
[INFO] [stderr]    Compiling emixcore v0.7.0
[INFO] [stderr]    Compiling serde v1.0.229
[INFO] [stderr]    Compiling derive_more-impl v2.1.1
[INFO] [stderr]    Compiling serde_yaml v0.9.34+deprecated
[INFO] [stderr]    Compiling serde-value v0.7.0
[INFO] [stderr]    Compiling derive_more v2.1.1
[INFO] [stderr]    Compiling file-rotate v0.8.0
[INFO] [stderr]    Compiling ppv-lite86 v0.2.21
[INFO] [stderr]    Compiling rand_chacha v0.9.0
[INFO] [stderr]    Compiling rand v0.9.5
[INFO] [stderr]    Compiling log4rs v1.4.0
[INFO] [stderr]    Compiling emixlog v0.7.0 (/opt/rustwide/workdir)
[INFO] [stderr] warning: unused dependency `file-rotate`
[INFO] [stderr]  --> Cargo.toml:7:15
[INFO] [stderr]   |
[INFO] [stderr] 7 | [dependencies.file-rotate]
[INFO] [stderr]   |               ^^^^^^^^^^^^
[INFO] [stderr]   |
[INFO] [stderr]   = note: `cargo::unused_dependencies` is set to `warn` by default
[INFO] [stderr] help: consider removing the dependency on `file-rotate`
[INFO] [stderr] warning: `emixlog` (manifest) generated 1 warning
[INFO] [stderr]     Finished `release` profile [optimized] target(s) in 25.31s
[INFO] running `Command { std: "docker" "inspect" "2e43f82dd6aba4795bdf39a065aef141c3e117ca2e7da3816e70f4425f644ce3", kill_on_drop: false }`
[INFO] running `Command { std: "docker" "exec" "-e" "SOURCE_DIR=/opt/rustwide/workdir" "-e" "CARGO_HOME=/opt/rustwide/cargo-home" "-e" "RUSTUP_HOME=/opt/rustwide/rustup-home" "-e" "CARGO_TARGET_DIR=/opt/rustwide/target" "-e" "CARGO_INCREMENTAL=0" "-e" "RUST_BACKTRACE=full" "-e" "RUSTFLAGS=--cap-lints=warn" "-e" "RUSTDOCFLAGS=--cap-lints=warn" "-w" "/opt/rustwide/workdir" "--user" "0:0" "2e43f82dd6aba4795bdf39a065aef141c3e117ca2e7da3816e70f4425f644ce3" "/opt/rustwide/cargo-home/bin/cargo" "+1.100.0-beta.1" "test" "--frozen" "--no-run" "--message-format=json" "--release", kill_on_drop: false }`
[INFO] [stderr]    Compiling getrandom v0.1.16
[INFO] [stderr]    Compiling num-traits v0.2.19
[INFO] [stderr]    Compiling syn v3.0.6
[INFO] [stderr]    Compiling syn v2.0.119
[INFO] [stderr]    Compiling execute-command-tokens v0.3.0
[INFO] [stderr]    Compiling atomic v0.6.1
[INFO] [stderr]    Compiling serde_json v1.0.151
[INFO] [stderr]    Compiling getrandom v0.4.3
[INFO] [stderr]    Compiling sha1_smol v1.0.1
[INFO] [stderr]    Compiling time v0.3.55
[INFO] [stderr]    Compiling url-escape v0.1.2
[INFO] [stderr]    Compiling random_color v1.1.0
[INFO] [stderr]    Compiling log v0.4.34
[INFO] [stderr]    Compiling either v1.18.0
[INFO] [stderr]    Compiling deunicode v1.6.2
[INFO] [stderr]    Compiling csv v1.4.0
[INFO] [stderr]    Compiling time v0.1.45
[INFO] [stderr]    Compiling fs_extra v1.3.0
[INFO] [stderr]    Compiling glob v0.3.4
[INFO] [stderr]    Compiling uuid v1.26.1
[INFO] [stderr]    Compiling rand_core v0.5.1
[INFO] [stderr]    Compiling rand_chacha v0.2.2
[INFO] [stderr]    Compiling rand v0.7.3
[INFO] [stderr]    Compiling chrono v0.4.45
[INFO] [stderr]    Compiling ordered-float v2.10.1
[INFO] [stderr]    Compiling randua v0.1.6
[INFO] [stderr]    Compiling serde_derive v1.0.229
[INFO] [stderr]    Compiling thiserror-impl v2.0.21
[INFO] [stderr]    Compiling execute-command-macro-impl v0.3.1
[INFO] [stderr]    Compiling tokio-macros v2.7.2
[INFO] [stderr]    Compiling execute-command-macro v0.3.0
[INFO] [stderr]    Compiling execute v0.3.0
[INFO] [stderr]    Compiling tokio v1.53.1
[INFO] [stderr]    Compiling thiserror v2.0.21
[INFO] [stderr]    Compiling file-rotate v0.8.0
[INFO] [stderr]    Compiling geo-types v0.7.20
[INFO] [stderr]    Compiling emixcore v0.7.0
[INFO] [stderr]    Compiling serde v1.0.229
[INFO] [stderr]    Compiling darling_core v0.20.11
[INFO] [stderr]    Compiling derive_more-impl v2.1.1
[INFO] [stderr]    Compiling email_address v0.2.9
[INFO] [stderr]    Compiling serde_yaml v0.9.34+deprecated
[INFO] [stderr]    Compiling serde-value v0.7.0
[INFO] [stderr]    Compiling derive_more v2.1.1
[INFO] [stderr]    Compiling darling_macro v0.20.11
[INFO] [stderr]    Compiling darling v0.20.11
[INFO] [stderr]    Compiling dummy v0.11.0
[INFO] [stderr]    Compiling fake v4.4.0
[INFO] [stderr]    Compiling log4rs v1.4.0
[INFO] [stderr]    Compiling emixlog v0.7.0 (/opt/rustwide/workdir)
[INFO] [stderr]    Compiling emix v0.7.0
[INFO] [stdout] error[E0433]: cannot find `distr` in `rand`
[INFO] [stdout]   --> /opt/rustwide/cargo-home/registry/src/index.crates.io-1949cf8c6b5b557f/emix-0.7.0/src/random/mod.rs:13:20
[INFO] [stdout]    |
[INFO] [stdout] 13 | use rand::{RngExt, distr::uniform::SampleUniform};
[INFO] [stdout]    |                    ^^^^^ could not find `distr` in `rand`
[INFO] [stdout] 
[INFO] [stdout] 
[INFO] [stdout] error[E0432]: unresolved import `rand::RngExt`
[INFO] [stdout]   --> /opt/rustwide/cargo-home/registry/src/index.crates.io-1949cf8c6b5b557f/emix-0.7.0/src/random/mod.rs:13:12
[INFO] [stdout]    |
[INFO] [stdout] 13 | use rand::{RngExt, distr::uniform::SampleUniform};
[INFO] [stdout]    |            ^^^^^^ no `RngExt` in the root
[INFO] [stdout] 
[INFO] [stdout] 
[INFO] [stdout] error[E0425]: cannot find function `rng` in crate `rand`
[INFO] [stdout]   --> /opt/rustwide/cargo-home/registry/src/index.crates.io-1949cf8c6b5b557f/emix-0.7.0/src/random/mod.rs:26:21
[INFO] [stdout]    |
[INFO] [stdout] 26 |     let num = rand::rng().random_range(0..62);
[INFO] [stdout]    |                     ^^^ not found in `rand`
[INFO] [stdout] 
[INFO] [stdout] 
[INFO] [stdout] error[E0425]: cannot find function `rng` in crate `rand`
[INFO] [stdout]   --> /opt/rustwide/cargo-home/registry/src/index.crates.io-1949cf8c6b5b557f/emix-0.7.0/src/random/mod.rs:49:21
[INFO] [stdout]    |
[INFO] [stdout] 49 |     let num = rand::rng().random_range(0..94);
[INFO] [stdout]    |                     ^^^ not found in `rand`
[INFO] [stdout] 
[INFO] [stdout] 
[INFO] [stdout] error[E0425]: cannot find function `rng` in crate `rand`
[INFO] [stdout]   --> /opt/rustwide/cargo-home/registry/src/index.crates.io-1949cf8c6b5b557f/emix-0.7.0/src/random/mod.rs:77:11
[INFO] [stdout]    |
[INFO] [stdout] 77 |     rand::rng().random_range(0.0..1.0)
[INFO] [stdout]    |           ^^^ not found in `rand`
[INFO] [stdout] 
[INFO] [stdout] 
[INFO] [stdout] error[E0425]: cannot find function `rng` in crate `rand`
[INFO] [stdout]   --> /opt/rustwide/cargo-home/registry/src/index.crates.io-1949cf8c6b5b557f/emix-0.7.0/src/random/mod.rs:81:11
[INFO] [stdout]    |
[INFO] [stdout] 81 |     rand::rng().random_range(r)
[INFO] [stdout]    |           ^^^ not found in `rand`
[INFO] [stdout] 
[INFO] [stdout] 
[INFO] [stdout] Some errors have detailed explanations: E0425, E0432, E0433.
[INFO] [stdout] 
[INFO] [stdout] For more information about an error, try `rustc --explain E0425`.
[INFO] [stdout] 
[INFO] [stderr] error: could not compile `emix` (lib) due to 6 previous errors
[INFO] [stderr] warning: build failed, waiting for other jobs to finish...
[INFO] [stderr] warning: unused dependency `file-rotate`
[INFO] [stderr]  --> Cargo.toml:7:15
[INFO] [stderr]   |
[INFO] [stderr] 7 | [dependencies.file-rotate]
[INFO] [stderr]   |               ^^^^^^^^^^^^
[INFO] [stderr]   |
[INFO] [stderr]   = note: `cargo::unused_dependencies` is set to `warn` by default
[INFO] [stderr] help: consider removing the dependency on `file-rotate`
[INFO] [stderr] warning: `emixlog` (manifest) generated 1 warning
[INFO] running `Command { std: "docker" "inspect" "2e43f82dd6aba4795bdf39a065aef141c3e117ca2e7da3816e70f4425f644ce3", kill_on_drop: false }`
[INFO] running `Command { std: "docker" "rm" "-f" "2e43f82dd6aba4795bdf39a065aef141c3e117ca2e7da3816e70f4425f644ce3", kill_on_drop: false }`
[INFO] [stdout] 2e43f82dd6aba4795bdf39a065aef141c3e117ca2e7da3816e70f4425f644ce3
