[INFO] fetching crate emissary-core 0.4.0...
[INFO] testing emissary-core-0.4.0 against 1.99.0-beta.8+cargoflags=--release for beta-release-1.100-2
[INFO] extracting crate emissary-core 0.4.0 into /workspace/builds/worker-4-tc1/source
[INFO] started tweaking crates.io crate emissary-core 0.4.0
[INFO] removed 0 missing tests
[INFO] finished tweaking crates.io crate emissary-core 0.4.0
[INFO] tweaked toml for crates.io crate emissary-core 0.4.0 written to /workspace/builds/worker-4-tc1/source/Cargo.toml
[INFO] validating manifest of crates.io crate emissary-core 0.4.0 on toolchain 1.99.0-beta.8
[INFO] running `Command { std: CARGO_HOME="/workspace/cargo-home" RUSTUP_HOME="/workspace/rustup-home" "/workspace/cargo-home/bin/cargo" "+1.99.0-beta.8" "metadata" "--manifest-path" "Cargo.toml" "--no-deps", kill_on_drop: false }`
[INFO] crate crates.io crate emissary-core 0.4.0 already has a lockfile, it will not be regenerated
[INFO] running `Command { std: CARGO_HOME="/workspace/cargo-home" RUSTUP_HOME="/workspace/rustup-home" "/workspace/cargo-home/bin/cargo" "+1.99.0-beta.8" "fetch" "--manifest-path" "Cargo.toml", kill_on_drop: false }`
[INFO] [stderr]     Updating crates.io index
[INFO] [stderr]  Downloading crates ...
[INFO] [stderr]   Downloaded semver v1.0.23
[INFO] [stderr]   Downloaded x25519-dalek v3.0.0-pre.6
[INFO] [stderr]   Downloaded yosemite v0.7.0
[INFO] [stderr]   Downloaded ethbloom v0.14.1
[INFO] [stderr]   Downloaded signature v3.0.0-rc.10
[INFO] [stderr]   Downloaded async-channel v2.3.1
[INFO] [stderr]   Downloaded event-listener-strategy v0.5.3
[INFO] [stderr]   Downloaded keccak v0.2.0-rc.2
[INFO] [stderr]   Downloaded hermit-abi v0.4.0
[INFO] [stderr]   Downloaded kem v0.3.0-rc.6
[INFO] [stderr]   Downloaded pin-project-internal v1.1.5
[INFO] [stderr]   Downloaded digest v0.11.1
[INFO] [stderr]   Downloaded iana-time-zone v0.1.60
[INFO] [stderr]   Downloaded rustversion v1.0.20
[INFO] [stderr]   Downloaded async-process v2.3.0
[INFO] [stderr]   Downloaded async-signal v0.2.10
[INFO] [stderr]   Downloaded async-fs v2.1.2
[INFO] [stderr]   Downloaded module-lattice v0.1.0
[INFO] [stderr]   Downloaded hybrid-array v0.4.7
[INFO] [stderr]   Downloaded time-core v0.1.2
[INFO] [stderr]   Downloaded blocking v1.6.1
[INFO] [stderr]   Downloaded async-executor v1.13.1
[INFO] [stderr]   Downloaded ed25519 v3.0.0-rc.4
[INFO] [stderr]   Downloaded spki v0.8.0-rc.4
[INFO] [stderr]   Downloaded time-macros v0.2.18
[INFO] [stderr]   Downloaded deranged v0.3.11
[INFO] [stderr]   Downloaded spin v0.10.0
[INFO] [stderr]   Downloaded futures-lite v2.5.0
[INFO] [stderr]   Downloaded ml-kem v0.3.0-rc.0
[INFO] [stderr]   Downloaded pkcs8 v0.11.0-rc.11
[INFO] [stderr]   Downloaded pin-project v1.1.5
[INFO] [stderr]   Downloaded event-listener v5.3.1
[INFO] [stderr]   Downloaded polling v3.7.4
[INFO] [stderr]   Downloaded miniz_oxide v0.8.5
[INFO] [stderr]   Downloaded sha2 v0.11.0-rc.5
[INFO] [stderr]   Downloaded cc v1.1.5
[INFO] [stderr]   Downloaded thingbuf v0.1.6
[INFO] [stderr]   Downloaded async-io v2.4.0
[INFO] [stderr]   Downloaded der v0.7.9
[INFO] [stderr]   Downloaded time v0.3.36
[INFO] [stderr]   Downloaded ed25519-dalek v3.0.0-pre.6
[INFO] [stderr]   Downloaded der v0.8.0
[INFO] [stderr]   Downloaded curve25519-dalek v5.0.0-pre.6
[INFO] [stderr]   Downloaded curve25519-elligator2 v0.1.0-alpha.2
[INFO] [stderr]   Downloaded regex-syntax v0.8.4
[INFO] [stderr]   Downloaded rustix v0.38.42
[INFO] [stderr]   Downloaded fiat-crypto v0.3.0
[INFO] [stderr]   Downloaded regex-automata v0.4.7
[INFO] [stderr]   Downloaded sha3 v0.11.0-rc.8
[INFO] [stderr]   Downloaded linux-raw-sys v0.4.14
[INFO] running `Command { std: "docker" "create" "-v" "/var/lib/crater-agent-workspace/builds/worker-4-tc1/source:/opt/rustwide/workdir:ro,Z" "-v" "/var/lib/crater-agent-workspace/builds/worker-4-tc1/target:/opt/rustwide/target:rw,Z" "-v" "/var/lib/crater-agent-workspace/cargo-home:/opt/rustwide/cargo-home:ro,Z" "-v" "/var/lib/crater-agent-workspace/rustup-home:/opt/rustwide/rustup-home:ro,Z" "-m" "1610612736" "--network" "none" "ghcr.io/rust-lang/crates-build-env/linux@sha256:77db811e55d90add9212f6832c23229e3de5f1c1f9905e8cb07319ea15df73ac" "sleep" "infinity", kill_on_drop: false }`
[INFO] [stdout] 2629b14e2ae071b9085e4880750d6e402fe8e855d3ed4e2254ec1020b3e29a45
[INFO] running `Command { std: "docker" "start" "2629b14e2ae071b9085e4880750d6e402fe8e855d3ed4e2254ec1020b3e29a45", kill_on_drop: false }`
[INFO] running `Command { std: "docker" "inspect" "2629b14e2ae071b9085e4880750d6e402fe8e855d3ed4e2254ec1020b3e29a45", kill_on_drop: false }`
[INFO] running `Command { std: "docker" "exec" "-e" "SOURCE_DIR=/opt/rustwide/workdir" "-e" "CARGO_HOME=/opt/rustwide/cargo-home" "-e" "RUSTUP_HOME=/opt/rustwide/rustup-home" "-e" "CARGO_TARGET_DIR=/opt/rustwide/target" "-w" "/opt/rustwide/workdir" "--user" "0:0" "2629b14e2ae071b9085e4880750d6e402fe8e855d3ed4e2254ec1020b3e29a45" "/opt/rustwide/cargo-home/bin/cargo" "+1.99.0-beta.8" "metadata" "--no-deps" "--format-version=1", kill_on_drop: false }`
[INFO] running `Command { std: "docker" "inspect" "2629b14e2ae071b9085e4880750d6e402fe8e855d3ed4e2254ec1020b3e29a45", kill_on_drop: false }`
[INFO] running `Command { std: "docker" "exec" "-e" "SOURCE_DIR=/opt/rustwide/workdir" "-e" "CARGO_HOME=/opt/rustwide/cargo-home" "-e" "RUSTUP_HOME=/opt/rustwide/rustup-home" "-e" "CARGO_TARGET_DIR=/opt/rustwide/target" "-e" "CARGO_INCREMENTAL=0" "-e" "RUST_BACKTRACE=full" "-e" "RUSTFLAGS=--cap-lints=warn" "-e" "RUSTDOCFLAGS=--cap-lints=warn" "-w" "/opt/rustwide/workdir" "--user" "0:0" "2629b14e2ae071b9085e4880750d6e402fe8e855d3ed4e2254ec1020b3e29a45" "/opt/rustwide/cargo-home/bin/cargo" "+1.99.0-beta.8" "build" "--frozen" "--message-format=json" "--release", kill_on_drop: false }`
[INFO] [stderr]    Compiling typenum v1.17.0
[INFO] [stderr]    Compiling subtle v2.6.1
[INFO] [stderr]    Compiling zeroize v1.8.1
[INFO] [stderr]    Compiling proc-macro2 v1.0.92
[INFO] [stderr]    Compiling generic-array v0.14.7
[INFO] [stderr]    Compiling semver v1.0.23
[INFO] [stderr]    Compiling autocfg v1.3.0
[INFO] [stderr]    Compiling rand_core v0.10.0
[INFO] [stderr]    Compiling rand_core v0.6.4
[INFO] [stderr]    Compiling der v0.7.9
[INFO] [stderr]    Compiling crunchy v0.2.2
[INFO] [stderr]    Compiling libc v0.2.177
[INFO] [stderr]    Compiling ff v0.13.0
[INFO] [stderr]    Compiling tiny-keccak v2.0.2
[INFO] [stderr]    Compiling num-traits v0.2.19
[INFO] [stderr]    Compiling lock_api v0.4.13
[INFO] [stderr]    Compiling group v0.13.0
[INFO] [stderr]    Compiling rustc_version v0.4.0
[INFO] [stderr]    Compiling parking_lot_core v0.9.11
[INFO] [stderr]    Compiling signature v3.0.0-rc.10
[INFO] [stderr]    Compiling opaque-debug v0.3.1
[INFO] [stderr]    Compiling curve25519-dalek v5.0.0-pre.6
[INFO] [stderr]    Compiling curve25519-elligator2 v0.1.0-alpha.2
[INFO] [stderr]    Compiling futures-core v0.3.31
[INFO] [stderr]    Compiling keccak v0.2.0-rc.2
[INFO] [stderr]    Compiling smallvec v1.15.1
[INFO] [stderr]    Compiling quote v1.0.36
[INFO] [stderr]    Compiling ed25519 v3.0.0-rc.4
[INFO] [stderr]    Compiling fixed-hash v0.8.0
[INFO] [stderr]    Compiling syn v2.0.90
[INFO] [stderr]    Compiling num-integer v0.1.46
[INFO] [stderr]    Compiling minimal-lexical v0.2.1
[INFO] [stderr]    Compiling hybrid-array v0.4.7
[INFO] [stderr]    Compiling memchr v2.7.4
[INFO] [stderr]    Compiling spki v0.7.3
[INFO] [stderr]    Compiling byteorder v1.5.0
[INFO] [stderr]    Compiling tracing-core v0.1.36
[INFO] [stderr]    Compiling futures-task v0.3.31
[INFO] [stderr]    Compiling hex v0.4.3
[INFO] [stderr]    Compiling foldhash v0.1.5
[INFO] [stderr]    Compiling crypto-common v0.2.1
[INFO] [stderr]    Compiling block-buffer v0.12.0
[INFO] [stderr]    Compiling module-lattice v0.1.0
[INFO] [stderr]    Compiling crypto-common v0.1.6
[INFO] [stderr]    Compiling block-buffer v0.10.4
[INFO] [stderr]    Compiling inout v0.1.3
[INFO] [stderr]    Compiling digest v0.10.7
[INFO] [stderr]    Compiling cipher v0.4.4
[INFO] [stderr]    Compiling sec1 v0.7.3
[INFO] [stderr]    Compiling crypto-bigint v0.5.5
[INFO] [stderr]    Compiling hmac v0.12.1
[INFO] [stderr]    Compiling signature v2.2.0
[INFO] [stderr]    Compiling rfc6979 v0.4.0
[INFO] [stderr]    Compiling universal-hash v0.5.1
[INFO] [stderr]    Compiling chacha20 v0.9.1
[INFO] [stderr]    Compiling sha2 v0.10.9
[INFO] [stderr]    Compiling poly1305 v0.8.0
[INFO] [stderr]    Compiling aead v0.5.2
[INFO] [stderr]    Compiling equivalent v1.0.1
[INFO] [stderr]    Compiling hashbrown v0.15.4
[INFO] [stderr]    Compiling chacha20poly1305 v0.10.1
[INFO] [stderr]    Compiling ecb v0.1.2
[INFO] [stderr]    Compiling cbc v0.1.2
[INFO] [stderr]    Compiling digest v0.11.1
[INFO] [stderr]    Compiling kem v0.3.0-rc.6
[INFO] [stderr]    Compiling aes v0.8.4
[INFO] [stderr]    Compiling sha1 v0.10.6
[INFO] [stderr]    Compiling sha3 v0.11.0-rc.8
[INFO] [stderr]    Compiling elliptic-curve v0.13.8
[INFO] [stderr]    Compiling sha2 v0.11.0-rc.5
[INFO] [stderr]    Compiling tracing v0.1.44
[INFO] [stderr]    Compiling primeorder v0.13.6
[INFO] [stderr]    Compiling ecdsa v0.16.9
[INFO] [stderr]    Compiling ml-kem v0.3.0-rc.0
[INFO] [stderr]    Compiling uint v0.9.5
[INFO] [stderr]    Compiling nom v7.1.3
[INFO] [stderr]    Compiling futures-util v0.3.31
[INFO] [stderr]    Compiling parking_lot v0.12.4
[INFO] [stderr]    Compiling p256 v0.13.2
[INFO] [stderr]    Compiling num-bigint v0.4.6
[INFO] [stderr]    Compiling ethbloom v0.14.1
[INFO] [stderr]    Compiling futures-channel v0.3.31
[INFO] [stderr]    Compiling rand v0.10.0
[INFO] [stderr]    Compiling siphasher v1.0.1
[INFO] [stderr]    Compiling curve25519-dalek-derive v0.1.1
[INFO] [stderr]    Compiling pin-project-internal v1.1.5
[INFO] [stderr]    Compiling bytes v1.11.1
[INFO] [stderr]    Compiling data-encoding v2.9.0
[INFO] [stderr]    Compiling pin-project v1.1.5
[INFO] [stderr]    Compiling thingbuf v0.1.6
[INFO] [stderr]    Compiling ed25519-dalek v3.0.0-pre.6
[INFO] [stderr]    Compiling x25519-dalek v3.0.0-pre.6
[INFO] [stderr]    Compiling emissary-core v0.4.0 (/opt/rustwide/workdir)
[INFO] [stdout] warning: trailing semicolon in macro used in expression position
[INFO] [stdout]   --> src/netdb/types.rs:35:1
[INFO] [stdout]    |
[INFO] [stdout] 35 | / construct_uint! {
[INFO] [stdout] 36 | |     /// 256-bit unsigned integer.
[INFO] [stdout] 37 | |     pub(super) struct U256(4);
[INFO] [stdout] 38 | | }
[INFO] [stdout]    | |_^
[INFO] [stdout]    |
[INFO] [stdout]    = note: macro invocations at the end of a block are treated as expressions
[INFO] [stdout]    = note: to ignore the value produced by the macro, add a semicolon after the invocation of `uint_full_mul_reg`
[INFO] [stdout]    = warning: this was previously accepted by the compiler but is being phased out; it will become a hard error in a future release!
[INFO] [stdout]    = note: for more information, see issue #79813 <https://github.com/rust-lang/rust/issues/79813>
[INFO] [stdout]    = note: `#[warn(semicolon_in_expressions_from_non_local_macros)]` (part of `#[warn(future_incompatible)]`) on by default
[INFO] [stdout]    = note: this warning originates in the macro `$crate::uint_full_mul_reg` which comes from the expansion of the macro `construct_uint` (in Nightly builds, run with -Z macro-backtrace for more info)
[INFO] [stdout] 
[INFO] [stdout] 
[INFO] [stderr]     Finished `release` profile [optimized] target(s) in 1m 27s
[INFO] running `Command { std: "docker" "inspect" "2629b14e2ae071b9085e4880750d6e402fe8e855d3ed4e2254ec1020b3e29a45", kill_on_drop: false }`
[INFO] running `Command { std: "docker" "exec" "-e" "SOURCE_DIR=/opt/rustwide/workdir" "-e" "CARGO_HOME=/opt/rustwide/cargo-home" "-e" "RUSTUP_HOME=/opt/rustwide/rustup-home" "-e" "CARGO_TARGET_DIR=/opt/rustwide/target" "-e" "CARGO_INCREMENTAL=0" "-e" "RUST_BACKTRACE=full" "-e" "RUSTFLAGS=--cap-lints=warn" "-e" "RUSTDOCFLAGS=--cap-lints=warn" "-w" "/opt/rustwide/workdir" "--user" "0:0" "2629b14e2ae071b9085e4880750d6e402fe8e855d3ed4e2254ec1020b3e29a45" "/opt/rustwide/cargo-home/bin/cargo" "+1.99.0-beta.8" "test" "--frozen" "--no-run" "--message-format=json" "--release", kill_on_drop: false }`
[INFO] [stderr]    Compiling futures-io v0.3.31
[INFO] [stderr]    Compiling crossbeam-utils v0.8.21
[INFO] [stderr]    Compiling slab v0.4.9
[INFO] [stderr]    Compiling syn v2.0.90
[INFO] [stderr]    Compiling getrandom v0.2.15
[INFO] [stderr]    Compiling tracing-core v0.1.36
[INFO] [stderr]    Compiling log v0.4.22
[INFO] [stderr]    Compiling rustix v0.38.42
[INFO] [stderr]    Compiling futures-lite v2.5.0
[INFO] [stderr]    Compiling rand_core v0.6.4
[INFO] [stderr]    Compiling linux-raw-sys v0.4.14
[INFO] [stderr]    Compiling bitflags v2.11.0
[INFO] [stderr]    Compiling ff v0.13.0
[INFO] [stderr]    Compiling signal-hook-registry v1.4.2
[INFO] [stderr]    Compiling memchr v2.7.4
[INFO] [stderr]    Compiling concurrent-queue v2.5.0
[INFO] [stderr]    Compiling group v0.13.0
[INFO] [stderr]    Compiling event-listener v5.3.1
[INFO] [stderr]    Compiling crypto-bigint v0.5.5
[INFO] [stderr]    Compiling event-listener-strategy v0.5.3
[INFO] [stderr]    Compiling async-lock v3.4.0
[INFO] [stderr]    Compiling async-channel v2.3.1
[INFO] [stderr]    Compiling futures-channel v0.3.31
[INFO] [stderr]    Compiling piper v0.2.4
[INFO] [stderr]    Compiling bytes v1.11.1
[INFO] [stderr]    Compiling blocking v1.6.1
[INFO] [stderr]    Compiling signature v2.2.0
[INFO] [stderr]    Compiling socket2 v0.6.2
[INFO] [stderr]    Compiling mio v1.0.3
[INFO] [stderr]    Compiling powerfmt v0.2.0
[INFO] [stderr]    Compiling ppv-lite86 v0.2.17
[INFO] [stderr]    Compiling regex-syntax v0.8.4
[INFO] [stderr]    Compiling rand_chacha v0.3.1
[INFO] [stderr]    Compiling elliptic-curve v0.13.8
[INFO] [stderr]    Compiling deranged v0.3.11
[INFO] [stderr]    Compiling nom v7.1.3
[INFO] [stderr]    Compiling primeorder v0.13.6
[INFO] [stderr]    Compiling ecdsa v0.16.9
[INFO] [stderr]    Compiling iana-time-zone v0.1.60
[INFO] [stderr]    Compiling num-conv v0.1.0
[INFO] [stderr]    Compiling itoa v1.0.11
[INFO] [stderr]    Compiling adler2 v2.0.0
[INFO] [stderr]    Compiling time-core v0.1.2
[INFO] [stderr]    Compiling p256 v0.13.2
[INFO] [stderr]    Compiling miniz_oxide v0.8.5
[INFO] [stderr]    Compiling time v0.3.36
[INFO] [stderr]    Compiling chrono v0.4.42
[INFO] [stderr]    Compiling regex-automata v0.4.7
[INFO] [stderr]    Compiling rand v0.8.5
[INFO] [stderr]    Compiling async-fs v2.1.2
[INFO] [stderr]    Compiling async-executor v1.13.1
[INFO] [stderr]    Compiling tracing-attributes v0.1.31
[INFO] [stderr]    Compiling futures-macro v0.3.31
[INFO] [stderr]    Compiling curve25519-dalek-derive v0.1.1
[INFO] [stderr]    Compiling futures-util v0.3.31
[INFO] [stderr]    Compiling curve25519-dalek v5.0.0-pre.6
[INFO] [stderr]    Compiling tracing v0.1.44
[INFO] [stderr]    Compiling polling v3.7.4
[INFO] [stderr]    Compiling tokio-macros v2.6.0
[INFO] [stderr]    Compiling pin-project-internal v1.1.5
[INFO] [stderr]    Compiling async-io v2.4.0
[INFO] [stderr]    Compiling tokio v1.48.0
[INFO] [stderr]    Compiling pin-project v1.1.5
[INFO] [stderr]    Compiling async-signal v0.2.10
[INFO] [stderr]    Compiling thiserror-impl v1.0.69
[INFO] [stderr]    Compiling async-process v2.3.0
[INFO] [stderr]    Compiling thingbuf v0.1.6
[INFO] [stderr]    Compiling async-net v2.0.0
[INFO] [stderr]    Compiling thiserror v1.0.69
[INFO] [stderr]    Compiling x25519-dalek v3.0.0-pre.6
[INFO] [stderr]    Compiling futures-executor v0.3.31
[INFO] [stderr]    Compiling futures v0.3.31
[INFO] [stderr]    Compiling ed25519-dalek v3.0.0-pre.6
[INFO] [stderr]    Compiling matchers v0.2.0
[INFO] [stderr]    Compiling curve25519-elligator2 v0.1.0-alpha.2
[INFO] [stderr]    Compiling tracing-log v0.2.0
[INFO] [stderr]    Compiling thread_local v1.1.8
[INFO] [stderr]    Compiling crc32fast v1.4.2
[INFO] [stderr]    Compiling tracing-subscriber v0.3.22
[INFO] [stderr]    Compiling flate2 v1.1.2
[INFO] [stderr]    Compiling smol v2.0.2
[INFO] [stderr]    Compiling emissary-core v0.4.0 (/opt/rustwide/workdir)
[INFO] [stderr]    Compiling tokio-util v0.7.15
[INFO] [stderr]    Compiling yosemite v0.7.0
[INFO] [stdout] warning: trailing semicolon in macro used in expression position
[INFO] [stdout]   --> src/netdb/types.rs:35:1
[INFO] [stdout]    |
[INFO] [stdout] 35 | / construct_uint! {
[INFO] [stdout] 36 | |     /// 256-bit unsigned integer.
[INFO] [stdout] 37 | |     pub(super) struct U256(4);
[INFO] [stdout] 38 | | }
[INFO] [stdout]    | |_^
[INFO] [stdout]    |
[INFO] [stdout]    = note: macro invocations at the end of a block are treated as expressions
[INFO] [stdout]    = note: to ignore the value produced by the macro, add a semicolon after the invocation of `uint_full_mul_reg`
[INFO] [stdout]    = warning: this was previously accepted by the compiler but is being phased out; it will become a hard error in a future release!
[INFO] [stdout]    = note: for more information, see issue #79813 <https://github.com/rust-lang/rust/issues/79813>
[INFO] [stdout]    = note: `#[warn(semicolon_in_expressions_from_non_local_macros)]` (part of `#[warn(future_incompatible)]`) on by default
[INFO] [stdout]    = note: this warning originates in the macro `$crate::uint_full_mul_reg` which comes from the expansion of the macro `construct_uint` (in Nightly builds, run with -Z macro-backtrace for more info)
[INFO] [stdout] 
[INFO] [stdout] 
[INFO] [stdout] error[E0423]: cannot find function `rng` in crate `rand`
[INFO] [stdout]     --> src/transport/ssu2/peer_test/mod.rs:1517:62
[INFO] [stdout]      |
[INFO] [stdout] 1517 |         let static_key = StaticPrivateKey::random(&mut rand::rng()).public();
[INFO] [stdout]      |                                                              ^^^ not found in `rand`
[INFO] [stdout]      |
[INFO] [stdout]      = note: a module named `rand::rng` exists in another namespace
[INFO] [stdout] note: found an item that was configured out
[INFO] [stdout]     --> /opt/rustwide/cargo-home/registry/src/index.crates.io-1949cf8c6b5b557f/rand-0.10.0/src/lib.rs:86:30
[INFO] [stdout]      |
[INFO] [stdout]   85 | #[cfg(feature = "thread_rng")]
[INFO] [stdout]      |       ---------------------- the item is gated behind the `thread_rng` feature
[INFO] [stdout]   86 | pub use crate::rngs::thread::rng;
[INFO] [stdout]      |                              ^^^
[INFO] [stdout] 
[INFO] [stdout] 
[INFO] [stdout] error[E0423]: cannot find function `rng` in crate `rand`
[INFO] [stdout]    --> src/transport/ssu2/session/active/mod.rs:868:66
[INFO] [stdout]     |
[INFO] [stdout] 868 |         let remote_signing_key = SigningPrivateKey::random(rand::rng());
[INFO] [stdout]     |                                                                  ^^^ not found in `rand`
[INFO] [stdout]     |
[INFO] [stdout]     = note: a module named `rand::rng` exists in another namespace
[INFO] [stdout] note: found an item that was configured out
[INFO] [stdout]    --> /opt/rustwide/cargo-home/registry/src/index.crates.io-1949cf8c6b5b557f/rand-0.10.0/src/lib.rs:86:30
[INFO] [stdout]     |
[INFO] [stdout]  85 | #[cfg(feature = "thread_rng")]
[INFO] [stdout]     |       ---------------------- the item is gated behind the `thread_rng` feature
[INFO] [stdout]  86 | pub use crate::rngs::thread::rng;
[INFO] [stdout]     |                              ^^^
[INFO] [stdout] 
[INFO] [stdout] 
[INFO] [stdout] error[E0423]: cannot find function `rng` in crate `rand`
[INFO] [stdout]    --> src/tunnel/garlic.rs:266:57
[INFO] [stdout]     |
[INFO] [stdout] 266 |         let remote_key = StaticPrivateKey::random(rand::rng());
[INFO] [stdout]     |                                                         ^^^ not found in `rand`
[INFO] [stdout]     |
[INFO] [stdout]     = note: a module named `rand::rng` exists in another namespace
[INFO] [stdout] note: found an item that was configured out
[INFO] [stdout]    --> /opt/rustwide/cargo-home/registry/src/index.crates.io-1949cf8c6b5b557f/rand-0.10.0/src/lib.rs:86:30
[INFO] [stdout]     |
[INFO] [stdout]  85 | #[cfg(feature = "thread_rng")]
[INFO] [stdout]     |       ---------------------- the item is gated behind the `thread_rng` feature
[INFO] [stdout]  86 | pub use crate::rngs::thread::rng;
[INFO] [stdout]     |                              ^^^
[INFO] [stdout] 
[INFO] [stdout] 
[INFO] [stdout] error[E0423]: cannot find function `rng` in crate `rand`
[INFO] [stdout]    --> src/tunnel/garlic.rs:269:56
[INFO] [stdout]     |
[INFO] [stdout] 269 |         let local_key = StaticPrivateKey::random(rand::rng());
[INFO] [stdout]     |                                                        ^^^ not found in `rand`
[INFO] [stdout]     |
[INFO] [stdout]     = note: a module named `rand::rng` exists in another namespace
[INFO] [stdout] note: found an item that was configured out
[INFO] [stdout]    --> /opt/rustwide/cargo-home/registry/src/index.crates.io-1949cf8c6b5b557f/rand-0.10.0/src/lib.rs:86:30
[INFO] [stdout]     |
[INFO] [stdout]  85 | #[cfg(feature = "thread_rng")]
[INFO] [stdout]     |       ---------------------- the item is gated behind the `thread_rng` feature
[INFO] [stdout]  86 | pub use crate::rngs::thread::rng;
[INFO] [stdout]     |                              ^^^
[INFO] [stdout] 
[INFO] [stdout] 
[INFO] [stdout] error[E0423]: cannot find function `rng` in crate `rand`
[INFO] [stdout]    --> src/tunnel/garlic.rs:331:66
[INFO] [stdout]     |
[INFO] [stdout] 331 |         let ephemeral_secret = EphemeralPrivateKey::random(rand::rng());
[INFO] [stdout]     |                                                                  ^^^ not found in `rand`
[INFO] [stdout]     |
[INFO] [stdout]     = note: a module named `rand::rng` exists in another namespace
[INFO] [stdout] note: found an item that was configured out
[INFO] [stdout]    --> /opt/rustwide/cargo-home/registry/src/index.crates.io-1949cf8c6b5b557f/rand-0.10.0/src/lib.rs:86:30
[INFO] [stdout]     |
[INFO] [stdout]  85 | #[cfg(feature = "thread_rng")]
[INFO] [stdout]     |       ---------------------- the item is gated behind the `thread_rng` feature
[INFO] [stdout]  86 | pub use crate::rngs::thread::rng;
[INFO] [stdout]     |                              ^^^
[INFO] [stdout] 
[INFO] [stdout] 
[INFO] [stdout] error[E0423]: cannot find function `rng` in crate `rand`
[INFO] [stdout]    --> src/tunnel/garlic.rs:399:57
[INFO] [stdout]     |
[INFO] [stdout] 399 |         let remote_key = StaticPrivateKey::random(rand::rng());
[INFO] [stdout]     |                                                         ^^^ not found in `rand`
[INFO] [stdout]     |
[INFO] [stdout]     = note: a module named `rand::rng` exists in another namespace
[INFO] [stdout] note: found an item that was configured out
[INFO] [stdout]    --> /opt/rustwide/cargo-home/registry/src/index.crates.io-1949cf8c6b5b557f/rand-0.10.0/src/lib.rs:86:30
[INFO] [stdout]     |
[INFO] [stdout]  85 | #[cfg(feature = "thread_rng")]
[INFO] [stdout]     |       ---------------------- the item is gated behind the `thread_rng` feature
[INFO] [stdout]  86 | pub use crate::rngs::thread::rng;
[INFO] [stdout]     |                              ^^^
[INFO] [stdout] 
[INFO] [stdout] 
[INFO] [stdout] error[E0423]: cannot find function `rng` in crate `rand`
[INFO] [stdout]    --> src/tunnel/garlic.rs:402:56
[INFO] [stdout]     |
[INFO] [stdout] 402 |         let local_key = StaticPrivateKey::random(rand::rng());
[INFO] [stdout]     |                                                        ^^^ not found in `rand`
[INFO] [stdout]     |
[INFO] [stdout]     = note: a module named `rand::rng` exists in another namespace
[INFO] [stdout] note: found an item that was configured out
[INFO] [stdout]    --> /opt/rustwide/cargo-home/registry/src/index.crates.io-1949cf8c6b5b557f/rand-0.10.0/src/lib.rs:86:30
[INFO] [stdout]     |
[INFO] [stdout]  85 | #[cfg(feature = "thread_rng")]
[INFO] [stdout]     |       ---------------------- the item is gated behind the `thread_rng` feature
[INFO] [stdout]  86 | pub use crate::rngs::thread::rng;
[INFO] [stdout]     |                              ^^^
[INFO] [stdout] 
[INFO] [stdout] 
[INFO] [stdout] error[E0423]: cannot find function `rng` in crate `rand`
[INFO] [stdout]    --> src/tunnel/garlic.rs:440:66
[INFO] [stdout]     |
[INFO] [stdout] 440 |         let ephemeral_secret = EphemeralPrivateKey::random(rand::rng());
[INFO] [stdout]     |                                                                  ^^^ not found in `rand`
[INFO] [stdout]     |
[INFO] [stdout]     = note: a module named `rand::rng` exists in another namespace
[INFO] [stdout] note: found an item that was configured out
[INFO] [stdout]    --> /opt/rustwide/cargo-home/registry/src/index.crates.io-1949cf8c6b5b557f/rand-0.10.0/src/lib.rs:86:30
[INFO] [stdout]     |
[INFO] [stdout]  85 | #[cfg(feature = "thread_rng")]
[INFO] [stdout]     |       ---------------------- the item is gated behind the `thread_rng` feature
[INFO] [stdout]  86 | pub use crate::rngs::thread::rng;
[INFO] [stdout]     |                              ^^^
[INFO] [stdout] 
[INFO] [stdout] 
[INFO] [stdout] error[E0423]: cannot find function `rng` in crate `rand`
[INFO] [stdout]    --> src/tunnel/noise.rs:821:57
[INFO] [stdout]     |
[INFO] [stdout] 821 |         let remote_key = StaticPrivateKey::random(rand::rng());
[INFO] [stdout]     |                                                         ^^^ not found in `rand`
[INFO] [stdout]     |
[INFO] [stdout]     = note: a module named `rand::rng` exists in another namespace
[INFO] [stdout] note: found an item that was configured out
[INFO] [stdout]    --> /opt/rustwide/cargo-home/registry/src/index.crates.io-1949cf8c6b5b557f/rand-0.10.0/src/lib.rs:86:30
[INFO] [stdout]     |
[INFO] [stdout]  85 | #[cfg(feature = "thread_rng")]
[INFO] [stdout]     |       ---------------------- the item is gated behind the `thread_rng` feature
[INFO] [stdout]  86 | pub use crate::rngs::thread::rng;
[INFO] [stdout]     |                              ^^^
[INFO] [stdout] 
[INFO] [stdout] 
[INFO] [stdout] error[E0423]: cannot find function `rng` in crate `rand`
[INFO] [stdout]    --> src/tunnel/noise.rs:824:56
[INFO] [stdout]     |
[INFO] [stdout] 824 |         let local_key = StaticPrivateKey::random(rand::rng());
[INFO] [stdout]     |                                                        ^^^ not found in `rand`
[INFO] [stdout]     |
[INFO] [stdout]     = note: a module named `rand::rng` exists in another namespace
[INFO] [stdout] note: found an item that was configured out
[INFO] [stdout]    --> /opt/rustwide/cargo-home/registry/src/index.crates.io-1949cf8c6b5b557f/rand-0.10.0/src/lib.rs:86:30
[INFO] [stdout]     |
[INFO] [stdout]  85 | #[cfg(feature = "thread_rng")]
[INFO] [stdout]     |       ---------------------- the item is gated behind the `thread_rng` feature
[INFO] [stdout]  86 | pub use crate::rngs::thread::rng;
[INFO] [stdout]     |                              ^^^
[INFO] [stdout] 
[INFO] [stdout] 
[INFO] [stdout] error[E0423]: cannot find function `rng` in crate `rand`
[INFO] [stdout]    --> src/tunnel/noise.rs:831:66
[INFO] [stdout]     |
[INFO] [stdout] 831 |         let ephemeral_secret = EphemeralPrivateKey::random(rand::rng());
[INFO] [stdout]     |                                                                  ^^^ not found in `rand`
[INFO] [stdout]     |
[INFO] [stdout]     = note: a module named `rand::rng` exists in another namespace
[INFO] [stdout] note: found an item that was configured out
[INFO] [stdout]    --> /opt/rustwide/cargo-home/registry/src/index.crates.io-1949cf8c6b5b557f/rand-0.10.0/src/lib.rs:86:30
[INFO] [stdout]     |
[INFO] [stdout]  85 | #[cfg(feature = "thread_rng")]
[INFO] [stdout]     |       ---------------------- the item is gated behind the `thread_rng` feature
[INFO] [stdout]  86 | pub use crate::rngs::thread::rng;
[INFO] [stdout]     |                              ^^^
[INFO] [stdout] 
[INFO] [stdout] 
[INFO] [stdout] error[E0423]: cannot find function `rng` in crate `rand`
[INFO] [stdout]    --> src/runtime/mock.rs:406:15
[INFO] [stdout]     |
[INFO] [stdout] 406 |         rand::rng()
[INFO] [stdout]     |               ^^^ not found in `rand`
[INFO] [stdout]     |
[INFO] [stdout]     = note: a module named `rand::rng` exists in another namespace
[INFO] [stdout] note: found an item that was configured out
[INFO] [stdout]    --> /opt/rustwide/cargo-home/registry/src/index.crates.io-1949cf8c6b5b557f/rand-0.10.0/src/lib.rs:86:30
[INFO] [stdout]     |
[INFO] [stdout]  85 | #[cfg(feature = "thread_rng")]
[INFO] [stdout]     |       ---------------------- the item is gated behind the `thread_rng` feature
[INFO] [stdout]  86 | pub use crate::rngs::thread::rng;
[INFO] [stdout]     |                              ^^^
[INFO] [stdout] 
[INFO] [stdout] 
[INFO] [stdout] error[E0423]: cannot find function `rng` in crate `rand`
[INFO] [stdout]    --> src/runtime/noop.rs:260:15
[INFO] [stdout]     |
[INFO] [stdout] 260 |         rand::rng()
[INFO] [stdout]     |               ^^^ not found in `rand`
[INFO] [stdout]     |
[INFO] [stdout]     = note: a module named `rand::rng` exists in another namespace
[INFO] [stdout] note: found an item that was configured out
[INFO] [stdout]    --> /opt/rustwide/cargo-home/registry/src/index.crates.io-1949cf8c6b5b557f/rand-0.10.0/src/lib.rs:86:30
[INFO] [stdout]     |
[INFO] [stdout]  85 | #[cfg(feature = "thread_rng")]
[INFO] [stdout]     |       ---------------------- the item is gated behind the `thread_rng` feature
[INFO] [stdout]  86 | pub use crate::rngs::thread::rng;
[INFO] [stdout]     |                              ^^^
[INFO] [stdout] 
[INFO] [stdout] 
[INFO] [stdout] error[E0603]: module `rng` is private
[INFO] [stdout]     --> src/transport/ssu2/peer_test/mod.rs:1517:62
[INFO] [stdout]      |
[INFO] [stdout] 1517 |         let static_key = StaticPrivateKey::random(&mut rand::rng()).public();
[INFO] [stdout]      |                                                              ^^^ private module
[INFO] [stdout]      |
[INFO] [stdout] note: the module `rng` is defined here
[INFO] [stdout]     --> /opt/rustwide/cargo-home/registry/src/index.crates.io-1949cf8c6b5b557f/rand-0.10.0/src/lib.rs:80:1
[INFO] [stdout]      |
[INFO] [stdout]   80 | mod rng;
[INFO] [stdout]      | ^^^^^^^
[INFO] [stdout] 
[INFO] [stdout] 
[INFO] [stdout] error[E0603]: module `rng` is private
[INFO] [stdout]    --> src/transport/ssu2/session/active/mod.rs:868:66
[INFO] [stdout]     |
[INFO] [stdout] 868 |         let remote_signing_key = SigningPrivateKey::random(rand::rng());
[INFO] [stdout]     |                                                                  ^^^ private module
[INFO] [stdout]     |
[INFO] [stdout] note: the module `rng` is defined here
[INFO] [stdout]    --> /opt/rustwide/cargo-home/registry/src/index.crates.io-1949cf8c6b5b557f/rand-0.10.0/src/lib.rs:80:1
[INFO] [stdout]     |
[INFO] [stdout]  80 | mod rng;
[INFO] [stdout]     | ^^^^^^^
[INFO] [stdout] 
[INFO] [stdout] 
[INFO] [stdout] error[E0603]: module `rng` is private
[INFO] [stdout]    --> src/tunnel/garlic.rs:266:57
[INFO] [stdout]     |
[INFO] [stdout] 266 |         let remote_key = StaticPrivateKey::random(rand::rng());
[INFO] [stdout]     |                                                         ^^^ private module
[INFO] [stdout]     |
[INFO] [stdout] note: the module `rng` is defined here
[INFO] [stdout]    --> /opt/rustwide/cargo-home/registry/src/index.crates.io-1949cf8c6b5b557f/rand-0.10.0/src/lib.rs:80:1
[INFO] [stdout]     |
[INFO] [stdout]  80 | mod rng;
[INFO] [stdout]     | ^^^^^^^
[INFO] [stdout] 
[INFO] [stdout] 
[INFO] [stdout] error[E0603]: module `rng` is private
[INFO] [stdout]    --> src/tunnel/garlic.rs:269:56
[INFO] [stdout]     |
[INFO] [stdout] 269 |         let local_key = StaticPrivateKey::random(rand::rng());
[INFO] [stdout]     |                                                        ^^^ private module
[INFO] [stdout]     |
[INFO] [stdout] note: the module `rng` is defined here
[INFO] [stdout]    --> /opt/rustwide/cargo-home/registry/src/index.crates.io-1949cf8c6b5b557f/rand-0.10.0/src/lib.rs:80:1
[INFO] [stdout]     |
[INFO] [stdout]  80 | mod rng;
[INFO] [stdout]     | ^^^^^^^
[INFO] [stdout] 
[INFO] [stdout] 
[INFO] [stdout] error[E0603]: module `rng` is private
[INFO] [stdout]    --> src/tunnel/garlic.rs:331:66
[INFO] [stdout]     |
[INFO] [stdout] 331 |         let ephemeral_secret = EphemeralPrivateKey::random(rand::rng());
[INFO] [stdout]     |                                                                  ^^^ private module
[INFO] [stdout]     |
[INFO] [stdout] note: the module `rng` is defined here
[INFO] [stdout]    --> /opt/rustwide/cargo-home/registry/src/index.crates.io-1949cf8c6b5b557f/rand-0.10.0/src/lib.rs:80:1
[INFO] [stdout]     |
[INFO] [stdout]  80 | mod rng;
[INFO] [stdout]     | ^^^^^^^
[INFO] [stdout] 
[INFO] [stdout] 
[INFO] [stdout] error[E0603]: module `rng` is private
[INFO] [stdout]    --> src/tunnel/garlic.rs:399:57
[INFO] [stdout]     |
[INFO] [stdout] 399 |         let remote_key = StaticPrivateKey::random(rand::rng());
[INFO] [stdout]     |                                                         ^^^ private module
[INFO] [stdout]     |
[INFO] [stdout] note: the module `rng` is defined here
[INFO] [stdout]    --> /opt/rustwide/cargo-home/registry/src/index.crates.io-1949cf8c6b5b557f/rand-0.10.0/src/lib.rs:80:1
[INFO] [stdout]     |
[INFO] [stdout]  80 | mod rng;
[INFO] [stdout]     | ^^^^^^^
[INFO] [stdout] 
[INFO] [stdout] 
[INFO] [stdout] error[E0603]: module `rng` is private
[INFO] [stdout]    --> src/tunnel/garlic.rs:402:56
[INFO] [stdout]     |
[INFO] [stdout] 402 |         let local_key = StaticPrivateKey::random(rand::rng());
[INFO] [stdout]     |                                                        ^^^ private module
[INFO] [stdout]     |
[INFO] [stdout] note: the module `rng` is defined here
[INFO] [stdout]    --> /opt/rustwide/cargo-home/registry/src/index.crates.io-1949cf8c6b5b557f/rand-0.10.0/src/lib.rs:80:1
[INFO] [stdout]     |
[INFO] [stdout]  80 | mod rng;
[INFO] [stdout]     | ^^^^^^^
[INFO] [stdout] 
[INFO] [stdout] 
[INFO] [stdout] error[E0603]: module `rng` is private
[INFO] [stdout]    --> src/tunnel/garlic.rs:440:66
[INFO] [stdout]     |
[INFO] [stdout] 440 |         let ephemeral_secret = EphemeralPrivateKey::random(rand::rng());
[INFO] [stdout]     |                                                                  ^^^ private module
[INFO] [stdout]     |
[INFO] [stdout] note: the module `rng` is defined here
[INFO] [stdout]    --> /opt/rustwide/cargo-home/registry/src/index.crates.io-1949cf8c6b5b557f/rand-0.10.0/src/lib.rs:80:1
[INFO] [stdout]     |
[INFO] [stdout]  80 | mod rng;
[INFO] [stdout]     | ^^^^^^^
[INFO] [stdout] 
[INFO] [stdout] 
[INFO] [stdout] error[E0603]: module `rng` is private
[INFO] [stdout]    --> src/tunnel/noise.rs:821:57
[INFO] [stdout]     |
[INFO] [stdout] 821 |         let remote_key = StaticPrivateKey::random(rand::rng());
[INFO] [stdout]     |                                                         ^^^ private module
[INFO] [stdout]     |
[INFO] [stdout] note: the module `rng` is defined here
[INFO] [stdout]    --> /opt/rustwide/cargo-home/registry/src/index.crates.io-1949cf8c6b5b557f/rand-0.10.0/src/lib.rs:80:1
[INFO] [stdout]     |
[INFO] [stdout]  80 | mod rng;
[INFO] [stdout]     | ^^^^^^^
[INFO] [stdout] 
[INFO] [stdout] 
[INFO] [stdout] error[E0603]: module `rng` is private
[INFO] [stdout]    --> src/tunnel/noise.rs:824:56
[INFO] [stdout]     |
[INFO] [stdout] 824 |         let local_key = StaticPrivateKey::random(rand::rng());
[INFO] [stdout]     |                                                        ^^^ private module
[INFO] [stdout]     |
[INFO] [stdout] note: the module `rng` is defined here
[INFO] [stdout]    --> /opt/rustwide/cargo-home/registry/src/index.crates.io-1949cf8c6b5b557f/rand-0.10.0/src/lib.rs:80:1
[INFO] [stdout]     |
[INFO] [stdout]  80 | mod rng;
[INFO] [stdout]     | ^^^^^^^
[INFO] [stdout] 
[INFO] [stdout] 
[INFO] [stdout] error[E0603]: module `rng` is private
[INFO] [stdout]    --> src/tunnel/noise.rs:831:66
[INFO] [stdout]     |
[INFO] [stdout] 831 |         let ephemeral_secret = EphemeralPrivateKey::random(rand::rng());
[INFO] [stdout]     |                                                                  ^^^ private module
[INFO] [stdout]     |
[INFO] [stdout] note: the module `rng` is defined here
[INFO] [stdout]    --> /opt/rustwide/cargo-home/registry/src/index.crates.io-1949cf8c6b5b557f/rand-0.10.0/src/lib.rs:80:1
[INFO] [stdout]     |
[INFO] [stdout]  80 | mod rng;
[INFO] [stdout]     | ^^^^^^^
[INFO] [stdout] 
[INFO] [stdout] 
[INFO] [stdout] error[E0603]: module `rng` is private
[INFO] [stdout]    --> src/runtime/mock.rs:406:15
[INFO] [stdout]     |
[INFO] [stdout] 406 |         rand::rng()
[INFO] [stdout]     |               ^^^ private module
[INFO] [stdout]     |
[INFO] [stdout] note: the module `rng` is defined here
[INFO] [stdout]    --> /opt/rustwide/cargo-home/registry/src/index.crates.io-1949cf8c6b5b557f/rand-0.10.0/src/lib.rs:80:1
[INFO] [stdout]     |
[INFO] [stdout]  80 | mod rng;
[INFO] [stdout]     | ^^^^^^^
[INFO] [stdout] 
[INFO] [stdout] 
[INFO] [stdout] error[E0603]: module `rng` is private
[INFO] [stdout]    --> src/runtime/noop.rs:260:15
[INFO] [stdout]     |
[INFO] [stdout] 260 |         rand::rng()
[INFO] [stdout]     |               ^^^ private module
[INFO] [stdout]     |
[INFO] [stdout] note: the module `rng` is defined here
[INFO] [stdout]    --> /opt/rustwide/cargo-home/registry/src/index.crates.io-1949cf8c6b5b557f/rand-0.10.0/src/lib.rs:80:1
[INFO] [stdout]     |
[INFO] [stdout]  80 | mod rng;
[INFO] [stdout]     | ^^^^^^^
[INFO] [stdout] 
[INFO] [stdout] 
[INFO] [stdout] warning: trailing semicolon in macro used in expression position
[INFO] [stdout]   --> src/netdb/types.rs:35:1
[INFO] [stdout]    |
[INFO] [stdout] 35 | / construct_uint! {
[INFO] [stdout] 36 | |     /// 256-bit unsigned integer.
[INFO] [stdout] 37 | |     pub(super) struct U256(4);
[INFO] [stdout] 38 | | }
[INFO] [stdout]    | |_^
[INFO] [stdout]    |
[INFO] [stdout]    = note: macro invocations at the end of a block are treated as expressions
[INFO] [stdout]    = note: to ignore the value produced by the macro, add a semicolon after the invocation of `uint_full_mul_reg`
[INFO] [stdout]    = warning: this was previously accepted by the compiler but is being phased out; it will become a hard error in a future release!
[INFO] [stdout]    = note: for more information, see issue #79813 <https://github.com/rust-lang/rust/issues/79813>
[INFO] [stdout]    = note: `#[warn(semicolon_in_expressions_from_non_local_macros)]` (part of `#[warn(future_incompatible)]`) on by default
[INFO] [stdout]    = note: this warning originates in the macro `$crate::uint_full_mul_reg` which comes from the expansion of the macro `construct_uint` (in Nightly builds, run with -Z macro-backtrace for more info)
[INFO] [stdout] 
[INFO] [stdout] 
[INFO] [stderr] error: could not compile `emissary-core` (lib); 1 warning emitted
[INFO] [stderr] 
[INFO] [stderr] Caused by:
[INFO] [stderr]   process didn't exit successfully: `/opt/rustwide/rustup-home/toolchains/1.99.0-beta.8-x86_64-unknown-linux-gnu/bin/rustc --crate-name emissary_core --edition=2021 src/lib.rs --error-format=json --json=diagnostic-rendered-ansi,artifacts,future-incompat --crate-type lib --emit=dep-info,metadata,link -C opt-level=3 -C embed-bitcode=no --cfg 'feature="default"' --cfg 'feature="events"' --cfg 'feature="std"' --check-cfg 'cfg(docsrs,test)' --check-cfg 'cfg(feature, values("default", "events", "fuzz", "no_std", "std"))' -C metadata=4a29a9bbcb479c46 -C extra-filename=-d100e1711fc9985f --out-dir /opt/rustwide/target/release/deps -C strip=debuginfo -L dependency=/opt/rustwide/target/release/deps --extern aes=/opt/rustwide/target/release/deps/libaes-1d46c919f90b8814.rmeta --extern bytes=/opt/rustwide/target/release/deps/libbytes-4eeb723b82a97eeb.rmeta --extern cbc=/opt/rustwide/target/release/deps/libcbc-ad24a8bf544949ea.rmeta --extern chacha20=/opt/rustwide/target/release/deps/libchacha20-134b1ea85704f78e.rmeta --extern chacha20poly1305=/opt/rustwide/target/release/deps/libchacha20poly1305-da89226396123b1a.rmeta --extern curve25519_elligator2=/opt/rustwide/target/release/deps/libcurve25519_elligator2-f3684c58368e40ca.rmeta --extern data_encoding=/opt/rustwide/target/release/deps/libdata_encoding-0f07eda2f55a7415.rmeta --extern ecb=/opt/rustwide/target/release/deps/libecb-ce3e4b9df167c4d8.rmeta --extern ed25519_dalek=/opt/rustwide/target/release/deps/libed25519_dalek-4c3cbb23c4a7f27f.rmeta --extern ethbloom=/opt/rustwide/target/release/deps/libethbloom-d4e1279edabff06d.rmeta --extern futures_channel=/opt/rustwide/target/release/deps/libfutures_channel-751fae4e787df589.rmeta --extern futures=/opt/rustwide/target/release/deps/libfutures_util-71f1a73fce09f51f.rmeta --extern hashbrown=/opt/rustwide/target/release/deps/libhashbrown-5b669d525f3a1032.rmeta --extern hmac=/opt/rustwide/target/release/deps/libhmac-ce2643c651efb7c9.rmeta --extern lazy_static=/opt/rustwide/target/release/deps/liblazy_static-fdd6af0286056ca3.rmeta --extern ml_kem=/opt/rustwide/target/release/deps/libml_kem-3a9af5fbd38552da.rmeta --extern nom=/opt/rustwide/target/release/deps/libnom-2397eeff8afd64af.rmeta --extern num_bigint=/opt/rustwide/target/release/deps/libnum_bigint-34f316c79058afb0.rmeta --extern num_traits=/opt/rustwide/target/release/deps/libnum_traits-a9935657720b746a.rmeta --extern p256=/opt/rustwide/target/release/deps/libp256-2a2168c5f50503e6.rmeta --extern parking_lot=/opt/rustwide/target/release/deps/libparking_lot-c591bf8f799344c9.rmeta --extern rand=/opt/rustwide/target/release/deps/librand-6a1e997cf6eb35e4.rmeta --extern sha1=/opt/rustwide/target/release/deps/libsha1-5e6c683a4d46a180.rmeta --extern sha2=/opt/rustwide/target/release/deps/libsha2-34b55be70b902823.rmeta --extern siphasher=/opt/rustwide/target/release/deps/libsiphasher-e2a07f004da286fb.rmeta --extern subtle=/opt/rustwide/target/release/deps/libsubtle-db430b1775b7994c.rmeta --extern thingbuf=/opt/rustwide/target/release/deps/libthingbuf-6ac640a16fe14c5f.rmeta --extern tracing=/opt/rustwide/target/release/deps/libtracing-fd0e441dd6e96584.rmeta --extern uint=/opt/rustwide/target/release/deps/libuint-f5443f0a88a15acd.rmeta --extern x25519_dalek=/opt/rustwide/target/release/deps/libx25519_dalek-f259f015b75ea96d.rmeta --extern zeroize=/opt/rustwide/target/release/deps/libzeroize-ee2473f885b8d829.rmeta --cap-lints=warn` (signal: 9, SIGKILL: kill)
[INFO] [stderr] warning: build failed, waiting for other jobs to finish...
[INFO] [stdout] Some errors have detailed explanations: E0423, E0603.
[INFO] [stdout] 
[INFO] [stdout] For more information about an error, try `rustc --explain E0423`.
[INFO] [stdout] 
[INFO] [stderr] error: could not compile `emissary-core` (lib test) due to 26 previous errors; 1 warning emitted
[INFO] running `Command { std: "docker" "inspect" "2629b14e2ae071b9085e4880750d6e402fe8e855d3ed4e2254ec1020b3e29a45", kill_on_drop: false }`
[INFO] running `Command { std: "docker" "rm" "-f" "2629b14e2ae071b9085e4880750d6e402fe8e855d3ed4e2254ec1020b3e29a45", kill_on_drop: false }`
[INFO] [stdout] 2629b14e2ae071b9085e4880750d6e402fe8e855d3ed4e2254ec1020b3e29a45
