[INFO] fetching crate embree4-rs 0.0.16...
[INFO] testing embree4-rs-0.0.16 against 1.100.0-beta.1+cargoflags=--release for beta-release-1.100-2
[INFO] extracting crate embree4-rs 0.0.16 into /workspace/builds/worker-4-tc2/source
[INFO] started tweaking crates.io crate embree4-rs 0.0.16
[INFO] finished tweaking crates.io crate embree4-rs 0.0.16
[INFO] tweaked toml for crates.io crate embree4-rs 0.0.16 written to /workspace/builds/worker-4-tc2/source/Cargo.toml
[INFO] validating manifest of crates.io crate embree4-rs 0.0.16 on toolchain 1.100.0-beta.1
[INFO] running `Command { std: CARGO_HOME="/workspace/cargo-home" RUSTUP_HOME="/workspace/rustup-home" "/workspace/cargo-home/bin/cargo" "+1.100.0-beta.1" "metadata" "--manifest-path" "Cargo.toml" "--no-deps", kill_on_drop: false }`
[INFO] crate crates.io crate embree4-rs 0.0.16 already has a lockfile, it will not be regenerated
[INFO] running `Command { std: CARGO_HOME="/workspace/cargo-home" RUSTUP_HOME="/workspace/rustup-home" "/workspace/cargo-home/bin/cargo" "+1.100.0-beta.1" "fetch" "--manifest-path" "Cargo.toml", kill_on_drop: false }`
[INFO] running `Command { std: "docker" "create" "-v" "/var/lib/crater-agent-workspace/builds/worker-4-tc2/source:/opt/rustwide/workdir:ro,Z" "-v" "/var/lib/crater-agent-workspace/builds/worker-4-tc2/target:/opt/rustwide/target:rw,Z" "-v" "/var/lib/crater-agent-workspace/cargo-home:/opt/rustwide/cargo-home:ro,Z" "-v" "/var/lib/crater-agent-workspace/rustup-home:/opt/rustwide/rustup-home:ro,Z" "-m" "1610612736" "--network" "none" "ghcr.io/rust-lang/crates-build-env/linux@sha256:77db811e55d90add9212f6832c23229e3de5f1c1f9905e8cb07319ea15df73ac" "sleep" "infinity", kill_on_drop: false }`
[INFO] [stdout] 96770b05231f76bfb0d45eb9734c4f0479c87591979d10f1509e83b6f33101bc
[INFO] running `Command { std: "docker" "start" "96770b05231f76bfb0d45eb9734c4f0479c87591979d10f1509e83b6f33101bc", kill_on_drop: false }`
[INFO] running `Command { std: "docker" "inspect" "96770b05231f76bfb0d45eb9734c4f0479c87591979d10f1509e83b6f33101bc", kill_on_drop: false }`
[INFO] running `Command { std: "docker" "exec" "-e" "SOURCE_DIR=/opt/rustwide/workdir" "-e" "CARGO_HOME=/opt/rustwide/cargo-home" "-e" "RUSTUP_HOME=/opt/rustwide/rustup-home" "-e" "CARGO_TARGET_DIR=/opt/rustwide/target" "-w" "/opt/rustwide/workdir" "--user" "0:0" "96770b05231f76bfb0d45eb9734c4f0479c87591979d10f1509e83b6f33101bc" "/opt/rustwide/cargo-home/bin/cargo" "+1.100.0-beta.1" "metadata" "--no-deps" "--format-version=1", kill_on_drop: false }`
[INFO] running `Command { std: "docker" "inspect" "96770b05231f76bfb0d45eb9734c4f0479c87591979d10f1509e83b6f33101bc", kill_on_drop: false }`
[INFO] running `Command { std: "docker" "exec" "-e" "SOURCE_DIR=/opt/rustwide/workdir" "-e" "CARGO_HOME=/opt/rustwide/cargo-home" "-e" "RUSTUP_HOME=/opt/rustwide/rustup-home" "-e" "CARGO_TARGET_DIR=/opt/rustwide/target" "-e" "CARGO_INCREMENTAL=0" "-e" "RUST_BACKTRACE=full" "-e" "RUSTFLAGS=--cap-lints=warn" "-e" "RUSTDOCFLAGS=--cap-lints=warn" "-w" "/opt/rustwide/workdir" "--user" "0:0" "96770b05231f76bfb0d45eb9734c4f0479c87591979d10f1509e83b6f33101bc" "/opt/rustwide/cargo-home/bin/cargo" "+1.100.0-beta.1" "build" "--frozen" "--message-format=json" "--release", kill_on_drop: false }`
[INFO] [stderr]    Compiling proc-macro2 v1.0.67
[INFO] [stderr]    Compiling glob v0.3.1
[INFO] [stderr]    Compiling prettyplease v0.2.15
[INFO] [stderr]    Compiling libc v0.2.148
[INFO] [stderr]    Compiling rustix v0.38.14
[INFO] [stderr]    Compiling memoffset v0.9.0
[INFO] [stderr]    Compiling memchr v2.6.3
[INFO] [stderr]    Compiling regex-syntax v0.7.5
[INFO] [stderr]    Compiling bitflags v2.4.0
[INFO] [stderr]    Compiling linux-raw-sys v0.4.7
[INFO] [stderr]    Compiling crossbeam-utils v0.8.16
[INFO] [stderr]    Compiling crossbeam-epoch v0.9.15
[INFO] [stderr]    Compiling libloading v0.7.4
[INFO] [stderr]    Compiling bindgen v0.68.1
[INFO] [stderr]    Compiling either v1.9.0
[INFO] [stderr]    Compiling home v0.5.5
[INFO] [stderr]    Compiling shlex v1.2.0
[INFO] [stderr]    Compiling log v0.4.20
[INFO] [stderr]    Compiling rayon-core v1.12.0
[INFO] [stderr]    Compiling anyhow v1.0.75
[INFO] [stderr]    Compiling embree4-rs v0.0.16 (/opt/rustwide/workdir)
[INFO] [stderr]    Compiling clang-sys v1.6.1
[INFO] [stderr]    Compiling nom v7.1.3
[INFO] [stderr]    Compiling quote v1.0.33
[INFO] [stderr]    Compiling crossbeam-deque v0.8.3
[INFO] [stderr]    Compiling syn v2.0.37
[INFO] [stderr]    Compiling regex-automata v0.3.8
[INFO] [stderr]    Compiling rayon v1.8.0
[INFO] [stderr]    Compiling which v4.4.2
[INFO] [stderr]    Compiling cexpr v0.6.0
[INFO] [stderr]    Compiling regex v1.9.5
[INFO] [stderr]    Compiling embree4-sys v0.0.10
[INFO] [stderr] warning: unused dependency `rayon`
[INFO] [stderr]  --> Cargo.toml:7:15
[INFO] [stderr]   |
[INFO] [stderr] 7 | [dependencies.rayon]
[INFO] [stderr]   |               ^^^^^^
[INFO] [stderr]   |
[INFO] [stderr]   = note: `cargo::unused_dependencies` is set to `warn` by default
[INFO] [stderr] help: consider removing the dependency on `rayon`
[INFO] [stderr] warning: `embree4-rs` (manifest) generated 1 warning
[INFO] [stderr]     Finished `release` profile [optimized] target(s) in 22.30s
[INFO] running `Command { std: "docker" "inspect" "96770b05231f76bfb0d45eb9734c4f0479c87591979d10f1509e83b6f33101bc", kill_on_drop: false }`
[INFO] running `Command { std: "docker" "exec" "-e" "SOURCE_DIR=/opt/rustwide/workdir" "-e" "CARGO_HOME=/opt/rustwide/cargo-home" "-e" "RUSTUP_HOME=/opt/rustwide/rustup-home" "-e" "CARGO_TARGET_DIR=/opt/rustwide/target" "-e" "CARGO_INCREMENTAL=0" "-e" "RUST_BACKTRACE=full" "-e" "RUSTFLAGS=--cap-lints=warn" "-e" "RUSTDOCFLAGS=--cap-lints=warn" "-w" "/opt/rustwide/workdir" "--user" "0:0" "96770b05231f76bfb0d45eb9734c4f0479c87591979d10f1509e83b6f33101bc" "/opt/rustwide/cargo-home/bin/cargo" "+1.100.0-beta.1" "test" "--frozen" "--no-run" "--message-format=json" "--release", kill_on_drop: false }`
[INFO] [stderr]    Compiling libc v0.2.148
[INFO] [stderr]    Compiling getrandom v0.2.10
[INFO] [stderr]    Compiling rand_core v0.6.4
[INFO] [stderr]    Compiling rand_chacha v0.3.1
[INFO] [stderr]    Compiling rand v0.8.5
[INFO] [stderr]    Compiling glam v0.24.2
[INFO] [stderr]    Compiling embree4-rs v0.0.16 (/opt/rustwide/workdir)
[INFO] [stdout] error: linking with `cc` failed: exit status: 1
[INFO] [stdout]   |
[INFO] [stdout]   = note:  "cc" "-m64" "/opt/rustwide/target/release/build/embree4-rs/20304fc0dd79db4a/out/rustcV3THtZ/symbols.o" "<2 object files omitted>" "-Wl,--as-needed" "-Wl,-Bstatic" "/opt/rustwide/target/release/build/embree4-rs/e7ff01ddb0fb994d/out/libembree4_rs-e7ff01ddb0fb994d.rlib" "/opt/rustwide/target/release/build/embree4-sys/c2a5a408a14f5920/out/libembree4_sys-c2a5a408a14f5920.rlib" "/opt/rustwide/target/release/build/anyhow/e0174ee20635ba0d/out/libanyhow-e0174ee20635ba0d.rlib" "<sysroot>/lib/rustlib/x86_64-unknown-linux-gnu/lib/{libstd-*,libpanic_unwind-*,libobject-*,libmemchr-*,libaddr2line-*,libgimli-*,libcfg_if-*,librustc_demangle-*,libstd_detect-*,libhashbrown-*,librustc_std_workspace_alloc-*,libminiz_oxide-*,libadler2-*,libunwind-*,liblibc-*,librustc_std_workspace_core-*,liballoc-*,libcore-*,libcompiler_builtins-*}.rlib" "-Wl,-Bdynamic" "-lembree4" "-lgcc_s" "-lutil" "-lrt" "-lpthread" "-lm" "-ldl" "-lc" "-L" "/opt/rustwide/target/release/build/embree4-rs/20304fc0dd79db4a/out/rustcV3THtZ/raw-dylibs" "-B<sysroot>/lib/rustlib/x86_64-unknown-linux-gnu/bin/gcc-ld" "-fuse-ld=lld" "-Wl,--eh-frame-hdr" "-Wl,-z,noexecstack" "-L" "<sysroot>/lib/rustlib/x86_64-unknown-linux-gnu/lib" "-o" "/opt/rustwide/target/release/build/embree4-rs/20304fc0dd79db4a/out/triangle_mesh" "-Wl,--gc-sections" "-pie" "-Wl,-z,relro,-z,now" "-Wl,-O1" "-Wl,--strip-debug" "-nodefaultlibs"
[INFO] [stdout]   = note: some arguments are omitted. use `--verbose` to show all linker arguments
[INFO] [stdout]   = note: rust-lld: error: unable to find library -lembree4
[INFO] [stdout]           collect2: error: ld returned 1 exit status
[INFO] [stdout]           
[INFO] [stdout] 
[INFO] [stdout] 
[INFO] [stderr] error: could not compile `embree4-rs` (example "triangle_mesh") due to 1 previous error
[INFO] [stderr] warning: build failed, waiting for other jobs to finish...
[INFO] [stdout] error: linking with `cc` failed: exit status: 1
[INFO] [stdout]   |
[INFO] [stdout]   = note:  "cc" "-m64" "/opt/rustwide/target/release/build/embree4-rs/6bab5aedccf0a730/out/rustcviV3k8/symbols.o" "<2 object files omitted>" "-Wl,--as-needed" "-Wl,-Bstatic" "/opt/rustwide/target/release/build/glam/d4c4aed17934b217/out/libglam-d4c4aed17934b217.rlib" "/opt/rustwide/target/release/build/rand/52d3415c92062f2a/out/librand-52d3415c92062f2a.rlib" "/opt/rustwide/target/release/build/rand_chacha/befe69caa1efa98b/out/librand_chacha-befe69caa1efa98b.rlib" "/opt/rustwide/target/release/build/ppv-lite86/2034385ac67de13d/out/libppv_lite86-2034385ac67de13d.rlib" "/opt/rustwide/target/release/build/rand_core/f25cdbb0093a0fda/out/librand_core-f25cdbb0093a0fda.rlib" "/opt/rustwide/target/release/build/getrandom/1f886366c6753cb5/out/libgetrandom-1f886366c6753cb5.rlib" "/opt/rustwide/target/release/build/libc/a3b850368a25f750/out/liblibc-a3b850368a25f750.rlib" "/opt/rustwide/target/release/build/cfg-if/193575a6b29a3ab9/out/libcfg_if-193575a6b29a3ab9.rlib" "/opt/rustwide/target/release/build/embree4-rs/e7ff01ddb0fb994d/out/libembree4_rs-e7ff01ddb0fb994d.rlib" "/opt/rustwide/target/release/build/embree4-sys/c2a5a408a14f5920/out/libembree4_sys-c2a5a408a14f5920.rlib" "/opt/rustwide/target/release/build/anyhow/e0174ee20635ba0d/out/libanyhow-e0174ee20635ba0d.rlib" "<sysroot>/lib/rustlib/x86_64-unknown-linux-gnu/lib/{libstd-*,libpanic_unwind-*,libobject-*,libmemchr-*,libaddr2line-*,libgimli-*,libcfg_if-*,librustc_demangle-*,libstd_detect-*,libhashbrown-*,librustc_std_workspace_alloc-*,libminiz_oxide-*,libadler2-*,libunwind-*,liblibc-*,librustc_std_workspace_core-*,liballoc-*,libcore-*,libcompiler_builtins-*}.rlib" "-Wl,-Bdynamic" "-lc" "-lm" "-lrt" "-lpthread" "-lembree4" "-lgcc_s" "-lutil" "-lrt" "-lpthread" "-lm" "-ldl" "-lc" "-L" "/opt/rustwide/target/release/build/embree4-rs/6bab5aedccf0a730/out/rustcviV3k8/raw-dylibs" "-B<sysroot>/lib/rustlib/x86_64-unknown-linux-gnu/bin/gcc-ld" "-fuse-ld=lld" "-Wl,--eh-frame-hdr" "-Wl,-z,noexecstack" "-L" "<sysroot>/lib/rustlib/x86_64-unknown-linux-gnu/lib" "-o" "/opt/rustwide/target/release/build/embree4-rs/6bab5aedccf0a730/out/user_geom" "-Wl,--gc-sections" "-pie" "-Wl,-z,relro,-z,now" "-Wl,-O1" "-Wl,--strip-debug" "-nodefaultlibs"
[INFO] [stdout]   = note: some arguments are omitted. use `--verbose` to show all linker arguments
[INFO] [stdout]   = note: rust-lld: error: unable to find library -lembree4
[INFO] [stdout]           collect2: error: ld returned 1 exit status
[INFO] [stdout]           
[INFO] [stdout] 
[INFO] [stdout] 
[INFO] [stderr] error: could not compile `embree4-rs` (example "user_geom") due to 1 previous error
[INFO] [stdout] error: linking with `cc` failed: exit status: 1
[INFO] [stdout]   |
[INFO] [stdout]   = note:  "cc" "-m64" "/opt/rustwide/target/release/build/embree4-rs/754fe67f9e5f9e8e/out/rustcTod8tS/symbols.o" "<2 object files omitted>" "-Wl,--as-needed" "-Wl,-Bstatic" "<sysroot>/lib/rustlib/x86_64-unknown-linux-gnu/lib/{libtest-*,libgetopts-*,librustc_std_workspace_std-*}.rlib" "/opt/rustwide/target/release/build/embree4-sys/c2a5a408a14f5920/out/libembree4_sys-c2a5a408a14f5920.rlib" "/opt/rustwide/target/release/build/anyhow/e0174ee20635ba0d/out/libanyhow-e0174ee20635ba0d.rlib" "<sysroot>/lib/rustlib/x86_64-unknown-linux-gnu/lib/{libstd-*,libpanic_unwind-*,libobject-*,libmemchr-*,libaddr2line-*,libgimli-*,libcfg_if-*,librustc_demangle-*,libstd_detect-*,libhashbrown-*,librustc_std_workspace_alloc-*,libminiz_oxide-*,libadler2-*,libunwind-*,liblibc-*,librustc_std_workspace_core-*,liballoc-*,libcore-*,libcompiler_builtins-*}.rlib" "-Wl,-Bdynamic" "-lembree4" "-lgcc_s" "-lutil" "-lrt" "-lpthread" "-lm" "-ldl" "-lc" "-L" "/opt/rustwide/target/release/build/embree4-rs/754fe67f9e5f9e8e/out/rustcTod8tS/raw-dylibs" "-B<sysroot>/lib/rustlib/x86_64-unknown-linux-gnu/bin/gcc-ld" "-fuse-ld=lld" "-Wl,--eh-frame-hdr" "-Wl,-z,noexecstack" "-L" "<sysroot>/lib/rustlib/x86_64-unknown-linux-gnu/lib" "-o" "/opt/rustwide/target/release/build/embree4-rs/754fe67f9e5f9e8e/out/embree4_rs-754fe67f9e5f9e8e" "-Wl,--gc-sections" "-pie" "-Wl,-z,relro,-z,now" "-Wl,-O1" "-Wl,--strip-debug" "-nodefaultlibs"
[INFO] [stdout]   = note: some arguments are omitted. use `--verbose` to show all linker arguments
[INFO] [stdout]   = note: rust-lld: error: unable to find library -lembree4
[INFO] [stdout]           collect2: error: ld returned 1 exit status
[INFO] [stdout]           
[INFO] [stdout] 
[INFO] [stdout] 
[INFO] [stderr] error: could not compile `embree4-rs` (lib test) due to 1 previous error
[INFO] [stdout] error: linking with `cc` failed: exit status: 1
[INFO] [stdout]   |
[INFO] [stdout]   = note:  "cc" "-m64" "/opt/rustwide/target/release/build/embree4-rs/ce2837d497ece88f/out/rustcP8omRD/symbols.o" "<3 object files omitted>" "-Wl,--as-needed" "-Wl,-Bstatic" "/opt/rustwide/target/release/build/rayon/773a49b3e1227d5a/out/librayon-773a49b3e1227d5a.rlib" "/opt/rustwide/target/release/build/rayon-core/72cebb31470dfdc6/out/librayon_core-72cebb31470dfdc6.rlib" "/opt/rustwide/target/release/build/crossbeam-deque/558a190b6c6cf17a/out/libcrossbeam_deque-558a190b6c6cf17a.rlib" "/opt/rustwide/target/release/build/crossbeam-epoch/a3045b963fa13d4b/out/libcrossbeam_epoch-a3045b963fa13d4b.rlib" "/opt/rustwide/target/release/build/memoffset/eb32682ef5cbcf4e/out/libmemoffset-eb32682ef5cbcf4e.rlib" "/opt/rustwide/target/release/build/scopeguard/5f9373ec660020b4/out/libscopeguard-5f9373ec660020b4.rlib" "/opt/rustwide/target/release/build/crossbeam-utils/68d11ad3e7270e5a/out/libcrossbeam_utils-68d11ad3e7270e5a.rlib" "/opt/rustwide/target/release/build/either/9f1a54c66c15ab42/out/libeither-9f1a54c66c15ab42.rlib" "/opt/rustwide/target/release/build/glam/d4c4aed17934b217/out/libglam-d4c4aed17934b217.rlib" "/opt/rustwide/target/release/build/rand/52d3415c92062f2a/out/librand-52d3415c92062f2a.rlib" "/opt/rustwide/target/release/build/rand_chacha/befe69caa1efa98b/out/librand_chacha-befe69caa1efa98b.rlib" "/opt/rustwide/target/release/build/ppv-lite86/2034385ac67de13d/out/libppv_lite86-2034385ac67de13d.rlib" "/opt/rustwide/target/release/build/rand_core/f25cdbb0093a0fda/out/librand_core-f25cdbb0093a0fda.rlib" "/opt/rustwide/target/release/build/getrandom/1f886366c6753cb5/out/libgetrandom-1f886366c6753cb5.rlib" "/opt/rustwide/target/release/build/libc/a3b850368a25f750/out/liblibc-a3b850368a25f750.rlib" "/opt/rustwide/target/release/build/cfg-if/193575a6b29a3ab9/out/libcfg_if-193575a6b29a3ab9.rlib" "/opt/rustwide/target/release/build/embree4-rs/e7ff01ddb0fb994d/out/libembree4_rs-e7ff01ddb0fb994d.rlib" "/opt/rustwide/target/release/build/embree4-sys/c2a5a408a14f5920/out/libembree4_sys-c2a5a408a14f5920.rlib" "/opt/rustwide/target/release/build/anyhow/e0174ee20635ba0d/out/libanyhow-e0174ee20635ba0d.rlib" "<sysroot>/lib/rustlib/x86_64-unknown-linux-gnu/lib/{libstd-*,libpanic_unwind-*,libobject-*,libmemchr-*,libaddr2line-*,libgimli-*,libcfg_if-*,librustc_demangle-*,libstd_detect-*,libhashbrown-*,librustc_std_workspace_alloc-*,libminiz_oxide-*,libadler2-*,libunwind-*,liblibc-*,librustc_std_workspace_core-*,liballoc-*,libcore-*,libcompiler_builtins-*}.rlib" "-Wl,-Bdynamic" "-lc" "-lm" "-lrt" "-lpthread" "-lembree4" "-lgcc_s" "-lutil" "-lrt" "-lpthread" "-lm" "-ldl" "-lc" "-L" "/opt/rustwide/target/release/build/embree4-rs/ce2837d497ece88f/out/rustcP8omRD/raw-dylibs" "-B<sysroot>/lib/rustlib/x86_64-unknown-linux-gnu/bin/gcc-ld" "-fuse-ld=lld" "-Wl,--eh-frame-hdr" "-Wl,-z,noexecstack" "-L" "<sysroot>/lib/rustlib/x86_64-unknown-linux-gnu/lib" "-o" "/opt/rustwide/target/release/build/embree4-rs/ce2837d497ece88f/out/par_intersect" "-Wl,--gc-sections" "-pie" "-Wl,-z,relro,-z,now" "-Wl,-O1" "-Wl,--strip-debug" "-nodefaultlibs"
[INFO] [stdout]   = note: some arguments are omitted. use `--verbose` to show all linker arguments
[INFO] [stdout]   = note: rust-lld: error: unable to find library -lembree4
[INFO] [stdout]           collect2: error: ld returned 1 exit status
[INFO] [stdout]           
[INFO] [stdout] 
[INFO] [stdout] 
[INFO] [stderr] error: could not compile `embree4-rs` (example "par_intersect") due to 1 previous error
[INFO] [stderr] warning: unused dependency `rayon`
[INFO] [stderr]  --> Cargo.toml:7:15
[INFO] [stderr]   |
[INFO] [stderr] 7 | [dependencies.rayon]
[INFO] [stderr]   |               ^^^^^^
[INFO] [stderr]   |
[INFO] [stderr]   = note: `cargo::unused_dependencies` is set to `warn` by default
[INFO] [stderr] help: consider removing the dependency on `rayon`
[INFO] [stderr] help: to still use for development builds, move to `dev-dependencies`
[INFO] [stderr] warning: `embree4-rs` (manifest) generated 1 warning
[INFO] running `Command { std: "docker" "inspect" "96770b05231f76bfb0d45eb9734c4f0479c87591979d10f1509e83b6f33101bc", kill_on_drop: false }`
[INFO] running `Command { std: "docker" "rm" "-f" "96770b05231f76bfb0d45eb9734c4f0479c87591979d10f1509e83b6f33101bc", kill_on_drop: false }`
[INFO] [stdout] 96770b05231f76bfb0d45eb9734c4f0479c87591979d10f1509e83b6f33101bc
