[INFO] fetching crate emblema-present-drm 0.2.0...
[INFO] testing emblema-present-drm-0.2.0 against 1.100.0-beta.1+cargoflags=--release for beta-release-1.100-2
[INFO] extracting crate emblema-present-drm 0.2.0 into /workspace/builds/worker-0-tc2/source
[INFO] started tweaking crates.io crate emblema-present-drm 0.2.0
[INFO] removed 0 missing examples
[INFO] removed 0 missing tests
[INFO] finished tweaking crates.io crate emblema-present-drm 0.2.0
[INFO] tweaked toml for crates.io crate emblema-present-drm 0.2.0 written to /workspace/builds/worker-0-tc2/source/Cargo.toml
[INFO] validating manifest of crates.io crate emblema-present-drm 0.2.0 on toolchain 1.100.0-beta.1
[INFO] running `Command { std: CARGO_HOME="/workspace/cargo-home" RUSTUP_HOME="/workspace/rustup-home" "/workspace/cargo-home/bin/cargo" "+1.100.0-beta.1" "metadata" "--manifest-path" "Cargo.toml" "--no-deps", kill_on_drop: false }`
[INFO] crate crates.io crate emblema-present-drm 0.2.0 already has a lockfile, it will not be regenerated
[INFO] running `Command { std: CARGO_HOME="/workspace/cargo-home" RUSTUP_HOME="/workspace/rustup-home" "/workspace/cargo-home/bin/cargo" "+1.100.0-beta.1" "fetch" "--manifest-path" "Cargo.toml", kill_on_drop: false }`
[INFO] running `Command { std: "docker" "create" "-v" "/var/lib/crater-agent-workspace/builds/worker-0-tc2/source:/opt/rustwide/workdir:ro,Z" "-v" "/var/lib/crater-agent-workspace/builds/worker-0-tc2/target:/opt/rustwide/target:rw,Z" "-v" "/var/lib/crater-agent-workspace/cargo-home:/opt/rustwide/cargo-home:ro,Z" "-v" "/var/lib/crater-agent-workspace/rustup-home:/opt/rustwide/rustup-home:ro,Z" "-m" "1610612736" "--network" "none" "ghcr.io/rust-lang/crates-build-env/linux@sha256:77db811e55d90add9212f6832c23229e3de5f1c1f9905e8cb07319ea15df73ac" "sleep" "infinity", kill_on_drop: false }`
[INFO] [stdout] 1990debd0aae5cbdd76a96b09bc2e1bedf8b96e3d324df5453b856136b0e2fd6
[INFO] running `Command { std: "docker" "start" "1990debd0aae5cbdd76a96b09bc2e1bedf8b96e3d324df5453b856136b0e2fd6", kill_on_drop: false }`
[INFO] running `Command { std: "docker" "inspect" "1990debd0aae5cbdd76a96b09bc2e1bedf8b96e3d324df5453b856136b0e2fd6", kill_on_drop: false }`
[INFO] running `Command { std: "docker" "exec" "-e" "SOURCE_DIR=/opt/rustwide/workdir" "-e" "CARGO_HOME=/opt/rustwide/cargo-home" "-e" "RUSTUP_HOME=/opt/rustwide/rustup-home" "-e" "CARGO_TARGET_DIR=/opt/rustwide/target" "-w" "/opt/rustwide/workdir" "--user" "0:0" "1990debd0aae5cbdd76a96b09bc2e1bedf8b96e3d324df5453b856136b0e2fd6" "/opt/rustwide/cargo-home/bin/cargo" "+1.100.0-beta.1" "metadata" "--no-deps" "--format-version=1", kill_on_drop: false }`
[INFO] running `Command { std: "docker" "inspect" "1990debd0aae5cbdd76a96b09bc2e1bedf8b96e3d324df5453b856136b0e2fd6", kill_on_drop: false }`
[INFO] running `Command { std: "docker" "exec" "-e" "SOURCE_DIR=/opt/rustwide/workdir" "-e" "CARGO_HOME=/opt/rustwide/cargo-home" "-e" "RUSTUP_HOME=/opt/rustwide/rustup-home" "-e" "CARGO_TARGET_DIR=/opt/rustwide/target" "-e" "CARGO_INCREMENTAL=0" "-e" "RUST_BACKTRACE=full" "-e" "RUSTFLAGS=--cap-lints=warn" "-e" "RUSTDOCFLAGS=--cap-lints=warn" "-w" "/opt/rustwide/workdir" "--user" "0:0" "1990debd0aae5cbdd76a96b09bc2e1bedf8b96e3d324df5453b856136b0e2fd6" "/opt/rustwide/cargo-home/bin/cargo" "+1.100.0-beta.1" "build" "--frozen" "--message-format=json" "--release", kill_on_drop: false }`
[INFO] [stderr]    Compiling num-traits v0.2.19
[INFO] [stderr]    Compiling drm-sys v0.8.1
[INFO] [stderr]    Compiling rustix v1.1.4
[INFO] [stderr]    Compiling glam v0.27.0
[INFO] [stderr]    Compiling linux-raw-sys v0.9.4
[INFO] [stderr]    Compiling drm-fourcc v2.2.0
[INFO] [stderr]    Compiling itertools v0.14.0
[INFO] [stderr]    Compiling log v0.4.33
[INFO] [stderr]    Compiling emblema-text v0.2.0
[INFO] [stderr]    Compiling syn v3.0.3
[INFO] [stderr]    Compiling thiserror-impl v1.0.69
[INFO] [stderr]    Compiling zerocopy-derive v0.8.56
[INFO] [stderr]    Compiling thiserror v1.0.69
[INFO] [stderr]    Compiling emblema-hal v0.2.0
[INFO] [stderr]    Compiling euclid v0.22.14
[INFO] [stderr]    Compiling emblema-present v0.2.0
[INFO] [stderr]    Compiling zerocopy v0.8.56
[INFO] [stderr]    Compiling lyon_geom v1.0.19
[INFO] [stderr]    Compiling lyon_path v1.0.19
[INFO] [stderr]    Compiling bytemuck_derive v1.12.0
[INFO] [stderr]    Compiling lyon_tessellation v1.0.21
[INFO] [stderr]    Compiling earcutr v0.5.0
[INFO] [stderr]    Compiling emblema-geometry v0.2.0
[INFO] [stderr]    Compiling drm-ffi v0.9.1
[INFO] [stderr]    Compiling bytemuck v1.25.2
[INFO] [stderr]    Compiling emblema-renderer v0.2.0
[INFO] [stderr]    Compiling drm v0.15.0
[INFO] [stderr]    Compiling half v2.7.1
[INFO] [stderr]    Compiling emblema-core v0.2.0
[INFO] [stderr]    Compiling emblema-present-drm v0.2.0 (/opt/rustwide/workdir)
[INFO] [stderr]     Finished `release` profile [optimized] target(s) in 25.38s
[INFO] running `Command { std: "docker" "inspect" "1990debd0aae5cbdd76a96b09bc2e1bedf8b96e3d324df5453b856136b0e2fd6", kill_on_drop: false }`
[INFO] running `Command { std: "docker" "exec" "-e" "SOURCE_DIR=/opt/rustwide/workdir" "-e" "CARGO_HOME=/opt/rustwide/cargo-home" "-e" "RUSTUP_HOME=/opt/rustwide/rustup-home" "-e" "CARGO_TARGET_DIR=/opt/rustwide/target" "-e" "CARGO_INCREMENTAL=0" "-e" "RUST_BACKTRACE=full" "-e" "RUSTFLAGS=--cap-lints=warn" "-e" "RUSTDOCFLAGS=--cap-lints=warn" "-w" "/opt/rustwide/workdir" "--user" "0:0" "1990debd0aae5cbdd76a96b09bc2e1bedf8b96e3d324df5453b856136b0e2fd6" "/opt/rustwide/cargo-home/bin/cargo" "+1.100.0-beta.1" "test" "--frozen" "--no-run" "--message-format=json" "--release", kill_on_drop: false }`
[INFO] [stderr]    Compiling getrandom v0.3.4
[INFO] [stderr]    Compiling getrandom v0.4.3
[INFO] [stderr]    Compiling wait-timeout v0.2.1
[INFO] [stderr]    Compiling bit-vec v0.8.0
[INFO] [stderr]    Compiling ppv-lite86 v0.2.21
[INFO] [stderr]    Compiling rand_core v0.9.5
[INFO] [stderr]    Compiling tempfile v3.27.0
[INFO] [stderr]    Compiling bit-set v0.8.0
[INFO] [stderr]    Compiling rand_xorshift v0.4.0
[INFO] [stderr]    Compiling rand v0.9.5
[INFO] [stderr]    Compiling rusty-fork v0.3.1
[INFO] [stderr]    Compiling rand_chacha v0.9.0
[INFO] [stderr]    Compiling proptest v1.11.0
[INFO] [stderr]    Compiling emblema-present-drm v0.2.0 (/opt/rustwide/workdir)
[INFO] [stdout] error[E0432]: unresolved import `emblema_hal_vulkan`
[INFO] [stdout]   --> examples/panel.rs:68:5
[INFO] [stdout]    |
[INFO] [stdout] 68 | use emblema_hal_vulkan::{DevicePreference, VulkanContext, VulkanHal};
[INFO] [stdout]    |     ^^^^^^^^^^^^^^^^^^ use of unresolved module or unlinked crate `emblema_hal_vulkan`
[INFO] [stdout]    |
[INFO] [stdout]    = help: if you wanted to use a crate named `emblema_hal_vulkan`, use `cargo add emblema_hal_vulkan` to add it to your `Cargo.toml`
[INFO] [stdout] 
[INFO] [stdout] 
[INFO] [stdout] error[E0432]: unresolved import `emblema_hal_vulkan`
[INFO] [stdout]   --> tests/scanout.rs:22:5
[INFO] [stdout]    |
[INFO] [stdout] 22 | use emblema_hal_vulkan::{ContextConfig, DevicePreference, VulkanContext, VulkanHal};
[INFO] [stdout]    |     ^^^^^^^^^^^^^^^^^^ use of unresolved module or unlinked crate `emblema_hal_vulkan`
[INFO] [stdout]    |
[INFO] [stdout]    = help: if you wanted to use a crate named `emblema_hal_vulkan`, use `cargo add emblema_hal_vulkan` to add it to your `Cargo.toml`
[INFO] [stdout] 
[INFO] [stdout] 
[INFO] [stdout] error[E0432]: unresolved import `emblema_hal_vulkan`
[INFO] [stdout]   --> tests/kms.rs:14:5
[INFO] [stdout]    |
[INFO] [stdout] 14 | use emblema_hal_vulkan::{DevicePreference, Validated};
[INFO] [stdout]    |     ^^^^^^^^^^^^^^^^^^ use of unresolved module or unlinked crate `emblema_hal_vulkan`
[INFO] [stdout]    |
[INFO] [stdout]    = help: if you wanted to use a crate named `emblema_hal_vulkan`, use `cargo add emblema_hal_vulkan` to add it to your `Cargo.toml`
[INFO] [stdout] 
[INFO] [stdout] 
[INFO] [stdout] error[E0432]: unresolved import `emblema_hal_vulkan`
[INFO] [stdout]    --> tests/kms.rs:265:9
[INFO] [stdout]     |
[INFO] [stdout] 265 |     use emblema_hal_vulkan::VulkanHal;
[INFO] [stdout]     |         ^^^^^^^^^^^^^^^^^^ use of unresolved module or unlinked crate `emblema_hal_vulkan`
[INFO] [stdout]     |
[INFO] [stdout]     = help: if you wanted to use a crate named `emblema_hal_vulkan`, use `cargo add emblema_hal_vulkan` to add it to your `Cargo.toml`
[INFO] [stdout] 
[INFO] [stdout] 
[INFO] [stdout] error[E0432]: unresolved import `emblema_hal_vulkan`
[INFO] [stdout]    --> tests/kms.rs:357:9
[INFO] [stdout]     |
[INFO] [stdout] 357 |     use emblema_hal_vulkan::VulkanHal;
[INFO] [stdout]     |         ^^^^^^^^^^^^^^^^^^ use of unresolved module or unlinked crate `emblema_hal_vulkan`
[INFO] [stdout]     |
[INFO] [stdout]     = help: if you wanted to use a crate named `emblema_hal_vulkan`, use `cargo add emblema_hal_vulkan` to add it to your `Cargo.toml`
[INFO] [stdout] 
[INFO] [stdout] 
[INFO] [stdout] error[E0432]: unresolved import `emblema_hal_vulkan`
[INFO] [stdout]    --> tests/kms.rs:476:9
[INFO] [stdout]     |
[INFO] [stdout] 476 |     use emblema_hal_vulkan::VulkanHal;
[INFO] [stdout]     |         ^^^^^^^^^^^^^^^^^^ use of unresolved module or unlinked crate `emblema_hal_vulkan`
[INFO] [stdout]     |
[INFO] [stdout]     = help: if you wanted to use a crate named `emblema_hal_vulkan`, use `cargo add emblema_hal_vulkan` to add it to your `Cargo.toml`
[INFO] [stdout] 
[INFO] [stdout] 
[INFO] [stdout] warning: method call on a diverging inference variable
[INFO] [stdout]    --> examples/panel.rs:251:25
[INFO] [stdout]     |
[INFO] [stdout] 251 |     let period = target.output().exact_frame_nanos();
[INFO] [stdout]     |                         ^^^^^^
[INFO] [stdout]     |
[INFO] [stdout]     = help: consider providing a type annotation
[INFO] [stdout]     = warning: this was previously accepted by the compiler but is being phased out; it will become a hard error in a future release!
[INFO] [stdout]     = note: for more information, see issue #156047 <https://github.com/rust-lang/rust/issues/156047>
[INFO] [stdout]     = note: `#[warn(method_call_on_diverging_infer_var)]` (part of `#[warn(future_incompatible)]`) on by default
[INFO] [stdout] 
[INFO] [stdout] 
[INFO] [stdout] error[E0599]: no method named `output` found for type `!` in the current scope
[INFO] [stdout]    --> examples/panel.rs:251:25
[INFO] [stdout]     |
[INFO] [stdout] 251 |     let period = target.output().exact_frame_nanos();
[INFO] [stdout]     |                         ^^^^^^ method not found in `!`
[INFO] [stdout] 
[INFO] [stdout] 
[INFO] [stdout] error[E0433]: cannot find module or crate `emblema_hal_vulkan` in this scope
[INFO] [stdout]    --> tests/scanout.rs:163:35
[INFO] [stdout]     |
[INFO] [stdout] 163 |         .filter(|m| m.severity == emblema_hal_vulkan::ValidationSeverity::Error)
[INFO] [stdout]     |                                   ^^^^^^^^^^^^^^^^^^ use of unresolved module or unlinked crate `emblema_hal_vulkan`
[INFO] [stdout]     |
[INFO] [stdout]     = help: if you wanted to use a crate named `emblema_hal_vulkan`, use `cargo add emblema_hal_vulkan` to add it to your `Cargo.toml`
[INFO] [stdout] 
[INFO] [stdout] 
[INFO] [stdout] error[E0433]: cannot find module or crate `emblema_hal_vulkan` in this scope
[INFO] [stdout]    --> tests/kms.rs:558:39
[INFO] [stdout]     |
[INFO] [stdout] 558 |             .filter(|m| m.severity == emblema_hal_vulkan::ValidationSeverity::Error)
[INFO] [stdout]     |                                       ^^^^^^^^^^^^^^^^^^ use of unresolved module or unlinked crate `emblema_hal_vulkan`
[INFO] [stdout]     |
[INFO] [stdout]     = help: if you wanted to use a crate named `emblema_hal_vulkan`, use `cargo add emblema_hal_vulkan` to add it to your `Cargo.toml`
[INFO] [stdout] 
[INFO] [stdout] 
[INFO] [stdout] error[E0599]: no method named `acquire` found for type `!` in the current scope
[INFO] [stdout]    --> examples/panel.rs:261:32
[INFO] [stdout]     |
[INFO] [stdout] 261 |         if let Err(e) = target.acquire(&mut ctx).map(|_| ()) {
[INFO] [stdout]     |                                ^^^^^^^ method not found in `!`
[INFO] [stdout] 
[INFO] [stdout] 
[INFO] [stdout] warning: unreachable expression
[INFO] [stdout]    --> examples/panel.rs:261:40
[INFO] [stdout]     |
[INFO] [stdout] 261 |         if let Err(e) = target.acquire(&mut ctx).map(|_| ()) {
[INFO] [stdout]     |                         ------         ^^^^^^^^ unreachable expression
[INFO] [stdout]     |                         |
[INFO] [stdout]     |                         any code following this expression is unreachable
[INFO] [stdout]     |
[INFO] [stdout]     = note: `#[warn(unreachable_code)]` (part of `#[warn(unused)]`) on by default
[INFO] [stdout] 
[INFO] [stdout] 
[INFO] [stdout] error[E0599]: no method named `submit_recording` found for type `!` in the current scope
[INFO] [stdout]    --> examples/panel.rs:274:32
[INFO] [stdout]     |
[INFO] [stdout] 274 |         if let Err(e) = target.submit_recording(&mut ctx, &recording, &[]) {
[INFO] [stdout]     |                                ^^^^^^^^^^^^^^^^ method not found in `!`
[INFO] [stdout] 
[INFO] [stdout] 
[INFO] [stdout] warning: unreachable expression
[INFO] [stdout]    --> examples/panel.rs:274:49
[INFO] [stdout]     |
[INFO] [stdout] 274 |         if let Err(e) = target.submit_recording(&mut ctx, &recording, &[]) {
[INFO] [stdout]     |                         ------                  ^^^^^^^^ unreachable expression
[INFO] [stdout]     |                         |
[INFO] [stdout]     |                         any code following this expression is unreachable
[INFO] [stdout] 
[INFO] [stdout] 
[INFO] [stdout] error[E0599]: no method named `present` found for type `!` in the current scope
[INFO] [stdout]    --> examples/panel.rs:278:32
[INFO] [stdout]     |
[INFO] [stdout] 278 |         if let Err(e) = target.present(&mut ctx) {
[INFO] [stdout]     |                                ^^^^^^^ method not found in `!`
[INFO] [stdout] 
[INFO] [stdout] 
[INFO] [stdout] warning: unreachable expression
[INFO] [stdout]    --> examples/panel.rs:278:40
[INFO] [stdout]     |
[INFO] [stdout] 278 |         if let Err(e) = target.present(&mut ctx) {
[INFO] [stdout]     |                         ------         ^^^^^^^^ unreachable expression
[INFO] [stdout]     |                         |
[INFO] [stdout]     |                         any code following this expression is unreachable
[INFO] [stdout] 
[INFO] [stdout] 
[INFO] [stdout] error[E0599]: no method named `output` found for type `!` in the current scope
[INFO] [stdout]    --> examples/panel.rs:306:25
[INFO] [stdout]     |
[INFO] [stdout] 306 |     let pacing = target.output().pacing();
[INFO] [stdout]     |                         ^^^^^^ method not found in `!`
[INFO] [stdout] 
[INFO] [stdout] 
[INFO] [stdout] warning: unreachable call
[INFO] [stdout]    --> examples/panel.rs:306:25
[INFO] [stdout]     |
[INFO] [stdout] 306 |     let pacing = target.output().pacing();
[INFO] [stdout]     |                  ------ ^^^^^^ unreachable call
[INFO] [stdout]     |                  |
[INFO] [stdout]     |                  any code following this expression is unreachable
[INFO] [stdout] 
[INFO] [stdout] 
[INFO] [stdout] error[E0599]: no method named `cpu_waits` found for type `!` in the current scope
[INFO] [stdout]    --> examples/panel.rs:318:16
[INFO] [stdout]     |
[INFO] [stdout] 318 |         target.cpu_waits(),
[INFO] [stdout]     |                ^^^^^^^^^ method not found in `!`
[INFO] [stdout] 
[INFO] [stdout] 
[INFO] [stdout] warning: unreachable call
[INFO] [stdout]    --> examples/panel.rs:318:16
[INFO] [stdout]     |
[INFO] [stdout] 318 |         target.cpu_waits(),
[INFO] [stdout]     |         ------ ^^^^^^^^^ unreachable call
[INFO] [stdout]     |         |
[INFO] [stdout]     |         any code following this expression is unreachable
[INFO] [stdout] 
[INFO] [stdout] 
[INFO] [stdout] error[E0599]: no method named `ring_depth` found for type `!` in the current scope
[INFO] [stdout]    --> examples/panel.rs:319:16
[INFO] [stdout]     |
[INFO] [stdout] 319 |         target.ring_depth(),
[INFO] [stdout]     |                ^^^^^^^^^^ method not found in `!`
[INFO] [stdout] 
[INFO] [stdout] 
[INFO] [stdout] warning: unreachable call
[INFO] [stdout]    --> examples/panel.rs:319:16
[INFO] [stdout]     |
[INFO] [stdout] 319 |         target.ring_depth(),
[INFO] [stdout]     |         ------ ^^^^^^^^^^ unreachable call
[INFO] [stdout]     |         |
[INFO] [stdout]     |         any code following this expression is unreachable
[INFO] [stdout] 
[INFO] [stdout] 
[INFO] [stdout] error[E0599]: no method named `destroy` found for type `!` in the current scope
[INFO] [stdout]    --> examples/panel.rs:337:12
[INFO] [stdout]     |
[INFO] [stdout] 337 |     target.destroy(&mut ctx);
[INFO] [stdout]     |            ^^^^^^^ method not found in `!`
[INFO] [stdout] 
[INFO] [stdout] 
[INFO] [stdout] warning: unreachable expression
[INFO] [stdout]    --> examples/panel.rs:337:20
[INFO] [stdout]     |
[INFO] [stdout] 337 |     target.destroy(&mut ctx);
[INFO] [stdout]     |     ------         ^^^^^^^^ unreachable expression
[INFO] [stdout]     |     |
[INFO] [stdout]     |     any code following this expression is unreachable
[INFO] [stdout] 
[INFO] [stdout] 
[INFO] [stdout] Some errors have detailed explanations: E0432, E0599.
[INFO] [stdout] 
[INFO] [stdout] For more information about an error, try `rustc --explain E0432`.
[INFO] [stdout] 
[INFO] [stderr] error: could not compile `emblema-present-drm` (example "panel") due to 9 previous errors; 9 warnings emitted
[INFO] [stderr] warning: build failed, waiting for other jobs to finish...
[INFO] [stdout] warning: method call on a diverging inference variable
[INFO] [stdout]    --> tests/kms.rs:285:28
[INFO] [stdout]     |
[INFO] [stdout] 285 |         let image = target.acquire(&mut ctx).expect("acquire");
[INFO] [stdout]     |                            ^^^^^^^
[INFO] [stdout]     |
[INFO] [stdout]     = help: consider providing a type annotation
[INFO] [stdout]     = warning: this was previously accepted by the compiler but is being phased out; it will become a hard error in a future release!
[INFO] [stdout]     = note: for more information, see issue #156047 <https://github.com/rust-lang/rust/issues/156047>
[INFO] [stdout]     = note: `#[warn(method_call_on_diverging_infer_var)]` (part of `#[warn(future_incompatible)]`) on by default
[INFO] [stdout] 
[INFO] [stdout] 
[INFO] [stdout] error[E0599]: no method named `acquire` found for type `!` in the current scope
[INFO] [stdout]    --> tests/kms.rs:285:28
[INFO] [stdout]     |
[INFO] [stdout] 285 |         let image = target.acquire(&mut ctx).expect("acquire");
[INFO] [stdout]     |                            ^^^^^^^ method not found in `!`
[INFO] [stdout] 
[INFO] [stdout] 
[INFO] [stdout] error[E0599]: no method named `set_frame_fence` found for type `!` in the current scope
[INFO] [stdout]    --> tests/kms.rs:303:14
[INFO] [stdout]     |
[INFO] [stdout] 302 |         target
[INFO] [stdout] 303 |             .set_frame_fence(fence)
[INFO] [stdout]     |              ^^^^^^^^^^^^^^^ method not found in `!`
[INFO] [stdout] 
[INFO] [stdout] 
[INFO] [stdout] warning: unreachable expression
[INFO] [stdout]    --> tests/kms.rs:303:30
[INFO] [stdout]     |
[INFO] [stdout] 302 |         target
[INFO] [stdout]     |         ------ any code following this expression is unreachable
[INFO] [stdout] 303 |             .set_frame_fence(fence)
[INFO] [stdout]     |                              ^^^^^ unreachable expression
[INFO] [stdout]     |
[INFO] [stdout]     = note: `#[warn(unreachable_code)]` (part of `#[warn(unused)]`) on by default
[INFO] [stdout] 
[INFO] [stdout] 
[INFO] [stdout] error[E0599]: no method named `present` found for type `!` in the current scope
[INFO] [stdout]    --> tests/kms.rs:306:14
[INFO] [stdout]     |
[INFO] [stdout] 305 |         target
[INFO] [stdout] 306 |             .present(&mut ctx)
[INFO] [stdout]     |              ^^^^^^^ method not found in `!`
[INFO] [stdout] 
[INFO] [stdout] 
[INFO] [stdout] warning: unreachable expression
[INFO] [stdout]    --> tests/kms.rs:306:22
[INFO] [stdout]     |
[INFO] [stdout] 305 |         target
[INFO] [stdout]     |         ------ any code following this expression is unreachable
[INFO] [stdout] 306 |             .present(&mut ctx)
[INFO] [stdout]     |                      ^^^^^^^^ unreachable expression
[INFO] [stdout] 
[INFO] [stdout] 
[INFO] [stdout] error[E0599]: no method named `cpu_waits` found for type `!` in the current scope
[INFO] [stdout]    --> tests/kms.rs:318:16
[INFO] [stdout]     |
[INFO] [stdout] 318 |         target.cpu_waits(),
[INFO] [stdout]     |                ^^^^^^^^^ method not found in `!`
[INFO] [stdout] 
[INFO] [stdout] 
[INFO] [stdout] warning: unreachable call
[INFO] [stdout]    --> tests/kms.rs:318:16
[INFO] [stdout]     |
[INFO] [stdout] 318 |         target.cpu_waits(),
[INFO] [stdout]     |         ------ ^^^^^^^^^ unreachable call
[INFO] [stdout]     |         |
[INFO] [stdout]     |         any code following this expression is unreachable
[INFO] [stdout] 
[INFO] [stdout] 
[INFO] [stdout] error[E0599]: no method named `ring_depth` found for type `!` in the current scope
[INFO] [stdout]    --> tests/kms.rs:322:39
[INFO] [stdout]     |
[INFO] [stdout] 322 |     eprintln!("ring depth {}", target.ring_depth());
[INFO] [stdout]     |                                       ^^^^^^^^^^ method not found in `!`
[INFO] [stdout] 
[INFO] [stdout] 
[INFO] [stdout] warning: unreachable call
[INFO] [stdout]    --> tests/kms.rs:322:39
[INFO] [stdout]     |
[INFO] [stdout] 322 |     eprintln!("ring depth {}", target.ring_depth());
[INFO] [stdout]     |                                ------ ^^^^^^^^^^ unreachable call
[INFO] [stdout]     |                                |
[INFO] [stdout]     |                                any code following this expression is unreachable
[INFO] [stdout] 
[INFO] [stdout] 
[INFO] [stdout] error[E0599]: no method named `destroy` found for type `!` in the current scope
[INFO] [stdout]    --> tests/kms.rs:323:12
[INFO] [stdout]     |
[INFO] [stdout] 323 |     target.destroy(&mut ctx);
[INFO] [stdout]     |            ^^^^^^^ method not found in `!`
[INFO] [stdout] 
[INFO] [stdout] 
[INFO] [stdout] warning: unreachable expression
[INFO] [stdout]    --> tests/kms.rs:323:20
[INFO] [stdout]     |
[INFO] [stdout] 323 |     target.destroy(&mut ctx);
[INFO] [stdout]     |     ------         ^^^^^^^^ unreachable expression
[INFO] [stdout]     |     |
[INFO] [stdout]     |     any code following this expression is unreachable
[INFO] [stdout] 
[INFO] [stdout] 
[INFO] [stdout] warning: method call on a diverging inference variable
[INFO] [stdout]    --> tests/kms.rs:374:31
[INFO] [stdout]     |
[INFO] [stdout] 374 |     let framebuffers = target.output().framebuffer_count();
[INFO] [stdout]     |                               ^^^^^^
[INFO] [stdout]     |
[INFO] [stdout]     = help: consider providing a type annotation
[INFO] [stdout]     = warning: this was previously accepted by the compiler but is being phased out; it will become a hard error in a future release!
[INFO] [stdout]     = note: for more information, see issue #156047 <https://github.com/rust-lang/rust/issues/156047>
[INFO] [stdout] 
[INFO] [stdout] 
[INFO] [stdout] error[E0599]: no method named `output` found for type `!` in the current scope
[INFO] [stdout]    --> tests/kms.rs:374:31
[INFO] [stdout]     |
[INFO] [stdout] 374 |     let framebuffers = target.output().framebuffer_count();
[INFO] [stdout]     |                               ^^^^^^ method not found in `!`
[INFO] [stdout] 
[INFO] [stdout] 
[INFO] [stdout] error[E0599]: no method named `ring_depth` found for type `!` in the current scope
[INFO] [stdout]    --> tests/kms.rs:375:29
[INFO] [stdout]     |
[INFO] [stdout] 375 |     let ring_depth = target.ring_depth();
[INFO] [stdout]     |                             ^^^^^^^^^^ method not found in `!`
[INFO] [stdout] 
[INFO] [stdout] 
[INFO] [stdout] warning: unreachable call
[INFO] [stdout]    --> tests/kms.rs:375:29
[INFO] [stdout]     |
[INFO] [stdout] 375 |     let ring_depth = target.ring_depth();
[INFO] [stdout]     |                      ------ ^^^^^^^^^^ unreachable call
[INFO] [stdout]     |                      |
[INFO] [stdout]     |                      any code following this expression is unreachable
[INFO] [stdout] 
[INFO] [stdout] 
[INFO] [stdout] Some errors have detailed explanations: E0432, E0433.
[INFO] [stdout] 
[INFO] [stdout] For more information about an error, try `rustc --explain E0432`.
[INFO] [stdout] 
[INFO] [stdout] error[E0599]: no method named `acquire` found for type `!` in the current scope
[INFO] [stdout]    --> tests/kms.rs:379:28
[INFO] [stdout]     |
[INFO] [stdout] 379 |         let image = target.acquire(&mut ctx).expect("acquire");
[INFO] [stdout]     |                            ^^^^^^^ method not found in `!`
[INFO] [stdout] 
[INFO] [stdout] 
[INFO] [stderr] error: could not compile `emblema-present-drm` (test "scanout") due to 2 previous errors
[INFO] [stdout] warning: unreachable expression
[INFO] [stdout]    --> tests/kms.rs:379:36
[INFO] [stdout]     |
[INFO] [stdout] 379 |         let image = target.acquire(&mut ctx).expect("acquire");
[INFO] [stdout]     |                     ------         ^^^^^^^^ unreachable expression
[INFO] [stdout]     |                     |
[INFO] [stdout]     |                     any code following this expression is unreachable
[INFO] [stdout] 
[INFO] [stdout] 
[INFO] [stdout] error[E0599]: no method named `set_frame_fence` found for type `!` in the current scope
[INFO] [stdout]    --> tests/kms.rs:394:14
[INFO] [stdout]     |
[INFO] [stdout] 393 |         target
[INFO] [stdout] 394 |             .set_frame_fence(fence)
[INFO] [stdout]     |              ^^^^^^^^^^^^^^^ method not found in `!`
[INFO] [stdout] 
[INFO] [stdout] 
[INFO] [stdout] warning: unreachable expression
[INFO] [stdout]    --> tests/kms.rs:394:30
[INFO] [stdout]     |
[INFO] [stdout] 393 |         target
[INFO] [stdout]     |         ------ any code following this expression is unreachable
[INFO] [stdout] 394 |             .set_frame_fence(fence)
[INFO] [stdout]     |                              ^^^^^ unreachable expression
[INFO] [stdout] 
[INFO] [stdout] 
[INFO] [stdout] error[E0599]: no method named `present` found for type `!` in the current scope
[INFO] [stdout]    --> tests/kms.rs:397:14
[INFO] [stdout]     |
[INFO] [stdout] 396 |         target
[INFO] [stdout] 397 |             .present(&mut ctx)
[INFO] [stdout]     |              ^^^^^^^ method not found in `!`
[INFO] [stdout] 
[INFO] [stdout] 
[INFO] [stdout] warning: unreachable expression
[INFO] [stdout]    --> tests/kms.rs:397:22
[INFO] [stdout]     |
[INFO] [stdout] 396 |         target
[INFO] [stdout]     |         ------ any code following this expression is unreachable
[INFO] [stdout] 397 |             .present(&mut ctx)
[INFO] [stdout]     |                      ^^^^^^^^ unreachable expression
[INFO] [stdout] 
[INFO] [stdout] 
[INFO] [stdout] error[E0599]: no method named `output` found for type `!` in the current scope
[INFO] [stdout]    --> tests/kms.rs:401:25
[INFO] [stdout]     |
[INFO] [stdout] 401 |     let pacing = target.output().pacing();
[INFO] [stdout]     |                         ^^^^^^ method not found in `!`
[INFO] [stdout] 
[INFO] [stdout] 
[INFO] [stdout] warning: unreachable call
[INFO] [stdout]    --> tests/kms.rs:401:25
[INFO] [stdout]     |
[INFO] [stdout] 401 |     let pacing = target.output().pacing();
[INFO] [stdout]     |                  ------ ^^^^^^ unreachable call
[INFO] [stdout]     |                  |
[INFO] [stdout]     |                  any code following this expression is unreachable
[INFO] [stdout] 
[INFO] [stdout] 
[INFO] [stdout] error[E0599]: no method named `cpu_waits` found for type `!` in the current scope
[INFO] [stdout]    --> tests/kms.rs:407:16
[INFO] [stdout]     |
[INFO] [stdout] 407 |         target.cpu_waits(),
[INFO] [stdout]     |                ^^^^^^^^^ method not found in `!`
[INFO] [stdout] 
[INFO] [stdout] 
[INFO] [stdout] warning: unreachable call
[INFO] [stdout]    --> tests/kms.rs:407:16
[INFO] [stdout]     |
[INFO] [stdout] 407 |         target.cpu_waits(),
[INFO] [stdout]     |         ------ ^^^^^^^^^ unreachable call
[INFO] [stdout]     |         |
[INFO] [stdout]     |         any code following this expression is unreachable
[INFO] [stdout] 
[INFO] [stdout] 
[INFO] [stdout] error[E0599]: no method named `output` found for type `!` in the current scope
[INFO] [stdout]    --> tests/kms.rs:440:16
[INFO] [stdout]     |
[INFO] [stdout] 440 |         target.output().framebuffer_count(),
[INFO] [stdout]     |                ^^^^^^ method not found in `!`
[INFO] [stdout] 
[INFO] [stdout] 
[INFO] [stdout] warning: unreachable call
[INFO] [stdout]    --> tests/kms.rs:440:16
[INFO] [stdout]     |
[INFO] [stdout] 440 |         target.output().framebuffer_count(),
[INFO] [stdout]     |         ------ ^^^^^^ unreachable call
[INFO] [stdout]     |         |
[INFO] [stdout]     |         any code following this expression is unreachable
[INFO] [stdout] 
[INFO] [stdout] 
[INFO] [stdout] error[E0599]: no method named `ring_depth` found for type `!` in the current scope
[INFO] [stdout]    --> tests/kms.rs:445:16
[INFO] [stdout]     |
[INFO] [stdout] 445 |         target.ring_depth(),
[INFO] [stdout]     |                ^^^^^^^^^^ method not found in `!`
[INFO] [stdout] 
[INFO] [stdout] 
[INFO] [stdout] warning: unreachable call
[INFO] [stdout]    --> tests/kms.rs:445:16
[INFO] [stdout]     |
[INFO] [stdout] 445 |         target.ring_depth(),
[INFO] [stdout]     |         ------ ^^^^^^^^^^ unreachable call
[INFO] [stdout]     |         |
[INFO] [stdout]     |         any code following this expression is unreachable
[INFO] [stdout] 
[INFO] [stdout] 
[INFO] [stdout] error[E0599]: no method named `cpu_waits` found for type `!` in the current scope
[INFO] [stdout]    --> tests/kms.rs:450:16
[INFO] [stdout]     |
[INFO] [stdout] 450 |         target.cpu_waits(),
[INFO] [stdout]     |                ^^^^^^^^^ method not found in `!`
[INFO] [stdout] 
[INFO] [stdout] 
[INFO] [stdout] warning: unreachable call
[INFO] [stdout]    --> tests/kms.rs:450:16
[INFO] [stdout]     |
[INFO] [stdout] 450 |         target.cpu_waits(),
[INFO] [stdout]     |         ------ ^^^^^^^^^ unreachable call
[INFO] [stdout]     |         |
[INFO] [stdout]     |         any code following this expression is unreachable
[INFO] [stdout] 
[INFO] [stdout] 
[INFO] [stdout] error[E0599]: no method named `destroy` found for type `!` in the current scope
[INFO] [stdout]    --> tests/kms.rs:455:12
[INFO] [stdout]     |
[INFO] [stdout] 455 |     target.destroy(&mut ctx);
[INFO] [stdout]     |            ^^^^^^^ method not found in `!`
[INFO] [stdout] 
[INFO] [stdout] 
[INFO] [stdout] warning: unreachable expression
[INFO] [stdout]    --> tests/kms.rs:455:20
[INFO] [stdout]     |
[INFO] [stdout] 455 |     target.destroy(&mut ctx);
[INFO] [stdout]     |     ------         ^^^^^^^^ unreachable expression
[INFO] [stdout]     |     |
[INFO] [stdout]     |     any code following this expression is unreachable
[INFO] [stdout] 
[INFO] [stdout] 
[INFO] [stdout] warning: method call on a diverging inference variable
[INFO] [stdout]    --> tests/kms.rs:495:25
[INFO] [stdout]     |
[INFO] [stdout] 495 |     let extent = target.extent();
[INFO] [stdout]     |                         ^^^^^^
[INFO] [stdout]     |
[INFO] [stdout]     = help: consider providing a type annotation
[INFO] [stdout]     = warning: this was previously accepted by the compiler but is being phased out; it will become a hard error in a future release!
[INFO] [stdout]     = note: for more information, see issue #156047 <https://github.com/rust-lang/rust/issues/156047>
[INFO] [stdout] 
[INFO] [stdout] 
[INFO] [stdout] error[E0599]: no method named `extent` found for type `!` in the current scope
[INFO] [stdout]    --> tests/kms.rs:495:25
[INFO] [stdout]     |
[INFO] [stdout] 495 |     let extent = target.extent();
[INFO] [stdout]     |                         ^^^^^^ method not found in `!`
[INFO] [stdout] 
[INFO] [stdout] 
[INFO] [stdout] error[E0599]: no method named `acquire` found for type `!` in the current scope
[INFO] [stdout]    --> tests/kms.rs:531:24
[INFO] [stdout]     |
[INFO] [stdout] 531 |         let _ = target.acquire(&mut ctx).expect("acquire");
[INFO] [stdout]     |                        ^^^^^^^ method not found in `!`
[INFO] [stdout] 
[INFO] [stdout] 
[INFO] [stdout] warning: unreachable expression
[INFO] [stdout]    --> tests/kms.rs:531:32
[INFO] [stdout]     |
[INFO] [stdout] 531 |         let _ = target.acquire(&mut ctx).expect("acquire");
[INFO] [stdout]     |                 ------         ^^^^^^^^ unreachable expression
[INFO] [stdout]     |                 |
[INFO] [stdout]     |                 any code following this expression is unreachable
[INFO] [stdout] 
[INFO] [stdout] 
[INFO] [stdout] error[E0599]: no method named `submit_recording` found for type `!` in the current scope
[INFO] [stdout]    --> tests/kms.rs:533:14
[INFO] [stdout]     |
[INFO] [stdout] 532 |         target
[INFO] [stdout] 533 |             .submit_recording(&mut ctx, &recording, &[])
[INFO] [stdout]     |              ^^^^^^^^^^^^^^^^ method not found in `!`
[INFO] [stdout] 
[INFO] [stdout] 
[INFO] [stdout] warning: unreachable expression
[INFO] [stdout]    --> tests/kms.rs:533:31
[INFO] [stdout]     |
[INFO] [stdout] 532 |         target
[INFO] [stdout]     |         ------ any code following this expression is unreachable
[INFO] [stdout] 533 |             .submit_recording(&mut ctx, &recording, &[])
[INFO] [stdout]     |                               ^^^^^^^^ unreachable expression
[INFO] [stdout] 
[INFO] [stdout] 
[INFO] [stdout] error[E0599]: no method named `present` found for type `!` in the current scope
[INFO] [stdout]    --> tests/kms.rs:536:14
[INFO] [stdout]     |
[INFO] [stdout] 535 |         target
[INFO] [stdout] 536 |             .present(&mut ctx)
[INFO] [stdout]     |              ^^^^^^^ method not found in `!`
[INFO] [stdout] 
[INFO] [stdout] 
[INFO] [stdout] warning: unreachable expression
[INFO] [stdout]    --> tests/kms.rs:536:22
[INFO] [stdout]     |
[INFO] [stdout] 535 |         target
[INFO] [stdout]     |         ------ any code following this expression is unreachable
[INFO] [stdout] 536 |             .present(&mut ctx)
[INFO] [stdout]     |                      ^^^^^^^^ unreachable expression
[INFO] [stdout] 
[INFO] [stdout] 
[INFO] [stdout] error[E0599]: no method named `cpu_waits` found for type `!` in the current scope
[INFO] [stdout]    --> tests/kms.rs:546:16
[INFO] [stdout]     |
[INFO] [stdout] 546 |         target.cpu_waits(),
[INFO] [stdout]     |                ^^^^^^^^^ method not found in `!`
[INFO] [stdout] 
[INFO] [stdout] 
[INFO] [stdout] warning: unreachable call
[INFO] [stdout]    --> tests/kms.rs:546:16
[INFO] [stdout]     |
[INFO] [stdout] 546 |         target.cpu_waits(),
[INFO] [stdout]     |         ------ ^^^^^^^^^ unreachable call
[INFO] [stdout]     |         |
[INFO] [stdout]     |         any code following this expression is unreachable
[INFO] [stdout] 
[INFO] [stdout] 
[INFO] [stdout] error[E0599]: no method named `destroy` found for type `!` in the current scope
[INFO] [stdout]    --> tests/kms.rs:550:12
[INFO] [stdout]     |
[INFO] [stdout] 550 |     target.destroy(&mut ctx);
[INFO] [stdout]     |            ^^^^^^^ method not found in `!`
[INFO] [stdout] 
[INFO] [stdout] 
[INFO] [stdout] warning: unreachable expression
[INFO] [stdout]    --> tests/kms.rs:550:20
[INFO] [stdout]     |
[INFO] [stdout] 550 |     target.destroy(&mut ctx);
[INFO] [stdout]     |     ------         ^^^^^^^^ unreachable expression
[INFO] [stdout]     |     |
[INFO] [stdout]     |     any code following this expression is unreachable
[INFO] [stdout] 
[INFO] [stdout] 
[INFO] [stdout] Some errors have detailed explanations: E0432, E0433, E0599.
[INFO] [stdout] 
[INFO] [stdout] For more information about an error, try `rustc --explain E0432`.
[INFO] [stdout] 
[INFO] [stderr] error: could not compile `emblema-present-drm` (test "kms") due to 28 previous errors; 26 warnings emitted
[INFO] running `Command { std: "docker" "inspect" "1990debd0aae5cbdd76a96b09bc2e1bedf8b96e3d324df5453b856136b0e2fd6", kill_on_drop: false }`
[INFO] running `Command { std: "docker" "rm" "-f" "1990debd0aae5cbdd76a96b09bc2e1bedf8b96e3d324df5453b856136b0e2fd6", kill_on_drop: false }`
[INFO] [stdout] 1990debd0aae5cbdd76a96b09bc2e1bedf8b96e3d324df5453b856136b0e2fd6
