[INFO] fetching crate elys-std-deriv 0.1.0...
[INFO] testing elys-std-deriv-0.1.0 against 1.100.0-beta.1+cargoflags=--release for beta-release-1.100-2
[INFO] extracting crate elys-std-deriv 0.1.0 into /workspace/builds/worker-6-tc2/source
[INFO] started tweaking crates.io crate elys-std-deriv 0.1.0
[INFO] removed 0 missing tests
[INFO] finished tweaking crates.io crate elys-std-deriv 0.1.0
[INFO] tweaked toml for crates.io crate elys-std-deriv 0.1.0 written to /workspace/builds/worker-6-tc2/source/Cargo.toml
[INFO] validating manifest of crates.io crate elys-std-deriv 0.1.0 on toolchain 1.100.0-beta.1
[INFO] running `Command { std: CARGO_HOME="/workspace/cargo-home" RUSTUP_HOME="/workspace/rustup-home" "/workspace/cargo-home/bin/cargo" "+1.100.0-beta.1" "metadata" "--manifest-path" "Cargo.toml" "--no-deps", kill_on_drop: false }`
[INFO] crate crates.io crate elys-std-deriv 0.1.0 already has a lockfile, it will not be regenerated
[INFO] running `Command { std: CARGO_HOME="/workspace/cargo-home" RUSTUP_HOME="/workspace/rustup-home" "/workspace/cargo-home/bin/cargo" "+1.100.0-beta.1" "fetch" "--manifest-path" "Cargo.toml", kill_on_drop: false }`
[INFO] running `Command { std: "docker" "create" "-v" "/var/lib/crater-agent-workspace/builds/worker-6-tc2/source:/opt/rustwide/workdir:ro,Z" "-v" "/var/lib/crater-agent-workspace/builds/worker-6-tc2/target:/opt/rustwide/target:rw,Z" "-v" "/var/lib/crater-agent-workspace/cargo-home:/opt/rustwide/cargo-home:ro,Z" "-v" "/var/lib/crater-agent-workspace/rustup-home:/opt/rustwide/rustup-home:ro,Z" "-m" "1610612736" "--network" "none" "ghcr.io/rust-lang/crates-build-env/linux@sha256:77db811e55d90add9212f6832c23229e3de5f1c1f9905e8cb07319ea15df73ac" "sleep" "infinity", kill_on_drop: false }`
[INFO] [stdout] 0ccb61a28478621266d55b5275ec257af49880aa284279ab62345ad9f93f04c5
[INFO] running `Command { std: "docker" "start" "0ccb61a28478621266d55b5275ec257af49880aa284279ab62345ad9f93f04c5", kill_on_drop: false }`
[INFO] running `Command { std: "docker" "inspect" "0ccb61a28478621266d55b5275ec257af49880aa284279ab62345ad9f93f04c5", kill_on_drop: false }`
[INFO] running `Command { std: "docker" "exec" "-e" "SOURCE_DIR=/opt/rustwide/workdir" "-e" "CARGO_HOME=/opt/rustwide/cargo-home" "-e" "RUSTUP_HOME=/opt/rustwide/rustup-home" "-e" "CARGO_TARGET_DIR=/opt/rustwide/target" "-w" "/opt/rustwide/workdir" "--user" "0:0" "0ccb61a28478621266d55b5275ec257af49880aa284279ab62345ad9f93f04c5" "/opt/rustwide/cargo-home/bin/cargo" "+1.100.0-beta.1" "metadata" "--no-deps" "--format-version=1", kill_on_drop: false }`
[INFO] running `Command { std: "docker" "inspect" "0ccb61a28478621266d55b5275ec257af49880aa284279ab62345ad9f93f04c5", kill_on_drop: false }`
[INFO] running `Command { std: "docker" "exec" "-e" "SOURCE_DIR=/opt/rustwide/workdir" "-e" "CARGO_HOME=/opt/rustwide/cargo-home" "-e" "RUSTUP_HOME=/opt/rustwide/rustup-home" "-e" "CARGO_TARGET_DIR=/opt/rustwide/target" "-e" "CARGO_INCREMENTAL=0" "-e" "RUST_BACKTRACE=full" "-e" "RUSTFLAGS=--cap-lints=warn" "-e" "RUSTDOCFLAGS=--cap-lints=warn" "-w" "/opt/rustwide/workdir" "--user" "0:0" "0ccb61a28478621266d55b5275ec257af49880aa284279ab62345ad9f93f04c5" "/opt/rustwide/cargo-home/bin/cargo" "+1.100.0-beta.1" "build" "--frozen" "--message-format=json" "--release", kill_on_drop: false }`
[INFO] [stderr]    Compiling proc-macro2 v1.0.94
[INFO] [stderr]    Compiling anyhow v1.0.97
[INFO] [stderr]    Compiling syn v1.0.109
[INFO] [stderr]    Compiling either v1.15.0
[INFO] [stderr]    Compiling bytes v1.10.1
[INFO] [stderr]    Compiling itertools v0.10.5
[INFO] [stderr]    Compiling quote v1.0.40
[INFO] [stderr]    Compiling prost-derive v0.11.9
[INFO] [stderr]    Compiling prost v0.11.9
[INFO] [stderr]    Compiling prost-types v0.11.9
[INFO] [stderr]    Compiling elys-std-deriv v0.1.0 (/opt/rustwide/workdir)
[INFO] [stderr] warning: unused dependency `prost-types`
[INFO] [stderr]  --> Cargo.toml:7:15
[INFO] [stderr]   |
[INFO] [stderr] 7 | [dependencies.prost-types]
[INFO] [stderr]   |               ^^^^^^^^^^^^
[INFO] [stderr]   |
[INFO] [stderr]   = note: `cargo::unused_dependencies` is set to `warn` by default
[INFO] [stderr] help: consider removing the dependency on `prost-types`
[INFO] [stderr] warning: `elys-std-deriv` (manifest) generated 1 warning
[INFO] [stderr]     Finished `release` profile [optimized] target(s) in 9.59s
[INFO] running `Command { std: "docker" "inspect" "0ccb61a28478621266d55b5275ec257af49880aa284279ab62345ad9f93f04c5", kill_on_drop: false }`
[INFO] running `Command { std: "docker" "exec" "-e" "SOURCE_DIR=/opt/rustwide/workdir" "-e" "CARGO_HOME=/opt/rustwide/cargo-home" "-e" "RUSTUP_HOME=/opt/rustwide/rustup-home" "-e" "CARGO_TARGET_DIR=/opt/rustwide/target" "-e" "CARGO_INCREMENTAL=0" "-e" "RUST_BACKTRACE=full" "-e" "RUSTFLAGS=--cap-lints=warn" "-e" "RUSTDOCFLAGS=--cap-lints=warn" "-w" "/opt/rustwide/workdir" "--user" "0:0" "0ccb61a28478621266d55b5275ec257af49880aa284279ab62345ad9f93f04c5" "/opt/rustwide/cargo-home/bin/cargo" "+1.100.0-beta.1" "test" "--frozen" "--no-run" "--message-format=json" "--release", kill_on_drop: false }`
[INFO] [stderr]    Compiling libc v0.2.171
[INFO] [stderr]    Compiling zeroize v1.8.1
[INFO] [stderr]    Compiling generic-array v0.14.7
[INFO] [stderr]    Compiling subtle v2.6.1
[INFO] [stderr]    Compiling ahash v0.7.8
[INFO] [stderr]    Compiling syn v1.0.109
[INFO] [stderr]    Compiling const-oid v0.9.6
[INFO] [stderr]    Compiling serde_json v1.0.140
[INFO] [stderr]    Compiling syn v2.0.100
[INFO] [stderr]    Compiling target-triple v0.1.4
[INFO] [stderr]    Compiling schemars v0.8.22
[INFO] [stderr]    Compiling once_cell v1.21.1
[INFO] [stderr]    Compiling base16ct v0.2.0
[INFO] [stderr]    Compiling cpufeatures v0.2.17
[INFO] [stderr]    Compiling der v0.7.9
[INFO] [stderr]    Compiling memchr v2.7.4
[INFO] [stderr]    Compiling byteorder v1.5.0
[INFO] [stderr]    Compiling rand_core v0.5.1
[INFO] [stderr]    Compiling hashbrown v0.15.2
[INFO] [stderr]    Compiling proc-macro2 v1.0.94
[INFO] [stderr]    Compiling opaque-debug v0.3.1
[INFO] [stderr]    Compiling unicode-ident v1.0.18
[INFO] [stderr]    Compiling winnow v0.7.4
[INFO] [stderr]    Compiling bytes v1.10.1
[INFO] [stderr]    Compiling hex v0.4.3
[INFO] [stderr]    Compiling dyn-clone v1.0.19
[INFO] [stderr]    Compiling block-buffer v0.10.4
[INFO] [stderr]    Compiling crypto-common v0.1.6
[INFO] [stderr]    Compiling getrandom v0.2.15
[INFO] [stderr]    Compiling digest v0.10.7
[INFO] [stderr]    Compiling rand_core v0.6.4
[INFO] [stderr]    Compiling ff v0.13.1
[INFO] [stderr]    Compiling crypto-bigint v0.5.5
[INFO] [stderr]    Compiling digest v0.9.0
[INFO] [stderr]    Compiling hmac v0.12.1
[INFO] [stderr]    Compiling group v0.13.0
[INFO] [stderr]    Compiling block-buffer v0.9.0
[INFO] [stderr]    Compiling signature v2.2.0
[INFO] [stderr]    Compiling sha2 v0.9.9
[INFO] [stderr]    Compiling rfc6979 v0.4.0
[INFO] [stderr]    Compiling hashbrown v0.12.3
[INFO] [stderr]    Compiling sha2 v0.10.8
[INFO] [stderr]    Compiling indexmap v2.8.0
[INFO] [stderr]    Compiling curve25519-dalek v3.2.0
[INFO] [stderr]    Compiling spki v0.7.3
[INFO] [stderr]    Compiling pkcs8 v0.10.2
[INFO] [stderr]    Compiling sec1 v0.7.3
[INFO] [stderr]    Compiling elliptic-curve v0.13.8
[INFO] [stderr]    Compiling quote v1.0.40
[INFO] [stderr]    Compiling termcolor v1.4.1
[INFO] [stderr]    Compiling dissimilar v1.0.10
[INFO] [stderr]    Compiling ecdsa v0.16.9
[INFO] [stderr]    Compiling serde_derive_internals v0.29.1
[INFO] [stderr]    Compiling bnum v0.10.0
[INFO] [stderr]    Compiling k256 v0.13.4
[INFO] [stderr]    Compiling glob v0.3.2
[INFO] [stderr]    Compiling forward_ref v1.0.0
[INFO] [stderr]    Compiling bech32 v0.9.1
[INFO] [stderr]    Compiling itertools v0.10.5
[INFO] [stderr]    Compiling base64 v0.21.7
[INFO] [stderr]    Compiling serde_derive v1.0.219
[INFO] [stderr]    Compiling thiserror-impl v1.0.69
[INFO] [stderr]    Compiling schemars_derive v0.8.22
[INFO] [stderr]    Compiling thiserror v1.0.69
[INFO] [stderr]    Compiling prost-derive v0.11.9
[INFO] [stderr]    Compiling derivative v2.2.0
[INFO] [stderr]    Compiling cosmwasm-derive v1.5.11
[INFO] [stderr]    Compiling prost v0.11.9
[INFO] [stderr]    Compiling serde v1.0.219
[INFO] [stderr]    Compiling prost-types v0.11.9
[INFO] [stderr]    Compiling elys-std-deriv v0.1.0 (/opt/rustwide/workdir)
[INFO] [stderr]    Compiling toml_datetime v0.6.8
[INFO] [stderr]    Compiling serde_spanned v0.6.8
[INFO] [stderr]    Compiling ed25519-zebra v3.1.0
[INFO] [stderr]    Compiling serde-json-wasm v0.5.2
[INFO] [stderr]    Compiling toml_edit v0.22.24
[INFO] [stderr]    Compiling cosmwasm-crypto v1.5.11
[INFO] [stderr]    Compiling toml v0.8.20
[INFO] [stderr]    Compiling cosmwasm-std v1.5.11
[INFO] [stderr]    Compiling trybuild v1.0.104
[INFO] [stdout] error[E0432]: unresolved import `elys_std_derive`
[INFO] [stdout]  --> tests/struct.rs:2:5
[INFO] [stdout]   |
[INFO] [stdout] 2 | use elys_std_derive::CosmwasmExt;
[INFO] [stdout]   |     ^^^^^^^^^^^^^^^ use of unresolved module or unlinked crate `elys_std_derive`
[INFO] [stdout]   |
[INFO] [stdout] help: there is a crate or module with a similar name
[INFO] [stdout]   |
[INFO] [stdout] 2 - use elys_std_derive::CosmwasmExt;
[INFO] [stdout] 2 + use elys_std_deriv::CosmwasmExt;
[INFO] [stdout]   |
[INFO] [stdout] 
[INFO] [stdout] 
[INFO] [stdout] error[E0432]: unresolved import `elys_std_derive`
[INFO] [stdout]  --> tests/query.rs:2:5
[INFO] [stdout]   |
[INFO] [stdout] 2 | use elys_std_derive::CosmwasmExt;
[INFO] [stdout]   |     ^^^^^^^^^^^^^^^ use of unresolved module or unlinked crate `elys_std_derive`
[INFO] [stdout]   |
[INFO] [stdout] help: there is a crate or module with a similar name
[INFO] [stdout]   |
[INFO] [stdout] 2 - use elys_std_derive::CosmwasmExt;
[INFO] [stdout] 2 + use elys_std_deriv::CosmwasmExt;
[INFO] [stdout]   |
[INFO] [stdout] 
[INFO] [stdout] 
[INFO] [stdout] error: cannot find attribute `proto_message` in this scope
[INFO] [stdout]  --> tests/struct.rs:5:3
[INFO] [stdout]   |
[INFO] [stdout] 5 | #[proto_message(type_url = "/osmosis.tokenfactory.v1beta1.MsgCreateDenom")]
[INFO] [stdout]   |   ^^^^^^^^^^^^^
[INFO] [stdout]   |
[INFO] [stdout] help: `proto_message` is an attribute that can be used by the derive macro `CosmwasmExt`, you might be missing a `derive` attribute
[INFO] [stdout]   |
[INFO] [stdout] 6 + #[derive(CosmwasmExt)]
[INFO] [stdout] 7 | pub struct MsgCreateDenom {
[INFO] [stdout]   |
[INFO] [stdout] 
[INFO] [stdout] 
[INFO] [stdout] error: cannot find attribute `proto_message` in this scope
[INFO] [stdout]   --> tests/query.rs:19:3
[INFO] [stdout]    |
[INFO] [stdout] 19 | #[proto_message(type_url = "/osmosis.tokenfactory.v1beta1.QueryDenomsFromCreatorResponse")]
[INFO] [stdout]    |   ^^^^^^^^^^^^^
[INFO] [stdout]    |
[INFO] [stdout] help: `proto_message` is an attribute that can be used by the derive macro `CosmwasmExt`, you might be missing a `derive` attribute
[INFO] [stdout]    |
[INFO] [stdout] 20 + #[derive(CosmwasmExt)]
[INFO] [stdout] 21 | pub struct QueryDenomsFromCreatorResponse {
[INFO] [stdout]    |
[INFO] [stdout] 
[INFO] [stdout] 
[INFO] [stdout] error: cannot find attribute `proto_message` in this scope
[INFO] [stdout]   --> tests/query.rs:7:3
[INFO] [stdout]    |
[INFO] [stdout]  7 | #[proto_message(type_url = "/osmosis.tokenfactory.v1beta1.QueryDenomsFromCreatorRequest")]
[INFO] [stdout]    |   ^^^^^^^^^^^^^
[INFO] [stdout]    |
[INFO] [stdout] help: `proto_message` is an attribute that can be used by the derive macro `CosmwasmExt`, you might be missing a `derive` attribute
[INFO] [stdout]    |
[INFO] [stdout] 12 + #[derive(CosmwasmExt)]
[INFO] [stdout] 13 | pub struct QueryDenomsFromCreatorRequest {
[INFO] [stdout]    |
[INFO] [stdout] 
[INFO] [stdout] 
[INFO] [stdout] error: cannot find attribute `proto_query` in this scope
[INFO] [stdout]   --> tests/query.rs:8:3
[INFO] [stdout]    |
[INFO] [stdout]  8 | #[proto_query(
[INFO] [stdout]    |   ^^^^^^^^^^^
[INFO] [stdout]    |
[INFO] [stdout] help: `proto_query` is an attribute that can be used by the derive macro `CosmwasmExt`, you might be missing a `derive` attribute
[INFO] [stdout]    |
[INFO] [stdout] 12 + #[derive(CosmwasmExt)]
[INFO] [stdout] 13 | pub struct QueryDenomsFromCreatorRequest {
[INFO] [stdout]    |
[INFO] [stdout] 
[INFO] [stdout] 
[INFO] [stdout] error[E0599]: no associated function or constant named `TYPE_URL` found for struct `MsgCreateDenom` in the current scope
[INFO] [stdout]   --> tests/struct.rs:16:25
[INFO] [stdout]    |
[INFO] [stdout]  6 | pub struct MsgCreateDenom {
[INFO] [stdout]    | ------------------------- associated function or constant `TYPE_URL` not found for this struct
[INFO] [stdout] ...
[INFO] [stdout] 16 |         MsgCreateDenom::TYPE_URL,
[INFO] [stdout]    |                         ^^^^^^^^ associated function or constant not found in `MsgCreateDenom`
[INFO] [stdout] 
[INFO] [stdout] 
[INFO] [stdout] error[E0277]: the trait bound `QueryRequest<cosmwasm_std::Empty>: From<QueryDenomsFromCreatorRequest>` is not satisfied
[INFO] [stdout]    --> tests/query.rs:29:6
[INFO] [stdout]     |
[INFO] [stdout]  29 |     .into();
[INFO] [stdout]     |      ^^^^ the trait `From<QueryDenomsFromCreatorRequest>` is not implemented for `QueryRequest<cosmwasm_std::Empty>`
[INFO] [stdout]     |
[INFO] [stdout] help: `QueryRequest<C>` implements trait `From<T>`
[INFO] [stdout]    --> /opt/rustwide/cargo-home/registry/src/index.crates.io-1949cf8c6b5b557f/cosmwasm-std-1.5.11/src/query/mod.rs:92:1
[INFO] [stdout]     |
[INFO] [stdout]  92 | impl<C: CustomQuery> From<BankQuery> for QueryRequest<C> {
[INFO] [stdout]     | ^^^^^^^^^^^^^^^^^^^^^^^^^^^^^^^^^^^^^^^^^^^^^^^^^^^^^^^^ `From<BankQuery>`
[INFO] [stdout] ...
[INFO] [stdout]  98 | impl<C: CustomQuery> From<C> for QueryRequest<C> {
[INFO] [stdout]     | ^^^^^^^^^^^^^^^^^^^^^^^^^^^^^^^^^^^^^^^^^^^^^^^^ `From<C>`
[INFO] [stdout] ...
[INFO] [stdout] 111 | impl<C: CustomQuery> From<WasmQuery> for QueryRequest<C> {
[INFO] [stdout]     | ^^^^^^^^^^^^^^^^^^^^^^^^^^^^^^^^^^^^^^^^^^^^^^^^^^^^^^^^ `From<WasmQuery>`
[INFO] [stdout] ...
[INFO] [stdout] 118 | impl<C: CustomQuery> From<IbcQuery> for QueryRequest<C> {
[INFO] [stdout]     | ^^^^^^^^^^^^^^^^^^^^^^^^^^^^^^^^^^^^^^^^^^^^^^^^^^^^^^^ `From<IbcQuery>`
[INFO] [stdout]     = note: required for `QueryDenomsFromCreatorRequest` to implement `Into<QueryRequest<cosmwasm_std::Empty>>`
[INFO] [stdout] 
[INFO] [stdout] 
[INFO] [stdout] error[E0277]: the trait bound `CosmosMsg: From<MsgCreateDenom>` is not satisfied
[INFO] [stdout]    --> tests/struct.rs:24:28
[INFO] [stdout]     |
[INFO] [stdout]  24 |     let _: CosmosMsg = msg.into();
[INFO] [stdout]     |                            ^^^^ the trait `From<MsgCreateDenom>` is not implemented for `CosmosMsg`
[INFO] [stdout]     |
[INFO] [stdout] help: `CosmosMsg<T>` implements trait `From<T>`
[INFO] [stdout]    --> /opt/rustwide/cargo-home/registry/src/index.crates.io-1949cf8c6b5b557f/cosmwasm-std-1.5.11/src/results/cosmos_msg.rs:363:1
[INFO] [stdout]     |
[INFO] [stdout] 363 | impl<T> From<BankMsg> for CosmosMsg<T> {
[INFO] [stdout]     | ^^^^^^^^^^^^^^^^^^^^^^^^^^^^^^^^^^^^^^ `From<BankMsg>`
[INFO] [stdout] ...
[INFO] [stdout] 383 | impl<T> From<WasmMsg> for CosmosMsg<T> {
[INFO] [stdout]     | ^^^^^^^^^^^^^^^^^^^^^^^^^^^^^^^^^^^^^^ `From<WasmMsg>`
[INFO] [stdout] ...
[INFO] [stdout] 390 | impl<T> From<IbcMsg> for CosmosMsg<T> {
[INFO] [stdout]     | ^^^^^^^^^^^^^^^^^^^^^^^^^^^^^^^^^^^^^ `From<IbcMsg>`
[INFO] [stdout] ...
[INFO] [stdout] 397 | impl<T> From<GovMsg> for CosmosMsg<T> {
[INFO] [stdout]     | ^^^^^^^^^^^^^^^^^^^^^^^^^^^^^^^^^^^^^ `From<GovMsg>`
[INFO] [stdout]     = note: required for `MsgCreateDenom` to implement `Into<CosmosMsg>`
[INFO] [stdout] 
[INFO] [stdout] 
[INFO] [stdout] Some errors have detailed explanations: E0277, E0432, E0599.
[INFO] [stdout] 
[INFO] [stdout] For more information about an error, try `rustc --explain E0277`.
[INFO] [stdout] 
[INFO] [stderr] error: could not compile `elys-std-deriv` (test "struct") due to 4 previous errors
[INFO] [stderr] warning: build failed, waiting for other jobs to finish...
[INFO] [stdout] Some errors have detailed explanations: E0277, E0432.
[INFO] [stdout] 
[INFO] [stdout] For more information about an error, try `rustc --explain E0277`.
[INFO] [stdout] 
[INFO] [stderr] error: could not compile `elys-std-deriv` (test "query") due to 5 previous errors
[INFO] [stderr] warning: unused dependency `prost-types`
[INFO] [stderr]  --> Cargo.toml:7:15
[INFO] [stderr]   |
[INFO] [stderr] 7 | [dependencies.prost-types]
[INFO] [stderr]   |               ^^^^^^^^^^^^
[INFO] [stderr]   |
[INFO] [stderr]   = note: `cargo::unused_dependencies` is set to `warn` by default
[INFO] [stderr] help: consider removing the dependency on `prost-types`
[INFO] [stderr] warning: `elys-std-deriv` (manifest) generated 1 warning
[INFO] running `Command { std: "docker" "inspect" "0ccb61a28478621266d55b5275ec257af49880aa284279ab62345ad9f93f04c5", kill_on_drop: false }`
[INFO] running `Command { std: "docker" "rm" "-f" "0ccb61a28478621266d55b5275ec257af49880aa284279ab62345ad9f93f04c5", kill_on_drop: false }`
[INFO] [stdout] 0ccb61a28478621266d55b5275ec257af49880aa284279ab62345ad9f93f04c5
