[INFO] fetching crate elrond-wasm-node 0.38.0...
[INFO] testing elrond-wasm-node-0.38.0 against 1.99.0-beta.8+cargoflags=--release for beta-release-1.100-2
[INFO] extracting crate elrond-wasm-node 0.38.0 into /workspace/builds/worker-0-tc1/source
[INFO] started tweaking crates.io crate elrond-wasm-node 0.38.0
[INFO] finished tweaking crates.io crate elrond-wasm-node 0.38.0
[INFO] tweaked toml for crates.io crate elrond-wasm-node 0.38.0 written to /workspace/builds/worker-0-tc1/source/Cargo.toml
[INFO] validating manifest of crates.io crate elrond-wasm-node 0.38.0 on toolchain 1.99.0-beta.8
[INFO] running `Command { std: CARGO_HOME="/workspace/cargo-home" RUSTUP_HOME="/workspace/rustup-home" "/workspace/cargo-home/bin/cargo" "+1.99.0-beta.8" "metadata" "--manifest-path" "Cargo.toml" "--no-deps", kill_on_drop: false }`
[INFO] running `Command { std: CARGO_HOME="/workspace/cargo-home" RUSTUP_HOME="/workspace/rustup-home" "/workspace/cargo-home/bin/cargo" "+1.99.0-beta.8" "generate-lockfile" "--manifest-path" "Cargo.toml", kill_on_drop: false }`
[INFO] [stderr]     Updating crates.io index
[INFO] [stderr]      Locking 31 packages to highest compatible versions
[INFO] running `Command { std: CARGO_HOME="/workspace/cargo-home" RUSTUP_HOME="/workspace/rustup-home" "/workspace/cargo-home/bin/cargo" "+1.99.0-beta.8" "fetch" "--manifest-path" "Cargo.toml", kill_on_drop: false }`
[INFO] [stderr]  Downloading crates ...
[INFO] [stderr]   Downloaded elrond-wasm v0.38.0
[INFO] [stderr]   Downloaded wee_alloc v0.4.5
[INFO] [stderr]   Downloaded memory_units v0.4.0
[INFO] [stderr]   Downloaded nibble_vec v0.0.4
[INFO] [stderr]   Downloaded elrond-codec v0.16.0
[INFO] [stderr]   Downloaded elrond-codec-derive v0.16.0
[INFO] [stderr]   Downloaded elrond-wasm-derive v0.38.0
[INFO] [stderr]   Downloaded radix_trie v0.1.6
[INFO] running `Command { std: "docker" "create" "-v" "/var/lib/crater-agent-workspace/builds/worker-0-tc1/source:/opt/rustwide/workdir:ro,Z" "-v" "/var/lib/crater-agent-workspace/builds/worker-0-tc1/target:/opt/rustwide/target:rw,Z" "-v" "/var/lib/crater-agent-workspace/cargo-home:/opt/rustwide/cargo-home:ro,Z" "-v" "/var/lib/crater-agent-workspace/rustup-home:/opt/rustwide/rustup-home:ro,Z" "-m" "1610612736" "--network" "none" "ghcr.io/rust-lang/crates-build-env/linux@sha256:77db811e55d90add9212f6832c23229e3de5f1c1f9905e8cb07319ea15df73ac" "sleep" "infinity", kill_on_drop: false }`
[INFO] [stdout] 6ce9cceb3fec91887b0eca13d4a264a8683a16db644ba31a38235cca98180362
[INFO] running `Command { std: "docker" "start" "6ce9cceb3fec91887b0eca13d4a264a8683a16db644ba31a38235cca98180362", kill_on_drop: false }`
[INFO] running `Command { std: "docker" "inspect" "6ce9cceb3fec91887b0eca13d4a264a8683a16db644ba31a38235cca98180362", kill_on_drop: false }`
[INFO] running `Command { std: "docker" "exec" "-e" "SOURCE_DIR=/opt/rustwide/workdir" "-e" "CARGO_HOME=/opt/rustwide/cargo-home" "-e" "RUSTUP_HOME=/opt/rustwide/rustup-home" "-e" "CARGO_TARGET_DIR=/opt/rustwide/target" "-w" "/opt/rustwide/workdir" "--user" "0:0" "6ce9cceb3fec91887b0eca13d4a264a8683a16db644ba31a38235cca98180362" "/opt/rustwide/cargo-home/bin/cargo" "+1.99.0-beta.8" "metadata" "--no-deps" "--format-version=1", kill_on_drop: false }`
[INFO] running `Command { std: "docker" "inspect" "6ce9cceb3fec91887b0eca13d4a264a8683a16db644ba31a38235cca98180362", kill_on_drop: false }`
[INFO] running `Command { std: "docker" "exec" "-e" "SOURCE_DIR=/opt/rustwide/workdir" "-e" "CARGO_HOME=/opt/rustwide/cargo-home" "-e" "RUSTUP_HOME=/opt/rustwide/rustup-home" "-e" "CARGO_TARGET_DIR=/opt/rustwide/target" "-e" "CARGO_INCREMENTAL=0" "-e" "RUST_BACKTRACE=full" "-e" "RUSTFLAGS=--cap-lints=warn" "-e" "RUSTDOCFLAGS=--cap-lints=warn" "-w" "/opt/rustwide/workdir" "--user" "0:0" "6ce9cceb3fec91887b0eca13d4a264a8683a16db644ba31a38235cca98180362" "/opt/rustwide/cargo-home/bin/cargo" "+1.99.0-beta.8" "build" "--frozen" "--message-format=json" "--release", kill_on_drop: false }`
[INFO] [stderr]    Compiling ahash v0.7.8
[INFO] [stderr]    Compiling wee_alloc v0.4.5
[INFO] [stderr]    Compiling endian-type v0.1.2
[INFO] [stderr]    Compiling once_cell v1.21.4
[INFO] [stderr]    Compiling memory_units v0.4.0
[INFO] [stderr]    Compiling num-traits v0.2.19
[INFO] [stderr]    Compiling getrandom v0.2.17
[INFO] [stderr]    Compiling nibble_vec v0.0.4
[INFO] [stderr]    Compiling elrond-codec-derive v0.16.0
[INFO] [stderr]    Compiling hex-literal v0.3.4
[INFO] [stderr]    Compiling radix_trie v0.1.6
[INFO] [stderr]    Compiling hashbrown v0.11.2
[INFO] [stderr]    Compiling elrond-wasm-derive v0.38.0
[INFO] [stderr]    Compiling elrond-codec v0.16.0
[INFO] [stdout] error[E0554]: `#![feature]` may not be used on the beta release channel
[INFO] [stdout]  --> /opt/rustwide/cargo-home/registry/src/index.crates.io-1949cf8c6b5b557f/elrond-codec-0.16.0/src/lib.rs:2:1
[INFO] [stdout]   |
[INFO] [stdout] 2 | #![feature(try_trait_v2)]
[INFO] [stdout]   | ^^^^^^^^^^^^^^^^^^^^^^^^^
[INFO] [stdout] 
[INFO] [stdout] 
[INFO] [stdout] error[E0554]: `#![feature]` may not be used on the beta release channel
[INFO] [stdout]  --> /opt/rustwide/cargo-home/registry/src/index.crates.io-1949cf8c6b5b557f/elrond-wasm-derive-0.38.0/src/lib.rs:4:1
[INFO] [stdout]   |
[INFO] [stdout] 4 | #![feature(proc_macro_quote)]
[INFO] [stdout]   | ^^^^^^^^^^^^^^^^^^^^^^^^^^^^^
[INFO] [stdout] 
[INFO] [stdout] 
[INFO] [stdout] error[E0277]: the trait bound `proc_macro2::TokenStream: proc_macro::ToTokens` is not satisfied
[INFO] [stdout]   --> /opt/rustwide/cargo-home/registry/src/index.crates.io-1949cf8c6b5b557f/elrond-wasm-derive-0.38.0/src/format/format_args_macro.rs:37:17
[INFO] [stdout]    |
[INFO] [stdout] 37 | /                 quote! (
[INFO] [stdout] 38 | |                     elrond_wasm::formatter::FormatBuffer::append_ascii(&mut $accumulator_expr, $str_as_bytes);
[INFO] [stdout] 39 | |                 )
[INFO] [stdout]    | |                 ^
[INFO] [stdout]    | |                 |
[INFO] [stdout]    | |_________________the nightly-only, unstable trait `proc_macro::ToTokens` is not implemented for `proc_macro2::TokenStream`
[INFO] [stdout]    |                   required by a bound introduced by this call
[INFO] [stdout]    |
[INFO] [stdout]    = note: `proc_macro2::TokenStream` implements similarly named trait `quote::ToTokens`, but not `proc_macro::ToTokens`
[INFO] [stdout]    = help: the following other types implement trait `proc_macro::ToTokens`:
[INFO] [stdout]              &T
[INFO] [stdout]              &mut T
[INFO] [stdout]              CStr
[INFO] [stdout]              CString
[INFO] [stdout]              Cow<'_, T>
[INFO] [stdout]              Option<T>
[INFO] [stdout]              Rc<T>
[INFO] [stdout]              String
[INFO] [stdout]            and 24 others
[INFO] [stdout] 
[INFO] [stdout] 
[INFO] [stdout] For more information about this error, try `rustc --explain E0554`.
[INFO] [stdout] 
[INFO] [stderr] error: could not compile `elrond-codec` (lib) due to 1 previous error
[INFO] [stderr] warning: build failed, waiting for other jobs to finish...
[INFO] [stdout] Some errors have detailed explanations: E0277, E0554.
[INFO] [stdout] 
[INFO] [stdout] For more information about an error, try `rustc --explain E0277`.
[INFO] [stdout] 
[INFO] [stderr] error: could not compile `elrond-wasm-derive` (lib) due to 2 previous errors
[INFO] running `Command { std: "docker" "inspect" "6ce9cceb3fec91887b0eca13d4a264a8683a16db644ba31a38235cca98180362", kill_on_drop: false }`
[INFO] running `Command { std: "docker" "rm" "-f" "6ce9cceb3fec91887b0eca13d4a264a8683a16db644ba31a38235cca98180362", kill_on_drop: false }`
[INFO] [stdout] 6ce9cceb3fec91887b0eca13d4a264a8683a16db644ba31a38235cca98180362
