[INFO] fetching crate elmar-mppt 0.1.1...
[INFO] testing elmar-mppt-0.1.1 against 1.99.0-beta.8+cargoflags=--release for beta-release-1.100-2
[INFO] extracting crate elmar-mppt 0.1.1 into /workspace/builds/worker-2-tc1/source
[INFO] started tweaking crates.io crate elmar-mppt 0.1.1
[INFO] finished tweaking crates.io crate elmar-mppt 0.1.1
[INFO] tweaked toml for crates.io crate elmar-mppt 0.1.1 written to /workspace/builds/worker-2-tc1/source/Cargo.toml
[INFO] validating manifest of crates.io crate elmar-mppt 0.1.1 on toolchain 1.99.0-beta.8
[INFO] running `Command { std: CARGO_HOME="/workspace/cargo-home" RUSTUP_HOME="/workspace/rustup-home" "/workspace/cargo-home/bin/cargo" "+1.99.0-beta.8" "metadata" "--manifest-path" "Cargo.toml" "--no-deps", kill_on_drop: false }`
[INFO] running `Command { std: CARGO_HOME="/workspace/cargo-home" RUSTUP_HOME="/workspace/rustup-home" "/workspace/cargo-home/bin/cargo" "+1.99.0-beta.8" "generate-lockfile" "--manifest-path" "Cargo.toml", kill_on_drop: false }`
[INFO] [stderr]     Updating crates.io index
[INFO] [stderr]      Locking 14 packages to highest compatible versions
[INFO] [stderr]       Adding bitflags v1.3.2 (available: v2.13.2)
[INFO] [stderr]       Adding bxcan v0.6.2 (available: v0.8.0)
[INFO] [stderr]       Adding defmt v0.3.101 (available: v1.2.0)
[INFO] running `Command { std: CARGO_HOME="/workspace/cargo-home" RUSTUP_HOME="/workspace/rustup-home" "/workspace/cargo-home/bin/cargo" "+1.99.0-beta.8" "fetch" "--manifest-path" "Cargo.toml", kill_on_drop: false }`
[INFO] [stderr]  Downloading crates ...
[INFO] [stderr]   Downloaded bxcan v0.6.2
[INFO] [stderr]   Downloaded defmt v0.3.101
[INFO] running `Command { std: "docker" "create" "-v" "/var/lib/crater-agent-workspace/builds/worker-2-tc1/source:/opt/rustwide/workdir:ro,Z" "-v" "/var/lib/crater-agent-workspace/builds/worker-2-tc1/target:/opt/rustwide/target:rw,Z" "-v" "/var/lib/crater-agent-workspace/cargo-home:/opt/rustwide/cargo-home:ro,Z" "-v" "/var/lib/crater-agent-workspace/rustup-home:/opt/rustwide/rustup-home:ro,Z" "-m" "1610612736" "--network" "none" "ghcr.io/rust-lang/crates-build-env/linux@sha256:77db811e55d90add9212f6832c23229e3de5f1c1f9905e8cb07319ea15df73ac" "sleep" "infinity", kill_on_drop: false }`
[INFO] [stdout] 46722485289c1c147689591878f19ebb8e853318a59159db1ce9219d82c016ce
[INFO] running `Command { std: "docker" "start" "46722485289c1c147689591878f19ebb8e853318a59159db1ce9219d82c016ce", kill_on_drop: false }`
[INFO] running `Command { std: "docker" "inspect" "46722485289c1c147689591878f19ebb8e853318a59159db1ce9219d82c016ce", kill_on_drop: false }`
[INFO] running `Command { std: "docker" "exec" "-e" "SOURCE_DIR=/opt/rustwide/workdir" "-e" "CARGO_HOME=/opt/rustwide/cargo-home" "-e" "RUSTUP_HOME=/opt/rustwide/rustup-home" "-e" "CARGO_TARGET_DIR=/opt/rustwide/target" "-w" "/opt/rustwide/workdir" "--user" "0:0" "46722485289c1c147689591878f19ebb8e853318a59159db1ce9219d82c016ce" "/opt/rustwide/cargo-home/bin/cargo" "+1.99.0-beta.8" "metadata" "--no-deps" "--format-version=1", kill_on_drop: false }`
[INFO] running `Command { std: "docker" "inspect" "46722485289c1c147689591878f19ebb8e853318a59159db1ce9219d82c016ce", kill_on_drop: false }`
[INFO] running `Command { std: "docker" "exec" "-e" "SOURCE_DIR=/opt/rustwide/workdir" "-e" "CARGO_HOME=/opt/rustwide/cargo-home" "-e" "RUSTUP_HOME=/opt/rustwide/rustup-home" "-e" "CARGO_TARGET_DIR=/opt/rustwide/target" "-e" "CARGO_INCREMENTAL=0" "-e" "RUST_BACKTRACE=full" "-e" "RUSTFLAGS=--cap-lints=warn" "-e" "RUSTDOCFLAGS=--cap-lints=warn" "-w" "/opt/rustwide/workdir" "--user" "0:0" "46722485289c1c147689591878f19ebb8e853318a59159db1ce9219d82c016ce" "/opt/rustwide/cargo-home/bin/cargo" "+1.99.0-beta.8" "build" "--frozen" "--message-format=json" "--release", kill_on_drop: false }`
[INFO] [stderr]    Compiling defmt-macros v1.2.0
[INFO] [stderr]    Compiling defmt v1.2.0
[INFO] [stderr]    Compiling thiserror v2.0.21
[INFO] [stderr]    Compiling bxcan v0.6.2
[INFO] [stderr]    Compiling syn v3.0.9
[INFO] [stderr]    Compiling thiserror-impl v2.0.21
[INFO] [stderr]    Compiling defmt-parser v1.1.0
[INFO] [stderr]    Compiling defmt v0.3.101
[INFO] [stderr]    Compiling elmar-mppt v0.1.1 (/opt/rustwide/workdir)
[INFO] [stderr]     Finished `release` profile [optimized] target(s) in 8.45s
[INFO] running `Command { std: "docker" "inspect" "46722485289c1c147689591878f19ebb8e853318a59159db1ce9219d82c016ce", kill_on_drop: false }`
[INFO] running `Command { std: "docker" "exec" "-e" "SOURCE_DIR=/opt/rustwide/workdir" "-e" "CARGO_HOME=/opt/rustwide/cargo-home" "-e" "RUSTUP_HOME=/opt/rustwide/rustup-home" "-e" "CARGO_TARGET_DIR=/opt/rustwide/target" "-e" "CARGO_INCREMENTAL=0" "-e" "RUST_BACKTRACE=full" "-e" "RUSTFLAGS=--cap-lints=warn" "-e" "RUSTDOCFLAGS=--cap-lints=warn" "-w" "/opt/rustwide/workdir" "--user" "0:0" "46722485289c1c147689591878f19ebb8e853318a59159db1ce9219d82c016ce" "/opt/rustwide/cargo-home/bin/cargo" "+1.99.0-beta.8" "test" "--frozen" "--no-run" "--message-format=json" "--release", kill_on_drop: false }`
[INFO] [stderr]    Compiling elmar-mppt v0.1.1 (/opt/rustwide/workdir)
[INFO] [stdout] error[E0404]: expected trait, found struct `Mppt`
[INFO] [stdout]   --> tests/test.rs:15:6
[INFO] [stdout]    |
[INFO] [stdout] 15 | impl Mppt for Dummy {
[INFO] [stdout]    |      ^^^^ not a trait
[INFO] [stdout] 
[INFO] [stdout] 
[INFO] [stdout] error[E0425]: cannot find type `Command` in this scope
[INFO] [stdout]   --> tests/test.rs:16:39
[INFO] [stdout]    |
[INFO] [stdout] 16 |     fn send_frame(&mut self, command: Command, data: &[u8]) -> elmar_mppt::Confirmation {
[INFO] [stdout]    |                                       ^^^^^^^ not found in this scope
[INFO] [stdout]    |
[INFO] [stdout] help: consider importing this struct
[INFO] [stdout]    |
[INFO] [stdout]  1 + use std::process::Command;
[INFO] [stdout]    |
[INFO] [stdout] 
[INFO] [stdout] 
[INFO] [stdout] error[E0425]: cannot find type `Confirmation` in crate `elmar_mppt`
[INFO] [stdout]   --> tests/test.rs:16:76
[INFO] [stdout]    |
[INFO] [stdout] 16 |     fn send_frame(&mut self, command: Command, data: &[u8]) -> elmar_mppt::Confirmation {
[INFO] [stdout]    |                                                                            ^^^^^^^^^^^^ not found in `elmar_mppt`
[INFO] [stdout] 
[INFO] [stdout] 
[INFO] [stdout] Some errors have detailed explanations: E0404, E0425.
[INFO] [stdout] 
[INFO] [stdout] For more information about an error, try `rustc --explain E0404`.
[INFO] [stdout] 
[INFO] [stderr] error: could not compile `elmar-mppt` (test "test") due to 3 previous errors
[INFO] [stderr] warning: build failed, waiting for other jobs to finish...
[INFO] running `Command { std: "docker" "inspect" "46722485289c1c147689591878f19ebb8e853318a59159db1ce9219d82c016ce", kill_on_drop: false }`
[INFO] running `Command { std: "docker" "rm" "-f" "46722485289c1c147689591878f19ebb8e853318a59159db1ce9219d82c016ce", kill_on_drop: false }`
[INFO] [stdout] 46722485289c1c147689591878f19ebb8e853318a59159db1ce9219d82c016ce
