[INFO] fetching crate elicitor-wizard-dialoguer 0.6.1...
[INFO] testing elicitor-wizard-dialoguer-0.6.1 against 1.99.0-beta.8+cargoflags=--release for beta-release-1.100-2
[INFO] extracting crate elicitor-wizard-dialoguer 0.6.1 into /workspace/builds/worker-3-tc1/source
[INFO] started tweaking crates.io crate elicitor-wizard-dialoguer 0.6.1
[INFO] removed 0 missing examples
[INFO] finished tweaking crates.io crate elicitor-wizard-dialoguer 0.6.1
[INFO] tweaked toml for crates.io crate elicitor-wizard-dialoguer 0.6.1 written to /workspace/builds/worker-3-tc1/source/Cargo.toml
[INFO] validating manifest of crates.io crate elicitor-wizard-dialoguer 0.6.1 on toolchain 1.99.0-beta.8
[INFO] running `Command { std: CARGO_HOME="/workspace/cargo-home" RUSTUP_HOME="/workspace/rustup-home" "/workspace/cargo-home/bin/cargo" "+1.99.0-beta.8" "metadata" "--manifest-path" "Cargo.toml" "--no-deps", kill_on_drop: false }`
[INFO] crate crates.io crate elicitor-wizard-dialoguer 0.6.1 already has a lockfile, it will not be regenerated
[INFO] running `Command { std: CARGO_HOME="/workspace/cargo-home" RUSTUP_HOME="/workspace/rustup-home" "/workspace/cargo-home/bin/cargo" "+1.99.0-beta.8" "fetch" "--manifest-path" "Cargo.toml", kill_on_drop: false }`
[INFO] [stderr]     Updating crates.io index
[INFO] [stderr]  Downloading crates ...
[INFO] [stderr]   Downloaded elicitor-types v0.6.1
[INFO] [stderr]   Downloaded elicitor-macro v0.6.1
[INFO] [stderr]   Downloaded elicitor v0.6.1
[INFO] [stderr]   Downloaded proc-macro2 v1.0.104
[INFO] [stderr]   Downloaded dialoguer v0.11.0
[INFO] [stderr]   Downloaded fuzzy-matcher v0.3.7
[INFO] [stderr]   Downloaded libc v0.2.179
[INFO] running `Command { std: "docker" "create" "-v" "/var/lib/crater-agent-workspace/builds/worker-3-tc1/source:/opt/rustwide/workdir:ro,Z" "-v" "/var/lib/crater-agent-workspace/builds/worker-3-tc1/target:/opt/rustwide/target:rw,Z" "-v" "/var/lib/crater-agent-workspace/cargo-home:/opt/rustwide/cargo-home:ro,Z" "-v" "/var/lib/crater-agent-workspace/rustup-home:/opt/rustwide/rustup-home:ro,Z" "-m" "1610612736" "--network" "none" "ghcr.io/rust-lang/crates-build-env/linux@sha256:77db811e55d90add9212f6832c23229e3de5f1c1f9905e8cb07319ea15df73ac" "sleep" "infinity", kill_on_drop: false }`
[INFO] [stdout] d048f3bd5cb9192b54357a5bff814ecfea8c812ef32cddcf81c01e5b81f71441
[INFO] running `Command { std: "docker" "start" "d048f3bd5cb9192b54357a5bff814ecfea8c812ef32cddcf81c01e5b81f71441", kill_on_drop: false }`
[INFO] running `Command { std: "docker" "inspect" "d048f3bd5cb9192b54357a5bff814ecfea8c812ef32cddcf81c01e5b81f71441", kill_on_drop: false }`
[INFO] running `Command { std: "docker" "exec" "-e" "SOURCE_DIR=/opt/rustwide/workdir" "-e" "CARGO_HOME=/opt/rustwide/cargo-home" "-e" "RUSTUP_HOME=/opt/rustwide/rustup-home" "-e" "CARGO_TARGET_DIR=/opt/rustwide/target" "-w" "/opt/rustwide/workdir" "--user" "0:0" "d048f3bd5cb9192b54357a5bff814ecfea8c812ef32cddcf81c01e5b81f71441" "/opt/rustwide/cargo-home/bin/cargo" "+1.99.0-beta.8" "metadata" "--no-deps" "--format-version=1", kill_on_drop: false }`
[INFO] running `Command { std: "docker" "inspect" "d048f3bd5cb9192b54357a5bff814ecfea8c812ef32cddcf81c01e5b81f71441", kill_on_drop: false }`
[INFO] running `Command { std: "docker" "exec" "-e" "SOURCE_DIR=/opt/rustwide/workdir" "-e" "CARGO_HOME=/opt/rustwide/cargo-home" "-e" "RUSTUP_HOME=/opt/rustwide/rustup-home" "-e" "CARGO_TARGET_DIR=/opt/rustwide/target" "-e" "CARGO_INCREMENTAL=0" "-e" "RUST_BACKTRACE=full" "-e" "RUSTFLAGS=--cap-lints=warn" "-e" "RUSTDOCFLAGS=--cap-lints=warn" "-w" "/opt/rustwide/workdir" "--user" "0:0" "d048f3bd5cb9192b54357a5bff814ecfea8c812ef32cddcf81c01e5b81f71441" "/opt/rustwide/cargo-home/bin/cargo" "+1.99.0-beta.8" "build" "--frozen" "--message-format=json" "--release", kill_on_drop: false }`
[INFO] [stderr]    Compiling proc-macro2 v1.0.104
[INFO] [stderr]    Compiling libc v0.2.179
[INFO] [stderr]    Compiling rustix v1.1.3
[INFO] [stderr]    Compiling linux-raw-sys v0.11.0
[INFO] [stderr]    Compiling bitflags v2.10.0
[INFO] [stderr]    Compiling zeroize v1.8.2
[INFO] [stderr]    Compiling shell-words v1.1.1
[INFO] [stderr]    Compiling fuzzy-matcher v0.3.7
[INFO] [stderr]    Compiling quote v1.0.42
[INFO] [stderr]    Compiling syn v2.0.113
[INFO] [stderr]    Compiling getrandom v0.3.4
[INFO] [stderr]    Compiling console v0.15.11
[INFO] [stderr]    Compiling tempfile v3.24.0
[INFO] [stderr]    Compiling thiserror-impl v2.0.17
[INFO] [stderr]    Compiling thiserror-impl v1.0.69
[INFO] [stderr]    Compiling elicitor-macro v0.6.1
[INFO] [stderr]    Compiling thiserror v2.0.17
[INFO] [stderr]    Compiling elicitor-types v0.6.1
[INFO] [stderr]    Compiling thiserror v1.0.69
[INFO] [stderr]    Compiling dialoguer v0.11.0
[INFO] [stderr]    Compiling elicitor v0.6.1
[INFO] [stderr]    Compiling elicitor-wizard-dialoguer v0.6.1 (/opt/rustwide/workdir)
[INFO] [stderr]     Finished `release` profile [optimized] target(s) in 14.67s
[INFO] running `Command { std: "docker" "inspect" "d048f3bd5cb9192b54357a5bff814ecfea8c812ef32cddcf81c01e5b81f71441", kill_on_drop: false }`
[INFO] running `Command { std: "docker" "exec" "-e" "SOURCE_DIR=/opt/rustwide/workdir" "-e" "CARGO_HOME=/opt/rustwide/cargo-home" "-e" "RUSTUP_HOME=/opt/rustwide/rustup-home" "-e" "CARGO_TARGET_DIR=/opt/rustwide/target" "-e" "CARGO_INCREMENTAL=0" "-e" "RUST_BACKTRACE=full" "-e" "RUSTFLAGS=--cap-lints=warn" "-e" "RUSTDOCFLAGS=--cap-lints=warn" "-w" "/opt/rustwide/workdir" "--user" "0:0" "d048f3bd5cb9192b54357a5bff814ecfea8c812ef32cddcf81c01e5b81f71441" "/opt/rustwide/cargo-home/bin/cargo" "+1.99.0-beta.8" "test" "--frozen" "--no-run" "--message-format=json" "--release", kill_on_drop: false }`
[INFO] [stderr]    Compiling elicitor-wizard-dialoguer v0.6.1 (/opt/rustwide/workdir)
[INFO] [stdout] error[E0432]: unresolved import `example_surveys`
[INFO] [stdout]  --> examples/dialoguer_job_application.rs:4:5
[INFO] [stdout]   |
[INFO] [stdout] 4 | use example_surveys::JobApplication;
[INFO] [stdout]   |     ^^^^^^^^^^^^^^^ use of unresolved module or unlinked crate `example_surveys`
[INFO] [stdout]   |
[INFO] [stdout]   = help: if you wanted to use a crate named `example_surveys`, use `cargo add example_surveys` to add it to your `Cargo.toml`
[INFO] [stdout] 
[INFO] [stdout] 
[INFO] [stdout] error[E0432]: unresolved import `example_surveys`
[INFO] [stdout]  --> examples/dialoguer_optional_fields.rs:4:5
[INFO] [stdout]   |
[INFO] [stdout] 4 | use example_surveys::ProjectConfig;
[INFO] [stdout]   |     ^^^^^^^^^^^^^^^ use of unresolved module or unlinked crate `example_surveys`
[INFO] [stdout]   |
[INFO] [stdout]   = help: if you wanted to use a crate named `example_surveys`, use `cargo add example_surveys` to add it to your `Cargo.toml`
[INFO] [stdout] 
[INFO] [stdout] 
[INFO] [stdout] error[E0432]: unresolved import `example_surveys`
[INFO] [stdout]  --> examples/dialoguer_masked_input.rs:4:5
[INFO] [stdout]   |
[INFO] [stdout] 4 | use example_surveys::Login;
[INFO] [stdout]   |     ^^^^^^^^^^^^^^^ use of unresolved module or unlinked crate `example_surveys`
[INFO] [stdout]   |
[INFO] [stdout]   = help: if you wanted to use a crate named `example_surveys`, use `cargo add example_surveys` to add it to your `Cargo.toml`
[INFO] [stdout] 
[INFO] [stdout] 
[INFO] [stdout] error[E0432]: unresolved import `example_surveys`
[INFO] [stdout]  --> examples/dialoguer_simple.rs:4:5
[INFO] [stdout]   |
[INFO] [stdout] 4 | use example_surveys::UserProfile;
[INFO] [stdout]   |     ^^^^^^^^^^^^^^^ use of unresolved module or unlinked crate `example_surveys`
[INFO] [stdout]   |
[INFO] [stdout]   = help: if you wanted to use a crate named `example_surveys`, use `cargo add example_surveys` to add it to your `Cargo.toml`
[INFO] [stdout] 
[INFO] [stdout] 
[INFO] [stdout] error[E0432]: unresolved import `example_surveys`
[INFO] [stdout]  --> examples/dialoguer_basic_fields.rs:4:5
[INFO] [stdout]   |
[INFO] [stdout] 4 | use example_surveys::BasicFields;
[INFO] [stdout]   |     ^^^^^^^^^^^^^^^ use of unresolved module or unlinked crate `example_surveys`
[INFO] [stdout]   |
[INFO] [stdout]   = help: if you wanted to use a crate named `example_surveys`, use `cargo add example_surveys` to add it to your `Cargo.toml`
[INFO] [stdout] 
[INFO] [stdout] 
[INFO] [stdout] For more information about this error, try `rustc --explain E0432`.
[INFO] [stdout] 
[INFO] [stderr] error: could not compile `elicitor-wizard-dialoguer` (example "dialoguer_masked_input") due to 1 previous error
[INFO] [stdout] For more information about this error, try `rustc --explain E0432`.
[INFO] [stdout] 
[INFO] [stderr] warning: build failed, waiting for other jobs to finish...
[INFO] [stdout] error[E0432]: unresolved import `example_surveys`
[INFO] [stdout]  --> examples/dialoguer_multiselect.rs:4:5
[INFO] [stdout]   |
[INFO] [stdout] 4 | use example_surveys::DeveloperProfile;
[INFO] [stdout]   |     ^^^^^^^^^^^^^^^ use of unresolved module or unlinked crate `example_surveys`
[INFO] [stdout]   |
[INFO] [stdout]   = help: if you wanted to use a crate named `example_surveys`, use `cargo add example_surveys` to add it to your `Cargo.toml`
[INFO] [stdout] 
[INFO] [stdout] 
[INFO] [stdout] error[E0432]: unresolved import `example_surveys`
[INFO] [stdout]  --> examples/dialoguer_vec_lists.rs:4:5
[INFO] [stdout]   |
[INFO] [stdout] 4 | use example_surveys::{ShoppingList, StudentGrades};
[INFO] [stdout]   |     ^^^^^^^^^^^^^^^ use of unresolved module or unlinked crate `example_surveys`
[INFO] [stdout]   |
[INFO] [stdout]   = help: if you wanted to use a crate named `example_surveys`, use `cargo add example_surveys` to add it to your `Cargo.toml`
[INFO] [stdout] 
[INFO] [stdout] 
[INFO] [stdout] For more information about this error, try `rustc --explain E0432`.
[INFO] [stdout] 
[INFO] [stdout] For more information about this error, try `rustc --explain E0432`.
[INFO] [stdout] 
[INFO] [stdout] For more information about this error, try `rustc --explain E0432`.
[INFO] [stdout] 
[INFO] [stdout] For more information about this error, try `rustc --explain E0432`.
[INFO] [stdout] 
[INFO] [stderr] error: could not compile `elicitor-wizard-dialoguer` (example "dialoguer_job_application") due to 1 previous error
[INFO] [stdout] error[E0432]: unresolved import `example_surveys`
[INFO] [stdout]  --> examples/dialoguer_enum_oneof.rs:4:5
[INFO] [stdout]   |
[INFO] [stdout] 4 | use example_surveys::Checkout;
[INFO] [stdout]   |     ^^^^^^^^^^^^^^^ use of unresolved module or unlinked crate `example_surveys`
[INFO] [stdout]   |
[INFO] [stdout]   = help: if you wanted to use a crate named `example_surveys`, use `cargo add example_surveys` to add it to your `Cargo.toml`
[INFO] [stdout] 
[INFO] [stdout] 
[INFO] [stderr] error: could not compile `elicitor-wizard-dialoguer` (example "dialoguer_optional_fields") due to 1 previous error
[INFO] [stdout] error[E0432]: unresolved import `example_surveys`
[INFO] [stdout]  --> examples/dialoguer_multiline_text.rs:4:5
[INFO] [stdout]   |
[INFO] [stdout] 4 | use example_surveys::BlogPost;
[INFO] [stdout]   |     ^^^^^^^^^^^^^^^ use of unresolved module or unlinked crate `example_surveys`
[INFO] [stdout]   |
[INFO] [stdout]   = help: if you wanted to use a crate named `example_surveys`, use `cargo add example_surveys` to add it to your `Cargo.toml`
[INFO] [stdout] 
[INFO] [stdout] 
[INFO] [stdout] For more information about this error, try `rustc --explain E0432`.
[INFO] [stdout] 
[INFO] [stderr] error: could not compile `elicitor-wizard-dialoguer` (example "dialoguer_basic_fields") due to 1 previous error
[INFO] [stdout] error[E0432]: unresolved import `example_surveys`
[INFO] [stdout]  --> examples/dialoguer_nested_struct.rs:4:5
[INFO] [stdout]   |
[INFO] [stdout] 4 | use example_surveys::UserRegistration;
[INFO] [stdout]   |     ^^^^^^^^^^^^^^^ use of unresolved module or unlinked crate `example_surveys`
[INFO] [stdout]   |
[INFO] [stdout]   = help: if you wanted to use a crate named `example_surveys`, use `cargo add example_surveys` to add it to your `Cargo.toml`
[INFO] [stdout] 
[INFO] [stdout] 
[INFO] [stderr] error: could not compile `elicitor-wizard-dialoguer` (example "dialoguer_multiselect") due to 1 previous error
[INFO] [stderr] error: could not compile `elicitor-wizard-dialoguer` (example "dialoguer_simple") due to 1 previous error
[INFO] [stdout] For more information about this error, try `rustc --explain E0432`.
[INFO] [stdout] 
[INFO] [stderr] error: could not compile `elicitor-wizard-dialoguer` (example "dialoguer_enum_oneof") due to 1 previous error
[INFO] [stdout] error[E0432]: unresolved import `example_surveys`
[INFO] [stdout]  --> examples/dialoguer_suggestions.rs:4:5
[INFO] [stdout]   |
[INFO] [stdout] 4 | use example_surveys::AppSettings;
[INFO] [stdout]   |     ^^^^^^^^^^^^^^^ use of unresolved module or unlinked crate `example_surveys`
[INFO] [stdout]   |
[INFO] [stdout]   = help: if you wanted to use a crate named `example_surveys`, use `cargo add example_surveys` to add it to your `Cargo.toml`
[INFO] [stdout] 
[INFO] [stdout] 
[INFO] [stderr] error: could not compile `elicitor-wizard-dialoguer` (example "dialoguer_multiline_text") due to 1 previous error
[INFO] [stdout] For more information about this error, try `rustc --explain E0432`.
[INFO] [stdout] 
[INFO] [stderr] error: could not compile `elicitor-wizard-dialoguer` (example "dialoguer_vec_lists") due to 1 previous error
[INFO] [stdout] For more information about this error, try `rustc --explain E0432`.
[INFO] [stdout] 
[INFO] [stderr] error: could not compile `elicitor-wizard-dialoguer` (example "dialoguer_nested_struct") due to 1 previous error
[INFO] [stdout] For more information about this error, try `rustc --explain E0432`.
[INFO] [stdout] 
[INFO] [stderr] error: could not compile `elicitor-wizard-dialoguer` (example "dialoguer_suggestions") due to 1 previous error
[INFO] [stdout] error[E0432]: unresolved import `example_surveys`
[INFO] [stdout]  --> examples/dialoguer_prelude_epilogue.rs:4:5
[INFO] [stdout]   |
[INFO] [stdout] 4 | use example_surveys::FitnessProfile;
[INFO] [stdout]   |     ^^^^^^^^^^^^^^^ use of unresolved module or unlinked crate `example_surveys`
[INFO] [stdout]   |
[INFO] [stdout]   = help: if you wanted to use a crate named `example_surveys`, use `cargo add example_surveys` to add it to your `Cargo.toml`
[INFO] [stdout] 
[INFO] [stdout] 
[INFO] [stdout] error[E0432]: unresolved import `example_surveys`
[INFO] [stdout]  --> examples/dialoguer_min_max_bounds.rs:4:5
[INFO] [stdout]   |
[INFO] [stdout] 4 | use example_surveys::GameSettings;
[INFO] [stdout]   |     ^^^^^^^^^^^^^^^ use of unresolved module or unlinked crate `example_surveys`
[INFO] [stdout]   |
[INFO] [stdout]   = help: if you wanted to use a crate named `example_surveys`, use `cargo add example_surveys` to add it to your `Cargo.toml`
[INFO] [stdout] 
[INFO] [stdout] 
[INFO] [stdout] For more information about this error, try `rustc --explain E0432`.
[INFO] [stdout] 
[INFO] [stdout] error[E0432]: unresolved import `example_surveys`
[INFO] [stdout]  --> examples/dialoguer_spooky_forest.rs:4:5
[INFO] [stdout]   |
[INFO] [stdout] 4 | use example_surveys::SpookyForest;
[INFO] [stdout]   |     ^^^^^^^^^^^^^^^ use of unresolved module or unlinked crate `example_surveys`
[INFO] [stdout]   |
[INFO] [stdout]   = help: if you wanted to use a crate named `example_surveys`, use `cargo add example_surveys` to add it to your `Cargo.toml`
[INFO] [stdout] 
[INFO] [stdout] 
[INFO] [stdout] For more information about this error, try `rustc --explain E0432`.
[INFO] [stdout] 
[INFO] [stderr] error: could not compile `elicitor-wizard-dialoguer` (example "dialoguer_min_max_bounds") due to 1 previous error
[INFO] [stdout] For more information about this error, try `rustc --explain E0432`.
[INFO] [stdout] 
[INFO] [stdout] error[E0432]: unresolved import `example_surveys`
[INFO] [stdout]   --> examples/dialoguer_validation.rs:11:5
[INFO] [stdout]    |
[INFO] [stdout] 11 | use example_surveys::AccountCreation;
[INFO] [stdout]    |     ^^^^^^^^^^^^^^^ use of unresolved module or unlinked crate `example_surveys`
[INFO] [stdout]    |
[INFO] [stdout]    = help: if you wanted to use a crate named `example_surveys`, use `cargo add example_surveys` to add it to your `Cargo.toml`
[INFO] [stdout] 
[INFO] [stdout] 
[INFO] [stderr] error: could not compile `elicitor-wizard-dialoguer` (example "dialoguer_spooky_forest") due to 1 previous error
[INFO] [stderr] error: could not compile `elicitor-wizard-dialoguer` (example "dialoguer_prelude_epilogue") due to 1 previous error
[INFO] [stdout] For more information about this error, try `rustc --explain E0432`.
[INFO] [stdout] 
[INFO] [stderr] error: could not compile `elicitor-wizard-dialoguer` (example "dialoguer_validation") due to 1 previous error
[INFO] running `Command { std: "docker" "inspect" "d048f3bd5cb9192b54357a5bff814ecfea8c812ef32cddcf81c01e5b81f71441", kill_on_drop: false }`
[INFO] running `Command { std: "docker" "rm" "-f" "d048f3bd5cb9192b54357a5bff814ecfea8c812ef32cddcf81c01e5b81f71441", kill_on_drop: false }`
[INFO] [stdout] d048f3bd5cb9192b54357a5bff814ecfea8c812ef32cddcf81c01e5b81f71441
