[INFO] fetching crate elicitor-form-ratatui 0.6.1...
[INFO] testing elicitor-form-ratatui-0.6.1 against 1.99.0-beta.8+cargoflags=--release for beta-release-1.100-2
[INFO] extracting crate elicitor-form-ratatui 0.6.1 into /workspace/builds/worker-0-tc1/source
[INFO] started tweaking crates.io crate elicitor-form-ratatui 0.6.1
[INFO] removed 0 missing examples
[INFO] finished tweaking crates.io crate elicitor-form-ratatui 0.6.1
[INFO] tweaked toml for crates.io crate elicitor-form-ratatui 0.6.1 written to /workspace/builds/worker-0-tc1/source/Cargo.toml
[INFO] validating manifest of crates.io crate elicitor-form-ratatui 0.6.1 on toolchain 1.99.0-beta.8
[INFO] running `Command { std: CARGO_HOME="/workspace/cargo-home" RUSTUP_HOME="/workspace/rustup-home" "/workspace/cargo-home/bin/cargo" "+1.99.0-beta.8" "metadata" "--manifest-path" "Cargo.toml" "--no-deps", kill_on_drop: false }`
[INFO] crate crates.io crate elicitor-form-ratatui 0.6.1 already has a lockfile, it will not be regenerated
[INFO] running `Command { std: CARGO_HOME="/workspace/cargo-home" RUSTUP_HOME="/workspace/rustup-home" "/workspace/cargo-home/bin/cargo" "+1.99.0-beta.8" "fetch" "--manifest-path" "Cargo.toml", kill_on_drop: false }`
[INFO] [stderr]     Updating crates.io index
[INFO] [stderr]  Downloading crates ...
[INFO] [stderr]   Downloaded lru v0.16.2
[INFO] [stderr]   Downloaded instability v0.3.11
[INFO] [stderr]   Downloaded unicode-truncate v2.0.0
[INFO] [stderr]   Downloaded line-clipping v0.3.5
[INFO] [stderr]   Downloaded elicitor-types v0.6.1
[INFO] [stderr]   Downloaded kasuari v0.4.11
[INFO] [stderr]   Downloaded ratatui-termwiz v0.1.0
[INFO] [stderr]   Downloaded elicitor-macro v0.6.1
[INFO] [stderr]   Downloaded pest_generator v2.8.5
[INFO] [stderr]   Downloaded ratatui-macros v0.7.0
[INFO] [stderr]   Downloaded ratatui-crossterm v0.1.0
[INFO] [stderr]   Downloaded elicitor v0.6.1
[INFO] [stderr]   Downloaded pest_derive v2.8.5
[INFO] [stderr]   Downloaded pest_meta v2.8.5
[INFO] [stderr]   Downloaded ratatui v0.30.0
[INFO] [stderr]   Downloaded ratatui-widgets v0.3.0
[INFO] [stderr]   Downloaded euclid v0.22.11
[INFO] [stderr]   Downloaded pest v2.8.5
[INFO] [stderr]   Downloaded ratatui-core v0.1.0
[INFO] [stderr]   Downloaded portable-atomic v1.13.0
[INFO] running `Command { std: "docker" "create" "-v" "/var/lib/crater-agent-workspace/builds/worker-0-tc1/source:/opt/rustwide/workdir:ro,Z" "-v" "/var/lib/crater-agent-workspace/builds/worker-0-tc1/target:/opt/rustwide/target:rw,Z" "-v" "/var/lib/crater-agent-workspace/cargo-home:/opt/rustwide/cargo-home:ro,Z" "-v" "/var/lib/crater-agent-workspace/rustup-home:/opt/rustwide/rustup-home:ro,Z" "-m" "1610612736" "--network" "none" "ghcr.io/rust-lang/crates-build-env/linux@sha256:77db811e55d90add9212f6832c23229e3de5f1c1f9905e8cb07319ea15df73ac" "sleep" "infinity", kill_on_drop: false }`
[INFO] [stdout] 286ecebc17c40c26e51bbc8335bfff43a5336bf360bc613bdb5b46afaeb77a4d
[INFO] running `Command { std: "docker" "start" "286ecebc17c40c26e51bbc8335bfff43a5336bf360bc613bdb5b46afaeb77a4d", kill_on_drop: false }`
[INFO] running `Command { std: "docker" "inspect" "286ecebc17c40c26e51bbc8335bfff43a5336bf360bc613bdb5b46afaeb77a4d", kill_on_drop: false }`
[INFO] running `Command { std: "docker" "exec" "-e" "SOURCE_DIR=/opt/rustwide/workdir" "-e" "CARGO_HOME=/opt/rustwide/cargo-home" "-e" "RUSTUP_HOME=/opt/rustwide/rustup-home" "-e" "CARGO_TARGET_DIR=/opt/rustwide/target" "-w" "/opt/rustwide/workdir" "--user" "0:0" "286ecebc17c40c26e51bbc8335bfff43a5336bf360bc613bdb5b46afaeb77a4d" "/opt/rustwide/cargo-home/bin/cargo" "+1.99.0-beta.8" "metadata" "--no-deps" "--format-version=1", kill_on_drop: false }`
[INFO] running `Command { std: "docker" "inspect" "286ecebc17c40c26e51bbc8335bfff43a5336bf360bc613bdb5b46afaeb77a4d", kill_on_drop: false }`
[INFO] running `Command { std: "docker" "exec" "-e" "SOURCE_DIR=/opt/rustwide/workdir" "-e" "CARGO_HOME=/opt/rustwide/cargo-home" "-e" "RUSTUP_HOME=/opt/rustwide/rustup-home" "-e" "CARGO_TARGET_DIR=/opt/rustwide/target" "-e" "CARGO_INCREMENTAL=0" "-e" "RUST_BACKTRACE=full" "-e" "RUSTFLAGS=--cap-lints=warn" "-e" "RUSTDOCFLAGS=--cap-lints=warn" "-w" "/opt/rustwide/workdir" "--user" "0:0" "286ecebc17c40c26e51bbc8335bfff43a5336bf360bc613bdb5b46afaeb77a4d" "/opt/rustwide/cargo-home/bin/cargo" "+1.99.0-beta.8" "build" "--frozen" "--message-format=json" "--release", kill_on_drop: false }`
[INFO] [stderr]    Compiling proc-macro2 v1.0.104
[INFO] [stderr]    Compiling libc v0.2.179
[INFO] [stderr]    Compiling heck v0.5.0
[INFO] [stderr]    Compiling itertools v0.13.0
[INFO] [stderr]    Compiling unicode-width v0.2.2
[INFO] [stderr]    Compiling instability v0.3.11
[INFO] [stderr]    Compiling ryu v1.0.22
[INFO] [stderr]    Compiling lru v0.16.2
[INFO] [stderr]    Compiling convert_case v0.10.0
[INFO] [stderr]    Compiling itertools v0.14.0
[INFO] [stderr]    Compiling castaway v0.2.4
[INFO] [stderr]    Compiling rustix v1.1.3
[INFO] [stderr]    Compiling deranged v0.5.5
[INFO] [stderr]    Compiling num_threads v0.1.7
[INFO] [stderr]    Compiling num-conv v0.1.0
[INFO] [stderr]    Compiling time-core v0.1.6
[INFO] [stderr]    Compiling line-clipping v0.3.5
[INFO] [stderr]    Compiling compact_str v0.9.0
[INFO] [stderr]    Compiling quote v1.0.42
[INFO] [stderr]    Compiling syn v2.0.113
[INFO] [stderr]    Compiling unicode-truncate v2.0.0
[INFO] [stderr]    Compiling errno v0.3.14
[INFO] [stderr]    Compiling mio v1.1.1
[INFO] [stderr]    Compiling parking_lot_core v0.9.12
[INFO] [stderr]    Compiling signal-hook-registry v1.4.8
[INFO] [stderr]    Compiling time v0.3.44
[INFO] [stderr]    Compiling parking_lot v0.12.5
[INFO] [stderr]    Compiling signal-hook v0.3.18
[INFO] [stderr]    Compiling signal-hook-mio v0.2.5
[INFO] [stderr]    Compiling darling_core v0.23.0
[INFO] [stderr]    Compiling thiserror-impl v2.0.17
[INFO] [stderr]    Compiling strum_macros v0.27.2
[INFO] [stderr]    Compiling derive_more-impl v2.1.1
[INFO] [stderr]    Compiling elicitor-macro v0.6.1
[INFO] [stderr]    Compiling derive_more v2.1.1
[INFO] [stderr]    Compiling crossterm v0.29.0
[INFO] [stderr]    Compiling thiserror v2.0.17
[INFO] [stderr]    Compiling kasuari v0.4.11
[INFO] [stderr]    Compiling elicitor-types v0.6.1
[INFO] [stderr]    Compiling strum v0.27.2
[INFO] [stderr]    Compiling elicitor v0.6.1
[INFO] [stderr]    Compiling ratatui-core v0.1.0
[INFO] [stderr]    Compiling darling_macro v0.23.0
[INFO] [stderr]    Compiling darling v0.23.0
[INFO] [stderr]    Compiling ratatui-widgets v0.3.0
[INFO] [stderr]    Compiling ratatui-crossterm v0.1.0
[INFO] [stderr]    Compiling ratatui-macros v0.7.0
[INFO] [stderr]    Compiling ratatui v0.30.0
[INFO] [stderr]    Compiling elicitor-form-ratatui v0.6.1 (/opt/rustwide/workdir)
[INFO] [stderr]     Finished `release` profile [optimized] target(s) in 27.14s
[INFO] running `Command { std: "docker" "inspect" "286ecebc17c40c26e51bbc8335bfff43a5336bf360bc613bdb5b46afaeb77a4d", kill_on_drop: false }`
[INFO] running `Command { std: "docker" "exec" "-e" "SOURCE_DIR=/opt/rustwide/workdir" "-e" "CARGO_HOME=/opt/rustwide/cargo-home" "-e" "RUSTUP_HOME=/opt/rustwide/rustup-home" "-e" "CARGO_TARGET_DIR=/opt/rustwide/target" "-e" "CARGO_INCREMENTAL=0" "-e" "RUST_BACKTRACE=full" "-e" "RUSTFLAGS=--cap-lints=warn" "-e" "RUSTDOCFLAGS=--cap-lints=warn" "-w" "/opt/rustwide/workdir" "--user" "0:0" "286ecebc17c40c26e51bbc8335bfff43a5336bf360bc613bdb5b46afaeb77a4d" "/opt/rustwide/cargo-home/bin/cargo" "+1.99.0-beta.8" "test" "--frozen" "--no-run" "--message-format=json" "--release", kill_on_drop: false }`
[INFO] [stderr]    Compiling elicitor-form-ratatui v0.6.1 (/opt/rustwide/workdir)
[INFO] [stderr] error: could not compile `elicitor-form-ratatui` (example "ratatui_form_masked_input") due to 1 previous error
[INFO] [stderr] warning: build failed, waiting for other jobs to finish...
[INFO] [stdout] error[E0432]: unresolved import `example_surveys`
[INFO] [stdout]   --> examples/ratatui_form_masked_input.rs:11:5
[INFO] [stdout]    |
[INFO] [stdout] 11 | use example_surveys::Login;
[INFO] [stdout]    |     ^^^^^^^^^^^^^^^ use of unresolved module or unlinked crate `example_surveys`
[INFO] [stdout]    |
[INFO] [stdout]    = help: if you wanted to use a crate named `example_surveys`, use `cargo add example_surveys` to add it to your `Cargo.toml`
[INFO] [stdout] 
[INFO] [stdout] 
[INFO] [stdout] For more information about this error, try `rustc --explain E0432`.
[INFO] [stdout] 
[INFO] [stdout] error[E0432]: unresolved import `example_surveys`
[INFO] [stdout]   --> examples/ratatui_form_multiline_text.rs:10:5
[INFO] [stdout]    |
[INFO] [stdout] 10 | use example_surveys::BlogPost;
[INFO] [stdout]    |     ^^^^^^^^^^^^^^^ use of unresolved module or unlinked crate `example_surveys`
[INFO] [stdout]    |
[INFO] [stdout]    = help: if you wanted to use a crate named `example_surveys`, use `cargo add example_surveys` to add it to your `Cargo.toml`
[INFO] [stdout] 
[INFO] [stdout] 
[INFO] [stdout] error[E0432]: unresolved import `example_surveys`
[INFO] [stdout]   --> examples/ratatui_form_enum_oneof.rs:11:5
[INFO] [stdout]    |
[INFO] [stdout] 11 | use example_surveys::Checkout;
[INFO] [stdout]    |     ^^^^^^^^^^^^^^^ use of unresolved module or unlinked crate `example_surveys`
[INFO] [stdout]    |
[INFO] [stdout]    = help: if you wanted to use a crate named `example_surveys`, use `cargo add example_surveys` to add it to your `Cargo.toml`
[INFO] [stdout] 
[INFO] [stdout] 
[INFO] [stdout] For more information about this error, try `rustc --explain E0432`.
[INFO] [stdout] 
[INFO] [stdout] error[E0432]: unresolved import `example_surveys`
[INFO] [stdout]  --> examples/ratatui_form_simple.rs:6:5
[INFO] [stdout]   |
[INFO] [stdout] 6 | use example_surveys::UserProfile;
[INFO] [stdout]   |     ^^^^^^^^^^^^^^^ use of unresolved module or unlinked crate `example_surveys`
[INFO] [stdout]   |
[INFO] [stdout]   = help: if you wanted to use a crate named `example_surveys`, use `cargo add example_surveys` to add it to your `Cargo.toml`
[INFO] [stdout] 
[INFO] [stdout] 
[INFO] [stdout] error[E0432]: unresolved import `example_surveys`
[INFO] [stdout]   --> examples/ratatui_form_sandwich.rs:18:5
[INFO] [stdout]    |
[INFO] [stdout] 18 | use example_surveys::SandwichOrder;
[INFO] [stdout]    |     ^^^^^^^^^^^^^^^ use of unresolved module or unlinked crate `example_surveys`
[INFO] [stdout]    |
[INFO] [stdout]    = help: if you wanted to use a crate named `example_surveys`, use `cargo add example_surveys` to add it to your `Cargo.toml`
[INFO] [stdout] 
[INFO] [stdout] 
[INFO] [stderr] error: could not compile `elicitor-form-ratatui` (example "ratatui_form_enum_oneof") due to 1 previous error
[INFO] [stdout] error[E0432]: unresolved import `example_surveys`
[INFO] [stdout]   --> examples/ratatui_form_basic_fields.rs:11:5
[INFO] [stdout]    |
[INFO] [stdout] 11 | use example_surveys::BasicFields;
[INFO] [stdout]    |     ^^^^^^^^^^^^^^^ use of unresolved module or unlinked crate `example_surveys`
[INFO] [stdout]    |
[INFO] [stdout]    = help: if you wanted to use a crate named `example_surveys`, use `cargo add example_surveys` to add it to your `Cargo.toml`
[INFO] [stdout] 
[INFO] [stdout] 
[INFO] [stdout] For more information about this error, try `rustc --explain E0432`.
[INFO] [stdout] 
[INFO] [stderr] error: could not compile `elicitor-form-ratatui` (example "ratatui_form_multiline_text") due to 1 previous error
[INFO] [stdout] For more information about this error, try `rustc --explain E0432`.
[INFO] [stdout] 
[INFO] [stdout] For more information about this error, try `rustc --explain E0432`.
[INFO] [stdout] 
[INFO] [stdout] error[E0432]: unresolved import `example_surveys`
[INFO] [stdout]   --> examples/ratatui_form_nested_struct.rs:11:5
[INFO] [stdout]    |
[INFO] [stdout] 11 | use example_surveys::UserRegistration;
[INFO] [stdout]    |     ^^^^^^^^^^^^^^^ use of unresolved module or unlinked crate `example_surveys`
[INFO] [stdout]    |
[INFO] [stdout]    = help: if you wanted to use a crate named `example_surveys`, use `cargo add example_surveys` to add it to your `Cargo.toml`
[INFO] [stdout] 
[INFO] [stdout] 
[INFO] [stderr] error: could not compile `elicitor-form-ratatui` (example "ratatui_form_sandwich") due to 1 previous error
[INFO] [stderr] error: could not compile `elicitor-form-ratatui` (example "ratatui_form_basic_fields") due to 1 previous error
[INFO] [stdout] error[E0432]: unresolved import `example_surveys`
[INFO] [stdout]   --> examples/ratatui_form_multiselect.rs:11:5
[INFO] [stdout]    |
[INFO] [stdout] 11 | use example_surveys::DeveloperProfile;
[INFO] [stdout]    |     ^^^^^^^^^^^^^^^ use of unresolved module or unlinked crate `example_surveys`
[INFO] [stdout]    |
[INFO] [stdout]    = help: if you wanted to use a crate named `example_surveys`, use `cargo add example_surveys` to add it to your `Cargo.toml`
[INFO] [stdout] 
[INFO] [stdout] 
[INFO] [stdout] For more information about this error, try `rustc --explain E0432`.
[INFO] [stdout] 
[INFO] [stdout] error[E0432]: unresolved import `example_surveys`
[INFO] [stdout]   --> examples/ratatui_form_validation.rs:11:5
[INFO] [stdout]    |
[INFO] [stdout] 11 | use example_surveys::AccountCreation;
[INFO] [stdout]    |     ^^^^^^^^^^^^^^^ use of unresolved module or unlinked crate `example_surveys`
[INFO] [stdout]    |
[INFO] [stdout]    = help: if you wanted to use a crate named `example_surveys`, use `cargo add example_surveys` to add it to your `Cargo.toml`
[INFO] [stdout] 
[INFO] [stdout] 
[INFO] [stdout] error[E0432]: unresolved import `example_surveys`
[INFO] [stdout]   --> examples/ratatui_form_optional_fields.rs:10:5
[INFO] [stdout]    |
[INFO] [stdout] 10 | use example_surveys::ProjectConfig;
[INFO] [stdout]    |     ^^^^^^^^^^^^^^^ use of unresolved module or unlinked crate `example_surveys`
[INFO] [stdout]    |
[INFO] [stdout]    = help: if you wanted to use a crate named `example_surveys`, use `cargo add example_surveys` to add it to your `Cargo.toml`
[INFO] [stdout] 
[INFO] [stdout] 
[INFO] [stdout] For more information about this error, try `rustc --explain E0432`.
[INFO] [stdout] 
[INFO] [stdout] For more information about this error, try `rustc --explain E0432`.
[INFO] [stdout] 
[INFO] [stderr] error: could not compile `elicitor-form-ratatui` (example "ratatui_form_optional_fields") due to 1 previous error
[INFO] [stderr] error: could not compile `elicitor-form-ratatui` (example "ratatui_form_validation") due to 1 previous error
[INFO] [stdout] For more information about this error, try `rustc --explain E0432`.
[INFO] [stdout] 
[INFO] [stdout] error[E0432]: unresolved import `example_surveys`
[INFO] [stdout]   --> examples/ratatui_form_suggestions.rs:10:5
[INFO] [stdout]    |
[INFO] [stdout] 10 | use example_surveys::AppSettings;
[INFO] [stdout]    |     ^^^^^^^^^^^^^^^ use of unresolved module or unlinked crate `example_surveys`
[INFO] [stdout]    |
[INFO] [stdout]    = help: if you wanted to use a crate named `example_surveys`, use `cargo add example_surveys` to add it to your `Cargo.toml`
[INFO] [stdout] 
[INFO] [stdout] 
[INFO] [stderr] error: could not compile `elicitor-form-ratatui` (example "ratatui_form_multiselect") due to 1 previous error
[INFO] [stdout] For more information about this error, try `rustc --explain E0432`.
[INFO] [stdout] 
[INFO] [stderr] error: could not compile `elicitor-form-ratatui` (example "ratatui_form_suggestions") due to 1 previous error
[INFO] [stdout] error[E0432]: unresolved import `example_surveys`
[INFO] [stdout]   --> examples/ratatui_form_job_application.rs:18:5
[INFO] [stdout]    |
[INFO] [stdout] 18 | use example_surveys::JobApplication;
[INFO] [stdout]    |     ^^^^^^^^^^^^^^^ use of unresolved module or unlinked crate `example_surveys`
[INFO] [stdout]    |
[INFO] [stdout]    = help: if you wanted to use a crate named `example_surveys`, use `cargo add example_surveys` to add it to your `Cargo.toml`
[INFO] [stdout] 
[INFO] [stdout] 
[INFO] [stdout] For more information about this error, try `rustc --explain E0432`.
[INFO] [stdout] 
[INFO] [stdout] error[E0432]: unresolved import `example_surveys`
[INFO] [stdout]   --> examples/ratatui_form_vec_lists.rs:11:5
[INFO] [stdout]    |
[INFO] [stdout] 11 | use example_surveys::ShoppingList;
[INFO] [stdout]    |     ^^^^^^^^^^^^^^^ use of unresolved module or unlinked crate `example_surveys`
[INFO] [stdout]    |
[INFO] [stdout]    = help: if you wanted to use a crate named `example_surveys`, use `cargo add example_surveys` to add it to your `Cargo.toml`
[INFO] [stdout] 
[INFO] [stdout] 
[INFO] [stderr] error: could not compile `elicitor-form-ratatui` (example "ratatui_form_job_application") due to 1 previous error
[INFO] [stdout] For more information about this error, try `rustc --explain E0432`.
[INFO] [stdout] 
[INFO] [stderr] error: could not compile `elicitor-form-ratatui` (example "ratatui_form_nested_struct") due to 1 previous error
[INFO] [stderr] error: could not compile `elicitor-form-ratatui` (example "ratatui_form_simple") due to 1 previous error
[INFO] [stdout] For more information about this error, try `rustc --explain E0432`.
[INFO] [stdout] 
[INFO] [stdout] error[E0432]: unresolved import `example_surveys`
[INFO] [stdout]  --> examples/ratatui_form_spooky_forest.rs:7:5
[INFO] [stdout]   |
[INFO] [stdout] 7 | use example_surveys::SpookyForest;
[INFO] [stdout]   |     ^^^^^^^^^^^^^^^ use of unresolved module or unlinked crate `example_surveys`
[INFO] [stdout]   |
[INFO] [stdout]   = help: if you wanted to use a crate named `example_surveys`, use `cargo add example_surveys` to add it to your `Cargo.toml`
[INFO] [stdout] 
[INFO] [stdout] 
[INFO] [stderr] error: could not compile `elicitor-form-ratatui` (example "ratatui_form_vec_lists") due to 1 previous error
[INFO] [stdout] error[E0432]: unresolved import `example_surveys`
[INFO] [stdout]   --> examples/ratatui_form_min_max_bounds.rs:11:5
[INFO] [stdout]    |
[INFO] [stdout] 11 | use example_surveys::GameSettings;
[INFO] [stdout]    |     ^^^^^^^^^^^^^^^ use of unresolved module or unlinked crate `example_surveys`
[INFO] [stdout]    |
[INFO] [stdout]    = help: if you wanted to use a crate named `example_surveys`, use `cargo add example_surveys` to add it to your `Cargo.toml`
[INFO] [stdout] 
[INFO] [stdout] 
[INFO] [stdout] For more information about this error, try `rustc --explain E0432`.
[INFO] [stdout] 
[INFO] [stdout] For more information about this error, try `rustc --explain E0432`.
[INFO] [stdout] 
[INFO] [stderr] error: could not compile `elicitor-form-ratatui` (example "ratatui_form_min_max_bounds") due to 1 previous error
[INFO] [stderr] error: could not compile `elicitor-form-ratatui` (example "ratatui_form_spooky_forest") due to 1 previous error
[INFO] running `Command { std: "docker" "inspect" "286ecebc17c40c26e51bbc8335bfff43a5336bf360bc613bdb5b46afaeb77a4d", kill_on_drop: false }`
[INFO] running `Command { std: "docker" "rm" "-f" "286ecebc17c40c26e51bbc8335bfff43a5336bf360bc613bdb5b46afaeb77a4d", kill_on_drop: false }`
[INFO] [stdout] 286ecebc17c40c26e51bbc8335bfff43a5336bf360bc613bdb5b46afaeb77a4d
