[INFO] fetching crate elevenlabs-sdk 0.1.0...
[INFO] testing elevenlabs-sdk-0.1.0 against 1.99.0-beta.8+cargoflags=--release for beta-release-1.100-2
[INFO] extracting crate elevenlabs-sdk 0.1.0 into /workspace/builds/worker-7-tc1/source
[INFO] started tweaking crates.io crate elevenlabs-sdk 0.1.0
[INFO] removed 0 missing examples
[INFO] removed 0 missing tests
[INFO] finished tweaking crates.io crate elevenlabs-sdk 0.1.0
[INFO] tweaked toml for crates.io crate elevenlabs-sdk 0.1.0 written to /workspace/builds/worker-7-tc1/source/Cargo.toml
[INFO] validating manifest of crates.io crate elevenlabs-sdk 0.1.0 on toolchain 1.99.0-beta.8
[INFO] running `Command { std: CARGO_HOME="/workspace/cargo-home" RUSTUP_HOME="/workspace/rustup-home" "/workspace/cargo-home/bin/cargo" "+1.99.0-beta.8" "metadata" "--manifest-path" "Cargo.toml" "--no-deps", kill_on_drop: false }`
[INFO] crate crates.io crate elevenlabs-sdk 0.1.0 already has a lockfile, it will not be regenerated
[INFO] running `Command { std: CARGO_HOME="/workspace/cargo-home" RUSTUP_HOME="/workspace/rustup-home" "/workspace/cargo-home/bin/cargo" "+1.99.0-beta.8" "fetch" "--manifest-path" "Cargo.toml", kill_on_drop: false }`
[INFO] [stderr]     Updating crates.io index
[INFO] [stderr]  Downloading crates ...
[INFO] [stderr]   Downloaded ulid v1.2.1
[INFO] [stderr]   Downloaded hpx-transport v1.4.0
[INFO] [stderr]   Downloaded sdd v4.6.2
[INFO] [stderr]   Downloaded tonic-prost v0.14.4
[INFO] [stderr]   Downloaded fslock v0.2.1
[INFO] [stderr]   Downloaded tokio-boring v5.0.0
[INFO] [stderr]   Downloaded saa v5.5.0
[INFO] [stderr]   Downloaded tonic v0.14.4
[INFO] [stderr]   Downloaded scc v3.6.3
[INFO] [stderr]   Downloaded hpx-yawc v1.4.0
[INFO] [stderr]   Downloaded http2 v0.5.12
[INFO] [stderr]   Downloaded aws-lc-rs v1.15.4
[INFO] [stderr]   Downloaded boring v5.0.2
[INFO] [stderr]   Downloaded syn v2.0.116
[INFO] [stderr]   Downloaded hpx v1.4.0
[INFO] [stderr]   Downloaded boring-sys v5.0.2
[INFO] [stderr]   Downloaded aws-lc-sys v0.37.1
[INFO] running `Command { std: "docker" "create" "-v" "/var/lib/crater-agent-workspace/builds/worker-7-tc1/source:/opt/rustwide/workdir:ro,Z" "-v" "/var/lib/crater-agent-workspace/builds/worker-7-tc1/target:/opt/rustwide/target:rw,Z" "-v" "/var/lib/crater-agent-workspace/cargo-home:/opt/rustwide/cargo-home:ro,Z" "-v" "/var/lib/crater-agent-workspace/rustup-home:/opt/rustwide/rustup-home:ro,Z" "-m" "1610612736" "--network" "none" "ghcr.io/rust-lang/crates-build-env/linux@sha256:77db811e55d90add9212f6832c23229e3de5f1c1f9905e8cb07319ea15df73ac" "sleep" "infinity", kill_on_drop: false }`
[INFO] [stdout] 018a6785c8726b5e4f755fe3e08078c4500a2b21400d068706219204578e2a62
[INFO] running `Command { std: "docker" "start" "018a6785c8726b5e4f755fe3e08078c4500a2b21400d068706219204578e2a62", kill_on_drop: false }`
[INFO] running `Command { std: "docker" "inspect" "018a6785c8726b5e4f755fe3e08078c4500a2b21400d068706219204578e2a62", kill_on_drop: false }`
[INFO] running `Command { std: "docker" "exec" "-e" "SOURCE_DIR=/opt/rustwide/workdir" "-e" "CARGO_HOME=/opt/rustwide/cargo-home" "-e" "RUSTUP_HOME=/opt/rustwide/rustup-home" "-e" "CARGO_TARGET_DIR=/opt/rustwide/target" "-w" "/opt/rustwide/workdir" "--user" "0:0" "018a6785c8726b5e4f755fe3e08078c4500a2b21400d068706219204578e2a62" "/opt/rustwide/cargo-home/bin/cargo" "+1.99.0-beta.8" "metadata" "--no-deps" "--format-version=1", kill_on_drop: false }`
[INFO] running `Command { std: "docker" "inspect" "018a6785c8726b5e4f755fe3e08078c4500a2b21400d068706219204578e2a62", kill_on_drop: false }`
[INFO] running `Command { std: "docker" "exec" "-e" "SOURCE_DIR=/opt/rustwide/workdir" "-e" "CARGO_HOME=/opt/rustwide/cargo-home" "-e" "RUSTUP_HOME=/opt/rustwide/rustup-home" "-e" "CARGO_TARGET_DIR=/opt/rustwide/target" "-e" "CARGO_INCREMENTAL=0" "-e" "RUST_BACKTRACE=full" "-e" "RUSTFLAGS=--cap-lints=warn" "-e" "RUSTDOCFLAGS=--cap-lints=warn" "-w" "/opt/rustwide/workdir" "--user" "0:0" "018a6785c8726b5e4f755fe3e08078c4500a2b21400d068706219204578e2a62" "/opt/rustwide/cargo-home/bin/cargo" "+1.99.0-beta.8" "build" "--frozen" "--message-format=json" "--release", kill_on_drop: false }`
[INFO] [stderr]    Compiling libc v0.2.182
[INFO] [stderr]    Compiling quote v1.0.44
[INFO] [stderr]    Compiling tracing-core v0.1.36
[INFO] [stderr]    Compiling http v1.4.0
[INFO] [stderr]    Compiling zerocopy v0.8.39
[INFO] [stderr]    Compiling glob v0.3.3
[INFO] [stderr]    Compiling regex-syntax v0.8.9
[INFO] [stderr]    Compiling nom v7.1.3
[INFO] [stderr]    Compiling syn v2.0.116
[INFO] [stderr]    Compiling http-body v1.0.1
[INFO] [stderr]    Compiling clang-sys v1.8.1
[INFO] [stderr]    Compiling regex-automata v0.4.14
[INFO] [stderr]    Compiling socket2 v0.6.2
[INFO] [stderr]    Compiling jobserver v0.1.34
[INFO] [stderr]    Compiling mio v1.1.1
[INFO] [stderr]    Compiling cc v1.2.56
[INFO] [stderr]    Compiling getrandom v0.3.4
[INFO] [stderr]    Compiling http-body-util v0.1.3
[INFO] [stderr]    Compiling libloading v0.8.9
[INFO] [stderr]    Compiling bindgen v0.72.1
[INFO] [stderr]    Compiling aws-lc-rs v1.15.4
[INFO] [stderr]    Compiling cexpr v0.6.0
[INFO] [stderr]    Compiling rustls-pki-types v1.14.0
[INFO] [stderr]    Compiling itertools v0.13.0
[INFO] [stderr]    Compiling cmake v0.1.57
[INFO] [stderr]    Compiling regex v1.12.3
[INFO] [stderr]    Compiling bitflags v2.11.0
[INFO] [stderr]    Compiling aws-lc-sys v0.37.1
[INFO] [stderr]    Compiling ring v0.17.14
[INFO] [stderr]    Compiling rustc-hash v2.1.1
[INFO] [stderr]    Compiling anyhow v1.0.101
[INFO] [stderr]    Compiling rand_core v0.9.5
[INFO] [stderr]    Compiling fslock v0.2.1
[INFO] [stderr]    Compiling getrandom v0.2.17
[INFO] [stderr]    Compiling digest v0.10.7
[INFO] [stderr]    Compiling rustls v0.23.36
[INFO] [stderr]    Compiling getrandom v0.4.1
[INFO] [stderr]    Compiling synstructure v0.13.2
[INFO] [stderr]    Compiling rand_core v0.10.0
[INFO] [stderr]    Compiling foreign-types-shared v0.3.1
[INFO] [stderr]    Compiling simd-adler32 v0.3.8
[INFO] [stderr]    Compiling miniz_oxide v0.8.9
[INFO] [stderr]    Compiling chacha20 v0.10.0
[INFO] [stderr]    Compiling ppv-lite86 v0.2.21
[INFO] [stderr]    Compiling serde_json v1.0.149
[INFO] [stderr]    Compiling flate2 v1.1.9
[INFO] [stderr]    Compiling rand_chacha v0.9.0
[INFO] [stderr]    Compiling rand v0.9.2
[INFO] [stderr]    Compiling ahash v0.8.12
[INFO] [stderr]    Compiling tokio-macros v2.6.0
[INFO] [stderr]    Compiling zerofrom-derive v0.1.6
[INFO] [stderr]    Compiling yoke-derive v0.8.1
[INFO] [stderr]    Compiling tracing-attributes v0.1.31
[INFO] [stderr]    Compiling tokio v1.49.0
[INFO] [stderr]    Compiling futures-macro v0.3.32
[INFO] [stderr]    Compiling zerovec-derive v0.11.2
[INFO] [stderr]    Compiling zerofrom v0.1.6
[INFO] [stderr]    Compiling futures-util v0.3.32
[INFO] [stderr]    Compiling yoke v0.8.1
[INFO] [stderr]    Compiling displaydoc v0.2.5
[INFO] [stderr]    Compiling zerotrie v0.2.3
[INFO] [stderr]    Compiling tracing v0.1.44
[INFO] [stderr]    Compiling zerovec v0.11.5
[INFO] [stderr]    Compiling thiserror-impl v2.0.18
[INFO] [stderr]    Compiling pin-project-internal v1.1.10
[INFO] [stderr]    Compiling tinystr v0.8.2
[INFO] [stderr]    Compiling potential_utf v0.1.4
[INFO] [stderr]    Compiling icu_collections v2.1.1
[INFO] [stderr]    Compiling icu_locale_core v2.1.1
[INFO] [stderr]    Compiling thiserror v2.0.18
[INFO] [stderr]    Compiling pin-project v1.1.10
[INFO] [stderr]    Compiling serde_derive v1.0.228
[INFO] [stderr]    Compiling async-trait v0.1.89
[INFO] [stderr]    Compiling icu_provider v2.1.1
[INFO] [stderr]    Compiling icu_properties v2.1.2
[INFO] [stderr]    Compiling icu_normalizer v2.1.1
[INFO] [stderr]    Compiling futures-executor v0.3.32
[INFO] [stderr]    Compiling boring-sys v5.0.2
[INFO] [stderr]    Compiling tokio-util v0.7.18
[INFO] [stderr]    Compiling idna_adapter v1.2.1
[INFO] [stderr]    Compiling idna v1.1.0
[INFO] [stderr]    Compiling tokio-stream v0.1.18
[INFO] [stderr]    Compiling h2 v0.4.13
[INFO] [stderr]    Compiling tower v0.5.3
[INFO] [stderr]    Compiling serde v1.0.228
[INFO] [stderr]    Compiling url v2.5.8
[INFO] [stderr]    Compiling opentelemetry v0.31.0
[INFO] [stderr]    Compiling foreign-types-macros v0.2.3
[INFO] [stderr]    Compiling prost-derive v0.14.3
[INFO] [stderr]    Compiling foreign-types v0.5.0
[INFO] [stderr]    Compiling tower-http v0.6.8
[INFO] [stderr]    Compiling hyper v1.8.1
[INFO] [stderr]    Compiling prost v0.14.3
[INFO] [stderr]    Compiling serde_urlencoded v0.7.1
[INFO] [stderr]    Compiling openssl-macros v0.1.1
[INFO] [stderr]    Compiling opentelemetry_sdk v0.31.0
[INFO] [stderr]    Compiling futures v0.3.32
[INFO] [stderr]    Compiling brotli-decompressor v5.0.0
[INFO] [stderr]    Compiling hyper-util v0.1.20
[INFO] [stderr]    Compiling rand v0.10.0
[INFO] [stderr]    Compiling parking_lot_core v0.9.12
[INFO] [stderr]    Compiling sha1 v0.10.6
[INFO] [stderr]    Compiling webpki-roots v1.0.6
[INFO] [stderr]    Compiling nom v8.0.0
[INFO] [stderr]    Compiling hyper-timeout v0.5.2
[INFO] [stderr]    Compiling reqwest v0.12.28
[INFO] [stderr]    Compiling tonic v0.14.4
[INFO] [stderr]    Compiling sdd v4.6.2
[INFO] [stderr]    Compiling saa v5.5.0
[INFO] [stderr]    Compiling hashbrown v0.13.2
[INFO] [stderr]    Compiling scc v3.6.3
[INFO] [stderr]    Compiling tonic-prost v0.14.4
[INFO] [stderr]    Compiling opentelemetry-proto v0.31.0
[INFO] [stderr]    Compiling schnellru v0.2.4
[INFO] [stderr]    Compiling opentelemetry-http v0.31.0
[INFO] [stderr]    Compiling parking_lot v0.12.5
[INFO] [stderr]    Compiling brotli v8.0.2
[INFO] [stderr]    Compiling http2 v0.5.12
[INFO] [stderr]    Compiling rustls-pemfile v2.2.0
[INFO] [stderr]    Compiling opentelemetry-otlp v0.31.0
[INFO] [stderr]    Compiling ulid v1.2.1
[INFO] [stderr]    Compiling sha2 v0.10.9
[INFO] [stderr]    Compiling hmac v0.12.1
[INFO] [stderr]    Compiling rustls-webpki v0.103.9
[INFO] [stderr]    Compiling tokio-rustls v0.26.4
[INFO] [stderr]    Compiling hpx-yawc v1.4.0
[INFO] [stderr]    Compiling boring v5.0.2
[INFO] [stderr]    Compiling tokio-boring v5.0.0
[INFO] [stderr]    Compiling hpx v1.4.0
[INFO] [stderr]    Compiling hpx-transport v1.4.0
[INFO] [stderr]    Compiling elevenlabs-sdk v0.1.0 (/opt/rustwide/workdir)
[INFO] [stderr]     Finished `release` profile [optimized] target(s) in 11m 38s
[INFO] running `Command { std: "docker" "inspect" "018a6785c8726b5e4f755fe3e08078c4500a2b21400d068706219204578e2a62", kill_on_drop: false }`
[INFO] running `Command { std: "docker" "exec" "-e" "SOURCE_DIR=/opt/rustwide/workdir" "-e" "CARGO_HOME=/opt/rustwide/cargo-home" "-e" "RUSTUP_HOME=/opt/rustwide/rustup-home" "-e" "CARGO_TARGET_DIR=/opt/rustwide/target" "-e" "CARGO_INCREMENTAL=0" "-e" "RUST_BACKTRACE=full" "-e" "RUSTFLAGS=--cap-lints=warn" "-e" "RUSTDOCFLAGS=--cap-lints=warn" "-w" "/opt/rustwide/workdir" "--user" "0:0" "018a6785c8726b5e4f755fe3e08078c4500a2b21400d068706219204578e2a62" "/opt/rustwide/cargo-home/bin/cargo" "+1.99.0-beta.8" "test" "--frozen" "--no-run" "--message-format=json" "--release", kill_on_drop: false }`
[INFO] [stderr]    Compiling hyper v1.8.1
[INFO] [stderr]    Compiling aho-corasick v1.1.4
[INFO] [stderr]    Compiling regex-syntax v0.8.9
[INFO] [stderr]    Compiling num_cpus v1.17.0
[INFO] [stderr]    Compiling deadpool-runtime v0.1.4
[INFO] [stderr]    Compiling assert-json-diff v2.0.2
[INFO] [stderr]    Compiling deadpool v0.12.3
[INFO] [stderr]    Compiling hyper-util v0.1.20
[INFO] [stderr]    Compiling regex-automata v0.4.14
[INFO] [stderr]    Compiling hyper-timeout v0.5.2
[INFO] [stderr]    Compiling reqwest v0.12.28
[INFO] [stderr]    Compiling tonic v0.14.4
[INFO] [stderr]    Compiling hpx-yawc v1.4.0
[INFO] [stderr]    Compiling hpx v1.4.0
[INFO] [stderr]    Compiling opentelemetry-http v0.31.0
[INFO] [stderr]    Compiling tonic-prost v0.14.4
[INFO] [stderr]    Compiling opentelemetry-proto v0.31.0
[INFO] [stderr]    Compiling regex v1.12.3
[INFO] [stderr]    Compiling wiremock v0.6.5
[INFO] [stderr]    Compiling opentelemetry-otlp v0.31.0
[INFO] [stderr]    Compiling hpx-transport v1.4.0
[INFO] [stderr]    Compiling elevenlabs-sdk v0.1.0 (/opt/rustwide/workdir)
[INFO] [stdout] warning: unused imports: `PronunciationDictionaryLocatorRequest`, `RemovePronunciationRulesRequest`, and `UpdatePronunciationDictionaryRequest`
[INFO] [stdout]     --> src/services/studio.rs:1178:43
[INFO] [stdout]      |
[INFO] [stdout] 1178 |             AddPronunciationRulesRequest, PronunciationDictionaryLocatorRequest,
[INFO] [stdout]      |                                           ^^^^^^^^^^^^^^^^^^^^^^^^^^^^^^^^^^^^^
[INFO] [stdout] 1179 |             RemovePronunciationRulesRequest, UpdatePronunciationDictionaryRequest,
[INFO] [stdout]      |             ^^^^^^^^^^^^^^^^^^^^^^^^^^^^^^^  ^^^^^^^^^^^^^^^^^^^^^^^^^^^^^^^^^^^^
[INFO] [stdout]      |
[INFO] [stdout]      = note: `#[warn(unused_imports)]` (part of `#[warn(unused)]`) on by default
[INFO] [stdout] 
[INFO] [stdout] 
[INFO] [stdout] error[E0432]: unresolved import `futures_util`
[INFO] [stdout]   --> examples/streaming.rs:15:5
[INFO] [stdout]    |
[INFO] [stdout] 15 | use futures_util::StreamExt;
[INFO] [stdout]    |     ^^^^^^^^^^^^ use of unresolved module or unlinked crate `futures_util`
[INFO] [stdout]    |
[INFO] [stdout] help: there is a crate or module with a similar name
[INFO] [stdout]    |
[INFO] [stdout] 15 - use futures_util::StreamExt;
[INFO] [stdout] 15 + use futures_core::StreamExt;
[INFO] [stdout]    |
[INFO] [stdout] 
[INFO] [stdout] 
[INFO] [stdout] error[E0599]: no method named `next` found for opaque type `impl futures_core::stream::Stream<Item = Result<bytes::bytes::Bytes, hpx::error::Error>>` in the current scope
[INFO] [stdout]   --> examples/streaming.rs:40:43
[INFO] [stdout]    |
[INFO] [stdout] 40 |     while let Some(chunk_result) = stream.next().await {
[INFO] [stdout]    |                                           ^^^^ method not found in `impl futures_core::stream::Stream<Item = Result<bytes::bytes::Bytes, hpx::error::Error>>`
[INFO] [stdout]    |
[INFO] [stdout]    = help: items from traits can only be used if the trait is in scope
[INFO] [stdout] help: the following traits which provide `next` are implemented but not in scope; perhaps you want to import one of them
[INFO] [stdout]    |
[INFO] [stdout] 12 + use futures_util::stream::stream::StreamExt;
[INFO] [stdout]    |
[INFO] [stdout] 12 + use tokio_stream::stream_ext::StreamExt;
[INFO] [stdout]    |
[INFO] [stdout] 
[INFO] [stdout] 
[INFO] [stdout] error[E0277]: the size for values of type `[u8]` cannot be known at compilation time
[INFO] [stdout]   --> examples/streaming.rs:41:13
[INFO] [stdout]    |
[INFO] [stdout] 41 |         let chunk = chunk_result?;
[INFO] [stdout]    |             ^^^^^ doesn't have a size known at compile-time
[INFO] [stdout]    |
[INFO] [stdout]    = help: the trait `Sized` is not implemented for `[u8]`
[INFO] [stdout]    = note: all local variables must have a statically known size
[INFO] [stdout] 
[INFO] [stdout] 
[INFO] [stdout] error[E0277]: the size for values of type `[u8]` cannot be known at compilation time
[INFO] [stdout]   --> examples/streaming.rs:41:21
[INFO] [stdout]    |
[INFO] [stdout] 41 |         let chunk = chunk_result?;
[INFO] [stdout]    |                     ^^^^^^^^^^^^^ doesn't have a size known at compile-time
[INFO] [stdout]    |
[INFO] [stdout]    = help: the trait `Sized` is not implemented for `[u8]`
[INFO] [stdout]    = note: all local variables must have a statically known size
[INFO] [stdout] 
[INFO] [stdout] 
[INFO] [stdout] error[E0277]: the size for values of type `[u8]` cannot be known at compilation time
[INFO] [stdout]   --> examples/streaming.rs:41:33
[INFO] [stdout]    |
[INFO] [stdout] 41 |         let chunk = chunk_result?;
[INFO] [stdout]    |                                 ^ doesn't have a size known at compile-time
[INFO] [stdout]    |
[INFO] [stdout]    = help: the trait `Sized` is not implemented for `[u8]`
[INFO] [stdout] note: required by an implicit `Sized` bound in `ControlFlow`
[INFO] [stdout]   --> /rustc/dfb0accb7f508ae8be965d8629557221c889dd98/library/core/src/ops/control_flow.rs:89:0
[INFO] [stdout] 
[INFO] [stdout] 
[INFO] [stdout] Some errors have detailed explanations: E0277, E0432, E0599.
[INFO] [stdout] 
[INFO] [stdout] For more information about an error, try `rustc --explain E0277`.
[INFO] [stdout] 
[INFO] [stderr] error: could not compile `elevenlabs-sdk` (example "streaming") due to 5 previous errors
[INFO] [stderr] warning: build failed, waiting for other jobs to finish...
[INFO] running `Command { std: "docker" "inspect" "018a6785c8726b5e4f755fe3e08078c4500a2b21400d068706219204578e2a62", kill_on_drop: false }`
[INFO] running `Command { std: "docker" "rm" "-f" "018a6785c8726b5e4f755fe3e08078c4500a2b21400d068706219204578e2a62", kill_on_drop: false }`
[INFO] [stdout] 018a6785c8726b5e4f755fe3e08078c4500a2b21400d068706219204578e2a62
