[INFO] fetching crate ejdb2-sys 2.61.0...
[INFO] testing ejdb2-sys-2.61.0 against 1.100.0-beta.1+cargoflags=--release for beta-release-1.100-2
[INFO] extracting crate ejdb2-sys 2.61.0 into /workspace/builds/worker-3-tc2/source
[INFO] started tweaking crates.io crate ejdb2-sys 2.61.0
[INFO] finished tweaking crates.io crate ejdb2-sys 2.61.0
[INFO] tweaked toml for crates.io crate ejdb2-sys 2.61.0 written to /workspace/builds/worker-3-tc2/source/Cargo.toml
[INFO] validating manifest of crates.io crate ejdb2-sys 2.61.0 on toolchain 1.100.0-beta.1
[INFO] running `Command { std: CARGO_HOME="/workspace/cargo-home" RUSTUP_HOME="/workspace/rustup-home" "/workspace/cargo-home/bin/cargo" "+1.100.0-beta.1" "metadata" "--manifest-path" "Cargo.toml" "--no-deps", kill_on_drop: false }`
[INFO] running `Command { std: CARGO_HOME="/workspace/cargo-home" RUSTUP_HOME="/workspace/rustup-home" "/workspace/cargo-home/bin/cargo" "+1.100.0-beta.1" "generate-lockfile" "--manifest-path" "Cargo.toml", kill_on_drop: false }`
[INFO] [stderr]     Updating crates.io index
[INFO] [stderr]     Blocking waiting for file lock on package cache
[INFO] [stderr]      Locking 64 packages to highest compatible versions
[INFO] [stderr]       Adding bindgen v0.59.2 (available: v0.73.2)
[INFO] running `Command { std: CARGO_HOME="/workspace/cargo-home" RUSTUP_HOME="/workspace/rustup-home" "/workspace/cargo-home/bin/cargo" "+1.100.0-beta.1" "fetch" "--manifest-path" "Cargo.toml", kill_on_drop: false }`
[INFO] [stderr] warning: Cargo.toml: `package.edition` is unspecified, defaulting to `2015` while the latest is `2024`
[INFO] [stderr] warning: `ejdb2-sys` (manifest) generated 1 warning
[INFO] [stderr]     Blocking waiting for file lock on package cache
[INFO] running `Command { std: "docker" "create" "-v" "/var/lib/crater-agent-workspace/builds/worker-3-tc2/source:/opt/rustwide/workdir:ro,Z" "-v" "/var/lib/crater-agent-workspace/builds/worker-3-tc2/target:/opt/rustwide/target:rw,Z" "-v" "/var/lib/crater-agent-workspace/cargo-home:/opt/rustwide/cargo-home:ro,Z" "-v" "/var/lib/crater-agent-workspace/rustup-home:/opt/rustwide/rustup-home:ro,Z" "-m" "1610612736" "--network" "none" "ghcr.io/rust-lang/crates-build-env/linux@sha256:77db811e55d90add9212f6832c23229e3de5f1c1f9905e8cb07319ea15df73ac" "sleep" "infinity", kill_on_drop: false }`
[INFO] [stdout] dea1ead0fc62bc0198fe8f67385abb69c2ca7d89fa8b81a8af3560d851211f18
[INFO] running `Command { std: "docker" "start" "dea1ead0fc62bc0198fe8f67385abb69c2ca7d89fa8b81a8af3560d851211f18", kill_on_drop: false }`
[INFO] running `Command { std: "docker" "inspect" "dea1ead0fc62bc0198fe8f67385abb69c2ca7d89fa8b81a8af3560d851211f18", kill_on_drop: false }`
[INFO] running `Command { std: "docker" "exec" "-e" "SOURCE_DIR=/opt/rustwide/workdir" "-e" "CARGO_HOME=/opt/rustwide/cargo-home" "-e" "RUSTUP_HOME=/opt/rustwide/rustup-home" "-e" "CARGO_TARGET_DIR=/opt/rustwide/target" "-w" "/opt/rustwide/workdir" "--user" "0:0" "dea1ead0fc62bc0198fe8f67385abb69c2ca7d89fa8b81a8af3560d851211f18" "/opt/rustwide/cargo-home/bin/cargo" "+1.100.0-beta.1" "metadata" "--no-deps" "--format-version=1", kill_on_drop: false }`
[INFO] running `Command { std: "docker" "inspect" "dea1ead0fc62bc0198fe8f67385abb69c2ca7d89fa8b81a8af3560d851211f18", kill_on_drop: false }`
[INFO] running `Command { std: "docker" "exec" "-e" "SOURCE_DIR=/opt/rustwide/workdir" "-e" "CARGO_HOME=/opt/rustwide/cargo-home" "-e" "RUSTUP_HOME=/opt/rustwide/rustup-home" "-e" "CARGO_TARGET_DIR=/opt/rustwide/target" "-e" "CARGO_INCREMENTAL=0" "-e" "RUST_BACKTRACE=full" "-e" "RUSTFLAGS=--cap-lints=warn" "-e" "RUSTDOCFLAGS=--cap-lints=warn" "-w" "/opt/rustwide/workdir" "--user" "0:0" "dea1ead0fc62bc0198fe8f67385abb69c2ca7d89fa8b81a8af3560d851211f18" "/opt/rustwide/cargo-home/bin/cargo" "+1.100.0-beta.1" "build" "--frozen" "--message-format=json" "--release", kill_on_drop: false }`
[INFO] [stderr] warning: Cargo.toml: `package.edition` is unspecified, defaulting to `2015` while the latest is `2024`
[INFO] [stderr] warning: `ejdb2-sys` (manifest) generated 1 warning
[INFO] [stderr]    Compiling libc v0.2.191
[INFO] [stderr]    Compiling glob v0.3.4
[INFO] [stderr]    Compiling regex-syntax v0.8.11
[INFO] [stderr]    Compiling proc-macro2 v1.0.107
[INFO] [stderr]    Compiling rustix v0.38.44
[INFO] [stderr]    Compiling unicode-width v0.1.14
[INFO] [stderr]    Compiling quote v1.0.47
[INFO] [stderr]    Compiling bitflags v2.13.2
[INFO] [stderr]    Compiling minimal-lexical v0.2.1
[INFO] [stderr]    Compiling linux-raw-sys v0.4.15
[INFO] [stderr]    Compiling bitflags v1.3.2
[INFO] [stderr]    Compiling vec_map v0.8.2
[INFO] [stderr]    Compiling termcolor v1.4.1
[INFO] [stderr]    Compiling libloading v0.8.9
[INFO] [stderr]    Compiling bindgen v0.59.2
[INFO] [stderr]    Compiling humantime v2.4.0
[INFO] [stderr]    Compiling log v0.4.34
[INFO] [stderr]    Compiling home v0.5.12
[INFO] [stderr]    Compiling ansi_term v0.12.1
[INFO] [stderr]    Compiling either v1.19.0
[INFO] [stderr]    Compiling strsim v0.8.0
[INFO] [stderr]    Compiling rustc-hash v1.1.0
[INFO] [stderr]    Compiling nom v7.1.3
[INFO] [stderr]    Compiling textwrap v0.11.0
[INFO] [stderr]    Compiling lazycell v1.3.0
[INFO] [stderr]    Compiling peeking_take_while v0.1.2
[INFO] [stderr]    Compiling cmake v0.1.58
[INFO] [stderr]    Compiling clang-sys v1.9.1
[INFO] [stderr]    Compiling cexpr v0.6.0
[INFO] [stderr]    Compiling regex-automata v0.4.18
[INFO] [stderr]    Compiling atty v0.2.14
[INFO] [stderr]    Compiling clap v2.34.0
[INFO] [stderr]    Compiling which v4.4.2
[INFO] [stderr]    Compiling regex v1.13.1
[INFO] [stderr]    Compiling env_logger v0.9.3
[INFO] [stderr]    Compiling ejdb2-sys v2.61.0 (/opt/rustwide/workdir)
[INFO] [stdout] warning: use of deprecated method `bindgen::Builder::blacklist_item`: Use blocklist_item instead
[INFO] [stdout]   --> build.rs:41:10
[INFO] [stdout]    |
[INFO] [stdout] 41 |         .blacklist_item("FP_NAN")
[INFO] [stdout]    |          ^^^^^^^^^^^^^^
[INFO] [stdout]    |
[INFO] [stdout]    = note: `#[warn(deprecated)]` on by default
[INFO] [stdout] 
[INFO] [stdout] 
[INFO] [stdout] warning: use of deprecated method `bindgen::Builder::blacklist_item`: Use blocklist_item instead
[INFO] [stdout]   --> build.rs:42:10
[INFO] [stdout]    |
[INFO] [stdout] 42 |         .blacklist_item("FP_INFINITE")
[INFO] [stdout]    |          ^^^^^^^^^^^^^^
[INFO] [stdout] 
[INFO] [stdout] 
[INFO] [stdout] warning: use of deprecated method `bindgen::Builder::blacklist_item`: Use blocklist_item instead
[INFO] [stdout]   --> build.rs:43:10
[INFO] [stdout]    |
[INFO] [stdout] 43 |         .blacklist_item("FP_ZERO")
[INFO] [stdout]    |          ^^^^^^^^^^^^^^
[INFO] [stdout] 
[INFO] [stdout] 
[INFO] [stdout] warning: use of deprecated method `bindgen::Builder::blacklist_item`: Use blocklist_item instead
[INFO] [stdout]   --> build.rs:44:10
[INFO] [stdout]    |
[INFO] [stdout] 44 |         .blacklist_item("FP_SUBNORMAL")
[INFO] [stdout]    |          ^^^^^^^^^^^^^^
[INFO] [stdout] 
[INFO] [stdout] 
[INFO] [stdout] warning: use of deprecated method `bindgen::Builder::blacklist_item`: Use blocklist_item instead
[INFO] [stdout]   --> build.rs:45:10
[INFO] [stdout]    |
[INFO] [stdout] 45 |         .blacklist_item("FP_NORMAL")
[INFO] [stdout]    |          ^^^^^^^^^^^^^^
[INFO] [stdout] 
[INFO] [stdout] 
[INFO] [stderr] error: failed to run custom build command for `ejdb2-sys v2.61.0 (/opt/rustwide/workdir)`
[INFO] [stderr] note: To improve backtraces for build dependencies, set the CARGO_PROFILE_RELEASE_BUILD_OVERRIDE_DEBUG=true environment variable to enable debug information generation.
[INFO] [stderr] 
[INFO] [stderr] Caused by:
[INFO] [stderr]   process didn't exit successfully: `/opt/rustwide/target/release/build/ejdb2-sys/87b1933462004376/out/build_script_build` (exit status: 101)
[INFO] [stderr]   --- stdout
[INFO] [stderr]   cargo:rerun-if-env-changed=ZLIB_NO_PKG_CONFIG
[INFO] [stderr]   cargo:rerun-if-env-changed=PKG_CONFIG_x86_64-unknown-linux-gnu
[INFO] [stderr]   cargo:rerun-if-env-changed=PKG_CONFIG_x86_64_unknown_linux_gnu
[INFO] [stderr]   cargo:rerun-if-env-changed=HOST_PKG_CONFIG
[INFO] [stderr]   cargo:rerun-if-env-changed=PKG_CONFIG
[INFO] [stderr]   cargo:rerun-if-env-changed=ZLIB_STATIC
[INFO] [stderr]   cargo:rerun-if-env-changed=ZLIB_DYNAMIC
[INFO] [stderr]   cargo:rerun-if-env-changed=PKG_CONFIG_ALL_STATIC
[INFO] [stderr]   cargo:rerun-if-env-changed=PKG_CONFIG_ALL_DYNAMIC
[INFO] [stderr]   cargo:rerun-if-env-changed=PKG_CONFIG_PATH_x86_64-unknown-linux-gnu
[INFO] [stderr]   cargo:rerun-if-env-changed=PKG_CONFIG_PATH_x86_64_unknown_linux_gnu
[INFO] [stderr]   cargo:rerun-if-env-changed=HOST_PKG_CONFIG_PATH
[INFO] [stderr]   cargo:rerun-if-env-changed=PKG_CONFIG_PATH
[INFO] [stderr]   cargo:rerun-if-env-changed=PKG_CONFIG_LIBDIR_x86_64-unknown-linux-gnu
[INFO] [stderr]   cargo:rerun-if-env-changed=PKG_CONFIG_LIBDIR_x86_64_unknown_linux_gnu
[INFO] [stderr]   cargo:rerun-if-env-changed=HOST_PKG_CONFIG_LIBDIR
[INFO] [stderr]   cargo:rerun-if-env-changed=PKG_CONFIG_LIBDIR
[INFO] [stderr]   cargo:rerun-if-env-changed=PKG_CONFIG_SYSROOT_DIR_x86_64-unknown-linux-gnu
[INFO] [stderr]   cargo:rerun-if-env-changed=PKG_CONFIG_SYSROOT_DIR_x86_64_unknown_linux_gnu
[INFO] [stderr]   cargo:rerun-if-env-changed=HOST_PKG_CONFIG_SYSROOT_DIR
[INFO] [stderr]   cargo:rerun-if-env-changed=PKG_CONFIG_SYSROOT_DIR
[INFO] [stderr]   cargo:rerun-if-env-changed=PKG_CONFIG_SYSROOT_DIR
[INFO] [stderr]   cargo:rerun-if-env-changed=SYSROOT
[INFO] [stderr]   cargo:rerun-if-env-changed=ZLIB_STATIC
[INFO] [stderr]   cargo:rerun-if-env-changed=ZLIB_DYNAMIC
[INFO] [stderr]   cargo:rerun-if-env-changed=PKG_CONFIG_ALL_STATIC
[INFO] [stderr]   cargo:rerun-if-env-changed=PKG_CONFIG_ALL_DYNAMIC
[INFO] [stderr]   cargo:rustc-link-search=native=/usr/lib/x86_64-linux-gnu
[INFO] [stderr]   cargo:rustc-link-lib=z
[INFO] [stderr]   cargo:rerun-if-env-changed=PKG_CONFIG_x86_64-unknown-linux-gnu
[INFO] [stderr]   cargo:rerun-if-env-changed=PKG_CONFIG_x86_64_unknown_linux_gnu
[INFO] [stderr]   cargo:rerun-if-env-changed=HOST_PKG_CONFIG
[INFO] [stderr]   cargo:rerun-if-env-changed=PKG_CONFIG
[INFO] [stderr]   cargo:rerun-if-env-changed=ZLIB_STATIC
[INFO] [stderr]   cargo:rerun-if-env-changed=ZLIB_DYNAMIC
[INFO] [stderr]   cargo:rerun-if-env-changed=PKG_CONFIG_ALL_STATIC
[INFO] [stderr]   cargo:rerun-if-env-changed=PKG_CONFIG_ALL_DYNAMIC
[INFO] [stderr]   cargo:rerun-if-env-changed=PKG_CONFIG_PATH_x86_64-unknown-linux-gnu
[INFO] [stderr]   cargo:rerun-if-env-changed=PKG_CONFIG_PATH_x86_64_unknown_linux_gnu
[INFO] [stderr]   cargo:rerun-if-env-changed=HOST_PKG_CONFIG_PATH
[INFO] [stderr]   cargo:rerun-if-env-changed=PKG_CONFIG_PATH
[INFO] [stderr]   cargo:rerun-if-env-changed=PKG_CONFIG_LIBDIR_x86_64-unknown-linux-gnu
[INFO] [stderr]   cargo:rerun-if-env-changed=PKG_CONFIG_LIBDIR_x86_64_unknown_linux_gnu
[INFO] [stderr]   cargo:rerun-if-env-changed=HOST_PKG_CONFIG_LIBDIR
[INFO] [stderr]   cargo:rerun-if-env-changed=PKG_CONFIG_LIBDIR
[INFO] [stderr]   cargo:rerun-if-env-changed=PKG_CONFIG_SYSROOT_DIR_x86_64-unknown-linux-gnu
[INFO] [stderr]   cargo:rerun-if-env-changed=PKG_CONFIG_SYSROOT_DIR_x86_64_unknown_linux_gnu
[INFO] [stderr]   cargo:rerun-if-env-changed=HOST_PKG_CONFIG_SYSROOT_DIR
[INFO] [stderr]   cargo:rerun-if-env-changed=PKG_CONFIG_SYSROOT_DIR
[INFO] [stderr]   CMAKE_TOOLCHAIN_FILE_x86_64-unknown-linux-gnu = None
[INFO] [stderr]   CMAKE_TOOLCHAIN_FILE_x86_64_unknown_linux_gnu = None
[INFO] [stderr]   HOST_CMAKE_TOOLCHAIN_FILE = None
[INFO] [stderr]   CMAKE_TOOLCHAIN_FILE = None
[INFO] [stderr]   CMAKE_GENERATOR_x86_64-unknown-linux-gnu = None
[INFO] [stderr]   CMAKE_GENERATOR_x86_64_unknown_linux_gnu = None
[INFO] [stderr]   HOST_CMAKE_GENERATOR = None
[INFO] [stderr]   CMAKE_GENERATOR = None
[INFO] [stderr]   CMAKE_PREFIX_PATH_x86_64-unknown-linux-gnu = None
[INFO] [stderr]   CMAKE_PREFIX_PATH_x86_64_unknown_linux_gnu = None
[INFO] [stderr]   HOST_CMAKE_PREFIX_PATH = None
[INFO] [stderr]   CMAKE_PREFIX_PATH = None
[INFO] [stderr]   CMAKE_x86_64-unknown-linux-gnu = None
[INFO] [stderr]   CMAKE_x86_64_unknown_linux_gnu = None
[INFO] [stderr]   HOST_CMAKE = None
[INFO] [stderr]   CMAKE = None
[INFO] [stderr]   -- Using project changelog file: /opt/rustwide/workdir/ejdb-upstream/Changelog
[INFO] [stderr]   -- The C compiler identification is GNU 15.2.0
[INFO] [stderr]   -- Detecting C compiler ABI info
[INFO] [stderr]   -- Detecting C compiler ABI info - done
[INFO] [stderr]   -- Check for working C compiler: /usr/bin/cc - skipped
[INFO] [stderr]   -- Detecting C compile features
[INFO] [stderr]   -- Detecting C compile features - done
[INFO] [stderr]   -- Resolving GIT Version
[INFO] [stderr]   -- Found Git: /usr/bin/git (found version "2.53.0")
[INFO] [stderr]   -- GIT hash: 
[INFO] [stderr]   -- Performing Test CMAKE_HAVE_LIBC_PTHREAD
[INFO] [stderr]   -- Performing Test CMAKE_HAVE_LIBC_PTHREAD - Success
[INFO] [stderr]   -- Found Threads: TRUE
[INFO] [stderr]   -- Looking for stdlib.h
[INFO] [stderr]   -- Looking for stdlib.h - found
[INFO] [stderr]   -- Looking for stddef.h
[INFO] [stderr]   -- Looking for stddef.h - found
[INFO] [stderr]   -- Looking for stdint.h
[INFO] [stderr]   -- Looking for stdint.h - found
[INFO] [stderr]   -- Looking for stdbool.h
[INFO] [stderr]   -- Looking for stdbool.h - found
[INFO] [stderr]   -- Configuring done (1.8s)
[INFO] [stderr]   -- Generating done (0.0s)
[INFO] [stderr]   -- Build files have been written to: /opt/rustwide/target/release/build/ejdb2-sys/894852b4376ed78f/out/build
[INFO] [stderr]   [  2%] Creating directories for 'extern_iowow'
[INFO] [stderr]   [  5%] Performing download step (download, verify and extract) for 'extern_iowow'
[INFO] [stderr]   [  7%] Creating directories for 'extern_facil'
[INFO] [stderr]   -- Downloading...
[INFO] [stderr]      dst='/opt/rustwide/target/release/build/ejdb2-sys/894852b4376ed78f/out/build/src/iowow.zip'
[INFO] [stderr]      timeout='360 seconds'
[INFO] [stderr]      inactivity timeout='none'
[INFO] [stderr]   -- Using src='https://github.com/Softmotions/iowow/archive/master.zip'
[INFO] [stderr]   -- Retrying...
[INFO] [stderr]   -- Using src='https://github.com/Softmotions/iowow/archive/master.zip'
[INFO] [stderr]   -- Retry after 5 seconds (attempt #2) ...
[INFO] [stderr]   [ 10%] Performing download step (download, verify and extract) for 'extern_facil'
[INFO] [stderr]   -- Downloading...
[INFO] [stderr]      dst='/opt/rustwide/target/release/build/ejdb2-sys/894852b4376ed78f/out/build/src/facil.zip'
[INFO] [stderr]      timeout='360 seconds'
[INFO] [stderr]      inactivity timeout='none'
[INFO] [stderr]   -- Using src='https://github.com/Softmotions/facil.io/archive/master.zip'
[INFO] [stderr]   -- Retrying...
[INFO] [stderr]   -- Using src='https://github.com/Softmotions/facil.io/archive/master.zip'
[INFO] [stderr]   -- Retry after 5 seconds (attempt #2) ...
[INFO] [stderr]   -- Using src='https://github.com/Softmotions/iowow/archive/master.zip'
[INFO] [stderr]   -- Retry after 5 seconds (attempt #3) ...
[INFO] [stderr]   -- Using src='https://github.com/Softmotions/facil.io/archive/master.zip'
[INFO] [stderr]   -- Retry after 5 seconds (attempt #3) ...
[INFO] [stderr]   -- Using src='https://github.com/Softmotions/iowow/archive/master.zip'
[INFO] [stderr]   -- Retry after 15 seconds (attempt #4) ...
[INFO] [stderr]   -- Using src='https://github.com/Softmotions/facil.io/archive/master.zip'
[INFO] [stderr]   -- Retry after 15 seconds (attempt #4) ...
[INFO] [stderr]   -- Using src='https://github.com/Softmotions/iowow/archive/master.zip'
[INFO] [stderr]   -- Retry after 60 seconds (attempt #5) ...
[INFO] [stderr]   -- Using src='https://github.com/Softmotions/facil.io/archive/master.zip'
[INFO] [stderr]   -- Retry after 60 seconds (attempt #5) ...
[INFO] [stderr]   -- Using src='https://github.com/Softmotions/iowow/archive/master.zip'
[INFO] [stderr]   -- Using src='https://github.com/Softmotions/facil.io/archive/master.zip'
[INFO] [stderr] 
[INFO] [stderr]   --- stderr
[INFO] [stderr]   running: cd "/opt/rustwide/target/release/build/ejdb2-sys/894852b4376ed78f/out/build" && CMAKE_PREFIX_PATH="" LC_ALL="C" "cmake" "/opt/rustwide/workdir/ejdb-upstream" "-B" "/opt/rustwide/target/release/build/ejdb2-sys/894852b4376ed78f/out/build" "-DBUILD_SAMPLES=OFF" "-DBUILD_SHARED_LIBS=OFF" "-DCMAKE_INSTALL_PREFIX=/opt/rustwide/target/release/build/ejdb2-sys/894852b4376ed78f/out" "-DCMAKE_C_FLAGS= -w -ffunction-sections -fdata-sections -fPIC -m64 -w" "-DCMAKE_C_COMPILER=/usr/bin/cc" "-DCMAKE_CXX_FLAGS= -ffunction-sections -fdata-sections -fPIC -m64 -w" "-DCMAKE_CXX_COMPILER=/usr/bin/c++" "-DCMAKE_ASM_FLAGS= -ffunction-sections -fdata-sections -fPIC -m64 -w" "-DCMAKE_ASM_COMPILER=/usr/bin/cc" "-DCMAKE_BUILD_TYPE=Debug"
[INFO] [stderr]   CMake Deprecation Warning at CMakeLists.txt:1 (cmake_minimum_required):
[INFO] [stderr]     Compatibility with CMake < 3.10 will be removed from a future version of
[INFO] [stderr]     CMake.
[INFO] [stderr] 
[INFO] [stderr]     Update the VERSION argument <min> value.  Or, use the <min>...<max> syntax
[INFO] [stderr]     to tell CMake that the project requires at least <min> but has been updated
[INFO] [stderr]     to work with policies introduced by <max> or earlier.
[INFO] [stderr] 
[INFO] [stderr] 
[INFO] [stderr]   IOWOW_URL: https://github.com/Softmotions/iowow/archive/master.zip
[INFO] [stderr]   IOWOW CMAKE_ARGS: -DOWNER_PROJECT_NAME=ejdb2;-DCMAKE_BUILD_TYPE=Debug;-DCMAKE_INSTALL_PREFIX=/opt/rustwide/target/release/build/ejdb2-sys/894852b4376ed78f/out/build;-DASAN=OFF;-DBUILD_SHARED_LIBS=OFF;-DBUILD_EXAMPLES=OFF;-DCMAKE_C_COMPILER=/usr/bin/cc
[INFO] [stderr]   CMake Warning (dev) at /usr/share/cmake-4.2/Modules/ExternalProject/shared_internal_commands.cmake:1261 (message):
[INFO] [stderr]     The DOWNLOAD_EXTRACT_TIMESTAMP option was not given and policy CMP0135 is
[INFO] [stderr]     not set.  The policy's OLD behavior will be used.  When using a URL
[INFO] [stderr]     download, the timestamps of extracted files should preferably be that of
[INFO] [stderr]     the time of extraction, otherwise code that depends on the extracted
[INFO] [stderr]     contents might not be rebuilt if the URL changes.  The OLD behavior
[INFO] [stderr]     preserves the timestamps from the archive instead, but this is usually not
[INFO] [stderr]     what you want.  Update your project to the NEW behavior or specify the
[INFO] [stderr]     DOWNLOAD_EXTRACT_TIMESTAMP option with a value of true to avoid this
[INFO] [stderr]     robustness issue.
[INFO] [stderr]   Call Stack (most recent call first):
[INFO] [stderr]     /usr/share/cmake-4.2/Modules/ExternalProject.cmake:3258 (_ep_add_download_command)
[INFO] [stderr]     cmake/Modules/AddIOWOW.cmake:61 (ExternalProject_Add)
[INFO] [stderr]     src/CMakeLists.txt:36 (include)
[INFO] [stderr]   This warning is for project developers.  Use -Wno-dev to suppress it.
[INFO] [stderr] 
[INFO] [stderr]   FACIL_URL: https://github.com/Softmotions/facil.io/archive/master.zip
[INFO] [stderr]   FACIL CMAKE_ARGS: -DCMAKE_BUILD_TYPE=Debug;-DCMAKE_C_FLAGS=-fPIC;-DCMAKE_C_COMPILER=/usr/bin/cc
[INFO] [stderr]   CMake Warning (dev) at /usr/share/cmake-4.2/Modules/ExternalProject/shared_internal_commands.cmake:1261 (message):
[INFO] [stderr]     The DOWNLOAD_EXTRACT_TIMESTAMP option was not given and policy CMP0135 is
[INFO] [stderr]     not set.  The policy's OLD behavior will be used.  When using a URL
[INFO] [stderr]     download, the timestamps of extracted files should preferably be that of
[INFO] [stderr]     the time of extraction, otherwise code that depends on the extracted
[INFO] [stderr]     contents might not be rebuilt if the URL changes.  The OLD behavior
[INFO] [stderr]     preserves the timestamps from the archive instead, but this is usually not
[INFO] [stderr]     what you want.  Update your project to the NEW behavior or specify the
[INFO] [stderr]     DOWNLOAD_EXTRACT_TIMESTAMP option with a value of true to avoid this
[INFO] [stderr]     robustness issue.
[INFO] [stderr]   Call Stack (most recent call first):
[INFO] [stderr]     /usr/share/cmake-4.2/Modules/ExternalProject.cmake:3258 (_ep_add_download_command)
[INFO] [stderr]     cmake/Modules/AddFacil.cmake:45 (ExternalProject_Add)
[INFO] [stderr]     src/CMakeLists.txt:42 (include)
[INFO] [stderr]   This warning is for project developers.  Use -Wno-dev to suppress it.
[INFO] [stderr] 
[INFO] [stderr] 
[INFO] [stderr]   CMAKE_GENERATOR: Unix Makefiles
[INFO] [stderr]   ejdb2 LINK LIBS: iowow_s;m;facil_s
[INFO] [stderr]   ejdb2 ASAN: OFF
[INFO] [stderr] 
[INFO] [stderr]   ejdb2 INCLUDE DIRS: /opt/rustwide/target/release/build/ejdb2-sys/894852b4376ed78f/out/build/src/generated;/opt/rustwide/workdir/ejdb-upstream/src;/opt/rustwide/target/release/build/ejdb2-sys/894852b4376ed78f/out/build/include;/opt/rustwide/target/release/build/ejdb2-sys/894852b4376ed78f/out/build/src/extern_facil/lib/facil;/opt/rustwide/target/release/build/ejdb2-sys/894852b4376ed78f/out/build/src/extern_facil/lib/facil/fiobj;/opt/rustwide/target/release/build/ejdb2-sys/894852b4376ed78f/out/build/src/extern_facil/lib/facil/http;/opt/rustwide/target/release/build/ejdb2-sys/894852b4376ed78f/out/build/src/extern_facil/lib/facil/cli;/opt/rustwide/target/release/build/ejdb2-sys/894852b4376ed78f/out/build/src/extern_facil/lib/facil/tls;/opt/rustwide/workdir/ejdb-upstream/src/util;/opt/rustwide/workdir/ejdb-upstream/src/jbl;/opt/rustwide/workdir/ejdb-upstream/src/jql;/opt/rustwide/workdir/ejdb-upstream/src/jbi;/opt/rustwide/workdir/ejdb-upstream/src/jbr
[INFO] [stderr] 
[INFO] [stderr]   ejdb2 SOURCES: /opt/rustwide/workdir/ejdb-upstream/src/ejdb2.c;/opt/rustwide/workdir/ejdb-upstream/src/util/lwre.c;/opt/rustwide/workdir/ejdb-upstream/src/util/utf8proc.c;/opt/rustwide/workdir/ejdb-upstream/src/jbl/binn.c;/opt/rustwide/workdir/ejdb-upstream/src/jbl/jbl.c;/opt/rustwide/workdir/ejdb-upstream/src/jbl/jbl_json.c;/opt/rustwide/workdir/ejdb-upstream/src/jql/jql.c;/opt/rustwide/workdir/ejdb-upstream/src/jql/jqp.c;/opt/rustwide/workdir/ejdb-upstream/src/jbi/jbi_consumer.c;/opt/rustwide/workdir/ejdb-upstream/src/jbi/jbi_dup_scanner.c;/opt/rustwide/workdir/ejdb-upstream/src/jbi/jbi_full_scanner.c;/opt/rustwide/workdir/ejdb-upstream/src/jbi/jbi_pk_scanner.c;/opt/rustwide/workdir/ejdb-upstream/src/jbi/jbi_selection.c;/opt/rustwide/workdir/ejdb-upstream/src/jbi/jbi_sorter_consumer.c;/opt/rustwide/workdir/ejdb-upstream/src/jbi/jbi_uniq_scanner.c;/opt/rustwide/workdir/ejdb-upstream/src/jbi/jbi_util.c;/opt/rustwide/workdir/ejdb-upstream/src/jbr/jbr.c
[INFO] [stderr] 
[INFO] [stderr]   ejdb2 PUB_HDRS: /opt/rustwide/workdir/ejdb-upstream/src/ejdb2.h;/opt/rustwide/workdir/ejdb-upstream/src/jbl/jbl.h;/opt/rustwide/workdir/ejdb-upstream/src/jbr/jbr.h;/opt/rustwide/workdir/ejdb-upstream/src/jql/jql.h;/opt/rustwide/workdir/ejdb-upstream/src/util/lwre.h
[INFO] [stderr] 
[INFO] [stderr]   ejdb2 CMAKE_BUILD_TYPE: Debug
[INFO] [stderr]   ejdb2 ANDROID_ABIS: x86;x86_64;arm64-v8a;armeabi-v7a
[INFO] [stderr]   ejdb2 ENABLE_HTTP: ON
[INFO] [stderr]   ejdb2 BUILD_SHARED_LIBS: OFF
[INFO] [stderr]   ejdb2 BUILD_TESTS: OFF
[INFO] [stderr]   ejdb2 BUILD_EXAMPLES: ON
[INFO] [stderr]   ejdb2 BUILD_BENCHMARKS: OFF
[INFO] [stderr]   ejdb2 BUILD_DART_BINDING: OFF
[INFO] [stderr]   ejdb2 BUILD_ANDROID_LIBS: OFF
[INFO] [stderr]   ejdb2 BUILD_JNI_BINDING: OFF
[INFO] [stderr]   ejdb2 BUILD_NODEJS_BINDING: OFF
[INFO] [stderr]   ejdb2 BUILD_REACT_NATIVE_BINDING: OFF
[INFO] [stderr]   ejdb2 BUILD_FLUTTER_BINDING: OFF
[INFO] [stderr]   ejdb2 BUILD_SWIFT_BINDING: OFF
[INFO] [stderr]   ejdb2 GIT_REVISION: 
[INFO] [stderr]   ejdb2 CMAKE_INSTALL_PREFIX: /opt/rustwide/target/release/build/ejdb2-sys/894852b4376ed78f/out
[INFO] [stderr]   ejdb2 CPACK_GENERATORS: TGZ;ZIP
[INFO] [stderr]   ejdb2 CMAKE_GENERATOR: Unix Makefiles
[INFO] [stderr]   ejdb2 CMAKE_SYSTEM_NAME: Linux
[INFO] [stderr]   ejdb2 CPU: x86_64
[INFO] [stderr]   ejdb2 SIZEOF *VOID: 8
[INFO] [stderr]   ejdb2 PROJECT: ejdb2 (2.62) UNRELEASED; urgency=medium
[INFO] [stderr]   ejdb2 CHANGELOG_MESSAGE:
[INFO] [stderr]     * Java: com.softmotions.ejdb2.JSON.ValueType.getTypeOf set to be public 
[INFO] [stderr]     * Flutter: Fixed #305
[INFO] [stderr]     * Java: com.softmotions.ejdb2.JSON typo fixed  
[INFO] [stderr]     * Java: com.softmotions.ejdb2.JSON added Comparable support
[INFO] [stderr]     * Java: com.softmotions.ejdb2.JSON added better JSON.equals() implementation
[INFO] [stderr]   CMake Warning:
[INFO] [stderr]     Manually-specified variables were not used by the project:
[INFO] [stderr] 
[INFO] [stderr]       BUILD_SAMPLES
[INFO] [stderr]       CMAKE_ASM_COMPILER
[INFO] [stderr]       CMAKE_ASM_FLAGS
[INFO] [stderr]       CMAKE_CXX_COMPILER
[INFO] [stderr]       CMAKE_CXX_FLAGS
[INFO] [stderr] 
[INFO] [stderr] 
[INFO] [stderr]   running: cd "/opt/rustwide/target/release/build/ejdb2-sys/894852b4376ed78f/out/build" && LC_ALL="C" MAKEFLAGS="-j --jobserver-fds=4,5 --jobserver-auth=4,5" "cmake" "--build" "/opt/rustwide/target/release/build/ejdb2-sys/894852b4376ed78f/out/build" "--target" "install" "--config" "Debug"
[INFO] [stderr]   CMake Error at extern_iowow-stamp/download-extern_iowow.cmake:163 (message):
[INFO] [stderr]     Each download failed!
[INFO] [stderr] 
[INFO] [stderr]       error: downloading 'https://github.com/Softmotions/iowow/archive/master.zip' failed
[INFO] [stderr]             status_code: 6
[INFO] [stderr]             status_string: "Could not resolve hostname"
[INFO] [stderr]             log:
[INFO] [stderr]             --- LOG BEGIN ---
[INFO] [stderr]             Could not resolve host: github.com
[INFO] [stderr] 
[INFO] [stderr]     Store negative name resolve for github.com:443
[INFO] [stderr] 
[INFO] [stderr]     shutting down connection #0
[INFO] [stderr] 
[INFO] [stderr] 
[INFO] [stderr] 
[INFO] [stderr]             --- LOG END ---
[INFO] [stderr]             error: downloading 'https://github.com/Softmotions/iowow/archive/master.zip' failed
[INFO] [stderr]             status_code: 6
[INFO] [stderr]             status_string: "Could not resolve hostname"
[INFO] [stderr]             log:
[INFO] [stderr]             --- LOG BEGIN ---
[INFO] [stderr]             Could not resolve host: github.com
[INFO] [stderr] 
[INFO] [stderr]     Store negative name resolve for github.com:443
[INFO] [stderr] 
[INFO] [stderr]     shutting down connection #0
[INFO] [stderr] 
[INFO] [stderr] 
[INFO] [stderr] 
[INFO] [stderr]             --- LOG END ---
[INFO] [stderr]             error: downloading 'https://github.com/Softmotions/iowow/archive/master.zip' failed
[INFO] [stderr]             status_code: 6
[INFO] [stderr]             status_string: "Could not resolve hostname"
[INFO] [stderr]             log:
[INFO] [stderr]             --- LOG BEGIN ---
[INFO] [stderr]             Could not resolve host: github.com
[INFO] [stderr] 
[INFO] [stderr]     Store negative name resolve for github.com:443
[INFO] [stderr] 
[INFO] [stderr]     shutting down connection #0
[INFO] [stderr] 
[INFO] [stderr] 
[INFO] [stderr] 
[INFO] [stderr]             --- LOG END ---
[INFO] [stderr]             error: downloading 'https://github.com/Softmotions/iowow/archive/master.zip' failed
[INFO] [stderr]             status_code: 6
[INFO] [stderr]             status_string: "Could not resolve hostname"
[INFO] [stderr]             log:
[INFO] [stderr]             --- LOG BEGIN ---
[INFO] [stderr]             Could not resolve host: github.com
[INFO] [stderr] 
[INFO] [stderr]     Store negative name resolve for github.com:443
[INFO] [stderr] 
[INFO] [stderr]     shutting down connection #0
[INFO] [stderr] 
[INFO] [stderr] 
[INFO] [stderr] 
[INFO] [stderr]             --- LOG END ---
[INFO] [stderr]             error: downloading 'https://github.com/Softmotions/iowow/archive/master.zip' failed
[INFO] [stderr]             status_code: 6
[INFO] [stderr]             status_string: "Could not resolve hostname"
[INFO] [stderr]             log:
[INFO] [stderr]             --- LOG BEGIN ---
[INFO] [stderr]             Could not resolve host: github.com
[INFO] [stderr] 
[INFO] [stderr]     Store negative name resolve for github.com:443
[INFO] [stderr] 
[INFO] [stderr]     shutting down connection #0
[INFO] [stderr] 
[INFO] [stderr] 
[INFO] [stderr] 
[INFO] [stderr]             --- LOG END ---
[INFO] [stderr]             error: downloading 'https://github.com/Softmotions/iowow/archive/master.zip' failed
[INFO] [stderr]             status_code: 6
[INFO] [stderr]             status_string: "Could not resolve hostname"
[INFO] [stderr]             log:
[INFO] [stderr]             --- LOG BEGIN ---
[INFO] [stderr]             Could not resolve host: github.com
[INFO] [stderr] 
[INFO] [stderr]     Store negative name resolve for github.com:443
[INFO] [stderr] 
[INFO] [stderr]     shutting down connection #0
[INFO] [stderr] 
[INFO] [stderr] 
[INFO] [stderr] 
[INFO] [stderr]             --- LOG END ---
[INFO] [stderr]             
[INFO] [stderr]       
[INFO] [stderr] 
[INFO] [stderr] 
[INFO] [stderr]   gmake[2]: *** [src/CMakeFiles/extern_iowow.dir/build.make:99: src/extern_iowow-stamp/extern_iowow-download] Error 1
[INFO] [stderr]   gmake[1]: *** [CMakeFiles/Makefile2:222: src/CMakeFiles/extern_iowow.dir/all] Error 2
[INFO] [stderr]   gmake[1]: *** Waiting for unfinished jobs....
[INFO] [stderr]   CMake Error at extern_facil-stamp/download-extern_facil.cmake:163 (message):
[INFO] [stderr]     Each download failed!
[INFO] [stderr] 
[INFO] [stderr]       error: downloading 'https://github.com/Softmotions/facil.io/archive/master.zip' failed
[INFO] [stderr]             status_code: 6
[INFO] [stderr]             status_string: "Could not resolve hostname"
[INFO] [stderr]             log:
[INFO] [stderr]             --- LOG BEGIN ---
[INFO] [stderr]             Could not resolve host: github.com
[INFO] [stderr] 
[INFO] [stderr]     Store negative name resolve for github.com:443
[INFO] [stderr] 
[INFO] [stderr]     shutting down connection #0
[INFO] [stderr] 
[INFO] [stderr] 
[INFO] [stderr] 
[INFO] [stderr]             --- LOG END ---
[INFO] [stderr]             error: downloading 'https://github.com/Softmotions/facil.io/archive/master.zip' failed
[INFO] [stderr]             status_code: 6
[INFO] [stderr]             status_string: "Could not resolve hostname"
[INFO] [stderr]             log:
[INFO] [stderr]             --- LOG BEGIN ---
[INFO] [stderr]             Could not resolve host: github.com
[INFO] [stderr] 
[INFO] [stderr]     Store negative name resolve for github.com:443
[INFO] [stderr] 
[INFO] [stderr]     shutting down connection #0
[INFO] [stderr] 
[INFO] [stderr] 
[INFO] [stderr] 
[INFO] [stderr]             --- LOG END ---
[INFO] [stderr]             error: downloading 'https://github.com/Softmotions/facil.io/archive/master.zip' failed
[INFO] [stderr]             status_code: 6
[INFO] [stderr]             status_string: "Could not resolve hostname"
[INFO] [stderr]             log:
[INFO] [stderr]             --- LOG BEGIN ---
[INFO] [stderr]             Could not resolve host: github.com
[INFO] [stderr] 
[INFO] [stderr]     Store negative name resolve for github.com:443
[INFO] [stderr] 
[INFO] [stderr]     shutting down connection #0
[INFO] [stderr] 
[INFO] [stderr] 
[INFO] [stderr] 
[INFO] [stderr]             --- LOG END ---
[INFO] [stderr]             error: downloading 'https://github.com/Softmotions/facil.io/archive/master.zip' failed
[INFO] [stderr]             status_code: 6
[INFO] [stderr]             status_string: "Could not resolve hostname"
[INFO] [stderr]             log:
[INFO] [stderr]             --- LOG BEGIN ---
[INFO] [stderr]             Could not resolve host: github.com
[INFO] [stderr] 
[INFO] [stderr]     Store negative name resolve for github.com:443
[INFO] [stderr] 
[INFO] [stderr]     shutting down connection #0
[INFO] [stderr] 
[INFO] [stderr] 
[INFO] [stderr] 
[INFO] [stderr]             --- LOG END ---
[INFO] [stderr]             error: downloading 'https://github.com/Softmotions/facil.io/archive/master.zip' failed
[INFO] [stderr]             status_code: 6
[INFO] [stderr]             status_string: "Could not resolve hostname"
[INFO] [stderr]             log:
[INFO] [stderr]             --- LOG BEGIN ---
[INFO] [stderr]             Could not resolve host: github.com
[INFO] [stderr] 
[INFO] [stderr]     Store negative name resolve for github.com:443
[INFO] [stderr] 
[INFO] [stderr]     shutting down connection #0
[INFO] [stderr] 
[INFO] [stderr] 
[INFO] [stderr] 
[INFO] [stderr]             --- LOG END ---
[INFO] [stderr]             error: downloading 'https://github.com/Softmotions/facil.io/archive/master.zip' failed
[INFO] [stderr]             status_code: 6
[INFO] [stderr]             status_string: "Could not resolve hostname"
[INFO] [stderr]             log:
[INFO] [stderr]             --- LOG BEGIN ---
[INFO] [stderr]             Could not resolve host: github.com
[INFO] [stderr] 
[INFO] [stderr]     Store negative name resolve for github.com:443
[INFO] [stderr] 
[INFO] [stderr]     shutting down connection #0
[INFO] [stderr] 
[INFO] [stderr] 
[INFO] [stderr] 
[INFO] [stderr]             --- LOG END ---
[INFO] [stderr]             
[INFO] [stderr]       
[INFO] [stderr] 
[INFO] [stderr] 
[INFO] [stderr]   gmake[2]: *** [src/CMakeFiles/extern_facil.dir/build.make:99: src/extern_facil-stamp/extern_facil-download] Error 1
[INFO] [stderr]   gmake[1]: *** [CMakeFiles/Makefile2:254: src/CMakeFiles/extern_facil.dir/all] Error 2
[INFO] [stderr]   gmake: *** [Makefile:156: all] Error 2
[INFO] [stderr] 
[INFO] [stderr]   thread 'main' (613) panicked at /opt/rustwide/cargo-home/registry/src/index.crates.io-1949cf8c6b5b557f/cmake-0.1.58/src/lib.rs:1132:5:
[INFO] [stderr] 
[INFO] [stderr]   command did not execute successfully, got: exit status: 2
[INFO] [stderr] 
[INFO] [stderr]   build script failed, must exit now
[INFO] [stderr]   stack backtrace:
[INFO] [stderr]      0:     0x636fcaa879e1 - <<std[617be2ca0a6fd877]::sys::backtrace::BacktraceLock>::print::DisplayBacktrace as core[a373ad73a504971]::fmt::Display>::fmt
[INFO] [stderr]      1:     0x636fcaa9f99a - core[a373ad73a504971]::fmt::write
[INFO] [stderr]      2:     0x636fcaa8dc2c - <std[617be2ca0a6fd877]::sys::stdio::unix::Stderr as core[a373ad73a504971]::io::write::Write>::write_fmt
[INFO] [stderr]      3:     0x636fcaa614d6 - std[617be2ca0a6fd877]::panicking::default_hook::{closure#0}
[INFO] [stderr]      4:     0x636fcaa7f5c1 - std[617be2ca0a6fd877]::panicking::default_hook
[INFO] [stderr]      5:     0x636fcaa7f77b - std[617be2ca0a6fd877]::panicking::panic_with_hook
[INFO] [stderr]      6:     0x636fcaa61582 - std[617be2ca0a6fd877]::panicking::panic_handler::{closure#0}
[INFO] [stderr]      7:     0x636fcaa5a0a9 - std[617be2ca0a6fd877]::sys::backtrace::__rust_end_short_backtrace::<std[617be2ca0a6fd877]::panicking::panic_handler::{closure#0}, !>
[INFO] [stderr]      8:     0x636fcaa6217d - __rustc[ea4f61d10b84890b]::rust_begin_unwind
[INFO] [stderr]      9:     0x636fcaaa01bc - core[a373ad73a504971]::panicking::panic_fmt
[INFO] [stderr]     10:     0x636fca5b9417 - cmake[d60c0f08b6701da5]::fail
[INFO] [stderr]     11:     0x636fca5b90a3 - cmake[d60c0f08b6701da5]::run
[INFO] [stderr]     12:     0x636fca5bf075 - <cmake[d60c0f08b6701da5]::Config>::build
[INFO] [stderr]     13:     0x636fca5901cd - build_script_build[7bb0e5cb03e80add]::main
[INFO] [stderr]     14:     0x636fca592033 - <fn() as core[a373ad73a504971]::ops::function::FnOnce<()>>::call_once
[INFO] [stderr]     15:     0x636fca58fe26 - std[617be2ca0a6fd877]::sys::backtrace::__rust_begin_short_backtrace::<fn(), ()>
[INFO] [stderr]     16:     0x636fca58fe39 - std[617be2ca0a6fd877]::rt::lang_start::<()>::{closure#0}
[INFO] [stderr]     17:     0x636fcaa7e308 - std[617be2ca0a6fd877]::rt::lang_start_internal
[INFO] [stderr]     18:     0x636fca58f951 - std[617be2ca0a6fd877]::rt::lang_start::<()>
[INFO] [stderr]     19:     0x636fca5921c5 - main
[INFO] [stderr]     20:     0x7de768be1601 - <unknown>
[INFO] [stderr]     21:     0x7de768be1718 - __libc_start_main
[INFO] [stderr]     22:     0x636fca58e6e5 - _start
[INFO] [stderr]     23:                0x0 - <unknown>
[INFO] running `Command { std: "docker" "inspect" "dea1ead0fc62bc0198fe8f67385abb69c2ca7d89fa8b81a8af3560d851211f18", kill_on_drop: false }`
[INFO] running `Command { std: "docker" "rm" "-f" "dea1ead0fc62bc0198fe8f67385abb69c2ca7d89fa8b81a8af3560d851211f18", kill_on_drop: false }`
[INFO] [stdout] dea1ead0fc62bc0198fe8f67385abb69c2ca7d89fa8b81a8af3560d851211f18
