[INFO] fetching crate editorconfig-rs 0.2.3...
[INFO] testing editorconfig-rs-0.2.3 against 1.100.0-beta.1+cargoflags=--release for beta-release-1.100-2
[INFO] extracting crate editorconfig-rs 0.2.3 into /workspace/builds/worker-0-tc2/source
[INFO] started tweaking crates.io crate editorconfig-rs 0.2.3
[INFO] removed 0 missing tests
[INFO] finished tweaking crates.io crate editorconfig-rs 0.2.3
[INFO] tweaked toml for crates.io crate editorconfig-rs 0.2.3 written to /workspace/builds/worker-0-tc2/source/Cargo.toml
[INFO] validating manifest of crates.io crate editorconfig-rs 0.2.3 on toolchain 1.100.0-beta.1
[INFO] running `Command { std: CARGO_HOME="/workspace/cargo-home" RUSTUP_HOME="/workspace/rustup-home" "/workspace/cargo-home/bin/cargo" "+1.100.0-beta.1" "metadata" "--manifest-path" "Cargo.toml" "--no-deps", kill_on_drop: false }`
[INFO] crate crates.io crate editorconfig-rs 0.2.3 already has a lockfile, it will not be regenerated
[INFO] running `Command { std: CARGO_HOME="/workspace/cargo-home" RUSTUP_HOME="/workspace/rustup-home" "/workspace/cargo-home/bin/cargo" "+1.100.0-beta.1" "fetch" "--manifest-path" "Cargo.toml", kill_on_drop: false }`
[INFO] running `Command { std: "docker" "create" "-v" "/var/lib/crater-agent-workspace/builds/worker-0-tc2/source:/opt/rustwide/workdir:ro,Z" "-v" "/var/lib/crater-agent-workspace/builds/worker-0-tc2/target:/opt/rustwide/target:rw,Z" "-v" "/var/lib/crater-agent-workspace/cargo-home:/opt/rustwide/cargo-home:ro,Z" "-v" "/var/lib/crater-agent-workspace/rustup-home:/opt/rustwide/rustup-home:ro,Z" "-m" "1610612736" "--network" "none" "ghcr.io/rust-lang/crates-build-env/linux@sha256:77db811e55d90add9212f6832c23229e3de5f1c1f9905e8cb07319ea15df73ac" "sleep" "infinity", kill_on_drop: false }`
[INFO] [stdout] f77ffc9671925786bb6b46b26671f1468677535db71584b94508ce9b51fbd5f8
[INFO] running `Command { std: "docker" "start" "f77ffc9671925786bb6b46b26671f1468677535db71584b94508ce9b51fbd5f8", kill_on_drop: false }`
[INFO] running `Command { std: "docker" "inspect" "f77ffc9671925786bb6b46b26671f1468677535db71584b94508ce9b51fbd5f8", kill_on_drop: false }`
[INFO] running `Command { std: "docker" "exec" "-e" "SOURCE_DIR=/opt/rustwide/workdir" "-e" "CARGO_HOME=/opt/rustwide/cargo-home" "-e" "RUSTUP_HOME=/opt/rustwide/rustup-home" "-e" "CARGO_TARGET_DIR=/opt/rustwide/target" "-w" "/opt/rustwide/workdir" "--user" "0:0" "f77ffc9671925786bb6b46b26671f1468677535db71584b94508ce9b51fbd5f8" "/opt/rustwide/cargo-home/bin/cargo" "+1.100.0-beta.1" "metadata" "--no-deps" "--format-version=1", kill_on_drop: false }`
[INFO] running `Command { std: "docker" "inspect" "f77ffc9671925786bb6b46b26671f1468677535db71584b94508ce9b51fbd5f8", kill_on_drop: false }`
[INFO] running `Command { std: "docker" "exec" "-e" "SOURCE_DIR=/opt/rustwide/workdir" "-e" "CARGO_HOME=/opt/rustwide/cargo-home" "-e" "RUSTUP_HOME=/opt/rustwide/rustup-home" "-e" "CARGO_TARGET_DIR=/opt/rustwide/target" "-e" "CARGO_INCREMENTAL=0" "-e" "RUST_BACKTRACE=full" "-e" "RUSTFLAGS=--cap-lints=warn" "-e" "RUSTDOCFLAGS=--cap-lints=warn" "-w" "/opt/rustwide/workdir" "--user" "0:0" "f77ffc9671925786bb6b46b26671f1468677535db71584b94508ce9b51fbd5f8" "/opt/rustwide/cargo-home/bin/cargo" "+1.100.0-beta.1" "build" "--frozen" "--message-format=json" "--release", kill_on_drop: false }`
[INFO] [stderr]    Compiling proc-macro2 v1.0.93
[INFO] [stderr]    Compiling unicode-ident v1.0.16
[INFO] [stderr]    Compiling glob v0.3.2
[INFO] [stderr]    Compiling libc v0.2.169
[INFO] [stderr]    Compiling prettyplease v0.2.29
[INFO] [stderr]    Compiling memchr v2.7.4
[INFO] [stderr]    Compiling regex-syntax v0.8.5
[INFO] [stderr]    Compiling bindgen v0.71.1
[INFO] [stderr]    Compiling either v1.13.0
[INFO] [stderr]    Compiling bitflags v2.8.0
[INFO] [stderr]    Compiling log v0.4.25
[INFO] [stderr]    Compiling rustc-hash v2.1.1
[INFO] [stderr]    Compiling pkg-config v0.3.31
[INFO] [stderr]    Compiling libloading v0.8.6
[INFO] [stderr]    Compiling itertools v0.12.1
[INFO] [stderr]    Compiling clang-sys v1.8.1
[INFO] [stderr]    Compiling nom v7.1.3
[INFO] [stderr]    Compiling quote v1.0.38
[INFO] [stderr]    Compiling syn v2.0.98
[INFO] [stderr]    Compiling regex-automata v0.4.9
[INFO] [stderr]    Compiling cexpr v0.6.0
[INFO] [stderr]    Compiling regex v1.11.1
[INFO] [stderr]    Compiling editorconfig-sys v0.1.3
[INFO] [stderr]    Compiling editorconfig-rs v0.2.3 (/opt/rustwide/workdir)
[INFO] [stderr]     Finished `release` profile [optimized] target(s) in 17.53s
[INFO] running `Command { std: "docker" "inspect" "f77ffc9671925786bb6b46b26671f1468677535db71584b94508ce9b51fbd5f8", kill_on_drop: false }`
[INFO] running `Command { std: "docker" "exec" "-e" "SOURCE_DIR=/opt/rustwide/workdir" "-e" "CARGO_HOME=/opt/rustwide/cargo-home" "-e" "RUSTUP_HOME=/opt/rustwide/rustup-home" "-e" "CARGO_TARGET_DIR=/opt/rustwide/target" "-e" "CARGO_INCREMENTAL=0" "-e" "RUST_BACKTRACE=full" "-e" "RUSTFLAGS=--cap-lints=warn" "-e" "RUSTDOCFLAGS=--cap-lints=warn" "-w" "/opt/rustwide/workdir" "--user" "0:0" "f77ffc9671925786bb6b46b26671f1468677535db71584b94508ce9b51fbd5f8" "/opt/rustwide/cargo-home/bin/cargo" "+1.100.0-beta.1" "test" "--frozen" "--no-run" "--message-format=json" "--release", kill_on_drop: false }`
[INFO] [stderr]    Compiling quote v1.0.38
[INFO] [stderr]    Compiling libc v0.2.169
[INFO] [stderr]    Compiling zerocopy v0.8.17
[INFO] [stderr]    Compiling getrandom v0.3.1
[INFO] [stderr]    Compiling syn v2.0.98
[INFO] [stderr]    Compiling rand_core v0.9.0
[INFO] [stderr]    Compiling prettyplease v0.2.29
[INFO] [stderr]    Compiling zerocopy-derive v0.7.35
[INFO] [stderr]    Compiling zerocopy v0.7.35
[INFO] [stderr]    Compiling bindgen v0.71.1
[INFO] [stderr]    Compiling ppv-lite86 v0.2.20
[INFO] [stderr]    Compiling rand_chacha v0.9.0
[INFO] [stderr]    Compiling rand v0.9.0
[INFO] [stderr]    Compiling editorconfig-sys v0.1.3
[INFO] [stderr]    Compiling editorconfig-rs v0.2.3 (/opt/rustwide/workdir)
[INFO] [stdout] error: linking with `cc` failed: exit status: 1
[INFO] [stdout]   |
[INFO] [stdout]   = note:  "cc" "-m64" "/opt/rustwide/target/release/build/editorconfig-rs/b5bb24e3dbec66aa/out/rustchremym/symbols.o" "<3 object files omitted>" "-Wl,--as-needed" "-Wl,-Bstatic" "<sysroot>/lib/rustlib/x86_64-unknown-linux-gnu/lib/{libtest-*,libgetopts-*,librustc_std_workspace_std-*}.rlib" "/opt/rustwide/target/release/build/rand/0933bd32d9b80207/out/librand-0933bd32d9b80207.rlib" "/opt/rustwide/target/release/build/rand_chacha/12887ad31b0206d0/out/librand_chacha-12887ad31b0206d0.rlib" "/opt/rustwide/target/release/build/ppv-lite86/7730a7d5dd8a636f/out/libppv_lite86-7730a7d5dd8a636f.rlib" "/opt/rustwide/target/release/build/zerocopy/535a44aa5f8d2fd0/out/libzerocopy-535a44aa5f8d2fd0.rlib" "/opt/rustwide/target/release/build/byteorder/d0fb3ad4741450f8/out/libbyteorder-d0fb3ad4741450f8.rlib" "/opt/rustwide/target/release/build/rand_core/9bf9696b9082b37a/out/librand_core-9bf9696b9082b37a.rlib" "/opt/rustwide/target/release/build/getrandom/f24aec03e3015d0a/out/libgetrandom-f24aec03e3015d0a.rlib" "/opt/rustwide/target/release/build/libc/09b42a0d27436913/out/liblibc-09b42a0d27436913.rlib" "/opt/rustwide/target/release/build/cfg-if/193575a6b29a3ab9/out/libcfg_if-193575a6b29a3ab9.rlib" "/opt/rustwide/target/release/build/zerocopy/5dcace3a97b47bb5/out/libzerocopy-5dcace3a97b47bb5.rlib" "/opt/rustwide/target/release/build/editorconfig-rs/fe5d1cd62d2e4380/out/libeditorconfig_rs-fe5d1cd62d2e4380.rlib" "/opt/rustwide/target/release/build/editorconfig-sys/256a8721857ed05c/out/libeditorconfig_sys-256a8721857ed05c.rlib" "<sysroot>/lib/rustlib/x86_64-unknown-linux-gnu/lib/{libstd-*,libpanic_unwind-*,libobject-*,libmemchr-*,libaddr2line-*,libgimli-*,libcfg_if-*,librustc_demangle-*,libstd_detect-*,libhashbrown-*,librustc_std_workspace_alloc-*,libminiz_oxide-*,libadler2-*,libunwind-*,liblibc-*,librustc_std_workspace_core-*,liballoc-*,libcore-*,libcompiler_builtins-*}.rlib" "-Wl,-Bdynamic" "-lc" "-lm" "-lrt" "-lpthread" "-lgcc_s" "-lutil" "-lrt" "-lpthread" "-lm" "-ldl" "-lc" "-L" "/opt/rustwide/target/release/build/editorconfig-rs/b5bb24e3dbec66aa/out/rustchremym/raw-dylibs" "-B<sysroot>/lib/rustlib/x86_64-unknown-linux-gnu/bin/gcc-ld" "-fuse-ld=lld" "-Wl,--eh-frame-hdr" "-Wl,-z,noexecstack" "-L" "<sysroot>/lib/rustlib/x86_64-unknown-linux-gnu/lib" "-o" "/opt/rustwide/target/release/build/editorconfig-rs/b5bb24e3dbec66aa/out/editorconfig-b5bb24e3dbec66aa" "-Wl,--gc-sections" "-pie" "-Wl,-z,relro,-z,now" "-Wl,-O1" "-Wl,--strip-debug" "-nodefaultlibs"
[INFO] [stdout]   = note: some arguments are omitted. use `--verbose` to show all linker arguments
[INFO] [stdout]   = note: rust-lld: error: undefined symbol: editorconfig_parse
[INFO] [stdout]           >>> referenced by editorconfig.4460b982e17881fe-cgu.0
[INFO] [stdout]           >>>               /opt/rustwide/target/release/build/editorconfig-rs/b5bb24e3dbec66aa/out/editorconfig-b5bb24e3dbec66aa.editorconfig.4460b982e17881fe-cgu.0.rcgu.o:(<editorconfig_rs::EditorConfigHandle>::parse::<std::path::PathBuf>)
[INFO] [stdout]           >>> referenced by editorconfig.4460b982e17881fe-cgu.0
[INFO] [stdout]           >>>               /opt/rustwide/target/release/build/editorconfig-rs/b5bb24e3dbec66aa/out/editorconfig-b5bb24e3dbec66aa.editorconfig.4460b982e17881fe-cgu.0.rcgu.o:(<editorconfig::get_error_file::{closure#0} as core::ops::function::FnOnce<()>>::call_once)
[INFO] [stdout]           >>> referenced by editorconfig.4460b982e17881fe-cgu.0
[INFO] [stdout]           >>>               /opt/rustwide/target/release/build/editorconfig-rs/b5bb24e3dbec66aa/out/editorconfig-b5bb24e3dbec66aa.editorconfig.4460b982e17881fe-cgu.0.rcgu.o:(<editorconfig::relative_file_path_error::{closure#0} as core::ops::function::FnOnce<()>>::call_once)
[INFO] [stdout]           
[INFO] [stdout]           rust-lld: error: undefined symbol: editorconfig_handle_set_version
[INFO] [stdout]           >>> referenced by editorconfig.4460b982e17881fe-cgu.0
[INFO] [stdout]           >>>               /opt/rustwide/target/release/build/editorconfig-rs/b5bb24e3dbec66aa/out/editorconfig-b5bb24e3dbec66aa.editorconfig.4460b982e17881fe-cgu.0.rcgu.o:(<editorconfig::set_get_version::{closure#0} as core::ops::function::FnOnce<()>>::call_once)
[INFO] [stdout]           >>> referenced by editorconfig.4460b982e17881fe-cgu.0
[INFO] [stdout]           >>>               /opt/rustwide/target/release/build/editorconfig-rs/b5bb24e3dbec66aa/out/editorconfig-b5bb24e3dbec66aa.editorconfig.4460b982e17881fe-cgu.0.rcgu.o:(<editorconfig::version_too_new_error::{closure#0} as core::ops::function::FnOnce<()>>::call_once)
[INFO] [stdout]           
[INFO] [stdout]           rust-lld: error: undefined symbol: editorconfig_get_version
[INFO] [stdout]           >>> referenced by editorconfig_rs.860eb56804229a02-cgu.0
[INFO] [stdout]           >>>               editorconfig_rs-fe5d1cd62d2e4380.editorconfig_rs.860eb56804229a02-cgu.0.rcgu.o:(editorconfig_rs::get_version) in archive /opt/rustwide/target/release/build/editorconfig-rs/fe5d1cd62d2e4380/out/libeditorconfig_rs-fe5d1cd62d2e4380.rlib
[INFO] [stdout]           
[INFO] [stdout]           rust-lld: error: undefined symbol: editorconfig_get_error_msg
[INFO] [stdout]           >>> referenced by editorconfig_rs.860eb56804229a02-cgu.0
[INFO] [stdout]           >>>               editorconfig_rs-fe5d1cd62d2e4380.editorconfig_rs.860eb56804229a02-cgu.0.rcgu.o:(editorconfig_rs::get_error_message) in archive /opt/rustwide/target/release/build/editorconfig-rs/fe5d1cd62d2e4380/out/libeditorconfig_rs-fe5d1cd62d2e4380.rlib
[INFO] [stdout]           >>> referenced by editorconfig_rs.860eb56804229a02-cgu.0
[INFO] [stdout]           >>>               editorconfig_rs-fe5d1cd62d2e4380.editorconfig_rs.860eb56804229a02-cgu.0.rcgu.o:(editorconfig_rs::get_error_message) in archive /opt/rustwide/target/release/build/editorconfig-rs/fe5d1cd62d2e4380/out/libeditorconfig_rs-fe5d1cd62d2e4380.rlib
[INFO] [stdout]           >>> referenced by editorconfig_rs.860eb56804229a02-cgu.0
[INFO] [stdout]           >>>               editorconfig_rs-fe5d1cd62d2e4380.editorconfig_rs.860eb56804229a02-cgu.0.rcgu.o:(editorconfig_rs::get_error_message) in archive /opt/rustwide/target/release/build/editorconfig-rs/fe5d1cd62d2e4380/out/libeditorconfig_rs-fe5d1cd62d2e4380.rlib
[INFO] [stdout]           
[INFO] [stdout]           rust-lld: error: undefined symbol: editorconfig_handle_get_version
[INFO] [stdout]           >>> referenced by editorconfig_rs.860eb56804229a02-cgu.0
[INFO] [stdout]           >>>               editorconfig_rs-fe5d1cd62d2e4380.editorconfig_rs.860eb56804229a02-cgu.0.rcgu.o:(<editorconfig_rs::EditorConfigHandle>::get_version) in archive /opt/rustwide/target/release/build/editorconfig-rs/fe5d1cd62d2e4380/out/libeditorconfig_rs-fe5d1cd62d2e4380.rlib
[INFO] [stdout]           
[INFO] [stdout]           rust-lld: error: undefined symbol: editorconfig_handle_get_err_file
[INFO] [stdout]           >>> referenced by editorconfig_rs.860eb56804229a02-cgu.0
[INFO] [stdout]           >>>               editorconfig_rs-fe5d1cd62d2e4380.editorconfig_rs.860eb56804229a02-cgu.0.rcgu.o:(<editorconfig_rs::EditorConfigHandle>::get_error_file) in archive /opt/rustwide/target/release/build/editorconfig-rs/fe5d1cd62d2e4380/out/libeditorconfig_rs-fe5d1cd62d2e4380.rlib
[INFO] [stdout]           
[INFO] [stdout]           rust-lld: error: undefined symbol: editorconfig_handle_get_name_value_count
[INFO] [stdout]           >>> referenced by editorconfig_rs.860eb56804229a02-cgu.0
[INFO] [stdout]           >>>               editorconfig_rs-fe5d1cd62d2e4380.editorconfig_rs.860eb56804229a02-cgu.0.rcgu.o:(<editorconfig_rs::EditorConfigHandle>::get_rule_count) in archive /opt/rustwide/target/release/build/editorconfig-rs/fe5d1cd62d2e4380/out/libeditorconfig_rs-fe5d1cd62d2e4380.rlib
[INFO] [stdout]           >>> referenced by editorconfig_rs.860eb56804229a02-cgu.0
[INFO] [stdout]           >>>               editorconfig_rs-fe5d1cd62d2e4380.editorconfig_rs.860eb56804229a02-cgu.0.rcgu.o:(<editorconfig_rs::EditorConfigHandle>::get_rules) in archive /opt/rustwide/target/release/build/editorconfig-rs/fe5d1cd62d2e4380/out/libeditorconfig_rs-fe5d1cd62d2e4380.rlib
[INFO] [stdout]           
[INFO] [stdout]           rust-lld: error: undefined symbol: editorconfig_handle_get_conf_file_name
[INFO] [stdout]           >>> referenced by editorconfig_rs.860eb56804229a02-cgu.0
[INFO] [stdout]           >>>               editorconfig_rs-fe5d1cd62d2e4380.editorconfig_rs.860eb56804229a02-cgu.0.rcgu.o:(<editorconfig_rs::EditorConfigHandle>::get_config_filename) in archive /opt/rustwide/target/release/build/editorconfig-rs/fe5d1cd62d2e4380/out/libeditorconfig_rs-fe5d1cd62d2e4380.rlib
[INFO] [stdout]           
[INFO] [stdout]           rust-lld: error: undefined symbol: editorconfig_handle_set_conf_file_name
[INFO] [stdout]           >>> referenced by editorconfig_rs.860eb56804229a02-cgu.0
[INFO] [stdout]           >>>               editorconfig_rs-fe5d1cd62d2e4380.editorconfig_rs.860eb56804229a02-cgu.0.rcgu.o:(<editorconfig_rs::EditorConfigHandle>::set_config_filename) in archive /opt/rustwide/target/release/build/editorconfig-rs/fe5d1cd62d2e4380/out/libeditorconfig_rs-fe5d1cd62d2e4380.rlib
[INFO] [stdout]           
[INFO] [stdout]           rust-lld: error: undefined symbol: editorconfig_handle_init
[INFO] [stdout]           >>> referenced by editorconfig_rs.860eb56804229a02-cgu.0
[INFO] [stdout]           >>>               editorconfig_rs-fe5d1cd62d2e4380.editorconfig_rs.860eb56804229a02-cgu.0.rcgu.o:(<editorconfig_rs::EditorConfigHandle>::new) in archive /opt/rustwide/target/release/build/editorconfig-rs/fe5d1cd62d2e4380/out/libeditorconfig_rs-fe5d1cd62d2e4380.rlib
[INFO] [stdout]           
[INFO] [stdout]           rust-lld: error: undefined symbol: editorconfig_handle_get_name_value
[INFO] [stdout]           >>> referenced by editorconfig_rs.860eb56804229a02-cgu.0
[INFO] [stdout]           >>>               editorconfig_rs-fe5d1cd62d2e4380.editorconfig_rs.860eb56804229a02-cgu.0.rcgu.o:(<editorconfig_rs::EditorConfigHandle>::get_rules) in archive /opt/rustwide/target/release/build/editorconfig-rs/fe5d1cd62d2e4380/out/libeditorconfig_rs-fe5d1cd62d2e4380.rlib
[INFO] [stdout]           
[INFO] [stdout]           rust-lld: error: undefined symbol: editorconfig_handle_destroy
[INFO] [stdout]           >>> referenced by editorconfig_rs.860eb56804229a02-cgu.0
[INFO] [stdout]           >>>               editorconfig_rs-fe5d1cd62d2e4380.editorconfig_rs.860eb56804229a02-cgu.0.rcgu.o:(<editorconfig_rs::EditorConfigHandle as core::ops::drop::Drop>::drop) in archive /opt/rustwide/target/release/build/editorconfig-rs/fe5d1cd62d2e4380/out/libeditorconfig_rs-fe5d1cd62d2e4380.rlib
[INFO] [stdout]           collect2: error: ld returned 1 exit status
[INFO] [stdout]           
[INFO] [stdout] 
[INFO] [stdout] 
[INFO] [stderr] error: could not compile `editorconfig-rs` (test "editorconfig") due to 1 previous error
[INFO] running `Command { std: "docker" "inspect" "f77ffc9671925786bb6b46b26671f1468677535db71584b94508ce9b51fbd5f8", kill_on_drop: false }`
[INFO] running `Command { std: "docker" "rm" "-f" "f77ffc9671925786bb6b46b26671f1468677535db71584b94508ce9b51fbd5f8", kill_on_drop: false }`
[INFO] [stdout] f77ffc9671925786bb6b46b26671f1468677535db71584b94508ce9b51fbd5f8
