[INFO] fetching crate ed25519_ph 0.1.35...
[INFO] testing ed25519_ph-0.1.35 against 1.100.0-beta.1+cargoflags=--release for beta-release-1.100-2
[INFO] extracting crate ed25519_ph 0.1.35 into /workspace/builds/worker-5-tc2/source
[INFO] started tweaking crates.io crate ed25519_ph 0.1.35
[INFO] removed 0 missing tests
[INFO] finished tweaking crates.io crate ed25519_ph 0.1.35
[INFO] tweaked toml for crates.io crate ed25519_ph 0.1.35 written to /workspace/builds/worker-5-tc2/source/Cargo.toml
[INFO] validating manifest of crates.io crate ed25519_ph 0.1.35 on toolchain 1.100.0-beta.1
[INFO] running `Command { std: CARGO_HOME="/workspace/cargo-home" RUSTUP_HOME="/workspace/rustup-home" "/workspace/cargo-home/bin/cargo" "+1.100.0-beta.1" "metadata" "--manifest-path" "Cargo.toml" "--no-deps", kill_on_drop: false }`
[INFO] crate crates.io crate ed25519_ph 0.1.35 already has a lockfile, it will not be regenerated
[INFO] running `Command { std: CARGO_HOME="/workspace/cargo-home" RUSTUP_HOME="/workspace/rustup-home" "/workspace/cargo-home/bin/cargo" "+1.100.0-beta.1" "fetch" "--manifest-path" "Cargo.toml", kill_on_drop: false }`
[INFO] running `Command { std: "docker" "create" "-v" "/var/lib/crater-agent-workspace/builds/worker-5-tc2/source:/opt/rustwide/workdir:ro,Z" "-v" "/var/lib/crater-agent-workspace/builds/worker-5-tc2/target:/opt/rustwide/target:rw,Z" "-v" "/var/lib/crater-agent-workspace/cargo-home:/opt/rustwide/cargo-home:ro,Z" "-v" "/var/lib/crater-agent-workspace/rustup-home:/opt/rustwide/rustup-home:ro,Z" "-m" "1610612736" "--network" "none" "ghcr.io/rust-lang/crates-build-env/linux@sha256:77db811e55d90add9212f6832c23229e3de5f1c1f9905e8cb07319ea15df73ac" "sleep" "infinity", kill_on_drop: false }`
[INFO] [stdout] 5124baf785b0d1c640cc278a11fdcb82a432c1c11fa9b1c75cf0805e4dd02415
[INFO] running `Command { std: "docker" "start" "5124baf785b0d1c640cc278a11fdcb82a432c1c11fa9b1c75cf0805e4dd02415", kill_on_drop: false }`
[INFO] running `Command { std: "docker" "inspect" "5124baf785b0d1c640cc278a11fdcb82a432c1c11fa9b1c75cf0805e4dd02415", kill_on_drop: false }`
[INFO] running `Command { std: "docker" "exec" "-e" "SOURCE_DIR=/opt/rustwide/workdir" "-e" "CARGO_HOME=/opt/rustwide/cargo-home" "-e" "RUSTUP_HOME=/opt/rustwide/rustup-home" "-e" "CARGO_TARGET_DIR=/opt/rustwide/target" "-w" "/opt/rustwide/workdir" "--user" "0:0" "5124baf785b0d1c640cc278a11fdcb82a432c1c11fa9b1c75cf0805e4dd02415" "/opt/rustwide/cargo-home/bin/cargo" "+1.100.0-beta.1" "metadata" "--no-deps" "--format-version=1", kill_on_drop: false }`
[INFO] running `Command { std: "docker" "inspect" "5124baf785b0d1c640cc278a11fdcb82a432c1c11fa9b1c75cf0805e4dd02415", kill_on_drop: false }`
[INFO] running `Command { std: "docker" "exec" "-e" "SOURCE_DIR=/opt/rustwide/workdir" "-e" "CARGO_HOME=/opt/rustwide/cargo-home" "-e" "RUSTUP_HOME=/opt/rustwide/rustup-home" "-e" "CARGO_TARGET_DIR=/opt/rustwide/target" "-e" "CARGO_INCREMENTAL=0" "-e" "RUST_BACKTRACE=full" "-e" "RUSTFLAGS=--cap-lints=warn" "-e" "RUSTDOCFLAGS=--cap-lints=warn" "-w" "/opt/rustwide/workdir" "--user" "0:0" "5124baf785b0d1c640cc278a11fdcb82a432c1c11fa9b1c75cf0805e4dd02415" "/opt/rustwide/cargo-home/bin/cargo" "+1.100.0-beta.1" "build" "--frozen" "--message-format=json" "--release", kill_on_drop: false }`
[INFO] [stderr]    Compiling proc-macro2 v1.0.95
[INFO] [stderr]    Compiling semver v1.0.26
[INFO] [stderr]    Compiling wasm-bindgen-shared v0.2.100
[INFO] [stderr]    Compiling bumpalo v3.18.1
[INFO] [stderr]    Compiling cfg-if v1.0.1
[INFO] [stderr]    Compiling rustversion v1.0.21
[INFO] [stderr]    Compiling wasm-bindgen v0.2.100
[INFO] [stderr]    Compiling signature v2.2.0
[INFO] [stderr]    Compiling zeroize v1.8.1
[INFO] [stderr]    Compiling ed25519 v2.2.3
[INFO] [stderr]    Compiling sha2 v0.10.9
[INFO] [stderr]    Compiling keccak v0.1.5
[INFO] [stderr]    Compiling once_cell v1.21.3
[INFO] [stderr]    Compiling sha3 v0.10.8
[INFO] [stderr]    Compiling rustc_version v0.4.1
[INFO] [stderr]    Compiling quote v1.0.40
[INFO] [stderr]    Compiling curve25519-dalek v4.1.3
[INFO] [stderr]    Compiling syn v2.0.102
[INFO] [stderr]    Compiling wasm-bindgen-backend v0.2.100
[INFO] [stderr]    Compiling curve25519-dalek-derive v0.1.1
[INFO] [stderr]    Compiling wasm-bindgen-macro-support v0.2.100
[INFO] [stderr]    Compiling wasm-bindgen-macro v0.2.100
[INFO] [stderr]    Compiling ed25519-dalek v2.1.1
[INFO] [stderr]    Compiling ed25519_ph v0.1.35 (/opt/rustwide/workdir)
[INFO] [stderr]     Finished `release` profile [optimized] target(s) in 20.53s
[INFO] running `Command { std: "docker" "inspect" "5124baf785b0d1c640cc278a11fdcb82a432c1c11fa9b1c75cf0805e4dd02415", kill_on_drop: false }`
[INFO] running `Command { std: "docker" "exec" "-e" "SOURCE_DIR=/opt/rustwide/workdir" "-e" "CARGO_HOME=/opt/rustwide/cargo-home" "-e" "RUSTUP_HOME=/opt/rustwide/rustup-home" "-e" "CARGO_TARGET_DIR=/opt/rustwide/target" "-e" "CARGO_INCREMENTAL=0" "-e" "RUST_BACKTRACE=full" "-e" "RUSTFLAGS=--cap-lints=warn" "-e" "RUSTDOCFLAGS=--cap-lints=warn" "-w" "/opt/rustwide/workdir" "--user" "0:0" "5124baf785b0d1c640cc278a11fdcb82a432c1c11fa9b1c75cf0805e4dd02415" "/opt/rustwide/cargo-home/bin/cargo" "+1.100.0-beta.1" "test" "--frozen" "--no-run" "--message-format=json" "--release", kill_on_drop: false }`
[INFO] [stderr]    Compiling ed25519_ph v0.1.35 (/opt/rustwide/workdir)
[INFO] [stdout] error[E0433]: cannot find module or crate `_tmpl` in this scope
[INFO] [stdout]  --> tests/svg.rs:3:5
[INFO] [stdout]   |
[INFO] [stdout] 3 | use _tmpl::{ICO_LI, svg::make as svg_gen, webp};
[INFO] [stdout]   |     ^^^^^ use of unresolved module or unlinked crate `_tmpl`
[INFO] [stdout]   |
[INFO] [stdout]   = help: if you wanted to use a crate named `_tmpl`, use `cargo add _tmpl` to add it to your `Cargo.toml`
[INFO] [stdout] 
[INFO] [stdout] 
[INFO] [stdout] error[E0432]: unresolved import `_tmpl`
[INFO] [stdout]  --> tests/svg.rs:3:5
[INFO] [stdout]   |
[INFO] [stdout] 3 | use _tmpl::{ICO_LI, svg::make as svg_gen, webp};
[INFO] [stdout]   |     ^^^^^ use of unresolved module or unlinked crate `_tmpl`
[INFO] [stdout]   |
[INFO] [stdout]   = help: if you wanted to use a crate named `_tmpl`, use `cargo add _tmpl` to add it to your `Cargo.toml`
[INFO] [stdout] 
[INFO] [stdout] 
[INFO] [stdout] error[E0433]: cannot find module or crate `anyhow` in this scope
[INFO] [stdout]  --> tests/svg.rs:6:18
[INFO] [stdout]   |
[INFO] [stdout] 6 | fn test_svg() -> anyhow::Result<()> {
[INFO] [stdout]   |                  ^^^^^^ use of unresolved module or unlinked crate `anyhow`
[INFO] [stdout]   |
[INFO] [stdout]   = help: if you wanted to use a crate named `anyhow`, use `cargo add anyhow` to add it to your `Cargo.toml`
[INFO] [stdout] 
[INFO] [stdout] 
[INFO] [stdout] Some errors have detailed explanations: E0432, E0433.
[INFO] [stdout] 
[INFO] [stdout] For more information about an error, try `rustc --explain E0432`.
[INFO] [stdout] 
[INFO] [stderr] error: could not compile `ed25519_ph` (test "svg") due to 3 previous errors
[INFO] [stderr] warning: build failed, waiting for other jobs to finish...
[INFO] running `Command { std: "docker" "inspect" "5124baf785b0d1c640cc278a11fdcb82a432c1c11fa9b1c75cf0805e4dd02415", kill_on_drop: false }`
[INFO] running `Command { std: "docker" "rm" "-f" "5124baf785b0d1c640cc278a11fdcb82a432c1c11fa9b1c75cf0805e4dd02415", kill_on_drop: false }`
[INFO] [stdout] 5124baf785b0d1c640cc278a11fdcb82a432c1c11fa9b1c75cf0805e4dd02415
