[INFO] fetching crate ed25519_heapless 0.6.0...
[INFO] testing ed25519_heapless-0.6.0 against 1.99.0-beta.8+cargoflags=--release for beta-release-1.100-2
[INFO] extracting crate ed25519_heapless 0.6.0 into /workspace/builds/worker-7-tc1/source
[INFO] started tweaking crates.io crate ed25519_heapless 0.6.0
[INFO] removed 0 missing tests
[INFO] finished tweaking crates.io crate ed25519_heapless 0.6.0
[INFO] tweaked toml for crates.io crate ed25519_heapless 0.6.0 written to /workspace/builds/worker-7-tc1/source/Cargo.toml
[INFO] validating manifest of crates.io crate ed25519_heapless 0.6.0 on toolchain 1.99.0-beta.8
[INFO] running `Command { std: CARGO_HOME="/workspace/cargo-home" RUSTUP_HOME="/workspace/rustup-home" "/workspace/cargo-home/bin/cargo" "+1.99.0-beta.8" "metadata" "--manifest-path" "Cargo.toml" "--no-deps", kill_on_drop: false }`
[INFO] crate crates.io crate ed25519_heapless 0.6.0 already has a lockfile, it will not be regenerated
[INFO] running `Command { std: CARGO_HOME="/workspace/cargo-home" RUSTUP_HOME="/workspace/rustup-home" "/workspace/cargo-home/bin/cargo" "+1.99.0-beta.8" "fetch" "--manifest-path" "Cargo.toml", kill_on_drop: false }`
[INFO] [stderr]     Blocking waiting for file lock on package cache
[INFO] [stderr]     Updating crates.io index
[INFO] [stderr]     Blocking waiting for file lock on package cache
[INFO] [stderr]  Downloading crates ...
[INFO] [stderr]   Downloaded c0nst v0.2.1
[INFO] [stderr]   Downloaded modmath-cios v0.1.2
[INFO] [stderr]   Downloaded modmath v0.6.1
[INFO] [stderr]   Downloaded hmac-sha512 v1.1.12
[INFO] [stderr]   Downloaded const-num-traits v0.2.1
[INFO] [stderr]   Downloaded fixed-bigint v0.6.1
[INFO] [stderr]   Downloaded wycheproof v0.6.0
[INFO] running `Command { std: "docker" "create" "-v" "/var/lib/crater-agent-workspace/builds/worker-7-tc1/source:/opt/rustwide/workdir:ro,Z" "-v" "/var/lib/crater-agent-workspace/builds/worker-7-tc1/target:/opt/rustwide/target:rw,Z" "-v" "/var/lib/crater-agent-workspace/cargo-home:/opt/rustwide/cargo-home:ro,Z" "-v" "/var/lib/crater-agent-workspace/rustup-home:/opt/rustwide/rustup-home:ro,Z" "-m" "1610612736" "--network" "none" "ghcr.io/rust-lang/crates-build-env/linux@sha256:77db811e55d90add9212f6832c23229e3de5f1c1f9905e8cb07319ea15df73ac" "sleep" "infinity", kill_on_drop: false }`
[INFO] [stdout] 147168b2518e05a0c32e6f5ee1805697bbfc8098294443313c3367fc7eb567b4
[INFO] running `Command { std: "docker" "start" "147168b2518e05a0c32e6f5ee1805697bbfc8098294443313c3367fc7eb567b4", kill_on_drop: false }`
[INFO] running `Command { std: "docker" "inspect" "147168b2518e05a0c32e6f5ee1805697bbfc8098294443313c3367fc7eb567b4", kill_on_drop: false }`
[INFO] running `Command { std: "docker" "exec" "-e" "SOURCE_DIR=/opt/rustwide/workdir" "-e" "CARGO_HOME=/opt/rustwide/cargo-home" "-e" "RUSTUP_HOME=/opt/rustwide/rustup-home" "-e" "CARGO_TARGET_DIR=/opt/rustwide/target" "-w" "/opt/rustwide/workdir" "--user" "0:0" "147168b2518e05a0c32e6f5ee1805697bbfc8098294443313c3367fc7eb567b4" "/opt/rustwide/cargo-home/bin/cargo" "+1.99.0-beta.8" "metadata" "--no-deps" "--format-version=1", kill_on_drop: false }`
[INFO] running `Command { std: "docker" "inspect" "147168b2518e05a0c32e6f5ee1805697bbfc8098294443313c3367fc7eb567b4", kill_on_drop: false }`
[INFO] running `Command { std: "docker" "exec" "-e" "SOURCE_DIR=/opt/rustwide/workdir" "-e" "CARGO_HOME=/opt/rustwide/cargo-home" "-e" "RUSTUP_HOME=/opt/rustwide/rustup-home" "-e" "CARGO_TARGET_DIR=/opt/rustwide/target" "-e" "CARGO_INCREMENTAL=0" "-e" "RUST_BACKTRACE=full" "-e" "RUSTFLAGS=--cap-lints=warn" "-e" "RUSTDOCFLAGS=--cap-lints=warn" "-w" "/opt/rustwide/workdir" "--user" "0:0" "147168b2518e05a0c32e6f5ee1805697bbfc8098294443313c3367fc7eb567b4" "/opt/rustwide/cargo-home/bin/cargo" "+1.99.0-beta.8" "build" "--frozen" "--message-format=json" "--release", kill_on_drop: false }`
[INFO] [stderr]    Compiling aho-corasick v1.1.5
[INFO] [stderr]    Compiling jiff-core v0.1.0
[INFO] [stderr]    Compiling zeroize v1.9.0
[INFO] [stderr]    Compiling modmath-cios v0.1.2
[INFO] [stderr]    Compiling hmac-sha512 v1.1.12
[INFO] [stderr]    Compiling hybrid-array v0.4.14
[INFO] [stderr]    Compiling c0nst v0.2.1
[INFO] [stderr]    Compiling signature v3.0.0
[INFO] [stderr]    Compiling anstream v1.0.0
[INFO] [stderr]    Compiling const-num-traits v0.2.1
[INFO] [stderr]    Compiling crypto-common v0.2.2
[INFO] [stderr]    Compiling jiff v0.2.35
[INFO] [stderr]    Compiling regex-automata v0.4.18
[INFO] [stderr]    Compiling kem v0.3.0
[INFO] [stderr]    Compiling regex v1.13.1
[INFO] [stderr]    Compiling env_filter v2.0.0
[INFO] [stderr]    Compiling env_logger v0.11.11
[INFO] [stderr]    Compiling modmath v0.6.1
[INFO] [stderr]    Compiling ed25519_heapless v0.6.0 (/opt/rustwide/workdir)
[INFO] [stderr]     Finished `release` profile [optimized] target(s) in 21.07s
[INFO] running `Command { std: "docker" "inspect" "147168b2518e05a0c32e6f5ee1805697bbfc8098294443313c3367fc7eb567b4", kill_on_drop: false }`
[INFO] running `Command { std: "docker" "exec" "-e" "SOURCE_DIR=/opt/rustwide/workdir" "-e" "CARGO_HOME=/opt/rustwide/cargo-home" "-e" "RUSTUP_HOME=/opt/rustwide/rustup-home" "-e" "CARGO_TARGET_DIR=/opt/rustwide/target" "-e" "CARGO_INCREMENTAL=0" "-e" "RUST_BACKTRACE=full" "-e" "RUSTFLAGS=--cap-lints=warn" "-e" "RUSTDOCFLAGS=--cap-lints=warn" "-w" "/opt/rustwide/workdir" "--user" "0:0" "147168b2518e05a0c32e6f5ee1805697bbfc8098294443313c3367fc7eb567b4" "/opt/rustwide/cargo-home/bin/cargo" "+1.99.0-beta.8" "test" "--frozen" "--no-run" "--message-format=json" "--release", kill_on_drop: false }`
[INFO] [stderr]    Compiling quote v1.0.47
[INFO] [stderr]    Compiling zerocopy v0.8.56
[INFO] [stderr]    Compiling serde_json v1.0.151
[INFO] [stderr]    Compiling syn v3.0.3
[INFO] [stderr]    Compiling serde_derive v1.0.229
[INFO] [stderr]    Compiling ppv-lite86 v0.2.21
[INFO] [stderr]    Compiling serde v1.0.229
[INFO] [stderr]    Compiling rand_chacha v0.10.0
[INFO] [stderr]    Compiling wycheproof v0.6.0
[INFO] [stderr]    Compiling ed25519_heapless v0.6.0 (/opt/rustwide/workdir)
[INFO] [stdout] error[E0432]: unresolved import `num_bigint`
[INFO] [stdout]   --> tests/verify_heap_carrier.rs:10:5
[INFO] [stdout]    |
[INFO] [stdout] 10 | use num_bigint::FixedWidthBigUint;
[INFO] [stdout]    |     ^^^^^^^^^^ use of unresolved module or unlinked crate `num_bigint`
[INFO] [stdout]    |
[INFO] [stdout]    = help: if you wanted to use a crate named `num_bigint`, use `cargo add num_bigint` to add it to your `Cargo.toml`
[INFO] [stdout] 
[INFO] [stdout] 
[INFO] [stdout] error[E0277]: the trait bound `for<'a> &'a _: const_num_traits::ops::wrapping::WrappingAdd` is not satisfied
[INFO] [stdout]    --> tests/verify_heap_carrier.rs:37:9
[INFO] [stdout]     |
[INFO] [stdout]  37 |         verify_with_field(&field, hex32(PUBLIC), b"", hex64(SIG)),
[INFO] [stdout]     |         ^^^^^^^^^^^^^^^^^^^^^^^^^^^^^^^^^^^^^^^^^^^^^^^^^^^^^^^^^ the trait `for<'a> const_num_traits::ops::wrapping::WrappingAdd` is not implemented for `&'a _`
[INFO] [stdout]     |
[INFO] [stdout]     = help: the following other types implement trait `const_num_traits::ops::wrapping::WrappingAdd`:
[INFO] [stdout]               Wrapping<T>
[INFO] [stdout]               i128
[INFO] [stdout]               i16
[INFO] [stdout]               i32
[INFO] [stdout]               i64
[INFO] [stdout]               i8
[INFO] [stdout]               isize
[INFO] [stdout]               u128
[INFO] [stdout]             and 5 others
[INFO] [stdout] note: required by a bound in `verify_with_field`
[INFO] [stdout]    --> src/strict.rs:388:11
[INFO] [stdout]     |
[INFO] [stdout] 383 | pub fn verify_with_field<F, T>(field: &F, public: [u8; 32], msg: &[u8], signature: [u8; 64]) -> bool
[INFO] [stdout]     |        ----------------- required by a bound in this function
[INFO] [stdout] ...
[INFO] [stdout] 388 |         + const_num_traits::WrappingAdd<Output = T>
[INFO] [stdout]     |           ^^^^^^^^^^^^^^^^^^^^^^^^^^^^^^^^^^^^^^^^^ required by this bound in `verify_with_field`
[INFO] [stdout] 
[INFO] [stdout] 
[INFO] [stdout] error[E0277]: the trait bound `for<'a> &'a _: const_num_traits::ops::wrapping::WrappingSub` is not satisfied
[INFO] [stdout]    --> tests/verify_heap_carrier.rs:37:9
[INFO] [stdout]     |
[INFO] [stdout]  37 |         verify_with_field(&field, hex32(PUBLIC), b"", hex64(SIG)),
[INFO] [stdout]     |         ^^^^^^^^^^^^^^^^^^^^^^^^^^^^^^^^^^^^^^^^^^^^^^^^^^^^^^^^^ the trait `for<'a> const_num_traits::ops::wrapping::WrappingSub` is not implemented for `&'a _`
[INFO] [stdout]     |
[INFO] [stdout]     = help: the following other types implement trait `const_num_traits::ops::wrapping::WrappingSub`:
[INFO] [stdout]               Wrapping<T>
[INFO] [stdout]               i128
[INFO] [stdout]               i16
[INFO] [stdout]               i32
[INFO] [stdout]               i64
[INFO] [stdout]               i8
[INFO] [stdout]               isize
[INFO] [stdout]               u128
[INFO] [stdout]             and 5 others
[INFO] [stdout] note: required by a bound in `verify_with_field`
[INFO] [stdout]    --> src/strict.rs:389:11
[INFO] [stdout]     |
[INFO] [stdout] 383 | pub fn verify_with_field<F, T>(field: &F, public: [u8; 32], msg: &[u8], signature: [u8; 64]) -> bool
[INFO] [stdout]     |        ----------------- required by a bound in this function
[INFO] [stdout] ...
[INFO] [stdout] 389 |         + const_num_traits::WrappingSub<Output = T>,
[INFO] [stdout]     |           ^^^^^^^^^^^^^^^^^^^^^^^^^^^^^^^^^^^^^^^^^ required by this bound in `verify_with_field`
[INFO] [stdout] 
[INFO] [stdout] 
[INFO] [stdout] error[E0277]: the trait bound `for<'a> &'a _: const_num_traits::ops::wrapping::WrappingAdd` is not satisfied
[INFO] [stdout]    --> tests/verify_heap_carrier.rs:48:10
[INFO] [stdout]     |
[INFO] [stdout]  48 |         !verify_with_field(&field, hex32(PUBLIC), b"", sig),
[INFO] [stdout]     |          ^^^^^^^^^^^^^^^^^^^^^^^^^^^^^^^^^^^^^^^^^^^^^^^^^^ the trait `for<'a> const_num_traits::ops::wrapping::WrappingAdd` is not implemented for `&'a _`
[INFO] [stdout]     |
[INFO] [stdout]     = help: the following other types implement trait `const_num_traits::ops::wrapping::WrappingAdd`:
[INFO] [stdout]               Wrapping<T>
[INFO] [stdout]               i128
[INFO] [stdout]               i16
[INFO] [stdout]               i32
[INFO] [stdout]               i64
[INFO] [stdout]               i8
[INFO] [stdout]               isize
[INFO] [stdout]               u128
[INFO] [stdout]             and 5 others
[INFO] [stdout] note: required by a bound in `verify_with_field`
[INFO] [stdout]    --> src/strict.rs:388:11
[INFO] [stdout]     |
[INFO] [stdout] 383 | pub fn verify_with_field<F, T>(field: &F, public: [u8; 32], msg: &[u8], signature: [u8; 64]) -> bool
[INFO] [stdout]     |        ----------------- required by a bound in this function
[INFO] [stdout] ...
[INFO] [stdout] 388 |         + const_num_traits::WrappingAdd<Output = T>
[INFO] [stdout]     |           ^^^^^^^^^^^^^^^^^^^^^^^^^^^^^^^^^^^^^^^^^ required by this bound in `verify_with_field`
[INFO] [stdout] 
[INFO] [stdout] 
[INFO] [stdout] error[E0277]: the trait bound `for<'a> &'a _: const_num_traits::ops::wrapping::WrappingSub` is not satisfied
[INFO] [stdout]    --> tests/verify_heap_carrier.rs:48:10
[INFO] [stdout]     |
[INFO] [stdout]  48 |         !verify_with_field(&field, hex32(PUBLIC), b"", sig),
[INFO] [stdout]     |          ^^^^^^^^^^^^^^^^^^^^^^^^^^^^^^^^^^^^^^^^^^^^^^^^^^ the trait `for<'a> const_num_traits::ops::wrapping::WrappingSub` is not implemented for `&'a _`
[INFO] [stdout]     |
[INFO] [stdout]     = help: the following other types implement trait `const_num_traits::ops::wrapping::WrappingSub`:
[INFO] [stdout]               Wrapping<T>
[INFO] [stdout]               i128
[INFO] [stdout]               i16
[INFO] [stdout]               i32
[INFO] [stdout]               i64
[INFO] [stdout]               i8
[INFO] [stdout]               isize
[INFO] [stdout]               u128
[INFO] [stdout]             and 5 others
[INFO] [stdout] note: required by a bound in `verify_with_field`
[INFO] [stdout]    --> src/strict.rs:389:11
[INFO] [stdout]     |
[INFO] [stdout] 383 | pub fn verify_with_field<F, T>(field: &F, public: [u8; 32], msg: &[u8], signature: [u8; 64]) -> bool
[INFO] [stdout]     |        ----------------- required by a bound in this function
[INFO] [stdout] ...
[INFO] [stdout] 389 |         + const_num_traits::WrappingSub<Output = T>,
[INFO] [stdout]     |           ^^^^^^^^^^^^^^^^^^^^^^^^^^^^^^^^^^^^^^^^^ required by this bound in `verify_with_field`
[INFO] [stdout] 
[INFO] [stdout] 
[INFO] [stdout] Some errors have detailed explanations: E0277, E0432.
[INFO] [stdout] 
[INFO] [stdout] For more information about an error, try `rustc --explain E0277`.
[INFO] [stdout] 
[INFO] [stderr] error: could not compile `ed25519_heapless` (test "verify_heap_carrier") due to 5 previous errors
[INFO] [stderr] warning: build failed, waiting for other jobs to finish...
[INFO] running `Command { std: "docker" "inspect" "147168b2518e05a0c32e6f5ee1805697bbfc8098294443313c3367fc7eb567b4", kill_on_drop: false }`
[INFO] running `Command { std: "docker" "rm" "-f" "147168b2518e05a0c32e6f5ee1805697bbfc8098294443313c3367fc7eb567b4", kill_on_drop: false }`
[INFO] [stdout] 147168b2518e05a0c32e6f5ee1805697bbfc8098294443313c3367fc7eb567b4
