[INFO] fetching crate ecat-metrics 7.0.0...
[INFO] testing ecat-metrics-7.0.0 against 1.100.0-beta.1+cargoflags=--release for beta-release-1.100-2
[INFO] extracting crate ecat-metrics 7.0.0 into /workspace/builds/worker-6-tc2/source
[INFO] started tweaking crates.io crate ecat-metrics 7.0.0
[INFO] removed 0 missing tests
[INFO] finished tweaking crates.io crate ecat-metrics 7.0.0
[INFO] tweaked toml for crates.io crate ecat-metrics 7.0.0 written to /workspace/builds/worker-6-tc2/source/Cargo.toml
[INFO] validating manifest of crates.io crate ecat-metrics 7.0.0 on toolchain 1.100.0-beta.1
[INFO] running `Command { std: CARGO_HOME="/workspace/cargo-home" RUSTUP_HOME="/workspace/rustup-home" "/workspace/cargo-home/bin/cargo" "+1.100.0-beta.1" "metadata" "--manifest-path" "Cargo.toml" "--no-deps", kill_on_drop: false }`
[INFO] crate crates.io crate ecat-metrics 7.0.0 already has a lockfile, it will not be regenerated
[INFO] running `Command { std: CARGO_HOME="/workspace/cargo-home" RUSTUP_HOME="/workspace/rustup-home" "/workspace/cargo-home/bin/cargo" "+1.100.0-beta.1" "fetch" "--manifest-path" "Cargo.toml", kill_on_drop: false }`
[INFO] [stderr] warning: `package.homepage` is redundant with `package.repository`
[INFO] [stderr]   --> Cargo.toml:28:12
[INFO] [stderr]    |
[INFO] [stderr] 28 | homepage = "https://github.com/erikwang2013/e-cat"
[INFO] [stderr]    |            ^^^^^^^^^^^^^^^^^^^^^^^^^^^^^^^^^^^^^^^
[INFO] [stderr] ...
[INFO] [stderr] 33 | repository = "https://github.com/erikwang2013/e-cat"
[INFO] [stderr]    |              ---------------------------------------
[INFO] [stderr]    |
[INFO] [stderr]    = note: `cargo::redundant_homepage` is set to `warn` by default
[INFO] [stderr] help: consider removing `package.homepage`
[INFO] [stderr] warning: `ecat-metrics` (manifest) generated 1 warning
[INFO] running `Command { std: "docker" "create" "-v" "/var/lib/crater-agent-workspace/builds/worker-6-tc2/source:/opt/rustwide/workdir:ro,Z" "-v" "/var/lib/crater-agent-workspace/builds/worker-6-tc2/target:/opt/rustwide/target:rw,Z" "-v" "/var/lib/crater-agent-workspace/cargo-home:/opt/rustwide/cargo-home:ro,Z" "-v" "/var/lib/crater-agent-workspace/rustup-home:/opt/rustwide/rustup-home:ro,Z" "-m" "1610612736" "--network" "none" "ghcr.io/rust-lang/crates-build-env/linux@sha256:77db811e55d90add9212f6832c23229e3de5f1c1f9905e8cb07319ea15df73ac" "sleep" "infinity", kill_on_drop: false }`
[INFO] [stdout] 58bf5a85399050d0d116d2d4ce72d87e13a8545ed63c4b92d2121eb4adacf672
[INFO] running `Command { std: "docker" "start" "58bf5a85399050d0d116d2d4ce72d87e13a8545ed63c4b92d2121eb4adacf672", kill_on_drop: false }`
[INFO] running `Command { std: "docker" "inspect" "58bf5a85399050d0d116d2d4ce72d87e13a8545ed63c4b92d2121eb4adacf672", kill_on_drop: false }`
[INFO] running `Command { std: "docker" "exec" "-e" "SOURCE_DIR=/opt/rustwide/workdir" "-e" "CARGO_HOME=/opt/rustwide/cargo-home" "-e" "RUSTUP_HOME=/opt/rustwide/rustup-home" "-e" "CARGO_TARGET_DIR=/opt/rustwide/target" "-w" "/opt/rustwide/workdir" "--user" "0:0" "58bf5a85399050d0d116d2d4ce72d87e13a8545ed63c4b92d2121eb4adacf672" "/opt/rustwide/cargo-home/bin/cargo" "+1.100.0-beta.1" "metadata" "--no-deps" "--format-version=1", kill_on_drop: false }`
[INFO] running `Command { std: "docker" "inspect" "58bf5a85399050d0d116d2d4ce72d87e13a8545ed63c4b92d2121eb4adacf672", kill_on_drop: false }`
[INFO] running `Command { std: "docker" "exec" "-e" "SOURCE_DIR=/opt/rustwide/workdir" "-e" "CARGO_HOME=/opt/rustwide/cargo-home" "-e" "RUSTUP_HOME=/opt/rustwide/rustup-home" "-e" "CARGO_TARGET_DIR=/opt/rustwide/target" "-e" "CARGO_INCREMENTAL=0" "-e" "RUST_BACKTRACE=full" "-e" "RUSTFLAGS=--cap-lints=warn" "-e" "RUSTDOCFLAGS=--cap-lints=warn" "-w" "/opt/rustwide/workdir" "--user" "0:0" "58bf5a85399050d0d116d2d4ce72d87e13a8545ed63c4b92d2121eb4adacf672" "/opt/rustwide/cargo-home/bin/cargo" "+1.100.0-beta.1" "build" "--frozen" "--message-format=json" "--release", kill_on_drop: false }`
[INFO] [stderr] warning: `package.homepage` is redundant with `package.repository`
[INFO] [stderr]   --> Cargo.toml:28:12
[INFO] [stderr]    |
[INFO] [stderr] 28 | homepage = "https://github.com/erikwang2013/e-cat"
[INFO] [stderr]    |            ^^^^^^^^^^^^^^^^^^^^^^^^^^^^^^^^^^^^^^^
[INFO] [stderr] ...
[INFO] [stderr] 33 | repository = "https://github.com/erikwang2013/e-cat"
[INFO] [stderr]    |              ---------------------------------------
[INFO] [stderr]    |
[INFO] [stderr]    = note: `cargo::redundant_homepage` is set to `warn` by default
[INFO] [stderr] help: consider removing `package.homepage`
[INFO] [stderr] warning: `ecat-metrics` (manifest) generated 1 warning
[INFO] [stderr]    Compiling serde v1.0.229
[INFO] [stderr]    Compiling tracing v0.1.44
[INFO] [stderr]    Compiling serde_json v1.0.151
[INFO] [stderr]    Compiling syn v2.0.119
[INFO] [stderr]    Compiling protobuf v2.28.0
[INFO] [stderr]    Compiling prometheus v0.13.4
[INFO] [stderr]    Compiling serde_path_to_error v0.1.20
[INFO] [stderr]    Compiling axum-core v0.5.6
[INFO] [stderr]    Compiling serde_urlencoded v0.7.1
[INFO] [stderr]    Compiling tokio-macros v2.7.1
[INFO] [stderr]    Compiling thiserror-impl v1.0.69
[INFO] [stderr]    Compiling tokio v1.53.1
[INFO] [stderr]    Compiling thiserror v1.0.69
[INFO] [stderr]    Compiling hyper v1.11.0
[INFO] [stderr]    Compiling tower v0.5.3
[INFO] [stderr]    Compiling hyper-util v0.1.20
[INFO] [stderr]    Compiling axum v0.8.9
[INFO] [stderr]    Compiling ecat-metrics v7.0.0 (/opt/rustwide/workdir)
[INFO] [stderr]     Finished `release` profile [optimized] target(s) in 42.28s
[INFO] running `Command { std: "docker" "inspect" "58bf5a85399050d0d116d2d4ce72d87e13a8545ed63c4b92d2121eb4adacf672", kill_on_drop: false }`
[INFO] running `Command { std: "docker" "exec" "-e" "SOURCE_DIR=/opt/rustwide/workdir" "-e" "CARGO_HOME=/opt/rustwide/cargo-home" "-e" "RUSTUP_HOME=/opt/rustwide/rustup-home" "-e" "CARGO_TARGET_DIR=/opt/rustwide/target" "-e" "CARGO_INCREMENTAL=0" "-e" "RUST_BACKTRACE=full" "-e" "RUSTFLAGS=--cap-lints=warn" "-e" "RUSTDOCFLAGS=--cap-lints=warn" "-w" "/opt/rustwide/workdir" "--user" "0:0" "58bf5a85399050d0d116d2d4ce72d87e13a8545ed63c4b92d2121eb4adacf672" "/opt/rustwide/cargo-home/bin/cargo" "+1.100.0-beta.1" "test" "--frozen" "--no-run" "--message-format=json" "--release", kill_on_drop: false }`
[INFO] [stderr] warning: `package.homepage` is redundant with `package.repository`
[INFO] [stderr]   --> Cargo.toml:28:12
[INFO] [stderr]    |
[INFO] [stderr] 28 | homepage = "https://github.com/erikwang2013/e-cat"
[INFO] [stderr]    |            ^^^^^^^^^^^^^^^^^^^^^^^^^^^^^^^^^^^^^^^
[INFO] [stderr] ...
[INFO] [stderr] 33 | repository = "https://github.com/erikwang2013/e-cat"
[INFO] [stderr]    |              ---------------------------------------
[INFO] [stderr]    |
[INFO] [stderr]    = note: `cargo::redundant_homepage` is set to `warn` by default
[INFO] [stderr] help: consider removing `package.homepage`
[INFO] [stderr] warning: `ecat-metrics` (manifest) generated 1 warning
[INFO] [stderr]    Compiling ecat-metrics v7.0.0 (/opt/rustwide/workdir)
[INFO] [stdout] error[E0432]: unresolved import `ecat_data_mssql`
[INFO] [stdout]   --> tests/rdbms_shared_families.rs:11:5
[INFO] [stdout]    |
[INFO] [stdout] 11 | use ecat_data_mssql::MssqlClient;
[INFO] [stdout]    |     ^^^^^^^^^^^^^^^ use of unresolved module or unlinked crate `ecat_data_mssql`
[INFO] [stdout]    |
[INFO] [stdout]    = help: if you wanted to use a crate named `ecat_data_mssql`, use `cargo add ecat_data_mssql` to add it to your `Cargo.toml`
[INFO] [stdout] 
[INFO] [stdout] 
[INFO] [stdout] error[E0432]: unresolved import `ecat_data_sqlx`
[INFO] [stdout]   --> tests/rdbms_shared_families.rs:12:5
[INFO] [stdout]    |
[INFO] [stdout] 12 | use ecat_data_sqlx::SqlxClient;
[INFO] [stdout]    |     ^^^^^^^^^^^^^^ use of unresolved module or unlinked crate `ecat_data_sqlx`
[INFO] [stdout]    |
[INFO] [stdout]    = help: if you wanted to use a crate named `ecat_data_sqlx`, use `cargo add ecat_data_sqlx` to add it to your `Cargo.toml`
[INFO] [stdout] 
[INFO] [stdout] 
[INFO] [stdout] error[E0433]: cannot find module or crate `ecat_data_sqlx` in this scope
[INFO] [stdout]   --> tests/rdbms_shared_families.rs:28:5
[INFO] [stdout]    |
[INFO] [stdout] 28 |     ecat_data_sqlx::register_pool_metrics("regression-sqlx", sqlx.pool());
[INFO] [stdout]    |     ^^^^^^^^^^^^^^ use of unresolved module or unlinked crate `ecat_data_sqlx`
[INFO] [stdout]    |
[INFO] [stdout]    = help: if you wanted to use a crate named `ecat_data_sqlx`, use `cargo add ecat_data_sqlx` to add it to your `Cargo.toml`
[INFO] [stdout] 
[INFO] [stdout] 
[INFO] [stdout] error[E0433]: cannot find module or crate `ecat_data_mssql` in this scope
[INFO] [stdout]   --> tests/rdbms_shared_families.rs:29:5
[INFO] [stdout]    |
[INFO] [stdout] 29 |     ecat_data_mssql::register_pool_metrics("regression-mssql", mssql.pool());
[INFO] [stdout]    |     ^^^^^^^^^^^^^^^ use of unresolved module or unlinked crate `ecat_data_mssql`
[INFO] [stdout]    |
[INFO] [stdout]    = help: if you wanted to use a crate named `ecat_data_mssql`, use `cargo add ecat_data_mssql` to add it to your `Cargo.toml`
[INFO] [stdout] 
[INFO] [stdout] 
[INFO] [stdout] Some errors have detailed explanations: E0432, E0433.
[INFO] [stdout] 
[INFO] [stdout] For more information about an error, try `rustc --explain E0432`.
[INFO] [stdout] 
[INFO] [stderr] error: could not compile `ecat-metrics` (test "rdbms_shared_families") due to 4 previous errors
[INFO] [stderr] warning: build failed, waiting for other jobs to finish...
[INFO] running `Command { std: "docker" "inspect" "58bf5a85399050d0d116d2d4ce72d87e13a8545ed63c4b92d2121eb4adacf672", kill_on_drop: false }`
[INFO] running `Command { std: "docker" "rm" "-f" "58bf5a85399050d0d116d2d4ce72d87e13a8545ed63c4b92d2121eb4adacf672", kill_on_drop: false }`
[INFO] [stdout] 58bf5a85399050d0d116d2d4ce72d87e13a8545ed63c4b92d2121eb4adacf672
