[INFO] fetching crate ebi_bpmn 0.0.52...
[INFO] testing ebi_bpmn-0.0.52 against 1.100.0-beta.1+cargoflags=--release for beta-release-1.100-2
[INFO] extracting crate ebi_bpmn 0.0.52 into /workspace/builds/worker-4-tc2/source
[INFO] started tweaking crates.io crate ebi_bpmn 0.0.52
[INFO] finished tweaking crates.io crate ebi_bpmn 0.0.52
[INFO] tweaked toml for crates.io crate ebi_bpmn 0.0.52 written to /workspace/builds/worker-4-tc2/source/Cargo.toml
[INFO] validating manifest of crates.io crate ebi_bpmn 0.0.52 on toolchain 1.100.0-beta.1
[INFO] running `Command { std: CARGO_HOME="/workspace/cargo-home" RUSTUP_HOME="/workspace/rustup-home" "/workspace/cargo-home/bin/cargo" "+1.100.0-beta.1" "metadata" "--manifest-path" "Cargo.toml" "--no-deps", kill_on_drop: false }`
[INFO] crate crates.io crate ebi_bpmn 0.0.52 already has a lockfile, it will not be regenerated
[INFO] running `Command { std: CARGO_HOME="/workspace/cargo-home" RUSTUP_HOME="/workspace/rustup-home" "/workspace/cargo-home/bin/cargo" "+1.100.0-beta.1" "fetch" "--manifest-path" "Cargo.toml", kill_on_drop: false }`
[INFO] running `Command { std: "docker" "create" "-v" "/var/lib/crater-agent-workspace/builds/worker-4-tc2/source:/opt/rustwide/workdir:ro,Z" "-v" "/var/lib/crater-agent-workspace/builds/worker-4-tc2/target:/opt/rustwide/target:rw,Z" "-v" "/var/lib/crater-agent-workspace/cargo-home:/opt/rustwide/cargo-home:ro,Z" "-v" "/var/lib/crater-agent-workspace/rustup-home:/opt/rustwide/rustup-home:ro,Z" "-m" "1610612736" "--network" "none" "ghcr.io/rust-lang/crates-build-env/linux@sha256:77db811e55d90add9212f6832c23229e3de5f1c1f9905e8cb07319ea15df73ac" "sleep" "infinity", kill_on_drop: false }`
[INFO] [stdout] 475b1fc84c367b576b6bcd37aceaeeba7e8cb9f4f304f75b104ccbd7df89b943
[INFO] running `Command { std: "docker" "start" "475b1fc84c367b576b6bcd37aceaeeba7e8cb9f4f304f75b104ccbd7df89b943", kill_on_drop: false }`
[INFO] running `Command { std: "docker" "inspect" "475b1fc84c367b576b6bcd37aceaeeba7e8cb9f4f304f75b104ccbd7df89b943", kill_on_drop: false }`
[INFO] running `Command { std: "docker" "exec" "-e" "SOURCE_DIR=/opt/rustwide/workdir" "-e" "CARGO_HOME=/opt/rustwide/cargo-home" "-e" "RUSTUP_HOME=/opt/rustwide/rustup-home" "-e" "CARGO_TARGET_DIR=/opt/rustwide/target" "-w" "/opt/rustwide/workdir" "--user" "0:0" "475b1fc84c367b576b6bcd37aceaeeba7e8cb9f4f304f75b104ccbd7df89b943" "/opt/rustwide/cargo-home/bin/cargo" "+1.100.0-beta.1" "metadata" "--no-deps" "--format-version=1", kill_on_drop: false }`
[INFO] running `Command { std: "docker" "inspect" "475b1fc84c367b576b6bcd37aceaeeba7e8cb9f4f304f75b104ccbd7df89b943", kill_on_drop: false }`
[INFO] running `Command { std: "docker" "exec" "-e" "SOURCE_DIR=/opt/rustwide/workdir" "-e" "CARGO_HOME=/opt/rustwide/cargo-home" "-e" "RUSTUP_HOME=/opt/rustwide/rustup-home" "-e" "CARGO_TARGET_DIR=/opt/rustwide/target" "-e" "CARGO_INCREMENTAL=0" "-e" "RUST_BACKTRACE=full" "-e" "RUSTFLAGS=--cap-lints=warn" "-e" "RUSTDOCFLAGS=--cap-lints=warn" "-w" "/opt/rustwide/workdir" "--user" "0:0" "475b1fc84c367b576b6bcd37aceaeeba7e8cb9f4f304f75b104ccbd7df89b943" "/opt/rustwide/cargo-home/bin/cargo" "+1.100.0-beta.1" "build" "--frozen" "--message-format=json" "--release", kill_on_drop: false }`
[INFO] [stderr]    Compiling libc v0.2.189
[INFO] [stderr]    Compiling cfg-if v1.0.5
[INFO] [stderr]    Compiling zerocopy v0.8.57
[INFO] [stderr]    Compiling version_check v0.9.5
[INFO] [stderr]    Compiling proc-macro2 v1.0.107
[INFO] [stderr]    Compiling unicode-ident v1.0.26
[INFO] [stderr]    Compiling quote v1.0.47
[INFO] [stderr]    Compiling typenum v1.20.1
[INFO] [stderr]    Compiling getrandom v0.3.4
[INFO] [stderr]    Compiling autocfg v1.5.1
[INFO] [stderr]    Compiling either v1.18.0
[INFO] [stderr]    Compiling libm v0.2.16
[INFO] [stderr]    Compiling foldhash v0.2.0
[INFO] [stderr]    Compiling bytemuck v1.25.2
[INFO] [stderr]    Compiling keccak v0.1.6
[INFO] [stderr]    Compiling ryu v1.0.23
[INFO] [stderr]    Compiling malachite-nz v0.11.0
[INFO] [stderr]    Compiling hashbrown v0.16.1
[INFO] [stderr]    Compiling parking_lot_core v0.9.12
[INFO] [stderr]    Compiling strsim v0.11.1
[INFO] [stderr]    Compiling slab v0.4.12
[INFO] [stderr]    Compiling ident_case v1.0.1
[INFO] [stderr]    Compiling safe_arch v1.2.0
[INFO] [stderr]    Compiling serde_core v1.0.229
[INFO] [stderr]    Compiling futures-core v0.3.34
[INFO] [stderr]    Compiling generic-array v0.14.7
[INFO] [stderr]    Compiling num-traits v0.2.19
[INFO] [stderr]    Compiling smallvec v1.16.1
[INFO] [stderr]    Compiling getrandom v0.4.3
[INFO] [stderr]    Compiling futures-task v0.3.34
[INFO] [stderr]    Compiling itertools v0.14.0
[INFO] [stderr]    Compiling scopeguard v1.2.0
[INFO] [stderr]    Compiling pin-project-lite v0.2.17
[INFO] [stderr]    Compiling serde v1.0.229
[INFO] [stderr]    Compiling lock_api v0.4.14
[INFO] [stderr]    Compiling anyhow v1.0.104
[INFO] [stderr]    Compiling radium v0.7.0
[INFO] [stderr]    Compiling futures-util v0.3.34
[INFO] [stderr]    Compiling itertools v0.10.5
[INFO] [stderr]    Compiling tap v1.0.1
[INFO] [stderr]    Compiling log v0.4.34
[INFO] [stderr]    Compiling once_cell v1.21.4
[INFO] [stderr]    Compiling syn v2.0.119
[INFO] [stderr]    Compiling syn v3.0.6
[INFO] [stderr]    Compiling intmap v3.1.3
[INFO] [stderr]    Compiling wyz v0.5.1
[INFO] [stderr]    Compiling wide v1.7.1
[INFO] [stderr]    Compiling itertools v0.15.0
[INFO] [stderr]    Compiling funty v2.0.0
[INFO] [stderr]    Compiling getrandom v0.2.17
[INFO] [stderr]    Compiling rand_core v0.6.4
[INFO] [stderr]    Compiling rand_core v0.9.5
[INFO] [stderr]    Compiling num-integer v0.1.47
[INFO] [stderr]    Compiling num-complex v0.4.6
[INFO] [stderr]    Compiling block-buffer v0.10.4
[INFO] [stderr]    Compiling crypto-common v0.1.7
[INFO] [stderr]    Compiling parking_lot v0.12.5
[INFO] [stderr]    Compiling digest v0.10.7
[INFO] [stderr]    Compiling num-bigint v0.4.8
[INFO] [stderr]    Compiling sha3 v0.10.9
[INFO] [stderr]    Compiling num-iter v0.1.46
[INFO] [stderr]    Compiling uuid v1.26.1
[INFO] [stderr]    Compiling memchr v2.8.3
[INFO] [stderr]    Compiling fnv v1.0.7
[INFO] [stderr]    Compiling bitvec v1.1.1
[INFO] [stderr]    Compiling layout-rs v0.1.3
[INFO] [stderr]    Compiling strum v0.28.0
[INFO] [stderr]    Compiling ebi_activity_key v0.0.3
[INFO] [stderr]    Compiling futures-executor v0.3.34
[INFO] [stderr]    Compiling num-rational v0.4.2
[INFO] [stderr]    Compiling darling_core v0.23.0
[INFO] [stderr]    Compiling serial_test_derive v4.0.1
[INFO] [stderr]    Compiling num v0.4.3
[INFO] [stderr]    Compiling serial_test v4.0.1
[INFO] [stderr]    Compiling strum_macros v0.28.0
[INFO] [stderr]    Compiling quick-xml v0.42.0
[INFO] [stderr]    Compiling ppv-lite86 v0.2.21
[INFO] [stderr]    Compiling rand_chacha v0.9.0
[INFO] [stderr]    Compiling rand_chacha v0.3.1
[INFO] [stderr]    Compiling rand v0.8.8
[INFO] [stderr]    Compiling rand v0.9.5
[INFO] [stderr]    Compiling prime_factorization v1.0.5
[INFO] [stderr]    Compiling malachite-base v0.11.0
[INFO] [stderr]    Compiling darling_macro v0.23.0
[INFO] [stderr]    Compiling darling v0.23.0
[INFO] [stderr]    Compiling ebi_derive v0.2.11
[INFO] [stderr]    Compiling malachite-q v0.11.0
[INFO] [stderr]    Compiling malachite-float v0.11.0
[INFO] [stderr]    Compiling malachite v0.11.0
[INFO] [stderr]    Compiling ebi_arithmetic v0.3.15
[INFO] [stderr]    Compiling ebi_bpmn v0.0.52 (/opt/rustwide/workdir)
[INFO] [stderr]     Finished `release` profile [optimized] target(s) in 2m 05s
[INFO] running `Command { std: "docker" "inspect" "475b1fc84c367b576b6bcd37aceaeeba7e8cb9f4f304f75b104ccbd7df89b943", kill_on_drop: false }`
[INFO] running `Command { std: "docker" "exec" "-e" "SOURCE_DIR=/opt/rustwide/workdir" "-e" "CARGO_HOME=/opt/rustwide/cargo-home" "-e" "RUSTUP_HOME=/opt/rustwide/rustup-home" "-e" "CARGO_TARGET_DIR=/opt/rustwide/target" "-e" "CARGO_INCREMENTAL=0" "-e" "RUST_BACKTRACE=full" "-e" "RUSTFLAGS=--cap-lints=warn" "-e" "RUSTDOCFLAGS=--cap-lints=warn" "-w" "/opt/rustwide/workdir" "--user" "0:0" "475b1fc84c367b576b6bcd37aceaeeba7e8cb9f4f304f75b104ccbd7df89b943" "/opt/rustwide/cargo-home/bin/cargo" "+1.100.0-beta.1" "test" "--frozen" "--no-run" "--message-format=json" "--release", kill_on_drop: false }`
[INFO] [stderr]    Compiling libc v0.2.189
[INFO] [stderr]    Compiling cfg-if v1.0.5
[INFO] [stderr]    Compiling typenum v1.20.1
[INFO] [stderr]    Compiling either v1.18.0
[INFO] [stderr]    Compiling keccak v0.1.6
[INFO] [stderr]    Compiling foldhash v0.2.0
[INFO] [stderr]    Compiling bytemuck v1.25.2
[INFO] [stderr]    Compiling ryu v1.0.23
[INFO] [stderr]    Compiling zerocopy v0.8.57
[INFO] [stderr]    Compiling libm v0.2.16
[INFO] [stderr]    Compiling futures-task v0.3.34
[INFO] [stderr]    Compiling scopeguard v1.2.0
[INFO] [stderr]    Compiling num-traits v0.2.19
[INFO] [stderr]    Compiling pin-project-lite v0.2.17
[INFO] [stderr]    Compiling slab v0.4.12
[INFO] [stderr]    Compiling futures-core v0.3.34
[INFO] [stderr]    Compiling smallvec v1.16.1
[INFO] [stderr]    Compiling lock_api v0.4.14
[INFO] [stderr]    Compiling serde_core v1.0.229
[INFO] [stderr]    Compiling log v0.4.34
[INFO] [stderr]    Compiling hashbrown v0.16.1
[INFO] [stderr]    Compiling futures-util v0.3.34
[INFO] [stderr]    Compiling tap v1.0.1
[INFO] [stderr]    Compiling itertools v0.14.0
[INFO] [stderr]    Compiling itertools v0.10.5
[INFO] [stderr]    Compiling safe_arch v1.2.0
[INFO] [stderr]    Compiling once_cell v1.21.4
[INFO] [stderr]    Compiling intmap v3.1.3
[INFO] [stderr]    Compiling wyz v0.5.1
[INFO] [stderr]    Compiling itertools v0.15.0
[INFO] [stderr]    Compiling radium v0.7.0
[INFO] [stderr]    Compiling anyhow v1.0.104
[INFO] [stderr]    Compiling memchr v2.8.3
[INFO] [stderr]    Compiling wide v1.7.1
[INFO] [stderr]    Compiling funty v2.0.0
[INFO] [stderr]    Compiling generic-array v0.14.7
[INFO] [stderr]    Compiling num-integer v0.1.47
[INFO] [stderr]    Compiling num-complex v0.4.6
[INFO] [stderr]    Compiling fnv v1.0.7
[INFO] [stderr]    Compiling strum v0.28.0
[INFO] [stderr]    Compiling layout-rs v0.1.3
[INFO] [stderr]    Compiling getrandom v0.2.17
[INFO] [stderr]    Compiling getrandom v0.3.4
[INFO] [stderr]    Compiling num-bigint v0.4.8
[INFO] [stderr]    Compiling rand_core v0.9.5
[INFO] [stderr]    Compiling block-buffer v0.10.4
[INFO] [stderr]    Compiling crypto-common v0.1.7
[INFO] [stderr]    Compiling rand_core v0.6.4
[INFO] [stderr]    Compiling digest v0.10.7
[INFO] [stderr]    Compiling num-iter v0.1.46
[INFO] [stderr]    Compiling parking_lot_core v0.9.12
[INFO] [stderr]    Compiling getrandom v0.4.3
[INFO] [stderr]    Compiling uuid v1.26.1
[INFO] [stderr]    Compiling bitvec v1.1.1
[INFO] [stderr]    Compiling parking_lot v0.12.5
[INFO] [stderr]    Compiling sha3 v0.10.9
[INFO] [stderr]    Compiling ebi_activity_key v0.0.3
[INFO] [stderr]    Compiling futures-executor v0.3.34
[INFO] [stderr]    Compiling serial_test v4.0.1
[INFO] [stderr]    Compiling serde v1.0.229
[INFO] [stderr]    Compiling quick-xml v0.42.0
[INFO] [stderr]    Compiling num-rational v0.4.2
[INFO] [stderr]    Compiling num v0.4.3
[INFO] [stderr]    Compiling ppv-lite86 v0.2.21
[INFO] [stderr]    Compiling rand_chacha v0.9.0
[INFO] [stderr]    Compiling rand_chacha v0.3.1
[INFO] [stderr]    Compiling rand v0.9.5
[INFO] [stderr]    Compiling rand v0.8.8
[INFO] [stderr]    Compiling malachite-base v0.11.0
[INFO] [stderr]    Compiling prime_factorization v1.0.5
[INFO] [stderr]    Compiling malachite-nz v0.11.0
[INFO] [stderr]    Compiling malachite-q v0.11.0
[INFO] [stderr]    Compiling malachite-float v0.11.0
[INFO] [stderr]    Compiling malachite v0.11.0
[INFO] [stderr]    Compiling ebi_arithmetic v0.3.15
[INFO] [stderr]    Compiling ebi_bpmn v0.0.52 (/opt/rustwide/workdir)
[INFO] [stdout] error[E0432]: unresolved import `ebi_activity_key::TestActivityKey`
[INFO] [stdout]   --> src/business_process_model_and_notation.rs:11:5
[INFO] [stdout]    |
[INFO] [stdout] 11 | use ebi_activity_key::TestActivityKey;
[INFO] [stdout]    |     ^^^^^^^^^^^^^^^^^^---------------
[INFO] [stdout]    |                       |
[INFO] [stdout]    |                       no `TestActivityKey` in the root
[INFO] [stdout]    |
[INFO] [stdout] note: found an item that was configured out
[INFO] [stdout]   --> /opt/rustwide/cargo-home/registry/src/index.crates.io-1949cf8c6b5b557f/ebi_activity_key-0.0.3/src/lib.rs:14:27
[INFO] [stdout]    |
[INFO] [stdout] 13 | #[cfg(any(test, feature = "testactivities"))]
[INFO] [stdout]    |          ---------------------------------- the item is gated here
[INFO] [stdout] 14 | pub use has_activity_key::TestActivityKey;
[INFO] [stdout]    |                           ^^^^^^^^^^^^^^^
[INFO] [stdout] help: a similar name exists in the module
[INFO] [stdout]    |
[INFO] [stdout] 11 - use ebi_activity_key::TestActivityKey;
[INFO] [stdout] 11 + use ebi_activity_key::HasActivityKey;
[INFO] [stdout]    |
[INFO] [stdout] 
[INFO] [stdout] 
[INFO] [stdout] error[E0432]: unresolved import `ebi_activity_key::has_activity_key::TestActivityKey`
[INFO] [stdout]    --> src/business_process_model_and_notation.rs:226:9
[INFO] [stdout]     |
[INFO] [stdout] 226 |     use ebi_activity_key::has_activity_key::TestActivityKey;
[INFO] [stdout]     |         ^^^^^^^^^^^^^^^^^^^^^^^^^^^^^^^^^^^^---------------
[INFO] [stdout]     |                                             |
[INFO] [stdout]     |                                             no `TestActivityKey` in `has_activity_key`
[INFO] [stdout]     |
[INFO] [stdout] note: found an item that was configured out
[INFO] [stdout]    --> /opt/rustwide/cargo-home/registry/src/index.crates.io-1949cf8c6b5b557f/ebi_activity_key-0.0.3/src/has_activity_key.rs:18:11
[INFO] [stdout]     |
[INFO] [stdout]  17 | #[cfg(any(test, feature = "testactivities"))]
[INFO] [stdout]     |          ---------------------------------- the item is gated here
[INFO] [stdout]  18 | pub trait TestActivityKey {
[INFO] [stdout]     |           ^^^^^^^^^^^^^^^
[INFO] [stdout] help: a similar name exists in the module
[INFO] [stdout]     |
[INFO] [stdout] 226 -     use ebi_activity_key::has_activity_key::TestActivityKey;
[INFO] [stdout] 226 +     use ebi_activity_key::has_activity_key::HasActivityKey;
[INFO] [stdout]     |
[INFO] [stdout] 
[INFO] [stdout] 
[INFO] [stdout] error[E0432]: unresolved import `ebi_activity_key::TestActivityKey`
[INFO] [stdout]   --> src/stochastic_business_process_model_and_notation.rs:11:5
[INFO] [stdout]    |
[INFO] [stdout] 11 | use ebi_activity_key::TestActivityKey;
[INFO] [stdout]    |     ^^^^^^^^^^^^^^^^^^---------------
[INFO] [stdout]    |                       |
[INFO] [stdout]    |                       no `TestActivityKey` in the root
[INFO] [stdout]    |
[INFO] [stdout] note: found an item that was configured out
[INFO] [stdout]   --> /opt/rustwide/cargo-home/registry/src/index.crates.io-1949cf8c6b5b557f/ebi_activity_key-0.0.3/src/lib.rs:14:27
[INFO] [stdout]    |
[INFO] [stdout] 13 | #[cfg(any(test, feature = "testactivities"))]
[INFO] [stdout]    |          ---------------------------------- the item is gated here
[INFO] [stdout] 14 | pub use has_activity_key::TestActivityKey;
[INFO] [stdout]    |                           ^^^^^^^^^^^^^^^
[INFO] [stdout] help: a similar name exists in the module
[INFO] [stdout]    |
[INFO] [stdout] 11 - use ebi_activity_key::TestActivityKey;
[INFO] [stdout] 11 + use ebi_activity_key::HasActivityKey;
[INFO] [stdout]    |
[INFO] [stdout] 
[INFO] [stdout] 
[INFO] [stdout] For more information about this error, try `rustc --explain E0432`.
[INFO] [stdout] 
[INFO] [stderr] error: could not compile `ebi_bpmn` (lib test) due to 3 previous errors
[INFO] [stderr] warning: build failed, waiting for other jobs to finish...
[INFO] running `Command { std: "docker" "inspect" "475b1fc84c367b576b6bcd37aceaeeba7e8cb9f4f304f75b104ccbd7df89b943", kill_on_drop: false }`
[INFO] running `Command { std: "docker" "rm" "-f" "475b1fc84c367b576b6bcd37aceaeeba7e8cb9f4f304f75b104ccbd7df89b943", kill_on_drop: false }`
[INFO] [stdout] 475b1fc84c367b576b6bcd37aceaeeba7e8cb9f4f304f75b104ccbd7df89b943
