[INFO] fetching crate easyhttpmock-vetis-smol 0.1.2-beta.2...
[INFO] testing easyhttpmock-vetis-smol-0.1.2-beta.2 against 1.99.0-beta.8+cargoflags=--release for beta-release-1.100-2
[INFO] extracting crate easyhttpmock-vetis-smol 0.1.2-beta.2 into /workspace/builds/worker-3-tc1/source
[INFO] removed /workspace/builds/worker-3-tc1/source/.cargo/config.toml
[INFO] started tweaking crates.io crate easyhttpmock-vetis-smol 0.1.2-beta.2
[INFO] finished tweaking crates.io crate easyhttpmock-vetis-smol 0.1.2-beta.2
[INFO] tweaked toml for crates.io crate easyhttpmock-vetis-smol 0.1.2-beta.2 written to /workspace/builds/worker-3-tc1/source/Cargo.toml
[INFO] validating manifest of crates.io crate easyhttpmock-vetis-smol 0.1.2-beta.2 on toolchain 1.99.0-beta.8
[INFO] running `Command { std: CARGO_HOME="/workspace/cargo-home" RUSTUP_HOME="/workspace/rustup-home" "/workspace/cargo-home/bin/cargo" "+1.99.0-beta.8" "metadata" "--manifest-path" "Cargo.toml" "--no-deps", kill_on_drop: false }`
[INFO] crate crates.io crate easyhttpmock-vetis-smol 0.1.2-beta.2 already has a lockfile, it will not be regenerated
[INFO] running `Command { std: CARGO_HOME="/workspace/cargo-home" RUSTUP_HOME="/workspace/rustup-home" "/workspace/cargo-home/bin/cargo" "+1.99.0-beta.8" "fetch" "--manifest-path" "Cargo.toml", kill_on_drop: false }`
[INFO] [stderr]     Updating crates.io index
[INFO] [stderr]  Downloading crates ...
[INFO] [stderr]   Downloaded vetis v0.1.7-beta.6
[INFO] [stderr]   Downloaded hyper-body-utils v0.1.18
[INFO] [stderr]   Downloaded patricia_tree v0.10.2
[INFO] [stderr]   Downloaded logforth-core v0.4.0
[INFO] [stderr]   Downloaded h3-quinn v0.0.10
[INFO] [stderr]   Downloaded vetis-smol v0.1.2-beta.2
[INFO] [stderr]   Downloaded async-fn-stream v0.3.2
[INFO] [stderr]   Downloaded http-serde-ext v1.0.2
[INFO] [stderr]   Downloaded smol-hyper v0.1.1
[INFO] [stderr]   Downloaded local-event v0.1.3
[INFO] [stderr]   Downloaded pointers v0.1.0
[INFO] [stderr]   Downloaded see v0.1.2
[INFO] [stderr]   Downloaded easyhttpmock v0.1.5-beta.2
[INFO] [stderr]   Downloaded h3 v0.0.8
[INFO] [stderr]   Downloaded crossfire v3.1.20
[INFO] [stderr]   Downloaded xml v1.4.0
[INFO] [stderr]   Downloaded simdxml v0.2.1
[INFO] [stderr]   Downloaded jsonpath-rust v1.0.11
[INFO] [stderr]   Downloaded caramelo v0.1.5
[INFO] running `Command { std: "docker" "create" "-v" "/var/lib/crater-agent-workspace/builds/worker-3-tc1/source:/opt/rustwide/workdir:ro,Z" "-v" "/var/lib/crater-agent-workspace/builds/worker-3-tc1/target:/opt/rustwide/target:rw,Z" "-v" "/var/lib/crater-agent-workspace/cargo-home:/opt/rustwide/cargo-home:ro,Z" "-v" "/var/lib/crater-agent-workspace/rustup-home:/opt/rustwide/rustup-home:ro,Z" "-m" "1610612736" "--network" "none" "ghcr.io/rust-lang/crates-build-env/linux@sha256:77db811e55d90add9212f6832c23229e3de5f1c1f9905e8cb07319ea15df73ac" "sleep" "infinity", kill_on_drop: false }`
[INFO] [stdout] 1df8353e0572c37a1390086ab95b7f67796c259646cd8462a4c629809bdaa5b2
[INFO] running `Command { std: "docker" "start" "1df8353e0572c37a1390086ab95b7f67796c259646cd8462a4c629809bdaa5b2", kill_on_drop: false }`
[INFO] running `Command { std: "docker" "inspect" "1df8353e0572c37a1390086ab95b7f67796c259646cd8462a4c629809bdaa5b2", kill_on_drop: false }`
[INFO] running `Command { std: "docker" "exec" "-e" "SOURCE_DIR=/opt/rustwide/workdir" "-e" "CARGO_HOME=/opt/rustwide/cargo-home" "-e" "RUSTUP_HOME=/opt/rustwide/rustup-home" "-e" "CARGO_TARGET_DIR=/opt/rustwide/target" "-w" "/opt/rustwide/workdir" "--user" "0:0" "1df8353e0572c37a1390086ab95b7f67796c259646cd8462a4c629809bdaa5b2" "/opt/rustwide/cargo-home/bin/cargo" "+1.99.0-beta.8" "metadata" "--no-deps" "--format-version=1", kill_on_drop: false }`
[INFO] running `Command { std: "docker" "inspect" "1df8353e0572c37a1390086ab95b7f67796c259646cd8462a4c629809bdaa5b2", kill_on_drop: false }`
[INFO] running `Command { std: "docker" "exec" "-e" "SOURCE_DIR=/opt/rustwide/workdir" "-e" "CARGO_HOME=/opt/rustwide/cargo-home" "-e" "RUSTUP_HOME=/opt/rustwide/rustup-home" "-e" "CARGO_TARGET_DIR=/opt/rustwide/target" "-e" "CARGO_INCREMENTAL=0" "-e" "RUST_BACKTRACE=full" "-e" "RUSTFLAGS=--cap-lints=warn" "-e" "RUSTDOCFLAGS=--cap-lints=warn" "-w" "/opt/rustwide/workdir" "--user" "0:0" "1df8353e0572c37a1390086ab95b7f67796c259646cd8462a4c629809bdaa5b2" "/opt/rustwide/cargo-home/bin/cargo" "+1.99.0-beta.8" "build" "--frozen" "--message-format=json" "--release", kill_on_drop: false }`
[INFO] [stderr]    Compiling libc v0.2.190
[INFO] [stderr]    Compiling futures-sink v0.3.34
[INFO] [stderr]    Compiling event-listener-strategy v0.5.4
[INFO] [stderr]    Compiling smallvec v1.16.3
[INFO] [stderr]    Compiling tokio v1.53.2
[INFO] [stderr]    Compiling syn v3.0.8
[INFO] [stderr]    Compiling tracing v0.1.44
[INFO] [stderr]    Compiling aws-lc-rs v1.18.1
[INFO] [stderr]    Compiling zeroize v1.9.1
[INFO] [stderr]    Compiling cfg-if v1.0.5
[INFO] [stderr]    Compiling rand_core v0.10.1
[INFO] [stderr]    Compiling getrandom v0.4.3
[INFO] [stderr]    Compiling scopeguard v1.2.0
[INFO] [stderr]    Compiling rustls v0.23.46
[INFO] [stderr]    Compiling zerocopy v0.8.62
[INFO] [stderr]    Compiling typeid v1.0.3
[INFO] [stderr]    Compiling ahash v0.8.12
[INFO] [stderr]    Compiling futures-channel v0.3.34
[INFO] [stderr]    Compiling http-body-util v0.1.5
[INFO] [stderr]    Compiling async-channel v2.5.0
[INFO] [stderr]    Compiling async-lock v3.4.2
[INFO] [stderr]    Compiling ref-cast v1.0.27
[INFO] [stderr]    Compiling erased-serde v0.4.10
[INFO] [stderr]    Compiling lock_api v0.4.14
[INFO] [stderr]    Compiling chacha20 v0.10.2
[INFO] [stderr]    Compiling rustls-pki-types v1.15.1
[INFO] [stderr]    Compiling parking_lot_core v0.9.12
[INFO] [stderr]    Compiling quinn-udp v0.5.16
[INFO] [stderr]    Compiling blocking v1.7.0
[INFO] [stderr]    Compiling typetag v0.2.23
[INFO] [stderr]    Compiling simdutf8 v0.1.5
[INFO] [stderr]    Compiling nom v7.1.3
[INFO] [stderr]    Compiling async-signal v0.2.14
[INFO] [stderr]    Compiling rand v0.10.3
[INFO] [stderr]    Compiling serde_json v1.0.154
[INFO] [stderr]    Compiling parking_lot v0.12.5
[INFO] [stderr]    Compiling rand_pcg v0.10.2
[INFO] [stderr]    Compiling quinn v0.11.12
[INFO] [stderr]    Compiling seize v0.5.1
[INFO] [stderr]    Compiling socket2 v0.6.5
[INFO] [stderr]    Compiling sonic-simd v0.1.4
[INFO] [stderr]    Compiling sonic-number v0.1.3
[INFO] [stderr]    Compiling async-global-executor v2.4.1
[INFO] [stderr]    Compiling xml v1.4.0
[INFO] [stderr]    Compiling lru-slab v0.1.3
[INFO] [stderr]    Compiling pointers v0.1.0
[INFO] [stderr]    Compiling tinyvec v1.13.3
[INFO] [stderr]    Compiling xxhash-rust v0.8.19
[INFO] [stderr]    Compiling jobserver v0.1.35
[INFO] [stderr]    Compiling async-std v1.13.2
[INFO] [stderr]    Compiling inventory v0.3.25
[INFO] [stderr]    Compiling powerfmt v0.2.1
[INFO] [stderr]    Compiling cc v1.8.0
[INFO] [stderr]    Compiling time v0.3.55
[INFO] [stderr]    Compiling papaya v0.2.5
[INFO] [stderr]    Compiling async-process v2.5.0
[INFO] [stderr]    Compiling async-fs v2.2.0
[INFO] [stderr]    Compiling async-net v2.0.0
[INFO] [stderr]    Compiling logforth-core v0.4.0
[INFO] [stderr]    Compiling patricia_tree v0.10.2
[INFO] [stderr]    Compiling local-event v0.1.3
[INFO] [stderr]    Compiling smol v2.0.2
[INFO] [stderr]    Compiling smol-macros v0.1.1
[INFO] [stderr]    Compiling macro_rules_attribute-proc_macro v0.2.3
[INFO] [stderr]    Compiling pastey v0.2.3
[INFO] [stderr]    Compiling cmake v0.1.58
[INFO] [stderr]    Compiling tokio-util v0.7.20
[INFO] [stderr]    Compiling macro_rules_attribute v0.2.3
[INFO] [stderr]    Compiling crossfire v3.1.20
[INFO] [stderr]    Compiling psm v0.1.24
[INFO] [stderr]    Compiling stacker v0.1.25
[INFO] [stderr]    Compiling aws-lc-sys v0.45.0
[INFO] [stderr]    Compiling h2 v0.4.20
[INFO] [stderr]    Compiling thiserror-impl v2.0.21
[INFO] [stderr]    Compiling serde_derive v1.0.229
[INFO] [stderr]    Compiling futures-macro v0.3.34
[INFO] [stderr]    Compiling ref-cast-impl v1.0.27
[INFO] [stderr]    Compiling typetag-impl v0.2.23
[INFO] [stderr]    Compiling pest v2.9.3
[INFO] [stderr]    Compiling futures-util v0.3.34
[INFO] [stderr]    Compiling thiserror v2.0.21
[INFO] [stderr]    Compiling simdxml v0.2.1
[INFO] [stderr]    Compiling pest_meta v2.9.3
[INFO] [stderr]    Compiling pest_generator v2.9.3
[INFO] [stderr]    Compiling serde v1.0.229
[INFO] [stderr]    Compiling futures v0.3.34
[INFO] [stderr]    Compiling async-fn-stream v0.3.2
[INFO] [stderr]    Compiling see v0.1.2
[INFO] [stderr]    Compiling pest_derive v2.9.3
[INFO] [stderr]    Compiling hyper v1.12.0
[INFO] [stderr]    Compiling faststr v0.2.34
[INFO] [stderr]    Compiling jsonpath-rust v1.0.11
[INFO] [stderr]    Compiling sonic-rs v0.5.10
[INFO] [stderr]    Compiling hyper-body-utils v0.1.18
[INFO] [stderr]    Compiling serde-xml-rs v0.8.2
[INFO] [stderr]    Compiling arcstr v1.2.0
[INFO] [stderr]    Compiling http-serde-ext v1.0.2
[INFO] [stderr]    Compiling hyper-util v0.1.21
[INFO] [stderr]    Compiling smol-hyper v0.1.1
[INFO] [stderr]    Compiling caramelo v0.1.5
[INFO] [stderr]    Compiling easyhttpmock v0.1.5-beta.2
[INFO] [stderr]    Compiling vetis v0.1.7-beta.6
[INFO] [stderr]    Compiling rustls-webpki v0.103.15
[INFO] [stderr]    Compiling quinn-proto v0.11.19
[INFO] [stderr]    Compiling futures-rustls v0.26.0
[INFO] [stderr]    Compiling vetis-smol v0.1.2-beta.2
[INFO] [stderr]    Compiling easyhttpmock-vetis-smol v0.1.2-beta.2 (/opt/rustwide/workdir)
[INFO] [stderr]     Finished `release` profile [optimized] target(s) in 2m 24s
[INFO] running `Command { std: "docker" "inspect" "1df8353e0572c37a1390086ab95b7f67796c259646cd8462a4c629809bdaa5b2", kill_on_drop: false }`
[INFO] running `Command { std: "docker" "exec" "-e" "SOURCE_DIR=/opt/rustwide/workdir" "-e" "CARGO_HOME=/opt/rustwide/cargo-home" "-e" "RUSTUP_HOME=/opt/rustwide/rustup-home" "-e" "CARGO_TARGET_DIR=/opt/rustwide/target" "-e" "CARGO_INCREMENTAL=0" "-e" "RUST_BACKTRACE=full" "-e" "RUSTFLAGS=--cap-lints=warn" "-e" "RUSTDOCFLAGS=--cap-lints=warn" "-w" "/opt/rustwide/workdir" "--user" "0:0" "1df8353e0572c37a1390086ab95b7f67796c259646cd8462a4c629809bdaa5b2" "/opt/rustwide/cargo-home/bin/cargo" "+1.99.0-beta.8" "test" "--frozen" "--no-run" "--message-format=json" "--release", kill_on_drop: false }`
[INFO] [stderr]    Compiling easyhttpmock-vetis-smol v0.1.2-beta.2 (/opt/rustwide/workdir)
[INFO] [stdout] error[E0433]: cannot find module or crate `deboa` in this scope
[INFO] [stdout]  --> src/tests/mod.rs:3:5
[INFO] [stdout]   |
[INFO] [stdout] 3 | use deboa::{
[INFO] [stdout]   |     ^^^^^ use of unresolved module or unlinked crate `deboa`
[INFO] [stdout]   |
[INFO] [stdout]   = help: if you wanted to use a crate named `deboa`, use `cargo add deboa` to add it to your `Cargo.toml`
[INFO] [stdout] 
[INFO] [stdout] 
[INFO] [stdout] error[E0433]: cannot find module or crate `deboa_smol` in this scope
[INFO] [stdout]  --> src/tests/mod.rs:8:5
[INFO] [stdout]   |
[INFO] [stdout] 8 | use deboa_smol::{cert::DeboaCertificate, Client};
[INFO] [stdout]   |     ^^^^^^^^^^ use of unresolved module or unlinked crate `deboa_smol`
[INFO] [stdout]   |
[INFO] [stdout]   = help: if you wanted to use a crate named `deboa_smol`, use `cargo add deboa_smol` to add it to your `Cargo.toml`
[INFO] [stdout] 
[INFO] [stdout] 
[INFO] [stdout] error[E0432]: unresolved import `deboa`
[INFO] [stdout]  --> src/tests/mod.rs:3:5
[INFO] [stdout]   |
[INFO] [stdout] 3 | use deboa::{
[INFO] [stdout]   |     ^^^^^ use of unresolved module or unlinked crate `deboa`
[INFO] [stdout]   |
[INFO] [stdout]   = help: if you wanted to use a crate named `deboa`, use `cargo add deboa` to add it to your `Cargo.toml`
[INFO] [stdout] 
[INFO] [stdout] 
[INFO] [stdout] error[E0432]: unresolved import `deboa_smol`
[INFO] [stdout]  --> src/tests/mod.rs:8:5
[INFO] [stdout]   |
[INFO] [stdout] 8 | use deboa_smol::{cert::DeboaCertificate, Client};
[INFO] [stdout]   |     ^^^^^^^^^^ use of unresolved module or unlinked crate `deboa_smol`
[INFO] [stdout]   |
[INFO] [stdout]   = help: if you wanted to use a crate named `deboa_smol`, use `cargo add deboa_smol` to add it to your `Cargo.toml`
[INFO] [stdout] 
[INFO] [stdout] 
[INFO] [stdout] warning: method call on a diverging inference variable
[INFO] [stdout]   --> src/tests/mod.rs:88:25
[INFO] [stdout]    |
[INFO] [stdout] 88 |     assert_eq!(response.status(), StatusCode::OK);
[INFO] [stdout]    |                         ^^^^^^
[INFO] [stdout]    |
[INFO] [stdout]    = help: consider providing a type annotation
[INFO] [stdout]    = warning: this was previously accepted by the compiler but is being phased out; it will become a hard error in a future release!
[INFO] [stdout]    = note: for more information, see issue #156047 <https://github.com/rust-lang/rust/issues/156047>
[INFO] [stdout]    = note: `#[warn(method_call_on_diverging_infer_var)]` (part of `#[warn(future_incompatible)]`) on by default
[INFO] [stdout] 
[INFO] [stdout] 
[INFO] [stdout] error[E0599]: no method named `status` found for type `!` in the current scope
[INFO] [stdout]   --> src/tests/mod.rs:88:25
[INFO] [stdout]    |
[INFO] [stdout] 88 |     assert_eq!(response.status(), StatusCode::OK);
[INFO] [stdout]    |                         ^^^^^^ method not found in `!`
[INFO] [stdout] 
[INFO] [stdout] 
[INFO] [stdout] Some errors have detailed explanations: E0432, E0433, E0599.
[INFO] [stdout] 
[INFO] [stdout] For more information about an error, try `rustc --explain E0432`.
[INFO] [stdout] 
[INFO] [stderr] error: could not compile `easyhttpmock-vetis-smol` (lib test) due to 5 previous errors; 2 warnings emitted
[INFO] running `Command { std: "docker" "inspect" "1df8353e0572c37a1390086ab95b7f67796c259646cd8462a4c629809bdaa5b2", kill_on_drop: false }`
[INFO] running `Command { std: "docker" "rm" "-f" "1df8353e0572c37a1390086ab95b7f67796c259646cd8462a4c629809bdaa5b2", kill_on_drop: false }`
[INFO] [stdout] 1df8353e0572c37a1390086ab95b7f67796c259646cd8462a4c629809bdaa5b2
