[INFO] fetching crate easegress-sdk 0.1.0...
[INFO] testing easegress-sdk-0.1.0 against 1.100.0-beta.1+cargoflags=--release for beta-release-1.100-2
[INFO] extracting crate easegress-sdk 0.1.0 into /workspace/builds/worker-7-tc2/source
[INFO] started tweaking crates.io crate easegress-sdk 0.1.0
[INFO] finished tweaking crates.io crate easegress-sdk 0.1.0
[INFO] tweaked toml for crates.io crate easegress-sdk 0.1.0 written to /workspace/builds/worker-7-tc2/source/Cargo.toml
[INFO] validating manifest of crates.io crate easegress-sdk 0.1.0 on toolchain 1.100.0-beta.1
[INFO] running `Command { std: CARGO_HOME="/workspace/cargo-home" RUSTUP_HOME="/workspace/rustup-home" "/workspace/cargo-home/bin/cargo" "+1.100.0-beta.1" "metadata" "--manifest-path" "Cargo.toml" "--no-deps", kill_on_drop: false }`
[INFO] running `Command { std: CARGO_HOME="/workspace/cargo-home" RUSTUP_HOME="/workspace/rustup-home" "/workspace/cargo-home/bin/cargo" "+1.100.0-beta.1" "generate-lockfile" "--manifest-path" "Cargo.toml", kill_on_drop: false }`
[INFO] [stderr]     Updating crates.io index
[INFO] [stderr]      Locking 7 packages to highest compatible versions
[INFO] running `Command { std: CARGO_HOME="/workspace/cargo-home" RUSTUP_HOME="/workspace/rustup-home" "/workspace/cargo-home/bin/cargo" "+1.100.0-beta.1" "fetch" "--manifest-path" "Cargo.toml", kill_on_drop: false }`
[INFO] [stderr]     Blocking waiting for file lock on package cache
[INFO] [stderr]     Blocking waiting for file lock on package cache
[INFO] running `Command { std: "docker" "create" "-v" "/var/lib/crater-agent-workspace/builds/worker-7-tc2/source:/opt/rustwide/workdir:ro,Z" "-v" "/var/lib/crater-agent-workspace/builds/worker-7-tc2/target:/opt/rustwide/target:rw,Z" "-v" "/var/lib/crater-agent-workspace/cargo-home:/opt/rustwide/cargo-home:ro,Z" "-v" "/var/lib/crater-agent-workspace/rustup-home:/opt/rustwide/rustup-home:ro,Z" "-m" "1610612736" "--network" "none" "ghcr.io/rust-lang/crates-build-env/linux@sha256:77db811e55d90add9212f6832c23229e3de5f1c1f9905e8cb07319ea15df73ac" "sleep" "infinity", kill_on_drop: false }`
[INFO] [stdout] 94d0c3683621e6ca17ebb2e0b1a05c9d12a685f0e78a911109830738569f1b9c
[INFO] running `Command { std: "docker" "start" "94d0c3683621e6ca17ebb2e0b1a05c9d12a685f0e78a911109830738569f1b9c", kill_on_drop: false }`
[INFO] running `Command { std: "docker" "inspect" "94d0c3683621e6ca17ebb2e0b1a05c9d12a685f0e78a911109830738569f1b9c", kill_on_drop: false }`
[INFO] running `Command { std: "docker" "exec" "-e" "SOURCE_DIR=/opt/rustwide/workdir" "-e" "CARGO_HOME=/opt/rustwide/cargo-home" "-e" "RUSTUP_HOME=/opt/rustwide/rustup-home" "-e" "CARGO_TARGET_DIR=/opt/rustwide/target" "-w" "/opt/rustwide/workdir" "--user" "0:0" "94d0c3683621e6ca17ebb2e0b1a05c9d12a685f0e78a911109830738569f1b9c" "/opt/rustwide/cargo-home/bin/cargo" "+1.100.0-beta.1" "metadata" "--no-deps" "--format-version=1", kill_on_drop: false }`
[INFO] running `Command { std: "docker" "inspect" "94d0c3683621e6ca17ebb2e0b1a05c9d12a685f0e78a911109830738569f1b9c", kill_on_drop: false }`
[INFO] running `Command { std: "docker" "exec" "-e" "SOURCE_DIR=/opt/rustwide/workdir" "-e" "CARGO_HOME=/opt/rustwide/cargo-home" "-e" "RUSTUP_HOME=/opt/rustwide/rustup-home" "-e" "CARGO_TARGET_DIR=/opt/rustwide/target" "-e" "CARGO_INCREMENTAL=0" "-e" "RUST_BACKTRACE=full" "-e" "RUSTFLAGS=--cap-lints=warn" "-e" "RUSTDOCFLAGS=--cap-lints=warn" "-w" "/opt/rustwide/workdir" "--user" "0:0" "94d0c3683621e6ca17ebb2e0b1a05c9d12a685f0e78a911109830738569f1b9c" "/opt/rustwide/cargo-home/bin/cargo" "+1.100.0-beta.1" "build" "--frozen" "--message-format=json" "--release", kill_on_drop: false }`
[INFO] [stderr]    Compiling wee_alloc v0.4.5
[INFO] [stderr]    Compiling memory_units v0.4.0
[INFO] [stderr]    Compiling easegress-sdk v0.1.0 (/opt/rustwide/workdir)
[INFO] [stdout] warning: calls to `std::mem::drop` with a value that implements `Copy` does nothing
[INFO] [stdout]    --> src/request/mod.rs:121:5
[INFO] [stdout]     |
[INFO] [stdout] 121 |     drop(ptr);
[INFO] [stdout]     |     ^^^^^---^
[INFO] [stdout]     |          |
[INFO] [stdout]     |          argument has type `i32`
[INFO] [stdout]     |
[INFO] [stdout]     = note: `#[warn(dropping_copy_types)]` on by default
[INFO] [stdout] help: use `let _ = ...` to ignore the expression or result
[INFO] [stdout]     |
[INFO] [stdout] 121 -     drop(ptr);
[INFO] [stdout] 121 +     let _ = ptr;
[INFO] [stdout]     |
[INFO] [stdout] 
[INFO] [stdout] 
[INFO] [stderr]     Finished `release` profile [optimized] target(s) in 0.97s
[INFO] running `Command { std: "docker" "inspect" "94d0c3683621e6ca17ebb2e0b1a05c9d12a685f0e78a911109830738569f1b9c", kill_on_drop: false }`
[INFO] running `Command { std: "docker" "exec" "-e" "SOURCE_DIR=/opt/rustwide/workdir" "-e" "CARGO_HOME=/opt/rustwide/cargo-home" "-e" "RUSTUP_HOME=/opt/rustwide/rustup-home" "-e" "CARGO_TARGET_DIR=/opt/rustwide/target" "-e" "CARGO_INCREMENTAL=0" "-e" "RUST_BACKTRACE=full" "-e" "RUSTFLAGS=--cap-lints=warn" "-e" "RUSTDOCFLAGS=--cap-lints=warn" "-w" "/opt/rustwide/workdir" "--user" "0:0" "94d0c3683621e6ca17ebb2e0b1a05c9d12a685f0e78a911109830738569f1b9c" "/opt/rustwide/cargo-home/bin/cargo" "+1.100.0-beta.1" "test" "--frozen" "--no-run" "--message-format=json" "--release", kill_on_drop: false }`
[INFO] [stderr]    Compiling easegress-sdk v0.1.0 (/opt/rustwide/workdir)
[INFO] [stdout] warning: calls to `std::mem::drop` with a value that implements `Copy` does nothing
[INFO] [stdout]    --> src/request/mod.rs:121:5
[INFO] [stdout]     |
[INFO] [stdout] 121 |     drop(ptr);
[INFO] [stdout]     |     ^^^^^---^
[INFO] [stdout]     |          |
[INFO] [stdout]     |          argument has type `i32`
[INFO] [stdout]     |
[INFO] [stdout]     = note: `#[warn(dropping_copy_types)]` on by default
[INFO] [stdout] help: use `let _ = ...` to ignore the expression or result
[INFO] [stdout]     |
[INFO] [stdout] 121 -     drop(ptr);
[INFO] [stdout] 121 +     let _ = ptr;
[INFO] [stdout]     |
[INFO] [stdout] 
[INFO] [stdout] 
[INFO] [stdout] warning: calls to `std::mem::drop` with a value that implements `Copy` does nothing
[INFO] [stdout]    --> src/request/mod.rs:121:5
[INFO] [stdout]     |
[INFO] [stdout] 121 |     drop(ptr);
[INFO] [stdout]     |     ^^^^^---^
[INFO] [stdout]     |          |
[INFO] [stdout]     |          argument has type `i32`
[INFO] [stdout]     |
[INFO] [stdout]     = note: `#[warn(dropping_copy_types)]` on by default
[INFO] [stdout] help: use `let _ = ...` to ignore the expression or result
[INFO] [stdout]     |
[INFO] [stdout] 121 -     drop(ptr);
[INFO] [stdout] 121 +     let _ = ptr;
[INFO] [stdout]     |
[INFO] [stdout] 
[INFO] [stdout] 
[INFO] [stdout] error: linking with `cc` failed: exit status: 1
[INFO] [stdout]   |
[INFO] [stdout]   = note:  "cc" "-m64" "/opt/rustwide/target/release/build/easegress-sdk/aa784818aacfcc3a/out/rustcUtzNhh/symbols.o" "<4 object files omitted>" "-Wl,--as-needed" "-Wl,-Bstatic" "<sysroot>/lib/rustlib/x86_64-unknown-linux-gnu/lib/{libtest-*,libgetopts-*,librustc_std_workspace_std-*}.rlib" "/opt/rustwide/target/release/build/wee_alloc/d1933bfbc52ebcf0/out/libwee_alloc-d1933bfbc52ebcf0.rlib" "/opt/rustwide/target/release/build/libc/db433e050d08d7ab/out/liblibc-db433e050d08d7ab.rlib" "/opt/rustwide/target/release/build/memory_units/79e5de812190d868/out/libmemory_units-79e5de812190d868.rlib" "/opt/rustwide/target/release/build/cfg-if/6ffcd2bb3ed34b7c/out/libcfg_if-6ffcd2bb3ed34b7c.rlib" "<sysroot>/lib/rustlib/x86_64-unknown-linux-gnu/lib/{libstd-*,libpanic_unwind-*,libobject-*,libmemchr-*,libaddr2line-*,libgimli-*,libcfg_if-*,librustc_demangle-*,libstd_detect-*,libhashbrown-*,librustc_std_workspace_alloc-*,libminiz_oxide-*,libadler2-*,libunwind-*,liblibc-*,librustc_std_workspace_core-*,liballoc-*,libcore-*,libcompiler_builtins-*}.rlib" "-Wl,-Bdynamic" "-lc" "-lm" "-lrt" "-lpthread" "-lgcc_s" "-lutil" "-lrt" "-lpthread" "-lm" "-ldl" "-lc" "-L" "/opt/rustwide/target/release/build/easegress-sdk/aa784818aacfcc3a/out/rustcUtzNhh/raw-dylibs" "-B<sysroot>/lib/rustlib/x86_64-unknown-linux-gnu/bin/gcc-ld" "-fuse-ld=lld" "-Wl,--eh-frame-hdr" "-Wl,-z,noexecstack" "-L" "<sysroot>/lib/rustlib/x86_64-unknown-linux-gnu/lib" "-o" "/opt/rustwide/target/release/build/easegress-sdk/aa784818aacfcc3a/out/easegress_sdk-aa784818aacfcc3a" "-Wl,--gc-sections" "-pie" "-Wl,-z,relro,-z,now" "-Wl,-O1" "-Wl,--strip-debug" "-nodefaultlibs"
[INFO] [stdout]   = note: some arguments are omitted. use `--verbose` to show all linker arguments
[INFO] [stdout]   = note: rust-lld: error: undefined symbol: host_log
[INFO] [stdout]           >>> referenced by easegress_sdk.e364cbbb5bc077b5-cgu.0
[INFO] [stdout]           >>>               /opt/rustwide/target/release/build/easegress-sdk/aa784818aacfcc3a/out/easegress_sdk-aa784818aacfcc3a.easegress_sdk.e364cbbb5bc077b5-cgu.0.rcgu.o:(log)
[INFO] [stdout]           
[INFO] [stdout]           rust-lld: error: undefined symbol: host_rand
[INFO] [stdout]           >>> referenced by easegress_sdk.e364cbbb5bc077b5-cgu.0
[INFO] [stdout]           >>>               /opt/rustwide/target/release/build/easegress-sdk/aa784818aacfcc3a/out/easegress_sdk-aa784818aacfcc3a.easegress_sdk.e364cbbb5bc077b5-cgu.0.rcgu.o:(rand)
[INFO] [stdout]           collect2: error: ld returned 1 exit status
[INFO] [stdout]           
[INFO] [stdout] 
[INFO] [stdout] 
[INFO] [stderr] error: could not compile `easegress-sdk` (lib test) due to 1 previous error; 1 warning emitted
[INFO] running `Command { std: "docker" "inspect" "94d0c3683621e6ca17ebb2e0b1a05c9d12a685f0e78a911109830738569f1b9c", kill_on_drop: false }`
[INFO] running `Command { std: "docker" "rm" "-f" "94d0c3683621e6ca17ebb2e0b1a05c9d12a685f0e78a911109830738569f1b9c", kill_on_drop: false }`
[INFO] [stdout] 94d0c3683621e6ca17ebb2e0b1a05c9d12a685f0e78a911109830738569f1b9c
