[INFO] fetching crate earwax 0.1.7...
[INFO] testing earwax-0.1.7 against 1.100.0-beta.1+cargoflags=--release for beta-release-1.100-2
[INFO] extracting crate earwax 0.1.7 into /workspace/builds/worker-4-tc2/source
[INFO] started tweaking crates.io crate earwax 0.1.7
[INFO] finished tweaking crates.io crate earwax 0.1.7
[INFO] tweaked toml for crates.io crate earwax 0.1.7 written to /workspace/builds/worker-4-tc2/source/Cargo.toml
[INFO] validating manifest of crates.io crate earwax 0.1.7 on toolchain 1.100.0-beta.1
[INFO] running `Command { std: CARGO_HOME="/workspace/cargo-home" RUSTUP_HOME="/workspace/rustup-home" "/workspace/cargo-home/bin/cargo" "+1.100.0-beta.1" "metadata" "--manifest-path" "Cargo.toml" "--no-deps", kill_on_drop: false }`
[INFO] running `Command { std: CARGO_HOME="/workspace/cargo-home" RUSTUP_HOME="/workspace/rustup-home" "/workspace/cargo-home/bin/cargo" "+1.100.0-beta.1" "generate-lockfile" "--manifest-path" "Cargo.toml", kill_on_drop: false }`
[INFO] [stderr]     Updating crates.io index
[INFO] [stderr]      Locking 20 packages to highest compatible versions
[INFO] [stderr]       Adding num v0.1.43 (available: v0.4.3)
[INFO] running `Command { std: CARGO_HOME="/workspace/cargo-home" RUSTUP_HOME="/workspace/rustup-home" "/workspace/cargo-home/bin/cargo" "+1.100.0-beta.1" "fetch" "--manifest-path" "Cargo.toml", kill_on_drop: false }`
[INFO] [stderr] warning: Cargo.toml: `package.edition` is unspecified, defaulting to `2015` while the latest is `2024`
[INFO] [stderr] warning: Cargo.toml: only one of `license` or `license-file` is necessary
[INFO] [stderr] `license` should be used if the package license can be expressed with a standard SPDX expression.
[INFO] [stderr] `license-file` should be used if the package uses a non-standard license.
[INFO] [stderr] See https://doc.rust-lang.org/cargo/reference/manifest.html#the-license-and-license-file-fields for more information.
[INFO] [stderr] warning: `package.homepage` is redundant with `package.repository`
[INFO] [stderr]   --> Cargo.toml:18:12
[INFO] [stderr]    |
[INFO] [stderr] 18 | homepage = "https://github.com/danielrs/earwax"
[INFO] [stderr]    |            ^^^^^^^^^^^^^^^^^^^^^^^^^^^^^^^^^^^^
[INFO] [stderr] ...
[INFO] [stderr] 22 | repository = "https://github.com/danielrs/earwax"
[INFO] [stderr]    |              ------------------------------------
[INFO] [stderr]    |
[INFO] [stderr]    = note: `cargo::redundant_homepage` is set to `warn` by default
[INFO] [stderr] help: consider removing `package.homepage`
[INFO] [stderr] warning: `earwax` (manifest) generated 3 warnings
[INFO] running `Command { std: "docker" "create" "-v" "/var/lib/crater-agent-workspace/builds/worker-4-tc2/source:/opt/rustwide/workdir:ro,Z" "-v" "/var/lib/crater-agent-workspace/builds/worker-4-tc2/target:/opt/rustwide/target:rw,Z" "-v" "/var/lib/crater-agent-workspace/cargo-home:/opt/rustwide/cargo-home:ro,Z" "-v" "/var/lib/crater-agent-workspace/rustup-home:/opt/rustwide/rustup-home:ro,Z" "-m" "1610612736" "--network" "none" "ghcr.io/rust-lang/crates-build-env/linux@sha256:77db811e55d90add9212f6832c23229e3de5f1c1f9905e8cb07319ea15df73ac" "sleep" "infinity", kill_on_drop: false }`
[INFO] [stdout] fbde25232d161e98ea3fd24125444d77fbde79eb7f6cecadaf2d76f7d664a467
[INFO] running `Command { std: "docker" "start" "fbde25232d161e98ea3fd24125444d77fbde79eb7f6cecadaf2d76f7d664a467", kill_on_drop: false }`
[INFO] running `Command { std: "docker" "inspect" "fbde25232d161e98ea3fd24125444d77fbde79eb7f6cecadaf2d76f7d664a467", kill_on_drop: false }`
[INFO] running `Command { std: "docker" "exec" "-e" "SOURCE_DIR=/opt/rustwide/workdir" "-e" "CARGO_HOME=/opt/rustwide/cargo-home" "-e" "RUSTUP_HOME=/opt/rustwide/rustup-home" "-e" "CARGO_TARGET_DIR=/opt/rustwide/target" "-w" "/opt/rustwide/workdir" "--user" "0:0" "fbde25232d161e98ea3fd24125444d77fbde79eb7f6cecadaf2d76f7d664a467" "/opt/rustwide/cargo-home/bin/cargo" "+1.100.0-beta.1" "metadata" "--no-deps" "--format-version=1", kill_on_drop: false }`
[INFO] running `Command { std: "docker" "inspect" "fbde25232d161e98ea3fd24125444d77fbde79eb7f6cecadaf2d76f7d664a467", kill_on_drop: false }`
[INFO] running `Command { std: "docker" "exec" "-e" "SOURCE_DIR=/opt/rustwide/workdir" "-e" "CARGO_HOME=/opt/rustwide/cargo-home" "-e" "RUSTUP_HOME=/opt/rustwide/rustup-home" "-e" "CARGO_TARGET_DIR=/opt/rustwide/target" "-e" "CARGO_INCREMENTAL=0" "-e" "RUST_BACKTRACE=full" "-e" "RUSTFLAGS=--cap-lints=warn" "-e" "RUSTDOCFLAGS=--cap-lints=warn" "-w" "/opt/rustwide/workdir" "--user" "0:0" "fbde25232d161e98ea3fd24125444d77fbde79eb7f6cecadaf2d76f7d664a467" "/opt/rustwide/cargo-home/bin/cargo" "+1.100.0-beta.1" "build" "--frozen" "--message-format=json" "--release", kill_on_drop: false }`
[INFO] [stderr] warning: Cargo.toml: `package.edition` is unspecified, defaulting to `2015` while the latest is `2024`
[INFO] [stderr] warning: Cargo.toml: only one of `license` or `license-file` is necessary
[INFO] [stderr] `license` should be used if the package license can be expressed with a standard SPDX expression.
[INFO] [stderr] `license-file` should be used if the package uses a non-standard license.
[INFO] [stderr] See https://doc.rust-lang.org/cargo/reference/manifest.html#the-license-and-license-file-fields for more information.
[INFO] [stderr] warning: `package.homepage` is redundant with `package.repository`
[INFO] [stderr]   --> Cargo.toml:18:12
[INFO] [stderr]    |
[INFO] [stderr] 18 | homepage = "https://github.com/danielrs/earwax"
[INFO] [stderr]    |            ^^^^^^^^^^^^^^^^^^^^^^^^^^^^^^^^^^^^
[INFO] [stderr] ...
[INFO] [stderr] 22 | repository = "https://github.com/danielrs/earwax"
[INFO] [stderr]    |              ------------------------------------
[INFO] [stderr]    |
[INFO] [stderr]    = note: `cargo::redundant_homepage` is set to `warn` by default
[INFO] [stderr] help: consider removing `package.homepage`
[INFO] [stderr] warning: `earwax` (manifest) generated 3 warnings
[INFO] [stderr]    Compiling num-bigint v0.1.45
[INFO] [stderr]    Compiling rustc-serialize v0.3.25
[INFO] [stderr]    Compiling num-complex v0.1.44
[INFO] [stderr]    Compiling num-rational v0.1.43
[INFO] [stderr]    Compiling gcc v0.3.55
[INFO] [stderr]    Compiling num-integer v0.1.47
[INFO] [stderr]    Compiling rand v0.4.6
[INFO] [stderr]    Compiling earwax v0.1.7 (/opt/rustwide/workdir)
[INFO] [stdout] warning: use of deprecated function `gcc::compile_library`: crate has been renamed to `cc`, the `gcc` name is not maintained
[INFO] [stdout]  --> build.rs:4:10
[INFO] [stdout]   |
[INFO] [stdout] 4 |     gcc::compile_library("libearwax.a", &["src/libearwax.c"]);
[INFO] [stdout]   |          ^^^^^^^^^^^^^^^
[INFO] [stdout]   |
[INFO] [stdout]   = note: `#[warn(deprecated)]` on by default
[INFO] [stdout] 
[INFO] [stdout] 
[INFO] [stderr]    Compiling num-iter v0.1.46
[INFO] [stderr] warning: earwax@0.1.7: src/libearwax.c: In function 'earwax_init':
[INFO] [stderr] warning: earwax@0.1.7: src/libearwax.c:169:9: error: implicit declaration of function 'av_register_all'; did you mean 'avdevice_register_all'? [-Wimplicit-function-declaration]
[INFO] [stderr] warning: earwax@0.1.7:   169 |         av_register_all();
[INFO] [stderr] warning: earwax@0.1.7:       |         ^~~~~~~~~~~~~~~
[INFO] [stderr] warning: earwax@0.1.7:       |         avdevice_register_all
[INFO] [stderr] warning: earwax@0.1.7: src/libearwax.c: In function 'earwax_new':
[INFO] [stderr] warning: earwax@0.1.7: src/libearwax.c:206:19: warning: comparison of integer expressions of different signedness: 'int' and 'unsigned int' [-Wsign-compare]
[INFO] [stderr] warning: earwax@0.1.7:   206 |     for (i = 0; i < ctx->format_ctx->nb_streams; ++i) {
[INFO] [stderr] warning: earwax@0.1.7:       |                   ^
[INFO] [stderr] warning: earwax@0.1.7: src/libearwax.c:207:64: error: 'AVStream' has no member named 'codec'
[INFO] [stderr] warning: earwax@0.1.7:   207 |         AVCodecContext* codec_ctx = ctx->format_ctx->streams[i]->codec;
[INFO] [stderr] warning: earwax@0.1.7:       |                                                                ^~
[INFO] [stderr] warning: earwax@0.1.7: src/libearwax.c:209:13: error: implicit declaration of function 'avcodec_copy_context'; did you mean 'avcodec_free_context'? [-Wimplicit-function-declaration]
[INFO] [stderr] warning: earwax@0.1.7:   209 |             avcodec_copy_context(ctx->codec_ctx, codec_ctx);
[INFO] [stderr] warning: earwax@0.1.7:       |             ^~~~~~~~~~~~~~~~~~~~
[INFO] [stderr] warning: earwax@0.1.7:       |             avcodec_free_context
[INFO] [stderr] warning: earwax@0.1.7: src/libearwax.c:220:11: warning: assignment discards 'const' qualifier from pointer target type [-Wdiscarded-qualifiers]
[INFO] [stderr] warning: earwax@0.1.7:   220 |     codec = avcodec_find_decoder(ctx->codec_ctx->codec_id);
[INFO] [stderr] warning: earwax@0.1.7:       |           ^
[INFO] [stderr] warning: earwax@0.1.7: src/libearwax.c:232:67: error: 'AVCodecContext' has no member named 'channel_layout'; did you mean 'ch_layout'?
[INFO] [stderr] warning: earwax@0.1.7:   232 |     av_opt_set_int(ctx->swr, "in_channel_layout", ctx->codec_ctx->channel_layout, 0);
[INFO] [stderr] warning: earwax@0.1.7:       |                                                                   ^~~~~~~~~~~~~~
[INFO] [stderr] warning: earwax@0.1.7:       |                                                                   ch_layout
[INFO] [stderr] warning: earwax@0.1.7: src/libearwax.c:247:25: error: 'AVCodecContext' has no member named 'channels'
[INFO] [stderr] warning: earwax@0.1.7:   247 |         * ctx->codec_ctx->channels
[INFO] [stderr] warning: earwax@0.1.7:       |                         ^~
[INFO] [stderr] warning: earwax@0.1.7: src/libearwax.c: In function 'earwax_drop':
[INFO] [stderr] warning: earwax@0.1.7: src/libearwax.c:275:9: error: implicit declaration of function 'av_free_packet'; did you mean 'av_get_packet'? [-Wimplicit-function-declaration]
[INFO] [stderr] warning: earwax@0.1.7:   275 |         av_free_packet(&ctx->packet);
[INFO] [stderr] warning: earwax@0.1.7:       |         ^~~~~~~~~~~~~~
[INFO] [stderr] warning: earwax@0.1.7:       |         av_get_packet
[INFO] [stderr] warning: earwax@0.1.7: src/libearwax.c: In function 'earwax_spit':
[INFO] [stderr] warning: earwax@0.1.7: src/libearwax.c:306:22: error: implicit declaration of function 'avcodec_decode_audio4'; did you mean 'avcodec_decode_subtitle2'? [-Wimplicit-function-declaration]
[INFO] [stderr] warning: earwax@0.1.7:   306 |         int bytes =  avcodec_decode_audio4(ctx->codec_ctx, ctx->frame, &got_frame, &(ctx->packet));
[INFO] [stderr] warning: earwax@0.1.7:       |                      ^~~~~~~~~~~~~~~~~~~~~
[INFO] [stderr] warning: earwax@0.1.7:       |                      avcodec_decode_subtitle2
[INFO] [stderr] warning: earwax@0.1.7: src/libearwax.c: In function 'next_chunk':
[INFO] [stderr] warning: earwax@0.1.7: src/libearwax.c:375:17: warning: pointer targets in assignment from 'uint8_t *' {aka 'unsigned char *'} to 'char *' differ in signedness [-Wpointer-sign]
[INFO] [stderr] warning: earwax@0.1.7:   375 |     chunk->data = ctx->buffer;
[INFO] [stderr] warning: earwax@0.1.7:       |                 ^
[INFO] [stderr] warning: earwax@0.1.7: src/libearwax.c:376:54: error: 'AVFrame' has no member named 'channels'
[INFO] [stderr] warning: earwax@0.1.7:   376 |     chunk->size = ctx->frame->nb_samples * ctx->frame->channels * sizeof(uint16_t);
[INFO] [stderr] warning: earwax@0.1.7:       |                                                      ^~
[INFO] [stderr] warning: earwax@0.1.7: src/libearwax.c:377:31: error: 'AVFrame' has no member named 'pkt_pts'; did you mean 'pkt_dts'?
[INFO] [stderr] warning: earwax@0.1.7:   377 |     chunk->time = ctx->frame->pkt_pts;
[INFO] [stderr] warning: earwax@0.1.7:       |                               ^~~~~~~
[INFO] [stderr] warning: earwax@0.1.7:       |                               pkt_dts
[INFO] [stderr] error: failed to run custom build command for `earwax v0.1.7 (/opt/rustwide/workdir)`
[INFO] [stderr] note: To improve backtraces for build dependencies, set the CARGO_PROFILE_RELEASE_BUILD_OVERRIDE_DEBUG=true environment variable to enable debug information generation.
[INFO] [stderr] 
[INFO] [stderr] Caused by:
[INFO] [stderr]   process didn't exit successfully: `/opt/rustwide/target/release/build/earwax/6f6465022ea0d4b4/out/build_script_build` (exit status: 101)
[INFO] [stderr]   --- stdout
[INFO] [stderr]   TARGET = Some("x86_64-unknown-linux-gnu")
[INFO] [stderr]   OPT_LEVEL = Some("3")
[INFO] [stderr]   TARGET = Some("x86_64-unknown-linux-gnu")
[INFO] [stderr]   HOST = Some("x86_64-unknown-linux-gnu")
[INFO] [stderr]   TARGET = Some("x86_64-unknown-linux-gnu")
[INFO] [stderr]   TARGET = Some("x86_64-unknown-linux-gnu")
[INFO] [stderr]   HOST = Some("x86_64-unknown-linux-gnu")
[INFO] [stderr]   CC_x86_64-unknown-linux-gnu = None
[INFO] [stderr]   CC_x86_64_unknown_linux_gnu = None
[INFO] [stderr]   HOST_CC = None
[INFO] [stderr]   CC = None
[INFO] [stderr]   HOST = Some("x86_64-unknown-linux-gnu")
[INFO] [stderr]   TARGET = Some("x86_64-unknown-linux-gnu")
[INFO] [stderr]   HOST = Some("x86_64-unknown-linux-gnu")
[INFO] [stderr]   CFLAGS_x86_64-unknown-linux-gnu = None
[INFO] [stderr]   CFLAGS_x86_64_unknown_linux_gnu = None
[INFO] [stderr]   HOST_CFLAGS = None
[INFO] [stderr]   CFLAGS = None
[INFO] [stderr]   DEBUG = Some("false")
[INFO] [stderr]   running: "cc" "-O3" "-ffunction-sections" "-fdata-sections" "-fPIC" "-m64" "-Wall" "-Wextra" "-o" "/opt/rustwide/target/release/build/earwax/db8834bf37e539c4/out/src/libearwax.o" "-c" "src/libearwax.c"
[INFO] [stderr]   cargo:warning=src/libearwax.c: In function 'earwax_init':
[INFO] [stderr]   cargo:warning=src/libearwax.c:169:9: error: implicit declaration of function 'av_register_all'; did you mean 'avdevice_register_all'? [-Wimplicit-function-declaration]
[INFO] [stderr]   cargo:warning=  169 |         av_register_all();
[INFO] [stderr]   cargo:warning=      |         ^~~~~~~~~~~~~~~
[INFO] [stderr]   cargo:warning=      |         avdevice_register_all
[INFO] [stderr]   cargo:warning=src/libearwax.c: In function 'earwax_new':
[INFO] [stderr]   cargo:warning=src/libearwax.c:206:19: warning: comparison of integer expressions of different signedness: 'int' and 'unsigned int' [-Wsign-compare]
[INFO] [stderr]   cargo:warning=  206 |     for (i = 0; i < ctx->format_ctx->nb_streams; ++i) {
[INFO] [stderr]   cargo:warning=      |                   ^
[INFO] [stderr]   cargo:warning=src/libearwax.c:207:64: error: 'AVStream' has no member named 'codec'
[INFO] [stderr]   cargo:warning=  207 |         AVCodecContext* codec_ctx = ctx->format_ctx->streams[i]->codec;
[INFO] [stderr]   cargo:warning=      |                                                                ^~
[INFO] [stderr]   cargo:warning=src/libearwax.c:209:13: error: implicit declaration of function 'avcodec_copy_context'; did you mean 'avcodec_free_context'? [-Wimplicit-function-declaration]
[INFO] [stderr]   cargo:warning=  209 |             avcodec_copy_context(ctx->codec_ctx, codec_ctx);
[INFO] [stderr]   cargo:warning=      |             ^~~~~~~~~~~~~~~~~~~~
[INFO] [stderr]   cargo:warning=      |             avcodec_free_context
[INFO] [stderr]   cargo:warning=src/libearwax.c:220:11: warning: assignment discards 'const' qualifier from pointer target type [-Wdiscarded-qualifiers]
[INFO] [stderr]   cargo:warning=  220 |     codec = avcodec_find_decoder(ctx->codec_ctx->codec_id);
[INFO] [stderr]   cargo:warning=      |           ^
[INFO] [stderr]   cargo:warning=src/libearwax.c:232:67: error: 'AVCodecContext' has no member named 'channel_layout'; did you mean 'ch_layout'?
[INFO] [stderr]   cargo:warning=  232 |     av_opt_set_int(ctx->swr, "in_channel_layout", ctx->codec_ctx->channel_layout, 0);
[INFO] [stderr]   cargo:warning=      |                                                                   ^~~~~~~~~~~~~~
[INFO] [stderr]   cargo:warning=      |                                                                   ch_layout
[INFO] [stderr]   cargo:warning=src/libearwax.c:247:25: error: 'AVCodecContext' has no member named 'channels'
[INFO] [stderr]   cargo:warning=  247 |         * ctx->codec_ctx->channels
[INFO] [stderr]   cargo:warning=      |                         ^~
[INFO] [stderr]   cargo:warning=src/libearwax.c: In function 'earwax_drop':
[INFO] [stderr]   cargo:warning=src/libearwax.c:275:9: error: implicit declaration of function 'av_free_packet'; did you mean 'av_get_packet'? [-Wimplicit-function-declaration]
[INFO] [stderr]   cargo:warning=  275 |         av_free_packet(&ctx->packet);
[INFO] [stderr]   cargo:warning=      |         ^~~~~~~~~~~~~~
[INFO] [stderr]   cargo:warning=      |         av_get_packet
[INFO] [stderr]   cargo:warning=src/libearwax.c: In function 'earwax_spit':
[INFO] [stderr]   cargo:warning=src/libearwax.c:306:22: error: implicit declaration of function 'avcodec_decode_audio4'; did you mean 'avcodec_decode_subtitle2'? [-Wimplicit-function-declaration]
[INFO] [stderr]   cargo:warning=  306 |         int bytes =  avcodec_decode_audio4(ctx->codec_ctx, ctx->frame, &got_frame, &(ctx->packet));
[INFO] [stderr]   cargo:warning=      |                      ^~~~~~~~~~~~~~~~~~~~~
[INFO] [stderr]   cargo:warning=      |                      avcodec_decode_subtitle2
[INFO] [stderr]   cargo:warning=src/libearwax.c: In function 'next_chunk':
[INFO] [stderr]   cargo:warning=src/libearwax.c:375:17: warning: pointer targets in assignment from 'uint8_t *' {aka 'unsigned char *'} to 'char *' differ in signedness [-Wpointer-sign]
[INFO] [stderr]   cargo:warning=  375 |     chunk->data = ctx->buffer;
[INFO] [stderr]   cargo:warning=      |                 ^
[INFO] [stderr]   cargo:warning=src/libearwax.c:376:54: error: 'AVFrame' has no member named 'channels'
[INFO] [stderr]   cargo:warning=  376 |     chunk->size = ctx->frame->nb_samples * ctx->frame->channels * sizeof(uint16_t);
[INFO] [stderr]   cargo:warning=      |                                                      ^~
[INFO] [stderr]   cargo:warning=src/libearwax.c:377:31: error: 'AVFrame' has no member named 'pkt_pts'; did you mean 'pkt_dts'?
[INFO] [stderr]   cargo:warning=  377 |     chunk->time = ctx->frame->pkt_pts;
[INFO] [stderr]   cargo:warning=      |                               ^~~~~~~
[INFO] [stderr]   cargo:warning=      |                               pkt_dts
[INFO] [stderr]   exit status: 1
[INFO] [stderr] 
[INFO] [stderr]   --- stderr
[INFO] [stderr] 
[INFO] [stderr]   thread 'main' (239) panicked at /opt/rustwide/cargo-home/registry/src/index.crates.io-1949cf8c6b5b557f/gcc-0.3.55/src/lib.rs:1672:5:
[INFO] [stderr] 
[INFO] [stderr] 
[INFO] [stderr]   Internal error occurred: Command "cc" "-O3" "-ffunction-sections" "-fdata-sections" "-fPIC" "-m64" "-Wall" "-Wextra" "-o" "/opt/rustwide/target/release/build/earwax/db8834bf37e539c4/out/src/libearwax.o" "-c" "src/libearwax.c" with args "cc" did not execute successfully (status code exit status: 1).
[INFO] [stderr] 
[INFO] [stderr] 
[INFO] [stderr]   stack backtrace:
[INFO] [stderr]      0:     0x55a8e42dbe21 - <<std[617be2ca0a6fd877]::sys::backtrace::BacktraceLock>::print::DisplayBacktrace as core[a373ad73a504971]::fmt::Display>::fmt
[INFO] [stderr]      1:     0x55a8e42ef43a - core[a373ad73a504971]::fmt::write
[INFO] [stderr]      2:     0x55a8e42e157c - <std[617be2ca0a6fd877]::sys::stdio::unix::Stderr as core[a373ad73a504971]::io::write::Write>::write_fmt
[INFO] [stderr]      3:     0x55a8e42ba1f6 - std[617be2ca0a6fd877]::panicking::default_hook::{closure#0}
[INFO] [stderr]      4:     0x55a8e42d64a1 - std[617be2ca0a6fd877]::panicking::default_hook
[INFO] [stderr]      5:     0x55a8e42d665b - std[617be2ca0a6fd877]::panicking::panic_with_hook
[INFO] [stderr]      6:     0x55a8e42ba2a2 - std[617be2ca0a6fd877]::panicking::panic_handler::{closure#0}
[INFO] [stderr]      7:     0x55a8e42b2f49 - std[617be2ca0a6fd877]::sys::backtrace::__rust_end_short_backtrace::<std[617be2ca0a6fd877]::panicking::panic_handler::{closure#0}, !>
[INFO] [stderr]      8:     0x55a8e42babad - __rustc[ea4f61d10b84890b]::rust_begin_unwind
[INFO] [stderr]      9:     0x55a8e42efbac - core[a373ad73a504971]::panicking::panic_fmt
[INFO] [stderr]     10:     0x55a8e4284ba7 - gcc[4a8c019493453f2b]::fail
[INFO] [stderr]     11:     0x55a8e428fc8d - <gcc[4a8c019493453f2b]::Build>::compile
[INFO] [stderr]     12:     0x55a8e4284203 - gcc[4a8c019493453f2b]::compile_library
[INFO] [stderr]     13:     0x55a8e428299f - build_script_build[d3e05dd4e852f843]::main
[INFO] [stderr]     14:     0x55a8e42829ab - <fn() as core[a373ad73a504971]::ops::function::FnOnce<()>>::call_once
[INFO] [stderr]     15:     0x55a8e428294e - std[617be2ca0a6fd877]::sys::backtrace::__rust_begin_short_backtrace::<fn(), ()>
[INFO] [stderr]     16:     0x55a8e4282959 - std[617be2ca0a6fd877]::rt::lang_start::<()>::{closure#0}
[INFO] [stderr]     17:     0x55a8e42d5918 - std[617be2ca0a6fd877]::rt::lang_start_internal
[INFO] [stderr]     18:     0x55a8e4282941 - std[617be2ca0a6fd877]::rt::lang_start::<()>
[INFO] [stderr]     19:     0x55a8e42829e5 - main
[INFO] [stderr]     20:     0x7683b48ae601 - <unknown>
[INFO] [stderr]     21:     0x7683b48ae718 - __libc_start_main
[INFO] [stderr]     22:     0x55a8e4282855 - _start
[INFO] [stderr]     23:                0x0 - <unknown>
[INFO] [stderr] warning: build failed, waiting for other jobs to finish...
[INFO] running `Command { std: "docker" "inspect" "fbde25232d161e98ea3fd24125444d77fbde79eb7f6cecadaf2d76f7d664a467", kill_on_drop: false }`
[INFO] running `Command { std: "docker" "rm" "-f" "fbde25232d161e98ea3fd24125444d77fbde79eb7f6cecadaf2d76f7d664a467", kill_on_drop: false }`
[INFO] [stdout] fbde25232d161e98ea3fd24125444d77fbde79eb7f6cecadaf2d76f7d664a467
