[INFO] fetching crate dynarmic-sys-mythrax 0.3.6...
[INFO] testing dynarmic-sys-mythrax-0.3.6 against 1.99.0-beta.8+cargoflags=--release for beta-release-1.100-2
[INFO] extracting crate dynarmic-sys-mythrax 0.3.6 into /workspace/builds/worker-5-tc1/source
[INFO] started tweaking crates.io crate dynarmic-sys-mythrax 0.3.6
[INFO] removed 0 missing examples
[INFO] finished tweaking crates.io crate dynarmic-sys-mythrax 0.3.6
[INFO] tweaked toml for crates.io crate dynarmic-sys-mythrax 0.3.6 written to /workspace/builds/worker-5-tc1/source/Cargo.toml
[INFO] validating manifest of crates.io crate dynarmic-sys-mythrax 0.3.6 on toolchain 1.99.0-beta.8
[INFO] running `Command { std: CARGO_HOME="/workspace/cargo-home" RUSTUP_HOME="/workspace/rustup-home" "/workspace/cargo-home/bin/cargo" "+1.99.0-beta.8" "metadata" "--manifest-path" "Cargo.toml" "--no-deps", kill_on_drop: false }`
[INFO] crate crates.io crate dynarmic-sys-mythrax 0.3.6 already has a lockfile, it will not be regenerated
[INFO] running `Command { std: CARGO_HOME="/workspace/cargo-home" RUSTUP_HOME="/workspace/rustup-home" "/workspace/cargo-home/bin/cargo" "+1.99.0-beta.8" "fetch" "--manifest-path" "Cargo.toml", kill_on_drop: false }`
[INFO] running `Command { std: "docker" "create" "-v" "/var/lib/crater-agent-workspace/builds/worker-5-tc1/source:/opt/rustwide/workdir:ro,Z" "-v" "/var/lib/crater-agent-workspace/builds/worker-5-tc1/target:/opt/rustwide/target:rw,Z" "-v" "/var/lib/crater-agent-workspace/cargo-home:/opt/rustwide/cargo-home:ro,Z" "-v" "/var/lib/crater-agent-workspace/rustup-home:/opt/rustwide/rustup-home:ro,Z" "-m" "1610612736" "--network" "none" "ghcr.io/rust-lang/crates-build-env/linux@sha256:77db811e55d90add9212f6832c23229e3de5f1c1f9905e8cb07319ea15df73ac" "sleep" "infinity", kill_on_drop: false }`
[INFO] [stdout] 9f6f1a654cc5df398bbbf0969e529019e1a260b5e2d17466c35b38691e573378
[INFO] running `Command { std: "docker" "start" "9f6f1a654cc5df398bbbf0969e529019e1a260b5e2d17466c35b38691e573378", kill_on_drop: false }`
[INFO] running `Command { std: "docker" "inspect" "9f6f1a654cc5df398bbbf0969e529019e1a260b5e2d17466c35b38691e573378", kill_on_drop: false }`
[INFO] running `Command { std: "docker" "exec" "-e" "SOURCE_DIR=/opt/rustwide/workdir" "-e" "CARGO_HOME=/opt/rustwide/cargo-home" "-e" "RUSTUP_HOME=/opt/rustwide/rustup-home" "-e" "CARGO_TARGET_DIR=/opt/rustwide/target" "-w" "/opt/rustwide/workdir" "--user" "0:0" "9f6f1a654cc5df398bbbf0969e529019e1a260b5e2d17466c35b38691e573378" "/opt/rustwide/cargo-home/bin/cargo" "+1.99.0-beta.8" "metadata" "--no-deps" "--format-version=1", kill_on_drop: false }`
[INFO] running `Command { std: "docker" "inspect" "9f6f1a654cc5df398bbbf0969e529019e1a260b5e2d17466c35b38691e573378", kill_on_drop: false }`
[INFO] running `Command { std: "docker" "exec" "-e" "SOURCE_DIR=/opt/rustwide/workdir" "-e" "CARGO_HOME=/opt/rustwide/cargo-home" "-e" "RUSTUP_HOME=/opt/rustwide/rustup-home" "-e" "CARGO_TARGET_DIR=/opt/rustwide/target" "-e" "CARGO_INCREMENTAL=0" "-e" "RUST_BACKTRACE=full" "-e" "RUSTFLAGS=--cap-lints=warn" "-e" "RUSTDOCFLAGS=--cap-lints=warn" "-w" "/opt/rustwide/workdir" "--user" "0:0" "9f6f1a654cc5df398bbbf0969e529019e1a260b5e2d17466c35b38691e573378" "/opt/rustwide/cargo-home/bin/cargo" "+1.99.0-beta.8" "build" "--frozen" "--message-format=json" "--release", kill_on_drop: false }`
[INFO] [stderr]    Compiling cc v1.7.0
[INFO] [stderr]    Compiling anyhow v1.0.104
[INFO] [stderr]    Compiling cmake v0.1.58
[INFO] [stderr]    Compiling dynarmic-sys-mythrax v0.3.6 (/opt/rustwide/workdir)
[INFO] [stderr] error: failed to run custom build command for `dynarmic-sys-mythrax v0.3.6 (/opt/rustwide/workdir)`
[INFO] [stderr] note: To improve backtraces for build dependencies, set the CARGO_PROFILE_RELEASE_BUILD_OVERRIDE_DEBUG=true environment variable to enable debug information generation.
[INFO] [stderr] 
[INFO] [stderr] Caused by:
[INFO] [stderr]   process didn't exit successfully: `/opt/rustwide/target/release/build/dynarmic-sys-mythrax-c5a7398125cf6724/build-script-build` (exit status: 101)
[INFO] [stderr]   --- stdout
[INFO] [stderr]   cargo:rerun-if-changed=vendor/dynarmic/dynarmic.cpp
[INFO] [stderr]   cargo:rerun-if-changed=vendor/dynarmic/dynarmic.h
[INFO] [stderr]   cargo:rerun-if-changed=vendor/dynarmic/backend/x64/a64_emit_x64.cpp
[INFO] [stderr]   cargo:rerun-if-changed=vendor/dynarmic/backend/x64/a64_interface.cpp
[INFO] [stderr]   cargo:rerun-if-changed=vendor/dynarmic/interface/A64/a64.h
[INFO] [stderr]   cargo:rerun-if-env-changed=DYNARMIC_NO_PKG_CONFIG
[INFO] [stderr]   cargo:rerun-if-env-changed=PKG_CONFIG_x86_64-unknown-linux-gnu
[INFO] [stderr]   cargo:rerun-if-env-changed=PKG_CONFIG_x86_64_unknown_linux_gnu
[INFO] [stderr]   cargo:rerun-if-env-changed=HOST_PKG_CONFIG
[INFO] [stderr]   cargo:rerun-if-env-changed=PKG_CONFIG
[INFO] [stderr]   cargo:rerun-if-env-changed=DYNARMIC_STATIC
[INFO] [stderr]   cargo:rerun-if-env-changed=DYNARMIC_DYNAMIC
[INFO] [stderr]   cargo:rerun-if-env-changed=PKG_CONFIG_ALL_STATIC
[INFO] [stderr]   cargo:rerun-if-env-changed=PKG_CONFIG_ALL_DYNAMIC
[INFO] [stderr]   cargo:rerun-if-env-changed=PKG_CONFIG_PATH_x86_64-unknown-linux-gnu
[INFO] [stderr]   cargo:rerun-if-env-changed=PKG_CONFIG_PATH_x86_64_unknown_linux_gnu
[INFO] [stderr]   cargo:rerun-if-env-changed=HOST_PKG_CONFIG_PATH
[INFO] [stderr]   cargo:rerun-if-env-changed=PKG_CONFIG_PATH
[INFO] [stderr]   cargo:rerun-if-env-changed=PKG_CONFIG_LIBDIR_x86_64-unknown-linux-gnu
[INFO] [stderr]   cargo:rerun-if-env-changed=PKG_CONFIG_LIBDIR_x86_64_unknown_linux_gnu
[INFO] [stderr]   cargo:rerun-if-env-changed=HOST_PKG_CONFIG_LIBDIR
[INFO] [stderr]   cargo:rerun-if-env-changed=PKG_CONFIG_LIBDIR
[INFO] [stderr]   cargo:rerun-if-env-changed=PKG_CONFIG_SYSROOT_DIR_x86_64-unknown-linux-gnu
[INFO] [stderr]   cargo:rerun-if-env-changed=PKG_CONFIG_SYSROOT_DIR_x86_64_unknown_linux_gnu
[INFO] [stderr]   cargo:rerun-if-env-changed=HOST_PKG_CONFIG_SYSROOT_DIR
[INFO] [stderr]   cargo:rerun-if-env-changed=PKG_CONFIG_SYSROOT_DIR
[INFO] [stderr]   pkg-config could not find dynarmic, building from source
[INFO] [stderr]   cargo:rerun-if-env-changed=CC_x86_64-unknown-linux-gnu
[INFO] [stderr]   CC_x86_64-unknown-linux-gnu = None
[INFO] [stderr]   cargo:rerun-if-env-changed=CC_x86_64_unknown_linux_gnu
[INFO] [stderr]   CC_x86_64_unknown_linux_gnu = None
[INFO] [stderr]   cargo:rerun-if-env-changed=HOST_CC
[INFO] [stderr]   HOST_CC = None
[INFO] [stderr]   cargo:rerun-if-env-changed=CC
[INFO] [stderr]   CC = None
[INFO] [stderr]   cargo:rerun-if-env-changed=CC_ENABLE_DEBUG_OUTPUT
[INFO] [stderr]   cargo:rerun-if-env-changed=CRATE_CC_NO_DEFAULTS
[INFO] [stderr]   CRATE_CC_NO_DEFAULTS = None
[INFO] [stderr]   cargo:rerun-if-env-changed=CFLAGS
[INFO] [stderr]   CFLAGS = None
[INFO] [stderr]   cargo:rerun-if-env-changed=HOST_CFLAGS
[INFO] [stderr]   HOST_CFLAGS = None
[INFO] [stderr]   cargo:rerun-if-env-changed=CFLAGS_x86_64_unknown_linux_gnu
[INFO] [stderr]   CFLAGS_x86_64_unknown_linux_gnu = None
[INFO] [stderr]   cargo:rerun-if-env-changed=CFLAGS_x86_64-unknown-linux-gnu
[INFO] [stderr]   CFLAGS_x86_64-unknown-linux-gnu = None
[INFO] [stderr]   cargo:rustc-link-arg=-Wl,-allow-multiple-definition
[INFO] [stderr]   CMAKE_TOOLCHAIN_FILE_x86_64-unknown-linux-gnu = None
[INFO] [stderr]   CMAKE_TOOLCHAIN_FILE_x86_64_unknown_linux_gnu = None
[INFO] [stderr]   HOST_CMAKE_TOOLCHAIN_FILE = None
[INFO] [stderr]   CMAKE_TOOLCHAIN_FILE = None
[INFO] [stderr]   1.13.2
[INFO] [stderr]   CMAKE_PREFIX_PATH_x86_64-unknown-linux-gnu = None
[INFO] [stderr]   CMAKE_PREFIX_PATH_x86_64_unknown_linux_gnu = None
[INFO] [stderr]   HOST_CMAKE_PREFIX_PATH = None
[INFO] [stderr]   CMAKE_PREFIX_PATH = None
[INFO] [stderr]   CMAKE_x86_64-unknown-linux-gnu = None
[INFO] [stderr]   CMAKE_x86_64_unknown_linux_gnu = None
[INFO] [stderr]   HOST_CMAKE = None
[INFO] [stderr]   CMAKE = None
[INFO] [stderr]   -- The C compiler identification is GNU 15.2.0
[INFO] [stderr]   -- The CXX compiler identification is GNU 15.2.0
[INFO] [stderr]   -- The ASM compiler identification is GNU
[INFO] [stderr]   -- Found assembler: /usr/bin/cc
[INFO] [stderr]   -- Detecting C compiler ABI info
[INFO] [stderr]   -- Detecting C compiler ABI info - done
[INFO] [stderr]   -- Check for working C compiler: /usr/bin/cc - skipped
[INFO] [stderr]   -- Detecting C compile features
[INFO] [stderr]   -- Detecting C compile features - done
[INFO] [stderr]   -- Detecting CXX compiler ABI info
[INFO] [stderr]   -- Detecting CXX compiler ABI info - done
[INFO] [stderr]   -- Check for working CXX compiler: /usr/bin/c++ - skipped
[INFO] [stderr]   -- Detecting CXX compile features
[INFO] [stderr]   -- Detecting CXX compile features - done
[INFO] [stderr]   -- Target architecture: x86_64
[INFO] [stderr]   -- Found Boost: /usr/lib/x86_64-linux-gnu/cmake/Boost-1.90.0/BoostConfig.cmake (found suitable version "1.90.0", minimum required is "1.57")
[INFO] [stderr]   -- Could NOT find tsl-robin-map (missing: tsl-robin-map_DIR)
[INFO] [stderr]   -- Could NOT find xbyak (missing: xbyak_DIR)
[INFO] [stderr]   -- Could NOT find Zydis (missing: Zydis_DIR)
[INFO] [stderr]   -- Version: 10.1.0
[INFO] [stderr]   -- Build type: Release
[INFO] [stderr]   -- Performing Test CMAKE_HAVE_LIBC_PTHREAD
[INFO] [stderr]   -- Performing Test CMAKE_HAVE_LIBC_PTHREAD - Success
[INFO] [stderr]   -- Found Threads: TRUE
[INFO] [stderr]   -- Configuring done (2.2s)
[INFO] [stderr]   -- Generating done (0.1s)
[INFO] [stderr]   -- Build files have been written to: /opt/rustwide/target/release/build/dynarmic-sys-mythrax-37f10430004abae7/out/build
[INFO] [stderr]   [1/229] Building C object dynarmic/externals/zydis/zycore/CMakeFiles/Zycore.dir/src/API/Process.c.o
[INFO] [stderr]   [2/229] Building C object dynarmic/externals/zydis/zycore/CMakeFiles/Zycore.dir/src/Zycore.c.o
[INFO] [stderr]   [3/229] Building C object dynarmic/externals/zydis/zycore/CMakeFiles/Zycore.dir/src/API/Memory.c.o
[INFO] [stderr]   [4/229] Building C object dynarmic/externals/zydis/zycore/CMakeFiles/Zycore.dir/src/Allocator.c.o
[INFO] [stderr]   [5/229] Building C object dynarmic/externals/zydis/zycore/CMakeFiles/Zycore.dir/src/API/Terminal.c.o
[INFO] [stderr]   [6/229] Building C object dynarmic/externals/zydis/zycore/CMakeFiles/Zycore.dir/src/API/Synchronization.c.o
[INFO] [stderr]   [7/229] Building C object dynarmic/externals/zydis/zycore/CMakeFiles/Zycore.dir/src/API/Thread.c.o
[INFO] [stderr]   [8/229] Building C object dynarmic/externals/zydis/CMakeFiles/Zydis.dir/src/MetaInfo.c.o
[INFO] [stderr]   [9/229] Building C object dynarmic/externals/zydis/zycore/CMakeFiles/Zycore.dir/src/ArgParse.c.o
[INFO] [stderr]   [10/229] Building C object dynarmic/externals/zydis/CMakeFiles/Zydis.dir/src/Register.c.o
[INFO] [stderr]   [11/229] Building C object dynarmic/externals/zydis/CMakeFiles/Zydis.dir/src/Zydis.c.o
[INFO] [stderr]   [12/229] Building C object dynarmic/externals/zydis/CMakeFiles/Zydis.dir/src/Mnemonic.c.o
[INFO] [stderr]   [13/229] Building C object dynarmic/externals/zydis/CMakeFiles/Zydis.dir/src/Segment.c.o
[INFO] [stderr]   [14/229] Building C object dynarmic/externals/zydis/zycore/CMakeFiles/Zycore.dir/src/Format.c.o
[INFO] [stderr]   [15/229] Building C object dynarmic/externals/zydis/CMakeFiles/Zydis.dir/src/Utils.c.o
[INFO] [stderr]   [16/229] Building C object dynarmic/externals/zydis/CMakeFiles/Zydis.dir/src/Disassembler.c.o
[INFO] [stderr]   [17/229] Building C object dynarmic/externals/zydis/CMakeFiles/Zydis.dir/src/String.c.o
[INFO] [stderr]   [18/229] Building C object dynarmic/externals/zydis/zycore/CMakeFiles/Zycore.dir/src/List.c.o
[INFO] [stderr]   [19/229] Building C object dynarmic/externals/zydis/zycore/CMakeFiles/Zycore.dir/src/Vector.c.o
[INFO] [stderr]   [20/229] Building C object dynarmic/externals/zydis/zycore/CMakeFiles/Zycore.dir/src/Bitset.c.o
[INFO] [stderr]   [21/229] Building C object dynarmic/externals/zydis/CMakeFiles/Zydis.dir/src/FormatterBuffer.c.o
[INFO] [stderr]   [22/229] Building C object dynarmic/externals/zydis/CMakeFiles/Zydis.dir/src/Formatter.c.o
[INFO] [stderr]   [23/229] Building C object dynarmic/externals/zydis/zycore/CMakeFiles/Zycore.dir/src/String.c.o
[INFO] [stderr]   [24/229] Building CXX object CMakeFiles/dynarmic.dir/dynarmic/common/crypto/aes.cpp.o
[INFO] [stderr]   [25/229] Building C object dynarmic/externals/zydis/CMakeFiles/Zydis.dir/src/DecoderData.c.o
[INFO] [stderr]   [26/229] Linking C static library dynarmic/externals/zydis/zycore/libZycore.a
[INFO] [stderr]   [27/229] Building C object dynarmic/externals/zydis/CMakeFiles/Zydis.dir/src/FormatterATT.c.o
[INFO] [stderr]   [28/229] Building C object dynarmic/externals/zydis/CMakeFiles/Zydis.dir/src/EncoderData.c.o
[INFO] [stderr]   [29/229] Building CXX object CMakeFiles/dynarmic.dir/dynarmic/common/crypto/crc32.cpp.o
[INFO] [stderr]   [30/229] Building CXX object CMakeFiles/dynarmic.dir/dynarmic/common/crypto/sm4.cpp.o
[INFO] [stderr]   [31/229] Building C object dynarmic/externals/zydis/CMakeFiles/Zydis.dir/src/FormatterIntel.c.o
[INFO] [stderr]   [32/229] Building C object dynarmic/externals/zydis/CMakeFiles/Zydis.dir/src/SharedData.c.o
[INFO] [stderr]   [33/229] Building CXX object CMakeFiles/dynarmic.dir/dynarmic/common/fp/fused.cpp.o
[INFO] [stderr]   [34/229] Building CXX object dynarmic/externals/mcl/src/CMakeFiles/mcl.dir/assert.cpp.o
[INFO] [stderr]   [35/229] Building CXX object dynarmic/externals/fmt/CMakeFiles/fmt.dir/src/os.cc.o
[INFO] [stderr]   [36/229] Building C object dynarmic/externals/zydis/CMakeFiles/Zydis.dir/src/Decoder.c.o
[INFO] [stderr]   [37/229] Building C object dynarmic/externals/zydis/CMakeFiles/Zydis.dir/src/FormatterBase.c.o
[INFO] [stderr]   [38/229] Building CXX object CMakeFiles/dynarmic.dir/dynarmic/common/fp/op/FPRecipExponent.cpp.o
[INFO] [stderr]   [39/229] Building CXX object CMakeFiles/dynarmic.dir/dynarmic/common/fp/op/FPConvert.cpp.o
[INFO] [stderr]   [40/229] Building CXX object CMakeFiles/dynarmic.dir/dynarmic/common/fp/op/FPCompare.cpp.o
[INFO] [stderr]   [41/229] Building CXX object CMakeFiles/dynarmic.dir/dynarmic/common/fp/op/FPMulAdd.cpp.o
[INFO] [stderr]   [42/229] Building C object dynarmic/externals/zydis/CMakeFiles/Zydis.dir/src/Encoder.c.o
[INFO] [stderr]   [43/229] Building CXX object CMakeFiles/dynarmic.dir/dynarmic/common/fp/op/FPRecipEstimate.cpp.o
[INFO] [stderr]   [44/229] Building CXX object CMakeFiles/dynarmic.dir/dynarmic/common/fp/op/FPRecipStepFused.cpp.o
[INFO] [stderr]   [45/229] Building CXX object CMakeFiles/dynarmic.dir/dynarmic/common/memory_pool.cpp.o
[INFO] [stderr]   [46/229] Building CXX object CMakeFiles/dynarmic.dir/dynarmic/common/fp/op/FPRSqrtEstimate.cpp.o
[INFO] [stderr]   [47/229] Building CXX object CMakeFiles/dynarmic.dir/dynarmic/common/fp/process_nan.cpp.o
[INFO] [stderr]   [48/229] Building CXX object CMakeFiles/dynarmic.dir/dynarmic/common/math_util.cpp.o
[INFO] [stderr]   [49/229] Building CXX object CMakeFiles/dynarmic.dir/dynarmic/backend/block_range_information.cpp.o
[INFO] [stderr]   FAILED: [code=1] CMakeFiles/dynarmic.dir/dynarmic/backend/block_range_information.cpp.o 
[INFO] [stderr]   /usr/bin/c++ -DDYNARMIC_ENABLE_CPU_FEATURE_DETECTION=1 -DFMT_USE_USER_DEFINED_LITERALS=1 -DZYCORE_STATIC_BUILD -DZYDIS_STATIC_BUILD -I/opt/rustwide/workdir/vendor -I/opt/rustwide/workdir/vendor/dynarmic/externals/xbyak -I/opt/rustwide/workdir/vendor/dynarmic/externals/zydis/include -I/opt/rustwide/target/release/build/dynarmic-sys-mythrax-37f10430004abae7/out/build/dynarmic/externals/zydis -I/opt/rustwide/workdir/vendor/dynarmic/externals/zycore/include -I/opt/rustwide/target/release/build/dynarmic-sys-mythrax-37f10430004abae7/out/build/dynarmic/externals/zydis/zycore -I/opt/rustwide/workdir/vendor/dynarmic/externals/fmt/include -I/opt/rustwide/workdir/vendor/dynarmic/externals/mcl/src/../include -I/opt/rustwide/workdir/vendor/dynarmic/externals/robin-map/include -ffunction-sections -fdata-sections -fPIC -m64 -w -O3 -DNDEBUG -std=c++20 -Wall -Wextra -Wcast-qual -pedantic -Wno-missing-braces -O3 -mcx16 -MD -MT CMakeFiles/dynarmic.dir/dynarmic/backend/block_range_information.cpp.o -MF CMakeFiles/dynarmic.dir/dynarmic/backend/block_range_information.cpp.o.d -o CMakeFiles/dynarmic.dir/dynarmic/backend/block_range_information.cpp.o -c /opt/rustwide/workdir/vendor/dynarmic/backend/block_range_information.cpp
[INFO] [stderr]   c++: fatal error: Killed signal terminated program cc1plus
[INFO] [stderr]   compilation terminated.
[INFO] [stderr]   [50/229] Building CXX object CMakeFiles/dynarmic.dir/dynarmic/dynarmic.cpp.o
[INFO] [stderr]   FAILED: [code=1] CMakeFiles/dynarmic.dir/dynarmic/dynarmic.cpp.o 
[INFO] [stderr]   /usr/bin/c++ -DDYNARMIC_ENABLE_CPU_FEATURE_DETECTION=1 -DFMT_USE_USER_DEFINED_LITERALS=1 -DZYCORE_STATIC_BUILD -DZYDIS_STATIC_BUILD -I/opt/rustwide/workdir/vendor -I/opt/rustwide/workdir/vendor/dynarmic/externals/xbyak -I/opt/rustwide/workdir/vendor/dynarmic/externals/zydis/include -I/opt/rustwide/target/release/build/dynarmic-sys-mythrax-37f10430004abae7/out/build/dynarmic/externals/zydis -I/opt/rustwide/workdir/vendor/dynarmic/externals/zycore/include -I/opt/rustwide/target/release/build/dynarmic-sys-mythrax-37f10430004abae7/out/build/dynarmic/externals/zydis/zycore -I/opt/rustwide/workdir/vendor/dynarmic/externals/fmt/include -I/opt/rustwide/workdir/vendor/dynarmic/externals/mcl/src/../include -I/opt/rustwide/workdir/vendor/dynarmic/externals/robin-map/include -ffunction-sections -fdata-sections -fPIC -m64 -w -O3 -DNDEBUG -std=c++20 -Wall -Wextra -Wcast-qual -pedantic -Wno-missing-braces -O3 -mcx16 -MD -MT CMakeFiles/dynarmic.dir/dynarmic/dynarmic.cpp.o -MF CMakeFiles/dynarmic.dir/dynarmic/dynarmic.cpp.o.d -o CMakeFiles/dynarmic.dir/dynarmic/dynarmic.cpp.o -c /opt/rustwide/workdir/vendor/dynarmic/dynarmic.cpp
[INFO] [stderr]   c++: fatal error: Killed signal terminated program cc1plus
[INFO] [stderr]   compilation terminated.
[INFO] [stderr]   [51/229] Building CXX object CMakeFiles/dynarmic.dir/dynarmic/common/llvm_disassemble.cpp.o
[INFO] [stderr]   [52/229] Building CXX object CMakeFiles/dynarmic.dir/dynarmic/common/fp/op/FPRSqrtStepFused.cpp.o
[INFO] [stderr]   [53/229] Building CXX object CMakeFiles/dynarmic.dir/dynarmic/common/fp/op/FPRoundInt.cpp.o
[INFO] [stderr]   [54/229] Building CXX object CMakeFiles/dynarmic.dir/dynarmic/frontend/A32/a32_types.cpp.o
[INFO] [stderr]   [55/229] Building CXX object CMakeFiles/dynarmic.dir/dynarmic/frontend/A64/a64_types.cpp.o
[INFO] [stderr]   [56/229] Building CXX object CMakeFiles/dynarmic.dir/dynarmic/common/fp/process_exception.cpp.o
[INFO] [stderr]   [57/229] Building CXX object CMakeFiles/dynarmic.dir/dynarmic/common/fp/unpacked.cpp.o
[INFO] [stderr]   [58/229] Building CXX object CMakeFiles/dynarmic.dir/dynarmic/common/fp/op/FPToFixed.cpp.o
[INFO] [stderr]   [59/229] Building CXX object CMakeFiles/dynarmic.dir/dynarmic/common/u128.cpp.o
[INFO] [stderr]   [60/229] Building CXX object CMakeFiles/dynarmic.dir/dynarmic/frontend/imm.cpp.o
[INFO] [stderr]   [61/229] Building CXX object CMakeFiles/dynarmic.dir/dynarmic/ir/location_descriptor.cpp.o
[INFO] [stderr]   [62/229] Building CXX object CMakeFiles/dynarmic.dir/dynarmic/ir/basic_block.cpp.o
[INFO] [stderr]   [63/229] Building CXX object CMakeFiles/dynarmic.dir/dynarmic/ir/ir_emitter.cpp.o
[INFO] [stderr]   [64/229] Building CXX object dynarmic/externals/fmt/CMakeFiles/fmt.dir/src/format.cc.o
[INFO] [stderr]   ninja: build stopped: subcommand failed.
[INFO] [stderr] 
[INFO] [stderr]   --- stderr
[INFO] [stderr]   running: cd "/opt/rustwide/target/release/build/dynarmic-sys-mythrax-37f10430004abae7/out/build" && CMAKE_PREFIX_PATH="" LC_ALL="C" "cmake" "/opt/rustwide/workdir/vendor" "-B" "/opt/rustwide/target/release/build/dynarmic-sys-mythrax-37f10430004abae7/out/build" "-G" "Ninja" "-DBUILD_TESTING=OFF" "-DMASTER_PROJECT=OFF" "-DDYNARMIC_USE_BUNDLED_EXTERNALS=ON" "-DDYNARMIC_USE_LLVM=OFF" "-DDYNARMIC_FRONTENDS=A32;A64" "-DCMAKE_BUILD_TYPE=Release" "-DCMAKE_INSTALL_PREFIX=/opt/rustwide/target/release/build/dynarmic-sys-mythrax-37f10430004abae7/out" "-DCMAKE_C_FLAGS= -ffunction-sections -fdata-sections -fPIC -m64 -w" "-DCMAKE_C_COMPILER=/usr/bin/cc" "-DCMAKE_CXX_FLAGS= -ffunction-sections -fdata-sections -fPIC -m64 -w" "-DCMAKE_CXX_COMPILER=/usr/bin/c++" "-DCMAKE_ASM_FLAGS= -ffunction-sections -fdata-sections -fPIC -m64 -w" "-DCMAKE_ASM_COMPILER=/usr/bin/cc"
[INFO] [stderr]   CMake Deprecation Warning at dynarmic/externals/xbyak/CMakeLists.txt:1 (cmake_minimum_required):
[INFO] [stderr]     Compatibility with CMake < 3.10 will be removed from a future version of
[INFO] [stderr]     CMake.
[INFO] [stderr] 
[INFO] [stderr]     Update the VERSION argument <min> value.  Or, use the <min>...<max> syntax
[INFO] [stderr]     to tell CMake that the project requires at least <min> but has been updated
[INFO] [stderr]     to work with policies introduced by <max> or earlier.
[INFO] [stderr] 
[INFO] [stderr] 
[INFO] [stderr]   CMake Deprecation Warning at dynarmic/externals/zydis/CMakeLists.txt:1 (cmake_minimum_required):
[INFO] [stderr]     Compatibility with CMake < 3.10 will be removed from a future version of
[INFO] [stderr]     CMake.
[INFO] [stderr] 
[INFO] [stderr]     Update the VERSION argument <min> value.  Or, use the <min>...<max> syntax
[INFO] [stderr]     to tell CMake that the project requires at least <min> but has been updated
[INFO] [stderr]     to work with policies introduced by <max> or earlier.
[INFO] [stderr] 
[INFO] [stderr] 
[INFO] [stderr]   CMake Deprecation Warning at dynarmic/externals/zycore/CMakeLists.txt:5 (cmake_minimum_required):
[INFO] [stderr]     Compatibility with CMake < 3.10 will be removed from a future version of
[INFO] [stderr]     CMake.
[INFO] [stderr] 
[INFO] [stderr]     Update the VERSION argument <min> value.  Or, use the <min>...<max> syntax
[INFO] [stderr]     to tell CMake that the project requires at least <min> but has been updated
[INFO] [stderr]     to work with policies introduced by <max> or earlier.
[INFO] [stderr] 
[INFO] [stderr] 
[INFO] [stderr]   running: cd "/opt/rustwide/target/release/build/dynarmic-sys-mythrax-37f10430004abae7/out/build" && LC_ALL="C" "cmake" "--build" "/opt/rustwide/target/release/build/dynarmic-sys-mythrax-37f10430004abae7/out/build" "--config" "Release" "--parallel" "16"
[INFO] [stderr] 
[INFO] [stderr]   thread 'main' (129) panicked at /opt/rustwide/cargo-home/registry/src/index.crates.io-1949cf8c6b5b557f/cmake-0.1.58/src/lib.rs:1132:5:
[INFO] [stderr] 
[INFO] [stderr]   command did not execute successfully, got: exit status: 1
[INFO] [stderr] 
[INFO] [stderr]   build script failed, must exit now
[INFO] [stderr]   stack backtrace:
[INFO] [stderr]      0:     0x5aa39c91f451 - <<std[70759c8f55707aa4]::sys::backtrace::BacktraceLock>::print::DisplayBacktrace as core[df12db4294e9bfd3]::fmt::Display>::fmt
[INFO] [stderr]      1:     0x5aa39c93369a - core[df12db4294e9bfd3]::fmt::write
[INFO] [stderr]      2:     0x5aa39c924fbc - <std[70759c8f55707aa4]::sys::stdio::unix::Stderr as core[df12db4294e9bfd3]::io::write::Write>::write_fmt
[INFO] [stderr]      3:     0x5aa39c8fd8c6 - std[70759c8f55707aa4]::panicking::default_hook::{closure#0}
[INFO] [stderr]      4:     0x5aa39c91a161 - std[70759c8f55707aa4]::panicking::default_hook
[INFO] [stderr]      5:     0x5aa39c91a31b - std[70759c8f55707aa4]::panicking::panic_with_hook
[INFO] [stderr]      6:     0x5aa39c8fd972 - std[70759c8f55707aa4]::panicking::panic_handler::{closure#0}
[INFO] [stderr]      7:     0x5aa39c8f64a9 - std[70759c8f55707aa4]::sys::backtrace::__rust_end_short_backtrace::<std[70759c8f55707aa4]::panicking::panic_handler::{closure#0}, !>
[INFO] [stderr]      8:     0x5aa39c8fe22d - __rustc[8fa7c3cbc660c2b3]::rust_begin_unwind
[INFO] [stderr]      9:     0x5aa39c933e0c - core[df12db4294e9bfd3]::panicking::panic_fmt
[INFO] [stderr]     10:     0x5aa39c854437 - cmake[971eba7f6e9137a4]::fail
[INFO] [stderr]     11:     0x5aa39c8540c3 - cmake[971eba7f6e9137a4]::run
[INFO] [stderr]     12:     0x5aa39c85a0a5 - <cmake[971eba7f6e9137a4]::Config>::build
[INFO] [stderr]     13:     0x5aa39c848bb9 - build_script_build[495dab243dcb0a94]::build_with_cmake
[INFO] [stderr]     14:     0x5aa39c84b085 - build_script_build[495dab243dcb0a94]::main
[INFO] [stderr]     15:     0x5aa39c84c893 - <fn() as core[df12db4294e9bfd3]::ops::function::FnOnce<()>>::call_once
[INFO] [stderr]     16:     0x5aa39c846996 - std[70759c8f55707aa4]::sys::backtrace::__rust_begin_short_backtrace::<fn(), ()>
[INFO] [stderr]     17:     0x5aa39c847169 - std[70759c8f55707aa4]::rt::lang_start::<()>::{closure#0}
[INFO] [stderr]     18:     0x5aa39c919089 - std[70759c8f55707aa4]::rt::lang_start_internal
[INFO] [stderr]     19:     0x5aa39c846331 - std[70759c8f55707aa4]::rt::lang_start::<()>
[INFO] [stderr]     20:     0x5aa39c84c935 - main
[INFO] [stderr]     21:     0x755567fc6601 - <unknown>
[INFO] [stderr]     22:     0x755567fc6718 - __libc_start_main
[INFO] [stderr]     23:     0x5aa39c845365 - _start
[INFO] [stderr]     24:                0x0 - <unknown>
[INFO] running `Command { std: "docker" "inspect" "9f6f1a654cc5df398bbbf0969e529019e1a260b5e2d17466c35b38691e573378", kill_on_drop: false }`
[INFO] running `Command { std: "docker" "rm" "-f" "9f6f1a654cc5df398bbbf0969e529019e1a260b5e2d17466c35b38691e573378", kill_on_drop: false }`
[INFO] [stdout] 9f6f1a654cc5df398bbbf0969e529019e1a260b5e2d17466c35b38691e573378
