[INFO] fetching crate dyn_list 0.2.1...
[INFO] testing dyn_list-0.2.1 against 1.99.0-beta.8+cargoflags=--release for beta-release-1.100-2
[INFO] extracting crate dyn_list 0.2.1 into /workspace/builds/worker-4-tc1/source
[INFO] started tweaking crates.io crate dyn_list 0.2.1
[INFO] removed 0 missing examples
[INFO] finished tweaking crates.io crate dyn_list 0.2.1
[INFO] tweaked toml for crates.io crate dyn_list 0.2.1 written to /workspace/builds/worker-4-tc1/source/Cargo.toml
[INFO] validating manifest of crates.io crate dyn_list 0.2.1 on toolchain 1.99.0-beta.8
[INFO] running `Command { std: CARGO_HOME="/workspace/cargo-home" RUSTUP_HOME="/workspace/rustup-home" "/workspace/cargo-home/bin/cargo" "+1.99.0-beta.8" "metadata" "--manifest-path" "Cargo.toml" "--no-deps", kill_on_drop: false }`
[INFO] crate crates.io crate dyn_list 0.2.1 already has a lockfile, it will not be regenerated
[INFO] running `Command { std: CARGO_HOME="/workspace/cargo-home" RUSTUP_HOME="/workspace/rustup-home" "/workspace/cargo-home/bin/cargo" "+1.99.0-beta.8" "fetch" "--manifest-path" "Cargo.toml", kill_on_drop: false }`
[INFO] [stderr]     Updating crates.io index
[INFO] [stderr]  Downloading crates ...
[INFO] [stderr]   Downloaded dynode v0.0.0
[INFO] running `Command { std: "docker" "create" "-v" "/var/lib/crater-agent-workspace/builds/worker-4-tc1/source:/opt/rustwide/workdir:ro,Z" "-v" "/var/lib/crater-agent-workspace/builds/worker-4-tc1/target:/opt/rustwide/target:rw,Z" "-v" "/var/lib/crater-agent-workspace/cargo-home:/opt/rustwide/cargo-home:ro,Z" "-v" "/var/lib/crater-agent-workspace/rustup-home:/opt/rustwide/rustup-home:ro,Z" "-m" "1610612736" "--network" "none" "ghcr.io/rust-lang/crates-build-env/linux@sha256:77db811e55d90add9212f6832c23229e3de5f1c1f9905e8cb07319ea15df73ac" "sleep" "infinity", kill_on_drop: false }`
[INFO] [stdout] 242205a34d1be2f3755d5298dcba9a758fc617fc34f694821337d372f55bb5df
[INFO] running `Command { std: "docker" "start" "242205a34d1be2f3755d5298dcba9a758fc617fc34f694821337d372f55bb5df", kill_on_drop: false }`
[INFO] running `Command { std: "docker" "inspect" "242205a34d1be2f3755d5298dcba9a758fc617fc34f694821337d372f55bb5df", kill_on_drop: false }`
[INFO] running `Command { std: "docker" "exec" "-e" "SOURCE_DIR=/opt/rustwide/workdir" "-e" "CARGO_HOME=/opt/rustwide/cargo-home" "-e" "RUSTUP_HOME=/opt/rustwide/rustup-home" "-e" "CARGO_TARGET_DIR=/opt/rustwide/target" "-w" "/opt/rustwide/workdir" "--user" "0:0" "242205a34d1be2f3755d5298dcba9a758fc617fc34f694821337d372f55bb5df" "/opt/rustwide/cargo-home/bin/cargo" "+1.99.0-beta.8" "metadata" "--no-deps" "--format-version=1", kill_on_drop: false }`
[INFO] running `Command { std: "docker" "inspect" "242205a34d1be2f3755d5298dcba9a758fc617fc34f694821337d372f55bb5df", kill_on_drop: false }`
[INFO] running `Command { std: "docker" "exec" "-e" "SOURCE_DIR=/opt/rustwide/workdir" "-e" "CARGO_HOME=/opt/rustwide/cargo-home" "-e" "RUSTUP_HOME=/opt/rustwide/rustup-home" "-e" "CARGO_TARGET_DIR=/opt/rustwide/target" "-e" "CARGO_INCREMENTAL=0" "-e" "RUST_BACKTRACE=full" "-e" "RUSTFLAGS=--cap-lints=warn" "-e" "RUSTDOCFLAGS=--cap-lints=warn" "-w" "/opt/rustwide/workdir" "--user" "0:0" "242205a34d1be2f3755d5298dcba9a758fc617fc34f694821337d372f55bb5df" "/opt/rustwide/cargo-home/bin/cargo" "+1.99.0-beta.8" "build" "--frozen" "--message-format=json" "--release", kill_on_drop: false }`
[INFO] [stderr]    Compiling dynode v0.0.0
[INFO] [stdout] error[E0554]: `#![feature]` may not be used on the beta release channel
[INFO] [stdout]  --> /opt/rustwide/cargo-home/registry/src/index.crates.io-1949cf8c6b5b557f/dynode-0.0.0/src/lib.rs:1:1
[INFO] [stdout]   |
[INFO] [stdout] 1 | / #![feature(
[INFO] [stdout] 2 | |     ptr_metadata,
[INFO] [stdout] 3 | |     layout_for_ptr,
[INFO] [stdout] 4 | |     allocator_api,
[INFO] [stdout] ... |
[INFO] [stdout] 8 | |     maybe_uninit_write_slice
[INFO] [stdout] 9 | | )]
[INFO] [stdout]   | |__^
[INFO] [stdout] 
[INFO] [stdout] 
[INFO] [stdout] error[E0599]: no associated function or constant named `copy_from_slice` found for union `MaybeUninit<T>` in the current scope
[INFO] [stdout]    --> /opt/rustwide/cargo-home/registry/src/index.crates.io-1949cf8c6b5b557f/dynode-0.0.0/src/maybe_uninit.rs:406:22
[INFO] [stdout]     |
[INFO] [stdout] 406 |         MaybeUninit::copy_from_slice(&mut dest[..len], &src[..len]);
[INFO] [stdout]     |                      ^^^^^^^^^^^^^^^ associated function or constant not found in `MaybeUninit<_>`
[INFO] [stdout]     |
[INFO] [stdout] note: if you're trying to build a new `MaybeUninit<_>` consider using one of the following associated functions:
[INFO] [stdout]       MaybeUninit::<T>::new
[INFO] [stdout]       MaybeUninit::<T>::uninit
[INFO] [stdout]       MaybeUninit::<T>::zeroed
[INFO] [stdout]    --> /rustc/dfb0accb7f508ae8be965d8629557221c889dd98/library/core/src/mem/maybe_uninit.rs:406:4
[INFO] [stdout] 
[INFO] [stdout] 
[INFO] [stdout] error[E0599]: no associated function or constant named `copy_from_slice` found for union `MaybeUninit<T>` in the current scope
[INFO] [stdout]    --> /opt/rustwide/cargo-home/registry/src/index.crates.io-1949cf8c6b5b557f/dynode-0.0.0/src/maybe_uninit.rs:486:22
[INFO] [stdout]     |
[INFO] [stdout] 486 |         MaybeUninit::copy_from_slice(&mut self.as_bytes_mut()[..len], &src.as_bytes()[..len]);
[INFO] [stdout]     |                      ^^^^^^^^^^^^^^^ associated function or constant not found in `MaybeUninit<_>`
[INFO] [stdout]     |
[INFO] [stdout] note: if you're trying to build a new `MaybeUninit<_>` consider using one of the following associated functions:
[INFO] [stdout]       MaybeUninit::<T>::new
[INFO] [stdout]       MaybeUninit::<T>::uninit
[INFO] [stdout]       MaybeUninit::<T>::zeroed
[INFO] [stdout]    --> /rustc/dfb0accb7f508ae8be965d8629557221c889dd98/library/core/src/mem/maybe_uninit.rs:406:4
[INFO] [stdout] 
[INFO] [stdout] 
[INFO] [stdout] Some errors have detailed explanations: E0554, E0599.
[INFO] [stdout] 
[INFO] [stdout] For more information about an error, try `rustc --explain E0554`.
[INFO] [stdout] 
[INFO] [stderr] error: could not compile `dynode` (lib) due to 3 previous errors
[INFO] running `Command { std: "docker" "inspect" "242205a34d1be2f3755d5298dcba9a758fc617fc34f694821337d372f55bb5df", kill_on_drop: false }`
[INFO] running `Command { std: "docker" "rm" "-f" "242205a34d1be2f3755d5298dcba9a758fc617fc34f694821337d372f55bb5df", kill_on_drop: false }`
[INFO] [stdout] 242205a34d1be2f3755d5298dcba9a758fc617fc34f694821337d372f55bb5df
