[INFO] fetching crate dxf-tools-rs 0.1.3...
[INFO] testing dxf-tools-rs-0.1.3 against 1.99.0-beta.8+cargoflags=--release for beta-release-1.100-2
[INFO] extracting crate dxf-tools-rs 0.1.3 into /workspace/builds/worker-0-tc1/source
[INFO] started tweaking crates.io crate dxf-tools-rs 0.1.3
[INFO] removed 0 missing tests
[INFO] finished tweaking crates.io crate dxf-tools-rs 0.1.3
[INFO] tweaked toml for crates.io crate dxf-tools-rs 0.1.3 written to /workspace/builds/worker-0-tc1/source/Cargo.toml
[INFO] validating manifest of crates.io crate dxf-tools-rs 0.1.3 on toolchain 1.99.0-beta.8
[INFO] running `Command { std: CARGO_HOME="/workspace/cargo-home" RUSTUP_HOME="/workspace/rustup-home" "/workspace/cargo-home/bin/cargo" "+1.99.0-beta.8" "metadata" "--manifest-path" "Cargo.toml" "--no-deps", kill_on_drop: false }`
[INFO] crate crates.io crate dxf-tools-rs 0.1.3 already has a lockfile, it will not be regenerated
[INFO] running `Command { std: CARGO_HOME="/workspace/cargo-home" RUSTUP_HOME="/workspace/rustup-home" "/workspace/cargo-home/bin/cargo" "+1.99.0-beta.8" "fetch" "--manifest-path" "Cargo.toml", kill_on_drop: false }`
[INFO] [stderr]  Downloading crates ...
[INFO] [stderr]   Downloaded zmij v1.0.16
[INFO] running `Command { std: "docker" "create" "-v" "/var/lib/crater-agent-workspace/builds/worker-0-tc1/source:/opt/rustwide/workdir:ro,Z" "-v" "/var/lib/crater-agent-workspace/builds/worker-0-tc1/target:/opt/rustwide/target:rw,Z" "-v" "/var/lib/crater-agent-workspace/cargo-home:/opt/rustwide/cargo-home:ro,Z" "-v" "/var/lib/crater-agent-workspace/rustup-home:/opt/rustwide/rustup-home:ro,Z" "-m" "1610612736" "--network" "none" "ghcr.io/rust-lang/crates-build-env/linux@sha256:77db811e55d90add9212f6832c23229e3de5f1c1f9905e8cb07319ea15df73ac" "sleep" "infinity", kill_on_drop: false }`
[INFO] [stdout] 3f2eb8707ec560901608440416973ef4c9da074f74d5c2497e56802366a2cc33
[INFO] running `Command { std: "docker" "start" "3f2eb8707ec560901608440416973ef4c9da074f74d5c2497e56802366a2cc33", kill_on_drop: false }`
[INFO] running `Command { std: "docker" "inspect" "3f2eb8707ec560901608440416973ef4c9da074f74d5c2497e56802366a2cc33", kill_on_drop: false }`
[INFO] running `Command { std: "docker" "exec" "-e" "SOURCE_DIR=/opt/rustwide/workdir" "-e" "CARGO_HOME=/opt/rustwide/cargo-home" "-e" "RUSTUP_HOME=/opt/rustwide/rustup-home" "-e" "CARGO_TARGET_DIR=/opt/rustwide/target" "-w" "/opt/rustwide/workdir" "--user" "0:0" "3f2eb8707ec560901608440416973ef4c9da074f74d5c2497e56802366a2cc33" "/opt/rustwide/cargo-home/bin/cargo" "+1.99.0-beta.8" "metadata" "--no-deps" "--format-version=1", kill_on_drop: false }`
[INFO] running `Command { std: "docker" "inspect" "3f2eb8707ec560901608440416973ef4c9da074f74d5c2497e56802366a2cc33", kill_on_drop: false }`
[INFO] running `Command { std: "docker" "exec" "-e" "SOURCE_DIR=/opt/rustwide/workdir" "-e" "CARGO_HOME=/opt/rustwide/cargo-home" "-e" "RUSTUP_HOME=/opt/rustwide/rustup-home" "-e" "CARGO_TARGET_DIR=/opt/rustwide/target" "-e" "CARGO_INCREMENTAL=0" "-e" "RUST_BACKTRACE=full" "-e" "RUSTFLAGS=--cap-lints=warn" "-e" "RUSTDOCFLAGS=--cap-lints=warn" "-w" "/opt/rustwide/workdir" "--user" "0:0" "3f2eb8707ec560901608440416973ef4c9da074f74d5c2497e56802366a2cc33" "/opt/rustwide/cargo-home/bin/cargo" "+1.99.0-beta.8" "build" "--frozen" "--message-format=json" "--release", kill_on_drop: false }`
[INFO] [stderr]    Compiling autocfg v1.5.0
[INFO] [stderr]    Compiling proc-macro2 v1.0.105
[INFO] [stderr]    Compiling unicode-ident v1.0.22
[INFO] [stderr]    Compiling quote v1.0.43
[INFO] [stderr]    Compiling crossbeam-utils v0.8.21
[INFO] [stderr]    Compiling cfg-if v1.0.4
[INFO] [stderr]    Compiling bytemuck v1.24.0
[INFO] [stderr]    Compiling libc v0.2.180
[INFO] [stderr]    Compiling paste v1.0.15
[INFO] [stderr]    Compiling typenum v1.19.0
[INFO] [stderr]    Compiling getrandom v0.3.4
[INFO] [stderr]    Compiling rayon-core v1.13.0
[INFO] [stderr]    Compiling zerocopy v0.8.33
[INFO] [stderr]    Compiling version_check v0.9.5
[INFO] [stderr]    Compiling crc32fast v1.5.0
[INFO] [stderr]    Compiling simd-adler32 v0.3.8
[INFO] [stderr]    Compiling anyhow v1.0.100
[INFO] [stderr]    Compiling rawpointer v0.2.1
[INFO] [stderr]    Compiling thiserror v1.0.69
[INFO] [stderr]    Compiling adler2 v2.0.1
[INFO] [stderr]    Compiling ahash v0.8.12
[INFO] [stderr]    Compiling miniz_oxide v0.8.9
[INFO] [stderr]    Compiling memchr v2.7.6
[INFO] [stderr]    Compiling either v1.15.0
[INFO] [stderr]    Compiling equivalent v1.0.2
[INFO] [stderr]    Compiling safe_arch v0.7.4
[INFO] [stderr]    Compiling hashbrown v0.16.1
[INFO] [stderr]    Compiling once_cell v1.21.3
[INFO] [stderr]    Compiling minimal-lexical v0.2.1
[INFO] [stderr]    Compiling encoding_rs v0.8.35
[INFO] [stderr]    Compiling bitflags v2.10.0
[INFO] [stderr]    Compiling num-traits v0.2.19
[INFO] [stderr]    Compiling matrixmultiply v0.3.10
[INFO] [stderr]    Compiling wide v0.7.33
[INFO] [stderr]    Compiling nom v7.1.3
[INFO] [stderr]    Compiling byteorder v1.5.0
[INFO] [stderr]    Compiling syn v2.0.114
[INFO] [stderr]    Compiling crossbeam-epoch v0.9.18
[INFO] [stderr]    Compiling flate2 v1.1.8
[INFO] [stderr]    Compiling indexmap v2.13.0
[INFO] [stderr]    Compiling crossbeam-deque v0.8.6
[INFO] [stderr]    Compiling num-complex v0.4.6
[INFO] [stderr]    Compiling approx v0.5.1
[INFO] [stderr]    Compiling num-integer v0.1.46
[INFO] [stderr]    Compiling num-rational v0.4.2
[INFO] [stderr]    Compiling rayon v1.11.0
[INFO] [stderr]    Compiling simba v0.8.1
[INFO] [stderr]    Compiling nalgebra-macros v0.2.2
[INFO] [stderr]    Compiling thiserror-impl v1.0.69
[INFO] [stderr]    Compiling nalgebra v0.32.6
[INFO] [stderr]    Compiling dxf-tools-rs v0.1.3 (/opt/rustwide/workdir)
[INFO] [stderr]     Finished `release` profile [optimized] target(s) in 43.94s
[INFO] running `Command { std: "docker" "inspect" "3f2eb8707ec560901608440416973ef4c9da074f74d5c2497e56802366a2cc33", kill_on_drop: false }`
[INFO] running `Command { std: "docker" "exec" "-e" "SOURCE_DIR=/opt/rustwide/workdir" "-e" "CARGO_HOME=/opt/rustwide/cargo-home" "-e" "RUSTUP_HOME=/opt/rustwide/rustup-home" "-e" "CARGO_TARGET_DIR=/opt/rustwide/target" "-e" "CARGO_INCREMENTAL=0" "-e" "RUST_BACKTRACE=full" "-e" "RUSTFLAGS=--cap-lints=warn" "-e" "RUSTDOCFLAGS=--cap-lints=warn" "-w" "/opt/rustwide/workdir" "--user" "0:0" "3f2eb8707ec560901608440416973ef4c9da074f74d5c2497e56802366a2cc33" "/opt/rustwide/cargo-home/bin/cargo" "+1.99.0-beta.8" "test" "--frozen" "--no-run" "--message-format=json" "--release", kill_on_drop: false }`
[INFO] [stderr]    Compiling libc v0.2.180
[INFO] [stderr]    Compiling num-traits v0.2.19
[INFO] [stderr]    Compiling getrandom v0.3.4
[INFO] [stderr]    Compiling zerocopy v0.8.33
[INFO] [stderr]    Compiling zerocopy-derive v0.8.33
[INFO] [stderr]    Compiling serde_core v1.0.228
[INFO] [stderr]    Compiling serde v1.0.228
[INFO] [stderr]    Compiling zmij v1.0.16
[INFO] [stderr]    Compiling bitflags v2.10.0
[INFO] [stderr]    Compiling rustix v1.1.3
[INFO] [stderr]    Compiling either v1.15.0
[INFO] [stderr]    Compiling serde_derive v1.0.228
[INFO] [stderr]    Compiling linux-raw-sys v0.11.0
[INFO] [stderr]    Compiling serde_json v1.0.149
[INFO] [stderr]    Compiling regex-syntax v0.8.8
[INFO] [stderr]    Compiling plotters-backend v0.3.7
[INFO] [stderr]    Compiling fastrand v2.3.0
[INFO] [stderr]    Compiling clap_lex v0.7.7
[INFO] [stderr]    Compiling anstyle v1.0.13
[INFO] [stderr]    Compiling ciborium-io v0.2.2
[INFO] [stderr]    Compiling itoa v1.0.17
[INFO] [stderr]    Compiling rayon v1.11.0
[INFO] [stderr]    Compiling itertools v0.10.5
[INFO] [stderr]    Compiling plotters-svg v0.3.7
[INFO] [stderr]    Compiling same-file v1.0.6
[INFO] [stderr]    Compiling clap_builder v4.5.54
[INFO] [stderr]    Compiling quick-error v1.2.3
[INFO] [stderr]    Compiling cast v0.3.0
[INFO] [stderr]    Compiling fnv v1.0.7
[INFO] [stderr]    Compiling bit-vec v0.8.0
[INFO] [stderr]    Compiling oorandom v11.1.5
[INFO] [stderr]    Compiling anes v0.1.6
[INFO] [stderr]    Compiling walkdir v2.5.0
[INFO] [stderr]    Compiling unarray v0.1.4
[INFO] [stderr]    Compiling bit-set v0.8.0
[INFO] [stderr]    Compiling wait-timeout v0.2.1
[INFO] [stderr]    Compiling is-terminal v0.4.17
[INFO] [stderr]    Compiling approx v0.5.1
[INFO] [stderr]    Compiling num-integer v0.1.46
[INFO] [stderr]    Compiling num-complex v0.4.6
[INFO] [stderr]    Compiling plotters v0.3.7
[INFO] [stderr]    Compiling rand_core v0.9.5
[INFO] [stderr]    Compiling num-rational v0.4.2
[INFO] [stderr]    Compiling rand_xorshift v0.4.0
[INFO] [stderr]    Compiling rand v0.9.2
[INFO] [stderr]    Compiling criterion-plot v0.5.0
[INFO] [stderr]    Compiling simba v0.8.1
[INFO] [stderr]    Compiling regex-automata v0.4.13
[INFO] [stderr]    Compiling clap v4.5.54
[INFO] [stderr]    Compiling tempfile v3.24.0
[INFO] [stderr]    Compiling rusty-fork v0.3.1
[INFO] [stderr]    Compiling half v2.7.1
[INFO] [stderr]    Compiling ppv-lite86 v0.2.21
[INFO] [stderr]    Compiling ahash v0.8.12
[INFO] [stderr]    Compiling ciborium-ll v0.2.2
[INFO] [stderr]    Compiling rand_chacha v0.9.0
[INFO] [stderr]    Compiling proptest v1.9.0
[INFO] [stderr]    Compiling ciborium v0.2.2
[INFO] [stderr]    Compiling regex v1.12.2
[INFO] [stderr]    Compiling tinytemplate v1.2.1
[INFO] [stderr]    Compiling criterion v0.5.1
[INFO] [stderr]    Compiling nalgebra v0.32.6
[INFO] [stderr]    Compiling dxf-tools-rs v0.1.3 (/opt/rustwide/workdir)
[INFO] [stdout] warning: value assigned to `x` is never read
[INFO] [stdout]   --> tests/all_entities_output_test.rs:91:5
[INFO] [stdout]    |
[INFO] [stdout] 91 |     x += spacing;
[INFO] [stdout]    |     ^^^^^^^^^^^^ this value is reassigned later and never used
[INFO] [stdout] ...
[INFO] [stdout] 94 |     x = 0.0;
[INFO] [stdout]    |     ------- `x` is overwritten here before the previous value is read
[INFO] [stdout]    |
[INFO] [stdout]    = note: `#[warn(unused_assignments)]` (part of `#[warn(unused)]`) on by default
[INFO] [stdout] 
[INFO] [stdout] 
[INFO] [stdout] warning: value assigned to `x` is never read
[INFO] [stdout]    --> tests/all_entities_output_test.rs:114:5
[INFO] [stdout]     |
[INFO] [stdout] 114 |     x += spacing;
[INFO] [stdout]     |     ^^^^^^^^^^^^ this value is reassigned later and never used
[INFO] [stdout] ...
[INFO] [stdout] 117 |     x = 0.0;
[INFO] [stdout]     |     ------- `x` is overwritten here before the previous value is read
[INFO] [stdout] 
[INFO] [stdout] 
[INFO] [stdout] warning: value assigned to `x` is never read
[INFO] [stdout]    --> tests/all_entities_output_test.rs:141:5
[INFO] [stdout]     |
[INFO] [stdout] 141 |     x += spacing;
[INFO] [stdout]     |     ^^^^^^^^^^^^ this value is reassigned later and never used
[INFO] [stdout] ...
[INFO] [stdout] 144 |     x = 0.0;
[INFO] [stdout]     |     ------- `x` is overwritten here before the previous value is read
[INFO] [stdout] 
[INFO] [stdout] 
[INFO] [stdout] warning: value assigned to `x` is never read
[INFO] [stdout]    --> tests/all_entities_output_test.rs:159:5
[INFO] [stdout]     |
[INFO] [stdout] 159 |     x += spacing;
[INFO] [stdout]     |     ^^^^^^^^^^^^ this value is reassigned later and never used
[INFO] [stdout] ...
[INFO] [stdout] 162 |     x = 0.0;
[INFO] [stdout]     |     ------- `x` is overwritten here before the previous value is read
[INFO] [stdout] 
[INFO] [stdout] 
[INFO] [stdout] warning: value assigned to `x` is never read
[INFO] [stdout]    --> tests/all_entities_output_test.rs:194:5
[INFO] [stdout]     |
[INFO] [stdout] 194 |     x += spacing;
[INFO] [stdout]     |     ^^^^^^^^^^^^ this value is reassigned later and never used
[INFO] [stdout] ...
[INFO] [stdout] 197 |     x = 0.0;
[INFO] [stdout]     |     ------- `x` is overwritten here before the previous value is read
[INFO] [stdout] 
[INFO] [stdout] 
[INFO] [stdout] warning: value assigned to `x` is never read
[INFO] [stdout]    --> tests/all_entities_output_test.rs:230:5
[INFO] [stdout]     |
[INFO] [stdout] 230 |     x += spacing;
[INFO] [stdout]     |     ^^^^^^^^^^^^ this value is reassigned later and never used
[INFO] [stdout] ...
[INFO] [stdout] 233 |     x = 0.0;
[INFO] [stdout]     |     ------- `x` is overwritten here before the previous value is read
[INFO] [stdout] 
[INFO] [stdout] 
[INFO] [stdout] warning: value assigned to `x` is never read
[INFO] [stdout]    --> tests/all_entities_output_test.rs:277:5
[INFO] [stdout]     |
[INFO] [stdout] 277 |     x += spacing;
[INFO] [stdout]     |     ^^^^^^^^^^^^ this value is reassigned later and never used
[INFO] [stdout] ...
[INFO] [stdout] 280 |     x = 0.0;
[INFO] [stdout]     |     ------- `x` is overwritten here before the previous value is read
[INFO] [stdout] 
[INFO] [stdout] 
[INFO] [stdout] warning: value assigned to `x` is never read
[INFO] [stdout]    --> tests/all_entities_output_test.rs:306:5
[INFO] [stdout]     |
[INFO] [stdout] 306 |     x += spacing;
[INFO] [stdout]     |     ^^^^^^^^^^^^ this value is reassigned later and never used
[INFO] [stdout] ...
[INFO] [stdout] 313 |     x += spacing;
[INFO] [stdout]     |     ------------ `x` is overwritten here before the previous value is read
[INFO] [stdout] 
[INFO] [stdout] 
[INFO] [stdout] warning: value assigned to `x` is never read
[INFO] [stdout]    --> tests/all_entities_output_test.rs:313:5
[INFO] [stdout]     |
[INFO] [stdout] 313 |     x += spacing;
[INFO] [stdout]     |     ^^^^^^^^^^^^ this value is reassigned later and never used
[INFO] [stdout] ...
[INFO] [stdout] 320 |     x += spacing;
[INFO] [stdout]     |     ------------ `x` is overwritten here before the previous value is read
[INFO] [stdout] 
[INFO] [stdout] 
[INFO] [stdout] warning: value assigned to `x` is never read
[INFO] [stdout]    --> tests/all_entities_output_test.rs:320:5
[INFO] [stdout]     |
[INFO] [stdout] 320 |     x += spacing;
[INFO] [stdout]     |     ^^^^^^^^^^^^ this value is reassigned later and never used
[INFO] [stdout] ...
[INFO] [stdout] 327 |     x += spacing;
[INFO] [stdout]     |     ------------ `x` is overwritten here before the previous value is read
[INFO] [stdout] 
[INFO] [stdout] 
[INFO] [stdout] warning: value assigned to `x` is never read
[INFO] [stdout]    --> tests/all_entities_output_test.rs:327:5
[INFO] [stdout]     |
[INFO] [stdout] 327 |     x += spacing;
[INFO] [stdout]     |     ^^^^^^^^^^^^ this value is reassigned later and never used
[INFO] [stdout] ...
[INFO] [stdout] 330 |     x = 0.0;
[INFO] [stdout]     |     ------- `x` is overwritten here before the previous value is read
[INFO] [stdout] 
[INFO] [stdout] 
[INFO] [stdout] warning: value assigned to `x` is never read
[INFO] [stdout]    --> tests/all_entities_output_test.rs:350:5
[INFO] [stdout]     |
[INFO] [stdout] 350 |     x += spacing;
[INFO] [stdout]     |     ^^^^^^^^^^^^ this value is reassigned later and never used
[INFO] [stdout] ...
[INFO] [stdout] 353 |     x = 0.0;
[INFO] [stdout]     |     ------- `x` is overwritten here before the previous value is read
[INFO] [stdout] 
[INFO] [stdout] 
[INFO] [stdout] error[E0599]: no variant, associated function, or constant named `Red` found for enum `dxf_tools_rs::Color` in the current scope
[INFO] [stdout]   --> tests/comprehensive_entity_test.rs:22:33
[INFO] [stdout]    |
[INFO] [stdout] 22 |     point.common.color = Color::Red;
[INFO] [stdout]    |                                 ^^^ variant, associated function, or constant not found in `dxf_tools_rs::Color`
[INFO] [stdout] 
[INFO] [stdout] 
[INFO] [stdout] error[E0599]: no variant, associated function, or constant named `Green` found for enum `dxf_tools_rs::Color` in the current scope
[INFO] [stdout]   --> tests/comprehensive_entity_test.rs:28:32
[INFO] [stdout]    |
[INFO] [stdout] 28 |     line.common.color = Color::Green;
[INFO] [stdout]    |                                ^^^^^ variant, associated function, or constant not found in `dxf_tools_rs::Color`
[INFO] [stdout] 
[INFO] [stdout] 
[INFO] [stdout] error[E0599]: no variant, associated function, or constant named `Blue` found for enum `dxf_tools_rs::Color` in the current scope
[INFO] [stdout]   --> tests/comprehensive_entity_test.rs:34:34
[INFO] [stdout]    |
[INFO] [stdout] 34 |     circle.common.color = Color::Blue;
[INFO] [stdout]    |                                  ^^^^ variant, associated function, or constant not found in `dxf_tools_rs::Color`
[INFO] [stdout] 
[INFO] [stdout] 
[INFO] [stdout] error[E0599]: no variant, associated function, or constant named `Yellow` found for enum `dxf_tools_rs::Color` in the current scope
[INFO] [stdout]   --> tests/comprehensive_entity_test.rs:40:31
[INFO] [stdout]    |
[INFO] [stdout] 40 |     arc.common.color = Color::Yellow;
[INFO] [stdout]    |                               ^^^^^^ variant, associated function, or constant not found in `dxf_tools_rs::Color`
[INFO] [stdout] 
[INFO] [stdout] 
[INFO] [stdout] error[E0599]: no variant, associated function, or constant named `Cyan` found for enum `dxf_tools_rs::Color` in the current scope
[INFO] [stdout]   --> tests/comprehensive_entity_test.rs:50:35
[INFO] [stdout]    |
[INFO] [stdout] 50 |     ellipse.common.color = Color::Cyan;
[INFO] [stdout]    |                                   ^^^^ variant, associated function, or constant not found in `dxf_tools_rs::Color`
[INFO] [stdout] 
[INFO] [stdout] 
[INFO] [stdout] error[E0599]: no variant, associated function, or constant named `Magenta` found for enum `dxf_tools_rs::Color` in the current scope
[INFO] [stdout]   --> tests/comprehensive_entity_test.rs:66:34
[INFO] [stdout]    |
[INFO] [stdout] 66 |     lwpoly.common.color = Color::Magenta;
[INFO] [stdout]    |                                  ^^^^^^^ variant, associated function, or constant not found in `dxf_tools_rs::Color`
[INFO] [stdout] 
[INFO] [stdout] 
[INFO] [stdout] error[E0615]: attempted to take value of method `is_closed` on type `dxf_tools_rs::entities::Polyline2D`
[INFO] [stdout]   --> tests/comprehensive_entity_test.rs:75:12
[INFO] [stdout]    |
[INFO] [stdout] 75 |     poly2d.is_closed = true;
[INFO] [stdout]    |            ^^^^^^^^^ method, not a field
[INFO] [stdout]    |
[INFO] [stdout]    = help: methods are immutable and cannot be assigned to
[INFO] [stdout] 
[INFO] [stdout] 
[INFO] [stdout] error[E0308]: mismatched types
[INFO] [stdout]    --> tests/comprehensive_entity_test.rs:82:23
[INFO] [stdout]     |
[INFO] [stdout]  82 |     poly3d.add_vertex(Vertex3DPolyline::new(Vector3::new(x, y, 0.0)));
[INFO] [stdout]     |            ---------- ^^^^^^^^^^^^^^^^^^^^^^^^^^^^^^^^^^^^^^^^^^^^^^ expected `Vector3`, found `Vertex3DPolyline`
[INFO] [stdout]     |            |
[INFO] [stdout]     |            arguments to this method are incorrect
[INFO] [stdout]     |
[INFO] [stdout] note: method defined here
[INFO] [stdout]    --> src/entities/polyline3d.rs:205:12
[INFO] [stdout]     |
[INFO] [stdout] 205 |     pub fn add_vertex(&mut self, position: Vector3) {
[INFO] [stdout]     |            ^^^^^^^^^^
[INFO] [stdout] 
[INFO] [stdout] 
[INFO] [stdout] error[E0308]: mismatched types
[INFO] [stdout]    --> tests/comprehensive_entity_test.rs:83:23
[INFO] [stdout]     |
[INFO] [stdout]  83 |     poly3d.add_vertex(Vertex3DPolyline::new(Vector3::new(x + 5.0, y + 5.0, 5.0)));
[INFO] [stdout]     |            ---------- ^^^^^^^^^^^^^^^^^^^^^^^^^^^^^^^^^^^^^^^^^^^^^^^^^^^^^^^^^^ expected `Vector3`, found `Vertex3DPolyline`
[INFO] [stdout]     |            |
[INFO] [stdout]     |            arguments to this method are incorrect
[INFO] [stdout]     |
[INFO] [stdout] note: method defined here
[INFO] [stdout]    --> src/entities/polyline3d.rs:205:12
[INFO] [stdout]     |
[INFO] [stdout] 205 |     pub fn add_vertex(&mut self, position: Vector3) {
[INFO] [stdout]     |            ^^^^^^^^^^
[INFO] [stdout] 
[INFO] [stdout] 
[INFO] [stdout] error[E0308]: mismatched types
[INFO] [stdout]    --> tests/comprehensive_entity_test.rs:84:23
[INFO] [stdout]     |
[INFO] [stdout]  84 |     poly3d.add_vertex(Vertex3DPolyline::new(Vector3::new(x + 10.0, y, 10.0)));
[INFO] [stdout]     |            ---------- ^^^^^^^^^^^^^^^^^^^^^^^^^^^^^^^^^^^^^^^^^^^^^^^^^^^^^^ expected `Vector3`, found `Vertex3DPolyline`
[INFO] [stdout]     |            |
[INFO] [stdout]     |            arguments to this method are incorrect
[INFO] [stdout]     |
[INFO] [stdout] note: method defined here
[INFO] [stdout]    --> src/entities/polyline3d.rs:205:12
[INFO] [stdout]     |
[INFO] [stdout] 205 |     pub fn add_vertex(&mut self, position: Vector3) {
[INFO] [stdout]     |            ^^^^^^^^^^
[INFO] [stdout] 
[INFO] [stdout] 
[INFO] [stdout] error[E0609]: no field `text_string` on type `dxf_tools_rs::Text`
[INFO] [stdout]    --> tests/comprehensive_entity_test.rs:110:10
[INFO] [stdout]     |
[INFO] [stdout] 110 |     text.text_string = "Simple Text".to_string();
[INFO] [stdout]     |          ^^^^^^^^^^^ unknown field
[INFO] [stdout]     |
[INFO] [stdout]     = note: available fields are: `common`, `value`, `insertion_point`, `alignment_point`, `height` ... and 7 others
[INFO] [stdout] 
[INFO] [stdout] 
[INFO] [stdout] error[E0609]: no field `first_alignment_point` on type `dxf_tools_rs::Text`
[INFO] [stdout]    --> tests/comprehensive_entity_test.rs:111:10
[INFO] [stdout]     |
[INFO] [stdout] 111 |     text.first_alignment_point = Vector3::new(x, y, 0.0);
[INFO] [stdout]     |          ^^^^^^^^^^^^^^^^^^^^^ unknown field
[INFO] [stdout]     |
[INFO] [stdout] help: a field with a similar name exists
[INFO] [stdout]     |
[INFO] [stdout] 111 -     text.first_alignment_point = Vector3::new(x, y, 0.0);
[INFO] [stdout] 111 +     text.alignment_point = Vector3::new(x, y, 0.0);
[INFO] [stdout]     |
[INFO] [stdout] 
[INFO] [stdout] 
[INFO] [stdout] error[E0599]: no variant, associated function, or constant named `Red` found for enum `dxf_tools_rs::Color` in the current scope
[INFO] [stdout]    --> tests/comprehensive_entity_test.rs:113:32
[INFO] [stdout]     |
[INFO] [stdout] 113 |     text.common.color = Color::Red;
[INFO] [stdout]     |                                ^^^ variant, associated function, or constant not found in `dxf_tools_rs::Color`
[INFO] [stdout] 
[INFO] [stdout] 
[INFO] [stdout] error[E0609]: no field `text` on type `dxf_tools_rs::MText`
[INFO] [stdout]    --> tests/comprehensive_entity_test.rs:119:11
[INFO] [stdout]     |
[INFO] [stdout] 119 |     mtext.text = "Multi-line\\PText\\PExample".to_string();
[INFO] [stdout]     |           ^^^^ unknown field
[INFO] [stdout]     |
[INFO] [stdout]     = note: available fields are: `common`, `value`, `insertion_point`, `height`, `rectangle_width` ... and 7 others
[INFO] [stdout] 
[INFO] [stdout] 
[INFO] [stdout] error[E0609]: no field `reference_rectangle_width` on type `dxf_tools_rs::MText`
[INFO] [stdout]    --> tests/comprehensive_entity_test.rs:122:11
[INFO] [stdout]     |
[INFO] [stdout] 122 |     mtext.reference_rectangle_width = 15.0;
[INFO] [stdout]     |           ^^^^^^^^^^^^^^^^^^^^^^^^^ unknown field
[INFO] [stdout]     |
[INFO] [stdout]     = note: available fields are: `common`, `value`, `insertion_point`, `height`, `rectangle_width` ... and 7 others
[INFO] [stdout] 
[INFO] [stdout] 
[INFO] [stdout] error[E0599]: no variant, associated function, or constant named `Blue` found for enum `dxf_tools_rs::Color` in the current scope
[INFO] [stdout]    --> tests/comprehensive_entity_test.rs:123:33
[INFO] [stdout]     |
[INFO] [stdout] 123 |     mtext.common.color = Color::Blue;
[INFO] [stdout]     |                                 ^^^^ variant, associated function, or constant not found in `dxf_tools_rs::Color`
[INFO] [stdout] 
[INFO] [stdout] 
[INFO] [stdout] error[E0061]: this function takes 4 arguments but 0 arguments were supplied
[INFO] [stdout]    --> tests/comprehensive_entity_test.rs:130:21
[INFO] [stdout]     |
[INFO] [stdout] 130 |     let mut solid = Solid::new();
[INFO] [stdout]     |                     ^^^^^^^^^^-- multiple arguments are missing
[INFO] [stdout]     |
[INFO] [stdout] note: associated function defined here
[INFO] [stdout]    --> src/entities/solid.rs:29:12
[INFO] [stdout]     |
[INFO] [stdout]  29 |     pub fn new(
[INFO] [stdout]     |            ^^^
[INFO] [stdout] help: provide the arguments
[INFO] [stdout]     |
[INFO] [stdout] 130 |     let mut solid = Solid::new(/* Vector3 */, /* Vector3 */, /* Vector3 */, /* Vector3 */);
[INFO] [stdout]     |                                ++++++++++++++++++++++++++++++++++++++++++++++++++++++++++
[INFO] [stdout] 
[INFO] [stdout] 
[INFO] [stdout] error[E0061]: this function takes 4 arguments but 0 arguments were supplied
[INFO] [stdout]    --> tests/comprehensive_entity_test.rs:140:22
[INFO] [stdout]     |
[INFO] [stdout] 140 |     let mut face3d = Face3D::new();
[INFO] [stdout]     |                      ^^^^^^^^^^^-- multiple arguments are missing
[INFO] [stdout]     |
[INFO] [stdout] note: associated function defined here
[INFO] [stdout]    --> src/entities/face3d.rs:109:12
[INFO] [stdout]     |
[INFO] [stdout] 109 |     pub fn new(
[INFO] [stdout]     |            ^^^
[INFO] [stdout] help: provide the arguments
[INFO] [stdout]     |
[INFO] [stdout] 140 |     let mut face3d = Face3D::new(/* Vector3 */, /* Vector3 */, /* Vector3 */, /* Vector3 */);
[INFO] [stdout]     |                                  ++++++++++++++++++++++++++++++++++++++++++++++++++++++++++
[INFO] [stdout] 
[INFO] [stdout] 
[INFO] [stdout] error[E0061]: this function takes 2 arguments but 0 arguments were supplied
[INFO] [stdout]    --> tests/comprehensive_entity_test.rs:156:19
[INFO] [stdout]     |
[INFO] [stdout] 156 |     let mut ray = Ray::new();
[INFO] [stdout]     |                   ^^^^^^^^-- two arguments of type `Vector3` and `Vector3` are missing
[INFO] [stdout]     |
[INFO] [stdout] note: associated function defined here
[INFO] [stdout]    --> src/entities/ray.rs:39:12
[INFO] [stdout]     |
[INFO] [stdout]  39 |     pub fn new(base_point: Vector3, direction: Vector3) -> Self {
[INFO] [stdout]     |            ^^^
[INFO] [stdout] help: provide the arguments
[INFO] [stdout]     |
[INFO] [stdout] 156 |     let mut ray = Ray::new(/* Vector3 */, /* Vector3 */);
[INFO] [stdout]     |                            ++++++++++++++++++++++++++++
[INFO] [stdout] 
[INFO] [stdout] 
[INFO] [stdout] error[E0609]: no field `start_point` on type `dxf_tools_rs::entities::Ray`
[INFO] [stdout]    --> tests/comprehensive_entity_test.rs:157:9
[INFO] [stdout]     |
[INFO] [stdout] 157 |     ray.start_point = Vector3::new(x, y, 0.0);
[INFO] [stdout]     |         ^^^^^^^^^^^ unknown field
[INFO] [stdout]     |
[INFO] [stdout]     = note: available fields are: `common`, `base_point`, `direction`
[INFO] [stdout] 
[INFO] [stdout] 
[INFO] [stdout] error[E0609]: no field `direction_vector` on type `dxf_tools_rs::entities::Ray`
[INFO] [stdout]    --> tests/comprehensive_entity_test.rs:158:9
[INFO] [stdout]     |
[INFO] [stdout] 158 |     ray.direction_vector = Vector3::new(1.0, 1.0, 0.0);
[INFO] [stdout]     |         ^^^^^^^^^^^^^^^^ unknown field
[INFO] [stdout]     |
[INFO] [stdout]     = note: available fields are: `common`, `base_point`, `direction`
[INFO] [stdout] 
[INFO] [stdout] 
[INFO] [stdout] error[E0061]: this function takes 2 arguments but 0 arguments were supplied
[INFO] [stdout]    --> tests/comprehensive_entity_test.rs:164:21
[INFO] [stdout]     |
[INFO] [stdout] 164 |     let mut xline = XLine::new();
[INFO] [stdout]     |                     ^^^^^^^^^^-- two arguments of type `Vector3` and `Vector3` are missing
[INFO] [stdout]     |
[INFO] [stdout] note: associated function defined here
[INFO] [stdout]    --> src/entities/xline.rs:40:12
[INFO] [stdout]     |
[INFO] [stdout]  40 |     pub fn new(base_point: Vector3, direction: Vector3) -> Self {
[INFO] [stdout]     |            ^^^
[INFO] [stdout] help: provide the arguments
[INFO] [stdout]     |
[INFO] [stdout] 164 |     let mut xline = XLine::new(/* Vector3 */, /* Vector3 */);
[INFO] [stdout]     |                                ++++++++++++++++++++++++++++
[INFO] [stdout] 
[INFO] [stdout] 
[INFO] [stdout] error[E0609]: no field `direction_vector` on type `dxf_tools_rs::entities::XLine`
[INFO] [stdout]    --> tests/comprehensive_entity_test.rs:166:11
[INFO] [stdout]     |
[INFO] [stdout] 166 |     xline.direction_vector = Vector3::new(1.0, 0.5, 0.0);
[INFO] [stdout]     |           ^^^^^^^^^^^^^^^^ unknown field
[INFO] [stdout]     |
[INFO] [stdout]     = note: available fields are: `common`, `base_point`, `direction`
[INFO] [stdout] 
[INFO] [stdout] 
[INFO] [stdout] error[E0599]: no variant, associated function, or constant named `new_aligned` found for enum `dxf_tools_rs::entities::Dimension` in the current scope
[INFO] [stdout]    --> tests/comprehensive_entity_test.rs:174:36
[INFO] [stdout]     |
[INFO] [stdout] 174 |     let mut dimension = Dimension::new_aligned(
[INFO] [stdout]     |                                    ^^^^^^^^^^^ variant, associated function, or constant not found in `dxf_tools_rs::entities::Dimension`
[INFO] [stdout] 
[INFO] [stdout] 
[INFO] [stdout] error[E0599]: no variant, associated function, or constant named `Green` found for enum `dxf_tools_rs::Color` in the current scope
[INFO] [stdout]    --> tests/comprehensive_entity_test.rs:179:37
[INFO] [stdout]     |
[INFO] [stdout] 179 |     dimension.common.color = Color::Green;
[INFO] [stdout]     |                                     ^^^^^ variant, associated function, or constant not found in `dxf_tools_rs::Color`
[INFO] [stdout] 
[INFO] [stdout] 
[INFO] [stdout] error[E0609]: no field `pattern_name` on type `dxf_tools_rs::entities::Hatch`
[INFO] [stdout]    --> tests/comprehensive_entity_test.rs:191:11
[INFO] [stdout]     |
[INFO] [stdout] 191 |     hatch.pattern_name = "SOLID".to_string();
[INFO] [stdout]     |           ^^^^^^^^^^^^ unknown field
[INFO] [stdout]     |
[INFO] [stdout] help: a field with a similar name exists
[INFO] [stdout]     |
[INFO] [stdout] 191 -     hatch.pattern_name = "SOLID".to_string();
[INFO] [stdout] 191 +     hatch.pattern_type = "SOLID".to_string();
[INFO] [stdout]     |
[INFO] [stdout] 
[INFO] [stdout] 
[INFO] [stdout] error[E0609]: no field `boundary_paths` on type `dxf_tools_rs::entities::Hatch`
[INFO] [stdout]    --> tests/comprehensive_entity_test.rs:215:11
[INFO] [stdout]     |
[INFO] [stdout] 215 |     hatch.boundary_paths.push(boundary);
[INFO] [stdout]     |           ^^^^^^^^^^^^^^ unknown field
[INFO] [stdout]     |
[INFO] [stdout]     = note: available fields are: `common`, `elevation`, `normal`, `pattern`, `is_solid` ... and 10 others
[INFO] [stdout] 
[INFO] [stdout] 
[INFO] [stdout] error[E0061]: this function takes 2 arguments but 0 arguments were supplied
[INFO] [stdout]    --> tests/comprehensive_entity_test.rs:223:22
[INFO] [stdout]     |
[INFO] [stdout] 223 |     let mut insert = Insert::new();
[INFO] [stdout]     |                      ^^^^^^^^^^^-- two arguments are missing
[INFO] [stdout]     |
[INFO] [stdout] note: associated function defined here
[INFO] [stdout]    --> src/entities/insert.rs:39:12
[INFO] [stdout]     |
[INFO] [stdout]  39 |     pub fn new(block_name: impl Into<String>, insert_point: Vector3) -> Self {
[INFO] [stdout]     |            ^^^
[INFO] [stdout] help: provide the arguments
[INFO] [stdout]     |
[INFO] [stdout] 223 |     let mut insert = Insert::new(/* block_name */, /* Vector3 */);
[INFO] [stdout]     |                                  +++++++++++++++++++++++++++++++
[INFO] [stdout] 
[INFO] [stdout] 
[INFO] [stdout] error[E0609]: no field `insertion_point` on type `dxf_tools_rs::entities::Insert`
[INFO] [stdout]    --> tests/comprehensive_entity_test.rs:225:12
[INFO] [stdout]     |
[INFO] [stdout] 225 |     insert.insertion_point = Vector3::new(x, y, 0.0);
[INFO] [stdout]     |            ^^^^^^^^^^^^^^^ unknown field
[INFO] [stdout]     |
[INFO] [stdout] help: a field with a similar name exists
[INFO] [stdout]     |
[INFO] [stdout] 225 -     insert.insertion_point = Vector3::new(x, y, 0.0);
[INFO] [stdout] 225 +     insert.insert_point = Vector3::new(x, y, 0.0);
[INFO] [stdout]     |
[INFO] [stdout] 
[INFO] [stdout] 
[INFO] [stdout] error[E0609]: no field `scale_x` on type `dxf_tools_rs::entities::Insert`
[INFO] [stdout]    --> tests/comprehensive_entity_test.rs:226:12
[INFO] [stdout]     |
[INFO] [stdout] 226 |     insert.scale_x = 1.0;
[INFO] [stdout]     |            ^^^^^^^ unknown field
[INFO] [stdout]     |
[INFO] [stdout] help: a field with a similar name exists
[INFO] [stdout]     |
[INFO] [stdout] 226 -     insert.scale_x = 1.0;
[INFO] [stdout] 226 +     insert.x_scale = 1.0;
[INFO] [stdout]     |
[INFO] [stdout] 
[INFO] [stdout] 
[INFO] [stdout] error[E0609]: no field `scale_y` on type `dxf_tools_rs::entities::Insert`
[INFO] [stdout]    --> tests/comprehensive_entity_test.rs:227:12
[INFO] [stdout]     |
[INFO] [stdout] 227 |     insert.scale_y = 1.0;
[INFO] [stdout]     |            ^^^^^^^ unknown field
[INFO] [stdout]     |
[INFO] [stdout] help: a field with a similar name exists
[INFO] [stdout]     |
[INFO] [stdout] 227 -     insert.scale_y = 1.0;
[INFO] [stdout] 227 +     insert.y_scale = 1.0;
[INFO] [stdout]     |
[INFO] [stdout] 
[INFO] [stdout] 
[INFO] [stdout] error[E0609]: no field `scale_z` on type `dxf_tools_rs::entities::Insert`
[INFO] [stdout]    --> tests/comprehensive_entity_test.rs:228:12
[INFO] [stdout]     |
[INFO] [stdout] 228 |     insert.scale_z = 1.0;
[INFO] [stdout]     |            ^^^^^^^ unknown field
[INFO] [stdout]     |
[INFO] [stdout] help: a field with a similar name exists
[INFO] [stdout]     |
[INFO] [stdout] 228 -     insert.scale_z = 1.0;
[INFO] [stdout] 228 +     insert.z_scale = 1.0;
[INFO] [stdout]     |
[INFO] [stdout] 
[INFO] [stdout] 
[INFO] [stdout] error[E0061]: this function takes 3 arguments but 0 arguments were supplied
[INFO] [stdout]    --> tests/comprehensive_entity_test.rs:235:22
[INFO] [stdout]     |
[INFO] [stdout] 235 |     let mut attdef = AttributeDefinition::new();
[INFO] [stdout]     |                      ^^^^^^^^^^^^^^^^^^^^^^^^-- three arguments of type `std::string::String`, `std::string::String`, and `std::string::String` are missing
[INFO] [stdout]     |
[INFO] [stdout] note: associated function defined here
[INFO] [stdout]    --> src/entities/attribute_definition.rs:217:12
[INFO] [stdout]     |
[INFO] [stdout] 217 |     pub fn new(tag: String, prompt: String, default_value: String) -> Self {
[INFO] [stdout]     |            ^^^
[INFO] [stdout] help: provide the arguments
[INFO] [stdout]     |
[INFO] [stdout] 235 |     let mut attdef = AttributeDefinition::new(/* String */, /* String */, /* String */);
[INFO] [stdout]     |                                               ++++++++++++++++++++++++++++++++++++++++
[INFO] [stdout] 
[INFO] [stdout] 
[INFO] [stdout] error[E0599]: no variant, associated function, or constant named `Yellow` found for enum `dxf_tools_rs::Color` in the current scope
[INFO] [stdout]    --> tests/comprehensive_entity_test.rs:241:34
[INFO] [stdout]     |
[INFO] [stdout] 241 |     attdef.common.color = Color::Yellow;
[INFO] [stdout]     |                                  ^^^^^^ variant, associated function, or constant not found in `dxf_tools_rs::Color`
[INFO] [stdout] 
[INFO] [stdout] 
[INFO] [stdout] error[E0061]: this function takes 2 arguments but 0 arguments were supplied
[INFO] [stdout]    --> tests/comprehensive_entity_test.rs:246:22
[INFO] [stdout]     |
[INFO] [stdout] 246 |     let mut attrib = AttributeEntity::new();
[INFO] [stdout]     |                      ^^^^^^^^^^^^^^^^^^^^-- two arguments of type `std::string::String` and `std::string::String` are missing
[INFO] [stdout]     |
[INFO] [stdout] note: associated function defined here
[INFO] [stdout]    --> src/entities/attribute_entity.rs:79:12
[INFO] [stdout]     |
[INFO] [stdout]  79 |     pub fn new(tag: String, value: String) -> Self {
[INFO] [stdout]     |            ^^^
[INFO] [stdout] help: provide the arguments
[INFO] [stdout]     |
[INFO] [stdout] 246 |     let mut attrib = AttributeEntity::new(/* String */, /* String */);
[INFO] [stdout]     |                                           ++++++++++++++++++++++++++
[INFO] [stdout] 
[INFO] [stdout] 
[INFO] [stdout] error[E0609]: no field `text_string` on type `dxf_tools_rs::entities::AttributeEntity`
[INFO] [stdout]    --> tests/comprehensive_entity_test.rs:248:12
[INFO] [stdout]     |
[INFO] [stdout] 248 |     attrib.text_string = "Attribute Value".to_string();
[INFO] [stdout]     |            ^^^^^^^^^^^ unknown field
[INFO] [stdout]     |
[INFO] [stdout]     = note: available fields are: `common`, `tag`, `value`, `insertion_point`, `alignment_point` ... and 16 others
[INFO] [stdout] 
[INFO] [stdout] 
[INFO] [stdout] error[E0599]: no variant, associated function, or constant named `Cyan` found for enum `dxf_tools_rs::Color` in the current scope
[INFO] [stdout]    --> tests/comprehensive_entity_test.rs:251:34
[INFO] [stdout]     |
[INFO] [stdout] 251 |     attrib.common.color = Color::Cyan;
[INFO] [stdout]     |                                  ^^^^ variant, associated function, or constant not found in `dxf_tools_rs::Color`
[INFO] [stdout] 
[INFO] [stdout] 
[INFO] [stdout] error[E0609]: no field `has_arrowhead` on type `dxf_tools_rs::entities::Leader`
[INFO] [stdout]    --> tests/comprehensive_entity_test.rs:268:12
[INFO] [stdout]     |
[INFO] [stdout] 268 |     leader.has_arrowhead = true;
[INFO] [stdout]     |            ^^^^^^^^^^^^^ unknown field
[INFO] [stdout]     |
[INFO] [stdout]     = note: available fields are: `common`, `dimension_style`, `arrow_enabled`, `path_type`, `creation_type` ... and 11 others
[INFO] [stdout] 
[INFO] [stdout] 
[INFO] [stdout] error[E0599]: no method named `with_content_type` found for struct `dxf_tools_rs::entities::MultiLeaderBuilder` in the current scope
[INFO] [stdout]    --> tests/comprehensive_entity_test.rs:275:10
[INFO] [stdout]     |
[INFO] [stdout] 274 |       let mut multileader = MultiLeaderBuilder::new()
[INFO] [stdout]     |  ___________________________-
[INFO] [stdout] 275 | |         .with_content_type(LeaderContentType::MText)
[INFO] [stdout]     | |         -^^^^^^^^^^^^^^^^^ method not found in `dxf_tools_rs::entities::MultiLeaderBuilder`
[INFO] [stdout]     | |_________|
[INFO] [stdout]     |
[INFO] [stdout] 
[INFO] [stdout] 
[INFO] [stdout] error[E0061]: this function takes 1 argument but 0 arguments were supplied
[INFO] [stdout]    --> tests/comprehensive_entity_test.rs:279:20
[INFO] [stdout]     |
[INFO] [stdout] 279 |     let mut root = LeaderRoot::new();
[INFO] [stdout]     |                    ^^^^^^^^^^^^^^^-- argument #1 of type `i32` is missing
[INFO] [stdout]     |
[INFO] [stdout] note: associated function defined here
[INFO] [stdout]    --> src/entities/multileader.rs:517:12
[INFO] [stdout]     |
[INFO] [stdout] 517 |     pub fn new(index: i32) -> Self {
[INFO] [stdout]     |            ^^^
[INFO] [stdout] help: provide the argument
[INFO] [stdout]     |
[INFO] [stdout] 279 |     let mut root = LeaderRoot::new(/* i32 */);
[INFO] [stdout]     |                                    +++++++++
[INFO] [stdout] 
[INFO] [stdout] 
[INFO] [stdout] error[E0061]: this function takes 1 argument but 0 arguments were supplied
[INFO] [stdout]    --> tests/comprehensive_entity_test.rs:280:20
[INFO] [stdout]     |
[INFO] [stdout] 280 |     let mut line = LeaderLine::new();
[INFO] [stdout]     |                    ^^^^^^^^^^^^^^^-- argument #1 of type `i32` is missing
[INFO] [stdout]     |
[INFO] [stdout] note: associated function defined here
[INFO] [stdout]    --> src/entities/multileader.rs:430:12
[INFO] [stdout]     |
[INFO] [stdout] 430 |     pub fn new(index: i32) -> Self {
[INFO] [stdout]     |            ^^^
[INFO] [stdout] help: provide the argument
[INFO] [stdout]     |
[INFO] [stdout] 280 |     let mut line = LeaderLine::new(/* i32 */);
[INFO] [stdout]     |                                    +++++++++
[INFO] [stdout] 
[INFO] [stdout] 
[INFO] [stdout] error[E0599]: no method named `with_justification` found for struct `dxf_tools_rs::entities::MLineBuilder` in the current scope
[INFO] [stdout]    --> tests/comprehensive_entity_test.rs:299:10
[INFO] [stdout]     |
[INFO] [stdout] 298 |       let mut mline = MLineBuilder::new()
[INFO] [stdout]     |  _____________________-
[INFO] [stdout] 299 | |         .with_justification(MLineJustification::Zero)
[INFO] [stdout]     | |_________-^^^^^^^^^^^^^^^^^^
[INFO] [stdout]     |
[INFO] [stdout] help: there is a method `justification` with a similar name
[INFO] [stdout]     |
[INFO] [stdout] 299 -         .with_justification(MLineJustification::Zero)
[INFO] [stdout] 299 +         .justification(MLineJustification::Zero)
[INFO] [stdout]     |
[INFO] [stdout] 
[INFO] [stdout] 
[INFO] [stdout] error[E0599]: no method named `with_subdivision_level` found for struct `dxf_tools_rs::entities::MeshBuilder` in the current scope
[INFO] [stdout]    --> tests/comprehensive_entity_test.rs:317:10
[INFO] [stdout]     |
[INFO] [stdout] 316 |       let mut mesh = MeshBuilder::new()
[INFO] [stdout]     |  ____________________-
[INFO] [stdout] 317 | |         .with_subdivision_level(0)
[INFO] [stdout]     | |_________-^^^^^^^^^^^^^^^^^^^^^^
[INFO] [stdout]     |
[INFO] [stdout] help: there is a method `subdivision_level` with a similar name
[INFO] [stdout]     |
[INFO] [stdout] 317 -         .with_subdivision_level(0)
[INFO] [stdout] 317 +         .subdivision_level(0)
[INFO] [stdout]     |
[INFO] [stdout] 
[INFO] [stdout] 
[INFO] [stdout] error[E0560]: struct `dxf_tools_rs::entities::MeshFace` has no field named `vertex_indices`
[INFO] [stdout]    --> tests/comprehensive_entity_test.rs:330:9
[INFO] [stdout]     |
[INFO] [stdout] 330 |         vertex_indices: vec![0, 1, 2],
[INFO] [stdout]     |         ^^^^^^^^^^^^^^ `dxf_tools_rs::entities::MeshFace` does not have this field
[INFO] [stdout]     |
[INFO] [stdout]     = note: available fields are: `vertices`
[INFO] [stdout] 
[INFO] [stdout] 
[INFO] [stdout] error[E0560]: struct `dxf_tools_rs::entities::MeshFace` has no field named `vertex_indices`
[INFO] [stdout]    --> tests/comprehensive_entity_test.rs:333:9
[INFO] [stdout]     |
[INFO] [stdout] 333 |         vertex_indices: vec![0, 1, 3],
[INFO] [stdout]     |         ^^^^^^^^^^^^^^ `dxf_tools_rs::entities::MeshFace` does not have this field
[INFO] [stdout]     |
[INFO] [stdout]     = note: available fields are: `vertices`
[INFO] [stdout] 
[INFO] [stdout] 
[INFO] [stdout] error[E0599]: no variant, associated function, or constant named `R2018` found for enum `dxf_tools_rs::entities::AcisVersion` in the current scope
[INFO] [stdout]    --> tests/comprehensive_entity_test.rs:343:31
[INFO] [stdout]     |
[INFO] [stdout] 343 |         version: AcisVersion::R2018,
[INFO] [stdout]     |                               ^^^^^ variant, associated function, or constant not found in `dxf_tools_rs::entities::AcisVersion`
[INFO] [stdout] 
[INFO] [stdout] 
[INFO] [stdout] error[E0560]: struct `dxf_tools_rs::entities::AcisData` has no field named `data`
[INFO] [stdout]    --> tests/comprehensive_entity_test.rs:344:9
[INFO] [stdout]     |
[INFO] [stdout] 344 |         data: vec!["Example ACIS solid data".to_string()],
[INFO] [stdout]     |         ^^^^ `dxf_tools_rs::entities::AcisData` does not have this field
[INFO] [stdout]     |
[INFO] [stdout]     = note: available fields are: `sat_data`, `sab_data`, `is_binary`
[INFO] [stdout] 
[INFO] [stdout] 
[INFO] [stdout] error[E0599]: no variant, associated function, or constant named `R2018` found for enum `dxf_tools_rs::entities::AcisVersion` in the current scope
[INFO] [stdout]    --> tests/comprehensive_entity_test.rs:353:31
[INFO] [stdout]     |
[INFO] [stdout] 353 |         version: AcisVersion::R2018,
[INFO] [stdout]     |                               ^^^^^ variant, associated function, or constant not found in `dxf_tools_rs::entities::AcisVersion`
[INFO] [stdout] 
[INFO] [stdout] 
[INFO] [stdout] error[E0560]: struct `dxf_tools_rs::entities::AcisData` has no field named `data`
[INFO] [stdout]    --> tests/comprehensive_entity_test.rs:354:9
[INFO] [stdout]     |
[INFO] [stdout] 354 |         data: vec!["Example ACIS region data".to_string()],
[INFO] [stdout]     |         ^^^^ `dxf_tools_rs::entities::AcisData` does not have this field
[INFO] [stdout]     |
[INFO] [stdout]     = note: available fields are: `sat_data`, `sab_data`, `is_binary`
[INFO] [stdout] 
[INFO] [stdout] 
[INFO] [stdout] error[E0599]: no variant, associated function, or constant named `R2018` found for enum `dxf_tools_rs::entities::AcisVersion` in the current scope
[INFO] [stdout]    --> tests/comprehensive_entity_test.rs:363:31
[INFO] [stdout]     |
[INFO] [stdout] 363 |         version: AcisVersion::R2018,
[INFO] [stdout]     |                               ^^^^^ variant, associated function, or constant not found in `dxf_tools_rs::entities::AcisVersion`
[INFO] [stdout] 
[INFO] [stdout] 
[INFO] [stdout] error[E0560]: struct `dxf_tools_rs::entities::AcisData` has no field named `data`
[INFO] [stdout]    --> tests/comprehensive_entity_test.rs:364:9
[INFO] [stdout]     |
[INFO] [stdout] 364 |         data: vec!["Example ACIS body data".to_string()],
[INFO] [stdout]     |         ^^^^ `dxf_tools_rs::entities::AcisData` does not have this field
[INFO] [stdout]     |
[INFO] [stdout]     = note: available fields are: `sat_data`, `sab_data`, `is_binary`
[INFO] [stdout] 
[INFO] [stdout] 
[INFO] [stdout] error[E0061]: this function takes 3 arguments but 0 arguments were supplied
[INFO] [stdout]    --> tests/comprehensive_entity_test.rs:377:22
[INFO] [stdout]     |
[INFO] [stdout] 377 |     let mut raster = RasterImageBuilder::new()
[INFO] [stdout]     |                      ^^^^^^^^^^^^^^^^^^^^^^^-- three arguments of type `&str`, `f64`, and `f64` are missing
[INFO] [stdout]     |
[INFO] [stdout] note: associated function defined here
[INFO] [stdout]    --> src/entities/raster_image.rs:722:12
[INFO] [stdout]     |
[INFO] [stdout] 722 |     pub fn new(file_path: &str, width_pixels: f64, height_pixels: f64) -> Self {
[INFO] [stdout]     |            ^^^
[INFO] [stdout] help: provide the arguments
[INFO] [stdout]     |
[INFO] [stdout] 377 |     let mut raster = RasterImageBuilder::new(/* &str */, /* f64 */, /* f64 */)
[INFO] [stdout]     |                                              ++++++++++++++++++++++++++++++++
[INFO] [stdout] 
[INFO] [stdout] 
[INFO] [stdout] error[E0599]: no method named `with_image_def_handle` found for struct `dxf_tools_rs::entities::RasterImageBuilder` in the current scope
[INFO] [stdout]    --> tests/comprehensive_entity_test.rs:378:10
[INFO] [stdout]     |
[INFO] [stdout] 377 |       let mut raster = RasterImageBuilder::new()
[INFO] [stdout]     |  ______________________-
[INFO] [stdout] 378 | |         .with_image_def_handle(Handle::new(0x100))
[INFO] [stdout]     | |         -^^^^^^^^^^^^^^^^^^^^^ method not found in `dxf_tools_rs::entities::RasterImageBuilder`
[INFO] [stdout]     | |_________|
[INFO] [stdout]     |
[INFO] [stdout] 
[INFO] [stdout] 
[INFO] [stdout] error[E0599]: no variant, associated function, or constant named `White` found for enum `dxf_tools_rs::Color` in the current scope
[INFO] [stdout]    --> tests/comprehensive_entity_test.rs:383:34
[INFO] [stdout]     |
[INFO] [stdout] 383 |     raster.common.color = Color::White;
[INFO] [stdout]     |                                  ^^^^^ variant, associated function, or constant not found in `dxf_tools_rs::Color`
[INFO] [stdout] 
[INFO] [stdout] 
[INFO] [stdout] error[E0061]: this function takes 2 arguments but 0 arguments were supplied
[INFO] [stdout]     --> tests/comprehensive_entity_test.rs:388:21
[INFO] [stdout]      |
[INFO] [stdout]  388 |     let mut table = TableBuilder::new()
[INFO] [stdout]      |                     ^^^^^^^^^^^^^^^^^-- two arguments of type `usize` and `usize` are missing
[INFO] [stdout]      |
[INFO] [stdout] note: associated function defined here
[INFO] [stdout]     --> src/entities/table.rs:1356:12
[INFO] [stdout]      |
[INFO] [stdout] 1356 |     pub fn new(rows: usize, cols: usize) -> Self {
[INFO] [stdout]      |            ^^^
[INFO] [stdout] help: provide the arguments
[INFO] [stdout]      |
[INFO] [stdout]  388 |     let mut table = TableBuilder::new(/* usize */, /* usize */)
[INFO] [stdout]      |                                       ++++++++++++++++++++++++
[INFO] [stdout] 
[INFO] [stdout] 
[INFO] [stdout] error[E0599]: no method named `with_insertion_point` found for struct `dxf_tools_rs::entities::TableBuilder` in the current scope
[INFO] [stdout]    --> tests/comprehensive_entity_test.rs:389:10
[INFO] [stdout]     |
[INFO] [stdout] 388 |       let mut table = TableBuilder::new()
[INFO] [stdout]     |  _____________________-
[INFO] [stdout] 389 | |         .with_insertion_point(Vector3::new(x, y, 0.0))
[INFO] [stdout]     | |         -^^^^^^^^^^^^^^^^^^^^ method not found in `dxf_tools_rs::entities::TableBuilder`
[INFO] [stdout]     | |_________|
[INFO] [stdout]     |
[INFO] [stdout] 
[INFO] [stdout] 
[INFO] [stdout] error[E0063]: missing fields `name` and `style` in initializer of `dxf_tools_rs::entities::TableColumn`
[INFO] [stdout]    --> tests/comprehensive_entity_test.rs:394:22
[INFO] [stdout]     |
[INFO] [stdout] 394 |     table.add_column(TableColumn {
[INFO] [stdout]     |                      ^^^^^^^^^^^ missing `name` and `style`
[INFO] [stdout] 
[INFO] [stdout] 
[INFO] [stdout] error[E0063]: missing fields `name` and `style` in initializer of `dxf_tools_rs::entities::TableColumn`
[INFO] [stdout]    --> tests/comprehensive_entity_test.rs:398:22
[INFO] [stdout]     |
[INFO] [stdout] 398 |     table.add_column(TableColumn {
[INFO] [stdout]     |                      ^^^^^^^^^^^ missing `name` and `style`
[INFO] [stdout] 
[INFO] [stdout] 
[INFO] [stdout] error[E0599]: no associated function or constant named `new_text` found for struct `dxf_tools_rs::entities::TableCell` in the current scope
[INFO] [stdout]    --> tests/comprehensive_entity_test.rs:406:24
[INFO] [stdout]     |
[INFO] [stdout] 406 |             TableCell::new_text("A1".to_string()),
[INFO] [stdout]     |                        ^^^^^^^^ associated function or constant not found in `dxf_tools_rs::entities::TableCell`
[INFO] [stdout]     |
[INFO] [stdout] note: if you're trying to build a new `dxf_tools_rs::entities::TableCell` consider using one of the following associated functions:
[INFO] [stdout]       dxf_tools_rs::entities::TableCell::new
[INFO] [stdout]       dxf_tools_rs::entities::TableCell::text
[INFO] [stdout]       dxf_tools_rs::entities::TableCell::block
[INFO] [stdout]    --> src/entities/table.rs:743:5
[INFO] [stdout]     |
[INFO] [stdout] 743 |     pub fn new() -> Self {
[INFO] [stdout]     |     ^^^^^^^^^^^^^^^^^^^^
[INFO] [stdout] ...
[INFO] [stdout] 763 |     pub fn text(s: &str) -> Self {
[INFO] [stdout]     |     ^^^^^^^^^^^^^^^^^^^^^^^^^^^^
[INFO] [stdout] ...
[INFO] [stdout] 770 |     pub fn block(block_handle: Handle) -> Self {
[INFO] [stdout]     |     ^^^^^^^^^^^^^^^^^^^^^^^^^^^^^^^^^^^^^^^^^^
[INFO] [stdout] help: there is an associated function `text` with a similar name
[INFO] [stdout]     |
[INFO] [stdout] 406 -             TableCell::new_text("A1".to_string()),
[INFO] [stdout] 406 +             TableCell::text("A1".to_string()),
[INFO] [stdout]     |
[INFO] [stdout] 
[INFO] [stdout] 
[INFO] [stdout] error[E0599]: no associated function or constant named `new_text` found for struct `dxf_tools_rs::entities::TableCell` in the current scope
[INFO] [stdout]    --> tests/comprehensive_entity_test.rs:407:24
[INFO] [stdout]     |
[INFO] [stdout] 407 |             TableCell::new_text("B1".to_string()),
[INFO] [stdout]     |                        ^^^^^^^^ associated function or constant not found in `dxf_tools_rs::entities::TableCell`
[INFO] [stdout]     |
[INFO] [stdout] note: if you're trying to build a new `dxf_tools_rs::entities::TableCell` consider using one of the following associated functions:
[INFO] [stdout]       dxf_tools_rs::entities::TableCell::new
[INFO] [stdout]       dxf_tools_rs::entities::TableCell::text
[INFO] [stdout]       dxf_tools_rs::entities::TableCell::block
[INFO] [stdout]    --> src/entities/table.rs:743:5
[INFO] [stdout]     |
[INFO] [stdout] 743 |     pub fn new() -> Self {
[INFO] [stdout]     |     ^^^^^^^^^^^^^^^^^^^^
[INFO] [stdout] ...
[INFO] [stdout] 763 |     pub fn text(s: &str) -> Self {
[INFO] [stdout]     |     ^^^^^^^^^^^^^^^^^^^^^^^^^^^^
[INFO] [stdout] ...
[INFO] [stdout] 770 |     pub fn block(block_handle: Handle) -> Self {
[INFO] [stdout]     |     ^^^^^^^^^^^^^^^^^^^^^^^^^^^^^^^^^^^^^^^^^^
[INFO] [stdout] help: there is an associated function `text` with a similar name
[INFO] [stdout]     |
[INFO] [stdout] 407 -             TableCell::new_text("B1".to_string()),
[INFO] [stdout] 407 +             TableCell::text("B1".to_string()),
[INFO] [stdout]     |
[INFO] [stdout] 
[INFO] [stdout] 
[INFO] [stdout] error[E0063]: missing fields `custom_data` and `style` in initializer of `dxf_tools_rs::entities::TableRow`
[INFO] [stdout]    --> tests/comprehensive_entity_test.rs:403:19
[INFO] [stdout]     |
[INFO] [stdout] 403 |     table.add_row(TableRow {
[INFO] [stdout]     |                   ^^^^^^^^ missing `custom_data` and `style`
[INFO] [stdout] 
[INFO] [stdout] 
[INFO] [stdout] error[E0599]: no associated function or constant named `new_text` found for struct `dxf_tools_rs::entities::TableCell` in the current scope
[INFO] [stdout]    --> tests/comprehensive_entity_test.rs:413:24
[INFO] [stdout]     |
[INFO] [stdout] 413 |             TableCell::new_text("A2".to_string()),
[INFO] [stdout]     |                        ^^^^^^^^ associated function or constant not found in `dxf_tools_rs::entities::TableCell`
[INFO] [stdout]     |
[INFO] [stdout] note: if you're trying to build a new `dxf_tools_rs::entities::TableCell` consider using one of the following associated functions:
[INFO] [stdout]       dxf_tools_rs::entities::TableCell::new
[INFO] [stdout]       dxf_tools_rs::entities::TableCell::text
[INFO] [stdout]       dxf_tools_rs::entities::TableCell::block
[INFO] [stdout]    --> src/entities/table.rs:743:5
[INFO] [stdout]     |
[INFO] [stdout] 743 |     pub fn new() -> Self {
[INFO] [stdout]     |     ^^^^^^^^^^^^^^^^^^^^
[INFO] [stdout] ...
[INFO] [stdout] 763 |     pub fn text(s: &str) -> Self {
[INFO] [stdout]     |     ^^^^^^^^^^^^^^^^^^^^^^^^^^^^
[INFO] [stdout] ...
[INFO] [stdout] 770 |     pub fn block(block_handle: Handle) -> Self {
[INFO] [stdout]     |     ^^^^^^^^^^^^^^^^^^^^^^^^^^^^^^^^^^^^^^^^^^
[INFO] [stdout] help: there is an associated function `text` with a similar name
[INFO] [stdout]     |
[INFO] [stdout] 413 -             TableCell::new_text("A2".to_string()),
[INFO] [stdout] 413 +             TableCell::text("A2".to_string()),
[INFO] [stdout]     |
[INFO] [stdout] 
[INFO] [stdout] 
[INFO] [stdout] error[E0599]: no associated function or constant named `new_text` found for struct `dxf_tools_rs::entities::TableCell` in the current scope
[INFO] [stdout]    --> tests/comprehensive_entity_test.rs:414:24
[INFO] [stdout]     |
[INFO] [stdout] 414 |             TableCell::new_text("B2".to_string()),
[INFO] [stdout]     |                        ^^^^^^^^ associated function or constant not found in `dxf_tools_rs::entities::TableCell`
[INFO] [stdout]     |
[INFO] [stdout] note: if you're trying to build a new `dxf_tools_rs::entities::TableCell` consider using one of the following associated functions:
[INFO] [stdout]       dxf_tools_rs::entities::TableCell::new
[INFO] [stdout]       dxf_tools_rs::entities::TableCell::text
[INFO] [stdout]       dxf_tools_rs::entities::TableCell::block
[INFO] [stdout]    --> src/entities/table.rs:743:5
[INFO] [stdout]     |
[INFO] [stdout] 743 |     pub fn new() -> Self {
[INFO] [stdout]     |     ^^^^^^^^^^^^^^^^^^^^
[INFO] [stdout] ...
[INFO] [stdout] 763 |     pub fn text(s: &str) -> Self {
[INFO] [stdout]     |     ^^^^^^^^^^^^^^^^^^^^^^^^^^^^
[INFO] [stdout] ...
[INFO] [stdout] 770 |     pub fn block(block_handle: Handle) -> Self {
[INFO] [stdout]     |     ^^^^^^^^^^^^^^^^^^^^^^^^^^^^^^^^^^^^^^^^^^
[INFO] [stdout] help: there is an associated function `text` with a similar name
[INFO] [stdout]     |
[INFO] [stdout] 414 -             TableCell::new_text("B2".to_string()),
[INFO] [stdout] 414 +             TableCell::text("B2".to_string()),
[INFO] [stdout]     |
[INFO] [stdout] 
[INFO] [stdout] 
[INFO] [stdout] error[E0063]: missing fields `custom_data` and `style` in initializer of `dxf_tools_rs::entities::TableRow`
[INFO] [stdout]    --> tests/comprehensive_entity_test.rs:410:19
[INFO] [stdout]     |
[INFO] [stdout] 410 |     table.add_row(TableRow {
[INFO] [stdout]     |                   ^^^^^^^^ missing `custom_data` and `style`
[INFO] [stdout] 
[INFO] [stdout] 
[INFO] [stdout] error[E0609]: no field `direction_vector` on type `dxf_tools_rs::entities::Tolerance`
[INFO] [stdout]    --> tests/comprehensive_entity_test.rs:426:15
[INFO] [stdout]     |
[INFO] [stdout] 426 |     tolerance.direction_vector = Vector3::UNIT_X;
[INFO] [stdout]     |               ^^^^^^^^^^^^^^^^ unknown field
[INFO] [stdout]     |
[INFO] [stdout]     = note: available fields are: `common`, `insertion_point`, `direction`, `normal`, `text` ... and 4 others
[INFO] [stdout] 
[INFO] [stdout] 
[INFO] [stdout] error[E0560]: struct `dxf_tools_rs::entities::PolyfaceFace` has no field named `vertex_indices`
[INFO] [stdout]    --> tests/comprehensive_entity_test.rs:448:9
[INFO] [stdout]     |
[INFO] [stdout] 448 |         vertex_indices: vec![1, 2, 3, 4],
[INFO] [stdout]     |         ^^^^^^^^^^^^^^ `dxf_tools_rs::entities::PolyfaceFace` does not have this field
[INFO] [stdout]     |
[INFO] [stdout]     = note: available fields are: `common`, `flags`, `index1`, `index2`, `index3`, `index4`
[INFO] [stdout] 
[INFO] [stdout] 
[INFO] [stdout] error[E0609]: no field `boundary_points` on type `dxf_tools_rs::entities::Wipeout`
[INFO] [stdout]    --> tests/comprehensive_entity_test.rs:461:13
[INFO] [stdout]     |
[INFO] [stdout] 461 |     wipeout.boundary_points = vec![
[INFO] [stdout]     |             ^^^^^^^^^^^^^^^ unknown field
[INFO] [stdout]     |
[INFO] [stdout]     = note: available fields are: `common`, `class_version`, `insertion_point`, `u_vector`, `v_vector` ... and 11 others
[INFO] [stdout] 
[INFO] [stdout] 
[INFO] [stdout] error[E0599]: no variant, associated function, or constant named `White` found for enum `dxf_tools_rs::Color` in the current scope
[INFO] [stdout]    --> tests/comprehensive_entity_test.rs:468:35
[INFO] [stdout]     |
[INFO] [stdout] 468 |     wipeout.common.color = Color::White;
[INFO] [stdout]     |                                   ^^^^^ variant, associated function, or constant not found in `dxf_tools_rs::Color`
[INFO] [stdout] 
[INFO] [stdout] 
[INFO] [stdout] error[E0609]: no field `name` on type `dxf_tools_rs::entities::Shape`
[INFO] [stdout]    --> tests/comprehensive_entity_test.rs:474:11
[INFO] [stdout]     |
[INFO] [stdout] 474 |     shape.name = "CIRCLE_SHAPE".to_string();
[INFO] [stdout]     |           ^^^^ unknown field
[INFO] [stdout]     |
[INFO] [stdout]     = note: available fields are: `common`, `insertion_point`, `size`, `shape_name`, `shape_number` ... and 7 others
[INFO] [stdout] 
[INFO] [stdout] 
[INFO] [stdout] error[E0308]: mismatched types
[INFO] [stdout]    --> tests/comprehensive_entity_test.rs:487:28
[INFO] [stdout]     |
[INFO] [stdout] 487 |     viewport.view_center = Vector2::new(0.0, 0.0);
[INFO] [stdout]     |     --------------------   ^^^^^^^^^^^^^^^^^^^^^^ expected `Vector3`, found `Vector2`
[INFO] [stdout]     |     |
[INFO] [stdout]     |     expected due to the type of this binding
[INFO] [stdout] 
[INFO] [stdout] 
[INFO] [stdout] error[E0061]: this function takes 1 argument but 0 arguments were supplied
[INFO] [stdout]    --> tests/comprehensive_entity_test.rs:494:24
[INFO] [stdout]     |
[INFO] [stdout] 494 |     let mut underlay = Underlay::new();
[INFO] [stdout]     |                        ^^^^^^^^^^^^^-- argument #1 of type `UnderlayType` is missing
[INFO] [stdout]     |
[INFO] [stdout] note: associated function defined here
[INFO] [stdout]    --> src/entities/underlay.rs:262:12
[INFO] [stdout]     |
[INFO] [stdout] 262 |     pub fn new(underlay_type: UnderlayType) -> Self {
[INFO] [stdout]     |            ^^^
[INFO] [stdout] help: provide the argument
[INFO] [stdout]     |
[INFO] [stdout] 494 |     let mut underlay = Underlay::new(/* UnderlayType */);
[INFO] [stdout]     |                                      ++++++++++++++++++
[INFO] [stdout] 
[INFO] [stdout] 
[INFO] [stdout] error[E0609]: no field `underlay_def_handle` on type `dxf_tools_rs::entities::Underlay`
[INFO] [stdout]    --> tests/comprehensive_entity_test.rs:495:14
[INFO] [stdout]     |
[INFO] [stdout] 495 |     underlay.underlay_def_handle = Handle::new(0x200);
[INFO] [stdout]     |              ^^^^^^^^^^^^^^^^^^^ unknown field
[INFO] [stdout]     |
[INFO] [stdout]     = note: available fields are: `common`, `underlay_type`, `definition_handle`, `insertion_point`, `x_scale` ... and 9 others
[INFO] [stdout] 
[INFO] [stdout] 
[INFO] [stdout] error[E0609]: no field `scale_x` on type `dxf_tools_rs::entities::Underlay`
[INFO] [stdout]    --> tests/comprehensive_entity_test.rs:497:14
[INFO] [stdout]     |
[INFO] [stdout] 497 |     underlay.scale_x = 1.0;
[INFO] [stdout]     |              ^^^^^^^ unknown field
[INFO] [stdout]     |
[INFO] [stdout] help: a field with a similar name exists
[INFO] [stdout]     |
[INFO] [stdout] 497 -     underlay.scale_x = 1.0;
[INFO] [stdout] 497 +     underlay.x_scale = 1.0;
[INFO] [stdout]     |
[INFO] [stdout] 
[INFO] [stdout] 
[INFO] [stdout] error[E0609]: no field `scale_y` on type `dxf_tools_rs::entities::Underlay`
[INFO] [stdout]    --> tests/comprehensive_entity_test.rs:498:14
[INFO] [stdout]     |
[INFO] [stdout] 498 |     underlay.scale_y = 1.0;
[INFO] [stdout]     |              ^^^^^^^ unknown field
[INFO] [stdout]     |
[INFO] [stdout] help: a field with a similar name exists
[INFO] [stdout]     |
[INFO] [stdout] 498 -     underlay.scale_y = 1.0;
[INFO] [stdout] 498 +     underlay.y_scale = 1.0;
[INFO] [stdout]     |
[INFO] [stdout] 
[INFO] [stdout] 
[INFO] [stdout] error[E0609]: no field `scale_z` on type `dxf_tools_rs::entities::Underlay`
[INFO] [stdout]    --> tests/comprehensive_entity_test.rs:499:14
[INFO] [stdout]     |
[INFO] [stdout] 499 |     underlay.scale_z = 1.0;
[INFO] [stdout]     |              ^^^^^^^ unknown field
[INFO] [stdout]     |
[INFO] [stdout] help: a field with a similar name exists
[INFO] [stdout]     |
[INFO] [stdout] 499 -     underlay.scale_z = 1.0;
[INFO] [stdout] 499 +     underlay.z_scale = 1.0;
[INFO] [stdout]     |
[INFO] [stdout] 
[INFO] [stdout] 
[INFO] [stdout] error[E0599]: `dxf_tools_rs::Table<Layer>` is not an iterator
[INFO] [stdout]    --> tests/comprehensive_entity_test.rs:623:24
[INFO] [stdout]     |
[INFO] [stdout] 623 |     assert!(doc.layers.count() > 0, "Should have at least one layer");
[INFO] [stdout]     |                        ^^^^^ `dxf_tools_rs::Table<Layer>` is not an iterator
[INFO] [stdout]     |
[INFO] [stdout]    ::: src/tables/mod.rs:48:1
[INFO] [stdout]     |
[INFO] [stdout]  48 | pub struct Table<T: TableEntry> {
[INFO] [stdout]     | ------------------------------- doesn't satisfy `dxf_tools_rs::Table<Layer>: Iterator`
[INFO] [stdout]     |
[INFO] [stdout]     = note: the following trait bounds were not satisfied:
[INFO] [stdout]             `dxf_tools_rs::Table<Layer>: Iterator`
[INFO] [stdout]             which is required by `&mut dxf_tools_rs::Table<Layer>: Iterator`
[INFO] [stdout] 
[INFO] [stdout] 
[INFO] [stdout] error[E0599]: `dxf_tools_rs::Table<LineType>` is not an iterator
[INFO] [stdout]    --> tests/comprehensive_entity_test.rs:624:28
[INFO] [stdout]     |
[INFO] [stdout] 624 |     assert!(doc.line_types.count() > 0, "Should have at least one line type");
[INFO] [stdout]     |                            ^^^^^ `dxf_tools_rs::Table<LineType>` is not an iterator
[INFO] [stdout]     |
[INFO] [stdout]    ::: src/tables/mod.rs:48:1
[INFO] [stdout]     |
[INFO] [stdout]  48 | pub struct Table<T: TableEntry> {
[INFO] [stdout]     | ------------------------------- doesn't satisfy `dxf_tools_rs::Table<LineType>: Iterator`
[INFO] [stdout]     |
[INFO] [stdout]     = note: the following trait bounds were not satisfied:
[INFO] [stdout]             `dxf_tools_rs::Table<LineType>: Iterator`
[INFO] [stdout]             which is required by `&mut dxf_tools_rs::Table<LineType>: Iterator`
[INFO] [stdout] 
[INFO] [stdout] 
[INFO] [stdout] error[E0599]: `dxf_tools_rs::Table<Layer>` is not an iterator
[INFO] [stdout]    --> tests/comprehensive_entity_test.rs:628:41
[INFO] [stdout]     |
[INFO] [stdout] 628 |     println!("  Layers: {}", doc.layers.count());
[INFO] [stdout]     |                                         ^^^^^ `dxf_tools_rs::Table<Layer>` is not an iterator
[INFO] [stdout]     |
[INFO] [stdout]    ::: src/tables/mod.rs:48:1
[INFO] [stdout]     |
[INFO] [stdout]  48 | pub struct Table<T: TableEntry> {
[INFO] [stdout]     | ------------------------------- doesn't satisfy `dxf_tools_rs::Table<Layer>: Iterator`
[INFO] [stdout]     |
[INFO] [stdout]     = note: the following trait bounds were not satisfied:
[INFO] [stdout]             `dxf_tools_rs::Table<Layer>: Iterator`
[INFO] [stdout]             which is required by `&mut dxf_tools_rs::Table<Layer>: Iterator`
[INFO] [stdout] 
[INFO] [stdout] 
[INFO] [stdout] error[E0599]: `dxf_tools_rs::Table<LineType>` is not an iterator
[INFO] [stdout]    --> tests/comprehensive_entity_test.rs:629:49
[INFO] [stdout]     |
[INFO] [stdout] 629 |     println!("  Line Types: {}", doc.line_types.count());
[INFO] [stdout]     |                                                 ^^^^^ `dxf_tools_rs::Table<LineType>` is not an iterator
[INFO] [stdout]     |
[INFO] [stdout]    ::: src/tables/mod.rs:48:1
[INFO] [stdout]     |
[INFO] [stdout]  48 | pub struct Table<T: TableEntry> {
[INFO] [stdout]     | ------------------------------- doesn't satisfy `dxf_tools_rs::Table<LineType>: Iterator`
[INFO] [stdout]     |
[INFO] [stdout]     = note: the following trait bounds were not satisfied:
[INFO] [stdout]             `dxf_tools_rs::Table<LineType>: Iterator`
[INFO] [stdout]             which is required by `&mut dxf_tools_rs::Table<LineType>: Iterator`
[INFO] [stdout] 
[INFO] [stdout] 
[INFO] [stderr] error: could not compile `dxf-tools-rs` (test "comprehensive_entity_test") due to 86 previous errors
[INFO] [stdout] error[E0433]: cannot find type `BoundaryPathEdge` in this scope
[INFO] [stdout]    --> tests/comprehensive_entity_test.rs:198:23
[INFO] [stdout]     |
[INFO] [stdout] 198 |     boundary.add_edge(BoundaryPathEdge::Line {
[INFO] [stdout]     |                       ^^^^^^^^^^^^^^^^ use of undeclared type `BoundaryPathEdge`
[INFO] [stdout]     |
[INFO] [stdout] help: an enum with a similar name exists
[INFO] [stdout]     |
[INFO] [stdout] 198 -     boundary.add_edge(BoundaryPathEdge::Line {
[INFO] [stdout] 198 +     boundary.add_edge(BoundaryEdge::Line {
[INFO] [stdout]     |
[INFO] [stdout] 
[INFO] [stdout] 
[INFO] [stderr] warning: build failed, waiting for other jobs to finish...
[INFO] [stdout] error[E0433]: cannot find type `BoundaryPathEdge` in this scope
[INFO] [stdout]    --> tests/comprehensive_entity_test.rs:202:23
[INFO] [stdout]     |
[INFO] [stdout] 202 |     boundary.add_edge(BoundaryPathEdge::Line {
[INFO] [stdout]     |                       ^^^^^^^^^^^^^^^^ use of undeclared type `BoundaryPathEdge`
[INFO] [stdout]     |
[INFO] [stdout] help: an enum with a similar name exists
[INFO] [stdout]     |
[INFO] [stdout] 202 -     boundary.add_edge(BoundaryPathEdge::Line {
[INFO] [stdout] 202 +     boundary.add_edge(BoundaryEdge::Line {
[INFO] [stdout]     |
[INFO] [stdout] 
[INFO] [stdout] 
[INFO] [stdout] error[E0433]: cannot find type `BoundaryPathEdge` in this scope
[INFO] [stdout]    --> tests/comprehensive_entity_test.rs:206:23
[INFO] [stdout]     |
[INFO] [stdout] 206 |     boundary.add_edge(BoundaryPathEdge::Line {
[INFO] [stdout]     |                       ^^^^^^^^^^^^^^^^ use of undeclared type `BoundaryPathEdge`
[INFO] [stdout]     |
[INFO] [stdout] help: an enum with a similar name exists
[INFO] [stdout]     |
[INFO] [stdout] 206 -     boundary.add_edge(BoundaryPathEdge::Line {
[INFO] [stdout] 206 +     boundary.add_edge(BoundaryEdge::Line {
[INFO] [stdout]     |
[INFO] [stdout] 
[INFO] [stdout] 
[INFO] [stdout] error[E0433]: cannot find type `BoundaryPathEdge` in this scope
[INFO] [stdout]    --> tests/comprehensive_entity_test.rs:210:23
[INFO] [stdout]     |
[INFO] [stdout] 210 |     boundary.add_edge(BoundaryPathEdge::Line {
[INFO] [stdout]     |                       ^^^^^^^^^^^^^^^^ use of undeclared type `BoundaryPathEdge`
[INFO] [stdout]     |
[INFO] [stdout] help: an enum with a similar name exists
[INFO] [stdout]     |
[INFO] [stdout] 210 -     boundary.add_edge(BoundaryPathEdge::Line {
[INFO] [stdout] 210 +     boundary.add_edge(BoundaryEdge::Line {
[INFO] [stdout]     |
[INFO] [stdout] 
[INFO] [stdout] 
[INFO] [stdout] error[E0308]: mismatched types
[INFO] [stdout]    --> tests/comprehensive_entity_test.rs:396:22
[INFO] [stdout]     |
[INFO] [stdout] 396 |         custom_data: None,
[INFO] [stdout]     |                      ^^^^ expected `i32`, found `Option<_>`
[INFO] [stdout]     |
[INFO] [stdout]     = note: expected type `i32`
[INFO] [stdout]                found enum `Option<_>`
[INFO] [stdout] 
[INFO] [stdout] 
[INFO] [stdout] error[E0308]: mismatched types
[INFO] [stdout]    --> tests/comprehensive_entity_test.rs:400:22
[INFO] [stdout]     |
[INFO] [stdout] 400 |         custom_data: None,
[INFO] [stdout]     |                      ^^^^ expected `i32`, found `Option<_>`
[INFO] [stdout]     |
[INFO] [stdout]     = note: expected type `i32`
[INFO] [stdout]                found enum `Option<_>`
[INFO] [stdout] 
[INFO] [stdout] 
[INFO] [stdout] error[E0308]: mismatched types
[INFO] [stdout]    --> tests/comprehensive_entity_test.rs:449:16
[INFO] [stdout]     |
[INFO] [stdout] 449 |         color: Color::ByLayer,
[INFO] [stdout]     |                ^^^^^^^^^^^^^^ expected `Option<Color>`, found `Color`
[INFO] [stdout]     |
[INFO] [stdout]     = note: expected enum `Option<Color>`
[INFO] [stdout]                found enum `Color`
[INFO] [stdout] help: try wrapping the expression in `Some`
[INFO] [stdout]     |
[INFO] [stdout] 449 |         color: Some(Color::ByLayer),
[INFO] [stdout]     |                +++++              +
[INFO] [stdout] 
[INFO] [stdout] 
[INFO] [stdout] Some errors have detailed explanations: E0061, E0063, E0308, E0433, E0560, E0599, E0609, E0615.
[INFO] [stdout] 
[INFO] [stdout] For more information about an error, try `rustc --explain E0061`.
[INFO] [stdout] 
[INFO] running `Command { std: "docker" "inspect" "3f2eb8707ec560901608440416973ef4c9da074f74d5c2497e56802366a2cc33", kill_on_drop: false }`
[INFO] running `Command { std: "docker" "rm" "-f" "3f2eb8707ec560901608440416973ef4c9da074f74d5c2497e56802366a2cc33", kill_on_drop: false }`
[INFO] [stdout] 3f2eb8707ec560901608440416973ef4c9da074f74d5c2497e56802366a2cc33
