[INFO] fetching crate dx_core 0.3.0...
[INFO] testing dx_core-0.3.0 against 1.99.0-beta.8+cargoflags=--release for beta-release-1.100-2
[INFO] extracting crate dx_core 0.3.0 into /workspace/builds/worker-0-tc1/source
[INFO] started tweaking crates.io crate dx_core 0.3.0
[INFO] finished tweaking crates.io crate dx_core 0.3.0
[INFO] tweaked toml for crates.io crate dx_core 0.3.0 written to /workspace/builds/worker-0-tc1/source/Cargo.toml
[INFO] validating manifest of crates.io crate dx_core 0.3.0 on toolchain 1.99.0-beta.8
[INFO] running `Command { std: CARGO_HOME="/workspace/cargo-home" RUSTUP_HOME="/workspace/rustup-home" "/workspace/cargo-home/bin/cargo" "+1.99.0-beta.8" "metadata" "--manifest-path" "Cargo.toml" "--no-deps", kill_on_drop: false }`
[INFO] running `Command { std: CARGO_HOME="/workspace/cargo-home" RUSTUP_HOME="/workspace/rustup-home" "/workspace/cargo-home/bin/cargo" "+1.99.0-beta.8" "generate-lockfile" "--manifest-path" "Cargo.toml", kill_on_drop: false }`
[INFO] running `Command { std: CARGO_HOME="/workspace/cargo-home" RUSTUP_HOME="/workspace/rustup-home" "/workspace/cargo-home/bin/cargo" "+1.99.0-beta.8" "fetch" "--manifest-path" "Cargo.toml", kill_on_drop: false }`
[INFO] [stderr] warning: Cargo.toml: `package.edition` is unspecified, defaulting to `2015` while the latest is `2024`
[INFO] [stderr] warning: `dx_core` (manifest) generated 1 warning
[INFO] running `Command { std: "docker" "create" "-v" "/var/lib/crater-agent-workspace/builds/worker-0-tc1/source:/opt/rustwide/workdir:ro,Z" "-v" "/var/lib/crater-agent-workspace/builds/worker-0-tc1/target:/opt/rustwide/target:rw,Z" "-v" "/var/lib/crater-agent-workspace/cargo-home:/opt/rustwide/cargo-home:ro,Z" "-v" "/var/lib/crater-agent-workspace/rustup-home:/opt/rustwide/rustup-home:ro,Z" "-m" "1610612736" "--network" "none" "ghcr.io/rust-lang/crates-build-env/linux@sha256:77db811e55d90add9212f6832c23229e3de5f1c1f9905e8cb07319ea15df73ac" "sleep" "infinity", kill_on_drop: false }`
[INFO] [stdout] 57b85fc52442f06a080731dc09dc52858dff645833faf9e7441f823a889e7f75
[INFO] running `Command { std: "docker" "start" "57b85fc52442f06a080731dc09dc52858dff645833faf9e7441f823a889e7f75", kill_on_drop: false }`
[INFO] running `Command { std: "docker" "inspect" "57b85fc52442f06a080731dc09dc52858dff645833faf9e7441f823a889e7f75", kill_on_drop: false }`
[INFO] running `Command { std: "docker" "exec" "-e" "SOURCE_DIR=/opt/rustwide/workdir" "-e" "CARGO_HOME=/opt/rustwide/cargo-home" "-e" "RUSTUP_HOME=/opt/rustwide/rustup-home" "-e" "CARGO_TARGET_DIR=/opt/rustwide/target" "-w" "/opt/rustwide/workdir" "--user" "0:0" "57b85fc52442f06a080731dc09dc52858dff645833faf9e7441f823a889e7f75" "/opt/rustwide/cargo-home/bin/cargo" "+1.99.0-beta.8" "metadata" "--no-deps" "--format-version=1", kill_on_drop: false }`
[INFO] running `Command { std: "docker" "inspect" "57b85fc52442f06a080731dc09dc52858dff645833faf9e7441f823a889e7f75", kill_on_drop: false }`
[INFO] running `Command { std: "docker" "exec" "-e" "SOURCE_DIR=/opt/rustwide/workdir" "-e" "CARGO_HOME=/opt/rustwide/cargo-home" "-e" "RUSTUP_HOME=/opt/rustwide/rustup-home" "-e" "CARGO_TARGET_DIR=/opt/rustwide/target" "-e" "CARGO_INCREMENTAL=0" "-e" "RUST_BACKTRACE=full" "-e" "RUSTFLAGS=--cap-lints=warn" "-e" "RUSTDOCFLAGS=--cap-lints=warn" "-w" "/opt/rustwide/workdir" "--user" "0:0" "57b85fc52442f06a080731dc09dc52858dff645833faf9e7441f823a889e7f75" "/opt/rustwide/cargo-home/bin/cargo" "+1.99.0-beta.8" "build" "--frozen" "--message-format=json" "--release", kill_on_drop: false }`
[INFO] [stderr] warning: Cargo.toml: `package.edition` is unspecified, defaulting to `2015` while the latest is `2024`
[INFO] [stderr] warning: `dx_core` (manifest) generated 1 warning
[INFO] [stderr]    Compiling dx_core v0.3.0 (/opt/rustwide/workdir)
[INFO] [stdout] error[E0570]: "stdcall" is not a supported ABI for the current target
[INFO] [stdout]   --> src/unknown.rs:25:29
[INFO] [stdout]    |
[INFO] [stdout] 25 |     query_interface: extern "stdcall" fn(*const Unknown, *const ::iid::IID, *mut *const Unknown) -> i32,
[INFO] [stdout]    |                             ^^^^^^^^^
[INFO] [stdout]    |
[INFO] [stdout]    = help: if you need `extern "stdcall"` on win32 and `extern "C"` everywhere else, use `extern "system"`
[INFO] [stdout] 
[INFO] [stdout] 
[INFO] [stdout] error[E0570]: "stdcall" is not a supported ABI for the current target
[INFO] [stdout]   --> src/unknown.rs:26:21
[INFO] [stdout]    |
[INFO] [stdout] 26 |     add_ref: extern "stdcall" fn(*const Unknown) -> u32,
[INFO] [stdout]    |                     ^^^^^^^^^
[INFO] [stdout]    |
[INFO] [stdout]    = help: if you need `extern "stdcall"` on win32 and `extern "C"` everywhere else, use `extern "system"`
[INFO] [stdout] 
[INFO] [stdout] 
[INFO] [stdout] error[E0570]: "stdcall" is not a supported ABI for the current target
[INFO] [stdout]   --> src/unknown.rs:27:21
[INFO] [stdout]    |
[INFO] [stdout] 27 |     release: extern "stdcall" fn(*const Unknown) -> u32
[INFO] [stdout]    |                     ^^^^^^^^^
[INFO] [stdout]    |
[INFO] [stdout]    = help: if you need `extern "stdcall"` on win32 and `extern "C"` everywhere else, use `extern "system"`
[INFO] [stdout] 
[INFO] [stdout] 
[INFO] [stdout] warning: the `macro_use` attribute cannot be used on crates
[INFO] [stdout]   --> src/lib.rs:17:4
[INFO] [stdout]    |
[INFO] [stdout] 17 | #![macro_use]
[INFO] [stdout]    |    ^^^^^^^^^
[INFO] [stdout]    |
[INFO] [stdout]    = help: the `macro_use` attribute can be applied to extern crates and modules
[INFO] [stdout]    = warning: this was previously accepted by the compiler but is being phased out; it will become a hard error in a future release!
[INFO] [stdout]    = note: `#[warn(unused_attributes)]` (part of `#[warn(unused)]`) on by default
[INFO] [stdout] 
[INFO] [stdout] 
[INFO] [stdout] warning: the `inline` attribute cannot be used on required trait methods
[INFO] [stdout]   --> src/com_object.rs:19:7
[INFO] [stdout]    |
[INFO] [stdout] 19 |     #[inline]
[INFO] [stdout]    |       ^^^^^^
[INFO] [stdout]    |
[INFO] [stdout]    = help: the `inline` attribute can only be applied to functions with a body
[INFO] [stdout]    = warning: this was previously accepted by the compiler but is being phased out; it will become a hard error in a future release!
[INFO] [stdout] 
[INFO] [stdout] 
[INFO] [stdout] For more information about this error, try `rustc --explain E0570`.
[INFO] [stdout] 
[INFO] [stderr] error: could not compile `dx_core` (lib) due to 3 previous errors; 2 warnings emitted
[INFO] running `Command { std: "docker" "inspect" "57b85fc52442f06a080731dc09dc52858dff645833faf9e7441f823a889e7f75", kill_on_drop: false }`
[INFO] running `Command { std: "docker" "rm" "-f" "57b85fc52442f06a080731dc09dc52858dff645833faf9e7441f823a889e7f75", kill_on_drop: false }`
[INFO] [stdout] 57b85fc52442f06a080731dc09dc52858dff645833faf9e7441f823a889e7f75
