[INFO] fetching crate durust 0.2.3...
[INFO] testing durust-0.2.3 against 1.99.0-beta.8+cargoflags=--release for beta-release-1.100-2
[INFO] extracting crate durust 0.2.3 into /workspace/builds/worker-2-tc1/source
[INFO] started tweaking crates.io crate durust 0.2.3
[INFO] removed 0 missing examples
[INFO] removed 0 missing tests
[INFO] finished tweaking crates.io crate durust 0.2.3
[INFO] tweaked toml for crates.io crate durust 0.2.3 written to /workspace/builds/worker-2-tc1/source/Cargo.toml
[INFO] validating manifest of crates.io crate durust 0.2.3 on toolchain 1.99.0-beta.8
[INFO] running `Command { std: CARGO_HOME="/workspace/cargo-home" RUSTUP_HOME="/workspace/rustup-home" "/workspace/cargo-home/bin/cargo" "+1.99.0-beta.8" "metadata" "--manifest-path" "Cargo.toml" "--no-deps", kill_on_drop: false }`
[INFO] crate crates.io crate durust 0.2.3 already has a lockfile, it will not be regenerated
[INFO] running `Command { std: CARGO_HOME="/workspace/cargo-home" RUSTUP_HOME="/workspace/rustup-home" "/workspace/cargo-home/bin/cargo" "+1.99.0-beta.8" "fetch" "--manifest-path" "Cargo.toml", kill_on_drop: false }`
[INFO] [stderr]     Updating crates.io index
[INFO] [stderr]  Downloading crates ...
[INFO] [stderr]   Downloaded whoami v2.1.2
[INFO] [stderr]   Downloaded wasite v1.0.2
[INFO] [stderr]   Downloaded wasm-bindgen-macro v0.2.125
[INFO] [stderr]   Downloaded libredox v0.1.17
[INFO] [stderr]   Downloaded windows-numerics v0.2.0
[INFO] [stderr]   Downloaded windows-link v0.1.3
[INFO] [stderr]   Downloaded windows-threading v0.1.0
[INFO] [stderr]   Downloaded windows-collections v0.2.0
[INFO] [stderr]   Downloaded wasm-bindgen-futures v0.4.75
[INFO] [stderr]   Downloaded wasm-bindgen-shared v0.2.125
[INFO] [stderr]   Downloaded cmov v0.5.4
[INFO] [stderr]   Downloaded fallible-iterator v0.2.0
[INFO] [stderr]   Downloaded phf v0.13.1
[INFO] [stderr]   Downloaded displaydoc v0.2.6
[INFO] [stderr]   Downloaded phf_shared v0.13.1
[INFO] [stderr]   Downloaded windows-result v0.3.4
[INFO] [stderr]   Downloaded ctutils v0.4.2
[INFO] [stderr]   Downloaded smallvec v1.15.2
[INFO] [stderr]   Downloaded time-macros v0.2.29
[INFO] [stderr]   Downloaded windows-strings v0.4.2
[INFO] [stderr]   Downloaded windows-future v0.2.1
[INFO] [stderr]   Downloaded zeroize v1.9.0
[INFO] [stderr]   Downloaded md5 v0.8.0
[INFO] [stderr]   Downloaded wasi v0.14.7+wasi-0.2.4
[INFO] [stderr]   Downloaded postgres-types v0.2.14
[INFO] [stderr]   Downloaded postgres-protocol v0.6.12
[INFO] [stderr]   Downloaded unicode-properties v0.1.4
[INFO] [stderr]   Downloaded hmac v0.13.0
[INFO] [stderr]   Downloaded memchr v2.8.2
[INFO] [stderr]   Downloaded objc2-system-configuration v0.3.2
[INFO] [stderr]   Downloaded hybrid-array v0.4.12
[INFO] [stderr]   Downloaded windows-core v0.61.2
[INFO] [stderr]   Downloaded aws-region v0.28.1
[INFO] [stderr]   Downloaded aws-creds v0.39.1
[INFO] [stderr]   Downloaded rust-ini v0.21.3
[INFO] [stderr]   Downloaded ordered-multimap v0.7.3
[INFO] [stderr]   Downloaded durust-macros v0.2.3
[INFO] [stderr]   Downloaded winnow v1.0.3
[INFO] [stderr]   Downloaded bitflags v2.13.0
[INFO] [stderr]   Downloaded socket2 v0.6.4
[INFO] [stderr]   Downloaded log v0.4.32
[INFO] [stderr]   Downloaded unicode-bidi v0.3.18
[INFO] [stderr]   Downloaded maybe-async v0.2.11
[INFO] [stderr]   Downloaded dlv-list v0.5.2
[INFO] [stderr]   Downloaded home v0.5.12
[INFO] [stderr]   Downloaded inventory v0.3.24
[INFO] [stderr]   Downloaded rand_xoshiro v0.6.0
[INFO] [stderr]   Downloaded deadpool-postgres v0.14.1
[INFO] [stderr]   Downloaded deadpool-runtime v0.1.4
[INFO] [stderr]   Downloaded tokio-postgres v0.7.18
[INFO] [stderr]   Downloaded wasm-bindgen v0.2.125
[INFO] [stderr]   Downloaded wasm-bindgen-macro-support v0.2.125
[INFO] [stderr]   Downloaded rust-s3 v0.37.2
[INFO] [stderr]   Downloaded pkg-config v0.3.33
[INFO] [stderr]   Downloaded fallible-streaming-iterator v0.1.9
[INFO] [stderr]   Downloaded fallible-iterator v0.3.0
[INFO] [stderr]   Downloaded rmp-serde v1.3.1
[INFO] [stderr]   Downloaded bitmaps v2.1.0
[INFO] [stderr]   Downloaded page_size v0.6.0
[INFO] [stderr]   Downloaded alloca v0.4.0
[INFO] [stderr]   Downloaded http v1.4.2
[INFO] [stderr]   Downloaded cc v1.2.64
[INFO] [stderr]   Downloaded zerocopy-derive v0.8.52
[INFO] [stderr]   Downloaded rmp v0.8.15
[INFO] [stderr]   Downloaded sized-chunks v0.6.5
[INFO] [stderr]   Downloaded deadpool v0.12.3
[INFO] [stderr]   Downloaded criterion-plot v0.8.2
[INFO] [stderr]   Downloaded js-sys v0.3.102
[INFO] [stderr]   Downloaded rand v0.10.1
[INFO] [stderr]   Downloaded attohttpc v0.30.1
[INFO] [stderr]   Downloaded hyper v1.10.1
[INFO] [stderr]   Downloaded im v15.1.0
[INFO] [stderr]   Downloaded criterion v0.8.2
[INFO] [stderr]   Downloaded webpki-roots v1.0.7
[INFO] [stderr]   Downloaded regex v1.12.4
[INFO] [stderr]   Downloaded sysinfo v0.37.2
[INFO] [stderr]   Downloaded itertools v0.13.0
[INFO] [stderr]   Downloaded rusqlite v0.37.0
[INFO] [stderr]   Downloaded time v0.3.49
[INFO] [stderr]   Downloaded objc2-io-kit v0.3.2
[INFO] [stderr]   Downloaded zerocopy v0.8.52
[INFO] [stderr]   Downloaded web-sys v0.3.102
[INFO] [stderr]   Downloaded libsqlite3-sys v0.35.0
[INFO] [stderr]   Downloaded windows v0.61.3
[INFO] running `Command { std: "docker" "create" "-v" "/var/lib/crater-agent-workspace/builds/worker-2-tc1/source:/opt/rustwide/workdir:ro,Z" "-v" "/var/lib/crater-agent-workspace/builds/worker-2-tc1/target:/opt/rustwide/target:rw,Z" "-v" "/var/lib/crater-agent-workspace/cargo-home:/opt/rustwide/cargo-home:ro,Z" "-v" "/var/lib/crater-agent-workspace/rustup-home:/opt/rustwide/rustup-home:ro,Z" "-m" "1610612736" "--network" "none" "ghcr.io/rust-lang/crates-build-env/linux@sha256:77db811e55d90add9212f6832c23229e3de5f1c1f9905e8cb07319ea15df73ac" "sleep" "infinity", kill_on_drop: false }`
[INFO] [stdout] 3dda08ee268780d1218358e594feeeb7f9411e896f4c60f6483ed9db94a829ff
[INFO] running `Command { std: "docker" "start" "3dda08ee268780d1218358e594feeeb7f9411e896f4c60f6483ed9db94a829ff", kill_on_drop: false }`
[INFO] running `Command { std: "docker" "inspect" "3dda08ee268780d1218358e594feeeb7f9411e896f4c60f6483ed9db94a829ff", kill_on_drop: false }`
[INFO] running `Command { std: "docker" "exec" "-e" "SOURCE_DIR=/opt/rustwide/workdir" "-e" "CARGO_HOME=/opt/rustwide/cargo-home" "-e" "RUSTUP_HOME=/opt/rustwide/rustup-home" "-e" "CARGO_TARGET_DIR=/opt/rustwide/target" "-w" "/opt/rustwide/workdir" "--user" "0:0" "3dda08ee268780d1218358e594feeeb7f9411e896f4c60f6483ed9db94a829ff" "/opt/rustwide/cargo-home/bin/cargo" "+1.99.0-beta.8" "metadata" "--no-deps" "--format-version=1", kill_on_drop: false }`
[INFO] running `Command { std: "docker" "inspect" "3dda08ee268780d1218358e594feeeb7f9411e896f4c60f6483ed9db94a829ff", kill_on_drop: false }`
[INFO] running `Command { std: "docker" "exec" "-e" "SOURCE_DIR=/opt/rustwide/workdir" "-e" "CARGO_HOME=/opt/rustwide/cargo-home" "-e" "RUSTUP_HOME=/opt/rustwide/rustup-home" "-e" "CARGO_TARGET_DIR=/opt/rustwide/target" "-e" "CARGO_INCREMENTAL=0" "-e" "RUST_BACKTRACE=full" "-e" "RUSTFLAGS=--cap-lints=warn" "-e" "RUSTDOCFLAGS=--cap-lints=warn" "-w" "/opt/rustwide/workdir" "--user" "0:0" "3dda08ee268780d1218358e594feeeb7f9411e896f4c60f6483ed9db94a829ff" "/opt/rustwide/cargo-home/bin/cargo" "+1.99.0-beta.8" "build" "--frozen" "--message-format=json" "--release", kill_on_drop: false }`
[INFO] [stderr]    Compiling proc-macro2 v1.0.106
[INFO] [stderr]    Compiling typenum v1.20.1
[INFO] [stderr]    Compiling serde_core v1.0.228
[INFO] [stderr]    Compiling libc v0.2.186
[INFO] [stderr]    Compiling vcpkg v0.2.15
[INFO] [stderr]    Compiling pkg-config v0.3.33
[INFO] [stderr]    Compiling memchr v2.8.2
[INFO] [stderr]    Compiling futures-sink v0.3.32
[INFO] [stderr]    Compiling futures-core v0.3.32
[INFO] [stderr]    Compiling futures-task v0.3.32
[INFO] [stderr]    Compiling slab v0.4.12
[INFO] [stderr]    Compiling serde v1.0.228
[INFO] [stderr]    Compiling num-traits v0.2.19
[INFO] [stderr]    Compiling foldhash v0.1.5
[INFO] [stderr]    Compiling futures-io v0.3.32
[INFO] [stderr]    Compiling zmij v1.0.21
[INFO] [stderr]    Compiling im v15.1.0
[INFO] [stderr]    Compiling rand_core v0.6.4
[INFO] [stderr]    Compiling futures-channel v0.3.32
[INFO] [stderr]    Compiling const-oid v0.10.2
[INFO] [stderr]    Compiling serde_json v1.0.150
[INFO] [stderr]    Compiling thiserror v2.0.18
[INFO] [stderr]    Compiling rand_xoshiro v0.6.0
[INFO] [stderr]    Compiling hashbrown v0.15.5
[INFO] [stderr]    Compiling itoa v1.0.18
[INFO] [stderr]    Compiling bitflags v2.13.0
[INFO] [stderr]    Compiling fallible-streaming-iterator v0.1.9
[INFO] [stderr]    Compiling fallible-iterator v0.3.0
[INFO] [stderr]    Compiling cpufeatures v0.3.0
[INFO] [stderr]    Compiling smallvec v1.15.2
[INFO] [stderr]    Compiling hex v0.4.3
[INFO] [stderr]    Compiling inventory v0.3.24
[INFO] [stderr]    Compiling libsqlite3-sys v0.35.0
[INFO] [stderr]    Compiling quote v1.0.45
[INFO] [stderr]    Compiling syn v2.0.117
[INFO] [stderr]    Compiling hashlink v0.10.0
[INFO] [stderr]    Compiling rmp v0.8.15
[INFO] [stderr]    Compiling hybrid-array v0.4.12
[INFO] [stderr]    Compiling bitmaps v2.1.0
[INFO] [stderr]    Compiling socket2 v0.6.4
[INFO] [stderr]    Compiling mio v1.2.1
[INFO] [stderr]    Compiling rusqlite v0.37.0
[INFO] [stderr]    Compiling tokio v1.52.3
[INFO] [stderr]    Compiling sized-chunks v0.6.5
[INFO] [stderr]    Compiling crypto-common v0.2.2
[INFO] [stderr]    Compiling block-buffer v0.12.1
[INFO] [stderr]    Compiling serde_bytes v0.11.19
[INFO] [stderr]    Compiling digest v0.11.3
[INFO] [stderr]    Compiling sha2 v0.11.0
[INFO] [stderr]    Compiling futures-macro v0.3.32
[INFO] [stderr]    Compiling serde_derive v1.0.228
[INFO] [stderr]    Compiling thiserror-impl v2.0.18
[INFO] [stderr]    Compiling durust-macros v0.2.3
[INFO] [stderr]    Compiling futures-util v0.3.32
[INFO] [stderr]    Compiling rmp-serde v1.3.1
[INFO] [stderr]    Compiling futures-executor v0.3.32
[INFO] [stderr]    Compiling futures v0.3.32
[INFO] [stderr]    Compiling durust v0.2.3 (/opt/rustwide/workdir)
[INFO] [stdout] warning: use of deprecated method `std::sync::atomic::Atomic::<usize>::fetch_update`: renamed to `try_update` for consistency
[INFO] [stdout]     --> src/worker.rs:1891:14
[INFO] [stdout]      |
[INFO] [stdout] 1891 |             .fetch_update(Ordering::Relaxed, Ordering::Relaxed, |active| {
[INFO] [stdout]      |              ^^^^^^^^^^^^
[INFO] [stdout]      |
[INFO] [stdout]      = note: `#[warn(deprecated)]` on by default
[INFO] [stdout] help: replace the use of the deprecated method
[INFO] [stdout]      |
[INFO] [stdout] 1891 -             .fetch_update(Ordering::Relaxed, Ordering::Relaxed, |active| {
[INFO] [stdout] 1891 +             .try_update(Ordering::Relaxed, Ordering::Relaxed, |active| {
[INFO] [stdout]      |
[INFO] [stdout] 
[INFO] [stdout] 
[INFO] [stderr]     Finished `release` profile [optimized] target(s) in 1m 11s
[INFO] running `Command { std: "docker" "inspect" "3dda08ee268780d1218358e594feeeb7f9411e896f4c60f6483ed9db94a829ff", kill_on_drop: false }`
[INFO] running `Command { std: "docker" "exec" "-e" "SOURCE_DIR=/opt/rustwide/workdir" "-e" "CARGO_HOME=/opt/rustwide/cargo-home" "-e" "RUSTUP_HOME=/opt/rustwide/rustup-home" "-e" "CARGO_TARGET_DIR=/opt/rustwide/target" "-e" "CARGO_INCREMENTAL=0" "-e" "RUST_BACKTRACE=full" "-e" "RUSTFLAGS=--cap-lints=warn" "-e" "RUSTDOCFLAGS=--cap-lints=warn" "-w" "/opt/rustwide/workdir" "--user" "0:0" "3dda08ee268780d1218358e594feeeb7f9411e896f4c60f6483ed9db94a829ff" "/opt/rustwide/cargo-home/bin/cargo" "+1.99.0-beta.8" "test" "--frozen" "--no-run" "--message-format=json" "--release", kill_on_drop: false }`
[INFO] [stderr]    Compiling serde_core v1.0.228
[INFO] [stderr]    Compiling serde v1.0.228
[INFO] [stderr]    Compiling crossbeam-utils v0.8.21
[INFO] [stderr]    Compiling zerocopy v0.8.52
[INFO] [stderr]    Compiling num-traits v0.2.19
[INFO] [stderr]    Compiling zerocopy-derive v0.8.52
[INFO] [stderr]    Compiling bitflags v2.13.0
[INFO] [stderr]    Compiling shlex v2.0.1
[INFO] [stderr]    Compiling find-msvc-tools v0.1.9
[INFO] [stderr]    Compiling either v1.16.0
[INFO] [stderr]    Compiling rayon-core v1.13.0
[INFO] [stderr]    Compiling regex-syntax v0.8.11
[INFO] [stderr]    Compiling getrandom v0.4.2
[INFO] [stderr]    Compiling clap_lex v1.1.0
[INFO] [stderr]    Compiling plotters-backend v0.3.7
[INFO] [stderr]    Compiling anstyle v1.0.14
[INFO] [stderr]    Compiling target-triple v1.0.0
[INFO] [stderr]    Compiling winnow v1.0.3
[INFO] [stderr]    Compiling cc v1.2.64
[INFO] [stderr]    Compiling ciborium-io v0.2.2
[INFO] [stderr]    Compiling clap_builder v4.6.0
[INFO] [stderr]    Compiling itertools v0.13.0
[INFO] [stderr]    Compiling plotters-svg v0.3.7
[INFO] [stderr]    Compiling rusqlite v0.37.0
[INFO] [stderr]    Compiling toml_writer v1.1.1+spec-1.1.0
[INFO] [stderr]    Compiling same-file v1.0.6
[INFO] [stderr]    Compiling cast v0.3.0
[INFO] [stderr]    Compiling rustix v1.1.4
[INFO] [stderr]    Compiling toml_parser v1.1.2+spec-1.1.0
[INFO] [stderr]    Compiling walkdir v2.5.0
[INFO] [stderr]    Compiling page_size v0.6.0
[INFO] [stderr]    Compiling oorandom v11.1.5
[INFO] [stderr]    Compiling anes v0.1.6
[INFO] [stderr]    Compiling fastrand v2.4.1
[INFO] [stderr]    Compiling once_cell v1.21.4
[INFO] [stderr]    Compiling termcolor v1.4.1
[INFO] [stderr]    Compiling glob v0.3.3
[INFO] [stderr]    Compiling crossbeam-epoch v0.9.18
[INFO] [stderr]    Compiling rmp v0.8.15
[INFO] [stderr]    Compiling plotters v0.3.7
[INFO] [stderr]    Compiling crossbeam-deque v0.8.6
[INFO] [stderr]    Compiling alloca v0.4.0
[INFO] [stderr]    Compiling regex-automata v0.4.14
[INFO] [stderr]    Compiling rayon v1.12.0
[INFO] [stderr]    Compiling criterion-plot v0.8.2
[INFO] [stderr]    Compiling serde_json v1.0.150
[INFO] [stderr]    Compiling serde_bytes v0.11.19
[INFO] [stderr]    Compiling serde_spanned v1.1.1
[INFO] [stderr]    Compiling toml_datetime v1.1.1+spec-1.1.0
[INFO] [stderr]    Compiling tempfile v3.27.0
[INFO] [stderr]    Compiling toml v1.1.2+spec-1.1.0
[INFO] [stderr]    Compiling clap v4.6.1
[INFO] [stderr]    Compiling rmp-serde v1.3.1
[INFO] [stderr]    Compiling tinytemplate v1.2.1
[INFO] [stderr]    Compiling regex v1.12.4
[INFO] [stderr]    Compiling trybuild v1.0.116
[INFO] [stderr]    Compiling durust v0.2.3 (/opt/rustwide/workdir)
[INFO] [stderr]    Compiling half v2.7.1
[INFO] [stderr]    Compiling ciborium-ll v0.2.2
[INFO] [stderr]    Compiling ciborium v0.2.2
[INFO] [stderr]    Compiling criterion v0.8.2
[INFO] [stdout] warning: use of deprecated method `std::sync::atomic::Atomic::<usize>::fetch_update`: renamed to `try_update` for consistency
[INFO] [stdout]     --> src/worker.rs:1891:14
[INFO] [stdout]      |
[INFO] [stdout] 1891 |             .fetch_update(Ordering::Relaxed, Ordering::Relaxed, |active| {
[INFO] [stdout]      |              ^^^^^^^^^^^^
[INFO] [stdout]      |
[INFO] [stdout]      = note: `#[warn(deprecated)]` on by default
[INFO] [stdout] help: replace the use of the deprecated method
[INFO] [stdout]      |
[INFO] [stdout] 1891 -             .fetch_update(Ordering::Relaxed, Ordering::Relaxed, |active| {
[INFO] [stdout] 1891 +             .try_update(Ordering::Relaxed, Ordering::Relaxed, |active| {
[INFO] [stdout]      |
[INFO] [stdout] 
[INFO] [stdout] 
[INFO] [stdout] warning: use of deprecated method `std::sync::atomic::Atomic::<usize>::fetch_update`: renamed to `try_update` for consistency
[INFO] [stdout]     --> src/worker.rs:1891:14
[INFO] [stdout]      |
[INFO] [stdout] 1891 |             .fetch_update(Ordering::Relaxed, Ordering::Relaxed, |active| {
[INFO] [stdout]      |              ^^^^^^^^^^^^
[INFO] [stdout]      |
[INFO] [stdout]      = note: `#[warn(deprecated)]` on by default
[INFO] [stdout] help: replace the use of the deprecated method
[INFO] [stdout]      |
[INFO] [stdout] 1891 -             .fetch_update(Ordering::Relaxed, Ordering::Relaxed, |active| {
[INFO] [stdout] 1891 +             .try_update(Ordering::Relaxed, Ordering::Relaxed, |active| {
[INFO] [stdout]      |
[INFO] [stdout] 
[INFO] [stdout] 
[INFO] [stdout] error: couldn't read `tests/../benchtools/src/bin/durust-benchmark-workload.rs`: No such file or directory (os error 2)
[INFO] [stdout]    --> tests/benchmark_thresholds.rs:213:27
[INFO] [stdout]     |
[INFO] [stdout] 213 |     let workload_source = include_str!("../benchtools/src/bin/durust-benchmark-workload.rs");
[INFO] [stdout]     |                           ^^^^^^^^^^^^^^^^^^^^^^^^^^^^^^^^^^^^^^^^^^^^^^^^^^^^^^^^^^^^^^^^^^
[INFO] [stdout] 
[INFO] [stdout] 
[INFO] [stdout] error: couldn't read `tests/../benchtools/src/bin/durust-benchmark-compare.rs`: No such file or directory (os error 2)
[INFO] [stdout]    --> tests/benchmark_thresholds.rs:218:26
[INFO] [stdout]     |
[INFO] [stdout] 218 |     let compare_source = include_str!("../benchtools/src/bin/durust-benchmark-compare.rs");
[INFO] [stdout]     |                          ^^^^^^^^^^^^^^^^^^^^^^^^^^^^^^^^^^^^^^^^^^^^^^^^^^^^^^^^^^^^^^^^^
[INFO] [stdout] 
[INFO] [stdout] 
[INFO] [stderr] error: could not compile `durust` (test "benchmark_thresholds") due to 2 previous errors
[INFO] [stderr] warning: build failed, waiting for other jobs to finish...
[INFO] [stdout] error[E0425]: cannot find type `Mutex` in this scope
[INFO] [stdout]   --> tests/replay_core.rs:21:24
[INFO] [stdout]    |
[INFO] [stdout] 21 | static FLAKY_ATTEMPTS: Mutex<u32> = Mutex::new(0);
[INFO] [stdout]    |                        ^^^^^ not found in this scope
[INFO] [stdout]    |
[INFO] [stdout] note: found an item that was configured out
[INFO] [stdout]   --> tests/replay_core.rs:16:22
[INFO] [stdout]    |
[INFO] [stdout] 15 | #[cfg(feature = "postgres")]
[INFO] [stdout]    |       -------------------- the item is gated behind the `postgres` feature
[INFO] [stdout] 16 | use std::sync::{Arc, Mutex};
[INFO] [stdout]    |                      ^^^^^
[INFO] [stdout] help: consider importing this struct
[INFO] [stdout]    |
[INFO] [stdout]  1 + use std::sync::Mutex;
[INFO] [stdout]    |
[INFO] [stdout] 
[INFO] [stdout] 
[INFO] [stdout] error[E0433]: cannot find type `Mutex` in this scope
[INFO] [stdout]   --> tests/replay_core.rs:21:37
[INFO] [stdout]    |
[INFO] [stdout] 21 | static FLAKY_ATTEMPTS: Mutex<u32> = Mutex::new(0);
[INFO] [stdout]    |                                     ^^^^^ use of undeclared type `Mutex`
[INFO] [stdout]    |
[INFO] [stdout] note: found an item that was configured out
[INFO] [stdout]   --> tests/replay_core.rs:16:22
[INFO] [stdout]    |
[INFO] [stdout] 15 | #[cfg(feature = "postgres")]
[INFO] [stdout]    |       -------------------- the item is gated behind the `postgres` feature
[INFO] [stdout] 16 | use std::sync::{Arc, Mutex};
[INFO] [stdout]    |                      ^^^^^
[INFO] [stdout] help: consider importing this struct
[INFO] [stdout]    |
[INFO] [stdout]  1 + use std::sync::Mutex;
[INFO] [stdout]    |
[INFO] [stdout] 
[INFO] [stdout] 
[INFO] [stdout] error[E0425]: cannot find type `Mutex` in this scope
[INFO] [stdout]   --> tests/replay_core.rs:22:29
[INFO] [stdout]    |
[INFO] [stdout] 22 | static SIDE_EFFECT_COUNTER: Mutex<u64> = Mutex::new(0);
[INFO] [stdout]    |                             ^^^^^ not found in this scope
[INFO] [stdout]    |
[INFO] [stdout] note: found an item that was configured out
[INFO] [stdout]   --> tests/replay_core.rs:16:22
[INFO] [stdout]    |
[INFO] [stdout] 15 | #[cfg(feature = "postgres")]
[INFO] [stdout]    |       -------------------- the item is gated behind the `postgres` feature
[INFO] [stdout] 16 | use std::sync::{Arc, Mutex};
[INFO] [stdout]    |                      ^^^^^
[INFO] [stdout] help: consider importing this struct
[INFO] [stdout]    |
[INFO] [stdout]  1 + use std::sync::Mutex;
[INFO] [stdout]    |
[INFO] [stdout] 
[INFO] [stdout] 
[INFO] [stdout] error[E0433]: cannot find type `Mutex` in this scope
[INFO] [stdout]   --> tests/replay_core.rs:22:42
[INFO] [stdout]    |
[INFO] [stdout] 22 | static SIDE_EFFECT_COUNTER: Mutex<u64> = Mutex::new(0);
[INFO] [stdout]    |                                          ^^^^^ use of undeclared type `Mutex`
[INFO] [stdout]    |
[INFO] [stdout] note: found an item that was configured out
[INFO] [stdout]   --> tests/replay_core.rs:16:22
[INFO] [stdout]    |
[INFO] [stdout] 15 | #[cfg(feature = "postgres")]
[INFO] [stdout]    |       -------------------- the item is gated behind the `postgres` feature
[INFO] [stdout] 16 | use std::sync::{Arc, Mutex};
[INFO] [stdout]    |                      ^^^^^
[INFO] [stdout] help: consider importing this struct
[INFO] [stdout]    |
[INFO] [stdout]  1 + use std::sync::Mutex;
[INFO] [stdout]    |
[INFO] [stdout] 
[INFO] [stdout] 
[INFO] [stdout] error[E0425]: cannot find type `Mutex` in this scope
[INFO] [stdout]   --> tests/replay_core.rs:23:37
[INFO] [stdout]    |
[INFO] [stdout] 23 | static PANICKING_ACTIVITY_ATTEMPTS: Mutex<u32> = Mutex::new(0);
[INFO] [stdout]    |                                     ^^^^^ not found in this scope
[INFO] [stdout]    |
[INFO] [stdout] note: found an item that was configured out
[INFO] [stdout]   --> tests/replay_core.rs:16:22
[INFO] [stdout]    |
[INFO] [stdout] 15 | #[cfg(feature = "postgres")]
[INFO] [stdout]    |       -------------------- the item is gated behind the `postgres` feature
[INFO] [stdout] 16 | use std::sync::{Arc, Mutex};
[INFO] [stdout]    |                      ^^^^^
[INFO] [stdout] help: consider importing this struct
[INFO] [stdout]    |
[INFO] [stdout]  1 + use std::sync::Mutex;
[INFO] [stdout]    |
[INFO] [stdout] 
[INFO] [stdout] 
[INFO] [stdout] error[E0433]: cannot find type `Mutex` in this scope
[INFO] [stdout]   --> tests/replay_core.rs:23:50
[INFO] [stdout]    |
[INFO] [stdout] 23 | static PANICKING_ACTIVITY_ATTEMPTS: Mutex<u32> = Mutex::new(0);
[INFO] [stdout]    |                                                  ^^^^^ use of undeclared type `Mutex`
[INFO] [stdout]    |
[INFO] [stdout] note: found an item that was configured out
[INFO] [stdout]   --> tests/replay_core.rs:16:22
[INFO] [stdout]    |
[INFO] [stdout] 15 | #[cfg(feature = "postgres")]
[INFO] [stdout]    |       -------------------- the item is gated behind the `postgres` feature
[INFO] [stdout] 16 | use std::sync::{Arc, Mutex};
[INFO] [stdout]    |                      ^^^^^
[INFO] [stdout] help: consider importing this struct
[INFO] [stdout]    |
[INFO] [stdout]  1 + use std::sync::Mutex;
[INFO] [stdout]    |
[INFO] [stdout] 
[INFO] [stdout] 
[INFO] [stdout] error[E0425]: cannot find type `Arc` in this scope
[INFO] [stdout]     --> tests/replay_core.rs:8243:12
[INFO] [stdout]      |
[INFO] [stdout] 8243 |     blobs: Arc<Mutex<BTreeMap<String, Vec<u8>>>>,
[INFO] [stdout]      |            ^^^ not found in this scope
[INFO] [stdout]      |
[INFO] [stdout] note: found an item that was configured out
[INFO] [stdout]     --> tests/replay_core.rs:16:17
[INFO] [stdout]      |
[INFO] [stdout]   15 | #[cfg(feature = "postgres")]
[INFO] [stdout]      |       -------------------- the item is gated behind the `postgres` feature
[INFO] [stdout]   16 | use std::sync::{Arc, Mutex};
[INFO] [stdout]      |                 ^^^
[INFO] [stdout] help: consider importing this struct
[INFO] [stdout]      |
[INFO] [stdout]    1 + use std::sync::Arc;
[INFO] [stdout]      |
[INFO] [stdout] 
[INFO] [stdout] 
[INFO] [stdout] error[E0425]: cannot find type `Mutex` in this scope
[INFO] [stdout]     --> tests/replay_core.rs:8243:16
[INFO] [stdout]      |
[INFO] [stdout] 8243 |     blobs: Arc<Mutex<BTreeMap<String, Vec<u8>>>>,
[INFO] [stdout]      |                ^^^^^ not found in this scope
[INFO] [stdout]      |
[INFO] [stdout] note: found an item that was configured out
[INFO] [stdout]     --> tests/replay_core.rs:16:22
[INFO] [stdout]      |
[INFO] [stdout]   15 | #[cfg(feature = "postgres")]
[INFO] [stdout]      |       -------------------- the item is gated behind the `postgres` feature
[INFO] [stdout]   16 | use std::sync::{Arc, Mutex};
[INFO] [stdout]      |                      ^^^^^
[INFO] [stdout] help: consider importing this struct
[INFO] [stdout]      |
[INFO] [stdout]    1 + use std::sync::Mutex;
[INFO] [stdout]      |
[INFO] [stdout] 
[INFO] [stdout] 
[INFO] [stdout] error[E0425]: cannot find type `Arc` in this scope
[INFO] [stdout]     --> tests/replay_core.rs:8244:11
[INFO] [stdout]      |
[INFO] [stdout] 8244 |     gets: Arc<Mutex<usize>>,
[INFO] [stdout]      |           ^^^ not found in this scope
[INFO] [stdout]      |
[INFO] [stdout] note: found an item that was configured out
[INFO] [stdout]     --> tests/replay_core.rs:16:17
[INFO] [stdout]      |
[INFO] [stdout]   15 | #[cfg(feature = "postgres")]
[INFO] [stdout]      |       -------------------- the item is gated behind the `postgres` feature
[INFO] [stdout]   16 | use std::sync::{Arc, Mutex};
[INFO] [stdout]      |                 ^^^
[INFO] [stdout] help: consider importing this struct
[INFO] [stdout]      |
[INFO] [stdout]    1 + use std::sync::Arc;
[INFO] [stdout]      |
[INFO] [stdout] 
[INFO] [stdout] 
[INFO] [stdout] error[E0425]: cannot find type `Mutex` in this scope
[INFO] [stdout]     --> tests/replay_core.rs:8244:15
[INFO] [stdout]      |
[INFO] [stdout] 8244 |     gets: Arc<Mutex<usize>>,
[INFO] [stdout]      |               ^^^^^ not found in this scope
[INFO] [stdout]      |
[INFO] [stdout] note: found an item that was configured out
[INFO] [stdout]     --> tests/replay_core.rs:16:22
[INFO] [stdout]      |
[INFO] [stdout]   15 | #[cfg(feature = "postgres")]
[INFO] [stdout]      |       -------------------- the item is gated behind the `postgres` feature
[INFO] [stdout]   16 | use std::sync::{Arc, Mutex};
[INFO] [stdout]      |                      ^^^^^
[INFO] [stdout] help: consider importing this struct
[INFO] [stdout]      |
[INFO] [stdout]    1 + use std::sync::Mutex;
[INFO] [stdout]      |
[INFO] [stdout] 
[INFO] [stdout] 
[INFO] [stdout] error[E0425]: cannot find type `Arc` in this scope
[INFO] [stdout]     --> tests/replay_core.rs:8245:21
[INFO] [stdout]      |
[INFO] [stdout] 8245 |     puts_by_digest: Arc<Mutex<BTreeMap<String, usize>>>,
[INFO] [stdout]      |                     ^^^ not found in this scope
[INFO] [stdout]      |
[INFO] [stdout] note: found an item that was configured out
[INFO] [stdout]     --> tests/replay_core.rs:16:17
[INFO] [stdout]      |
[INFO] [stdout]   15 | #[cfg(feature = "postgres")]
[INFO] [stdout]      |       -------------------- the item is gated behind the `postgres` feature
[INFO] [stdout]   16 | use std::sync::{Arc, Mutex};
[INFO] [stdout]      |                 ^^^
[INFO] [stdout] help: consider importing this struct
[INFO] [stdout]      |
[INFO] [stdout]    1 + use std::sync::Arc;
[INFO] [stdout]      |
[INFO] [stdout] 
[INFO] [stdout] 
[INFO] [stdout] error[E0425]: cannot find type `Mutex` in this scope
[INFO] [stdout]     --> tests/replay_core.rs:8245:25
[INFO] [stdout]      |
[INFO] [stdout] 8245 |     puts_by_digest: Arc<Mutex<BTreeMap<String, usize>>>,
[INFO] [stdout]      |                         ^^^^^ not found in this scope
[INFO] [stdout]      |
[INFO] [stdout] note: found an item that was configured out
[INFO] [stdout]     --> tests/replay_core.rs:16:22
[INFO] [stdout]      |
[INFO] [stdout]   15 | #[cfg(feature = "postgres")]
[INFO] [stdout]      |       -------------------- the item is gated behind the `postgres` feature
[INFO] [stdout]   16 | use std::sync::{Arc, Mutex};
[INFO] [stdout]      |                      ^^^^^
[INFO] [stdout] help: consider importing this struct
[INFO] [stdout]      |
[INFO] [stdout]    1 + use std::sync::Mutex;
[INFO] [stdout]      |
[INFO] [stdout] 
[INFO] [stdout] 
[INFO] [stdout] error[E0425]: cannot find type `Arc` in this scope
[INFO] [stdout]     --> tests/replay_core.rs:8246:20
[INFO] [stdout]      |
[INFO] [stdout] 8246 |     exists_probes: Arc<Mutex<usize>>,
[INFO] [stdout]      |                    ^^^ not found in this scope
[INFO] [stdout]      |
[INFO] [stdout] note: found an item that was configured out
[INFO] [stdout]     --> tests/replay_core.rs:16:17
[INFO] [stdout]      |
[INFO] [stdout]   15 | #[cfg(feature = "postgres")]
[INFO] [stdout]      |       -------------------- the item is gated behind the `postgres` feature
[INFO] [stdout]   16 | use std::sync::{Arc, Mutex};
[INFO] [stdout]      |                 ^^^
[INFO] [stdout] help: consider importing this struct
[INFO] [stdout]      |
[INFO] [stdout]    1 + use std::sync::Arc;
[INFO] [stdout]      |
[INFO] [stdout] 
[INFO] [stdout] 
[INFO] [stdout] error[E0425]: cannot find type `Mutex` in this scope
[INFO] [stdout]     --> tests/replay_core.rs:8246:24
[INFO] [stdout]      |
[INFO] [stdout] 8246 |     exists_probes: Arc<Mutex<usize>>,
[INFO] [stdout]      |                        ^^^^^ not found in this scope
[INFO] [stdout]      |
[INFO] [stdout] note: found an item that was configured out
[INFO] [stdout]     --> tests/replay_core.rs:16:22
[INFO] [stdout]      |
[INFO] [stdout]   15 | #[cfg(feature = "postgres")]
[INFO] [stdout]      |       -------------------- the item is gated behind the `postgres` feature
[INFO] [stdout]   16 | use std::sync::{Arc, Mutex};
[INFO] [stdout]      |                      ^^^^^
[INFO] [stdout] help: consider importing this struct
[INFO] [stdout]      |
[INFO] [stdout]    1 + use std::sync::Mutex;
[INFO] [stdout]      |
[INFO] [stdout] 
[INFO] [stdout] 
[INFO] [stdout] error[E0425]: cannot find type `Arc` in this scope
[INFO] [stdout]     --> tests/replay_core.rs:8379:22
[INFO] [stdout]      |
[INFO] [stdout] 8379 |     stream_requests: Arc<Mutex<Vec<durust::provider::StreamHistoryRequest>>>,
[INFO] [stdout]      |                      ^^^ not found in this scope
[INFO] [stdout]      |
[INFO] [stdout] note: found an item that was configured out
[INFO] [stdout]     --> tests/replay_core.rs:16:17
[INFO] [stdout]      |
[INFO] [stdout]   15 | #[cfg(feature = "postgres")]
[INFO] [stdout]      |       -------------------- the item is gated behind the `postgres` feature
[INFO] [stdout]   16 | use std::sync::{Arc, Mutex};
[INFO] [stdout]      |                 ^^^
[INFO] [stdout] help: consider importing this struct
[INFO] [stdout]      |
[INFO] [stdout]    1 + use std::sync::Arc;
[INFO] [stdout]      |
[INFO] [stdout] 
[INFO] [stdout] 
[INFO] [stdout] error[E0425]: cannot find type `Mutex` in this scope
[INFO] [stdout]     --> tests/replay_core.rs:8379:26
[INFO] [stdout]      |
[INFO] [stdout] 8379 |     stream_requests: Arc<Mutex<Vec<durust::provider::StreamHistoryRequest>>>,
[INFO] [stdout]      |                          ^^^^^ not found in this scope
[INFO] [stdout]      |
[INFO] [stdout] note: found an item that was configured out
[INFO] [stdout]     --> tests/replay_core.rs:16:22
[INFO] [stdout]      |
[INFO] [stdout]   15 | #[cfg(feature = "postgres")]
[INFO] [stdout]      |       -------------------- the item is gated behind the `postgres` feature
[INFO] [stdout]   16 | use std::sync::{Arc, Mutex};
[INFO] [stdout]      |                      ^^^^^
[INFO] [stdout] help: consider importing this struct
[INFO] [stdout]      |
[INFO] [stdout]    1 + use std::sync::Mutex;
[INFO] [stdout]      |
[INFO] [stdout] 
[INFO] [stdout] 
[INFO] [stdout] error[E0425]: cannot find type `Arc` in this scope
[INFO] [stdout]     --> tests/replay_core.rs:8380:28
[INFO] [stdout]      |
[INFO] [stdout] 8380 |     signal_batch_requests: Arc<Mutex<Vec<durust::provider::ReadSignalInboxesRequest>>>,
[INFO] [stdout]      |                            ^^^ not found in this scope
[INFO] [stdout]      |
[INFO] [stdout] note: found an item that was configured out
[INFO] [stdout]     --> tests/replay_core.rs:16:17
[INFO] [stdout]      |
[INFO] [stdout]   15 | #[cfg(feature = "postgres")]
[INFO] [stdout]      |       -------------------- the item is gated behind the `postgres` feature
[INFO] [stdout]   16 | use std::sync::{Arc, Mutex};
[INFO] [stdout]      |                 ^^^
[INFO] [stdout] help: consider importing this struct
[INFO] [stdout]      |
[INFO] [stdout]    1 + use std::sync::Arc;
[INFO] [stdout]      |
[INFO] [stdout] 
[INFO] [stdout] 
[INFO] [stdout] error[E0425]: cannot find type `Mutex` in this scope
[INFO] [stdout]     --> tests/replay_core.rs:8380:32
[INFO] [stdout]      |
[INFO] [stdout] 8380 |     signal_batch_requests: Arc<Mutex<Vec<durust::provider::ReadSignalInboxesRequest>>>,
[INFO] [stdout]      |                                ^^^^^ not found in this scope
[INFO] [stdout]      |
[INFO] [stdout] note: found an item that was configured out
[INFO] [stdout]     --> tests/replay_core.rs:16:22
[INFO] [stdout]      |
[INFO] [stdout]   15 | #[cfg(feature = "postgres")]
[INFO] [stdout]      |       -------------------- the item is gated behind the `postgres` feature
[INFO] [stdout]   16 | use std::sync::{Arc, Mutex};
[INFO] [stdout]      |                      ^^^^^
[INFO] [stdout] help: consider importing this struct
[INFO] [stdout]      |
[INFO] [stdout]    1 + use std::sync::Mutex;
[INFO] [stdout]      |
[INFO] [stdout] 
[INFO] [stdout] 
[INFO] [stdout] error[E0425]: cannot find type `Arc` in this scope
[INFO] [stdout]     --> tests/replay_core.rs:8381:38
[INFO] [stdout]      |
[INFO] [stdout] 8381 |     backpressure_next_replay_stream: Arc<Mutex<Option<Duration>>>,
[INFO] [stdout]      |                                      ^^^ not found in this scope
[INFO] [stdout]      |
[INFO] [stdout] note: found an item that was configured out
[INFO] [stdout]     --> tests/replay_core.rs:16:17
[INFO] [stdout]      |
[INFO] [stdout]   15 | #[cfg(feature = "postgres")]
[INFO] [stdout]      |       -------------------- the item is gated behind the `postgres` feature
[INFO] [stdout]   16 | use std::sync::{Arc, Mutex};
[INFO] [stdout]      |                 ^^^
[INFO] [stdout] help: consider importing this struct
[INFO] [stdout]      |
[INFO] [stdout]    1 + use std::sync::Arc;
[INFO] [stdout]      |
[INFO] [stdout] 
[INFO] [stdout] 
[INFO] [stdout] error[E0425]: cannot find type `Mutex` in this scope
[INFO] [stdout]     --> tests/replay_core.rs:8381:42
[INFO] [stdout]      |
[INFO] [stdout] 8381 |     backpressure_next_replay_stream: Arc<Mutex<Option<Duration>>>,
[INFO] [stdout]      |                                          ^^^^^ not found in this scope
[INFO] [stdout]      |
[INFO] [stdout] note: found an item that was configured out
[INFO] [stdout]     --> tests/replay_core.rs:16:22
[INFO] [stdout]      |
[INFO] [stdout]   15 | #[cfg(feature = "postgres")]
[INFO] [stdout]      |       -------------------- the item is gated behind the `postgres` feature
[INFO] [stdout]   16 | use std::sync::{Arc, Mutex};
[INFO] [stdout]      |                      ^^^^^
[INFO] [stdout] help: consider importing this struct
[INFO] [stdout]      |
[INFO] [stdout]    1 + use std::sync::Mutex;
[INFO] [stdout]      |
[INFO] [stdout] 
[INFO] [stdout] 
[INFO] [stdout] error[E0425]: cannot find type `Arc` in this scope
[INFO] [stdout]     --> tests/replay_core.rs:8382:29
[INFO] [stdout]      |
[INFO] [stdout] 8382 |     fail_next_current_time: Arc<Mutex<bool>>,
[INFO] [stdout]      |                             ^^^ not found in this scope
[INFO] [stdout]      |
[INFO] [stdout] note: found an item that was configured out
[INFO] [stdout]     --> tests/replay_core.rs:16:17
[INFO] [stdout]      |
[INFO] [stdout]   15 | #[cfg(feature = "postgres")]
[INFO] [stdout]      |       -------------------- the item is gated behind the `postgres` feature
[INFO] [stdout]   16 | use std::sync::{Arc, Mutex};
[INFO] [stdout]      |                 ^^^
[INFO] [stdout] help: consider importing this struct
[INFO] [stdout]      |
[INFO] [stdout]    1 + use std::sync::Arc;
[INFO] [stdout]      |
[INFO] [stdout] 
[INFO] [stdout] 
[INFO] [stdout] error[E0425]: cannot find type `Mutex` in this scope
[INFO] [stdout]     --> tests/replay_core.rs:8382:33
[INFO] [stdout]      |
[INFO] [stdout] 8382 |     fail_next_current_time: Arc<Mutex<bool>>,
[INFO] [stdout]      |                                 ^^^^^ not found in this scope
[INFO] [stdout]      |
[INFO] [stdout] note: found an item that was configured out
[INFO] [stdout]     --> tests/replay_core.rs:16:22
[INFO] [stdout]      |
[INFO] [stdout]   15 | #[cfg(feature = "postgres")]
[INFO] [stdout]      |       -------------------- the item is gated behind the `postgres` feature
[INFO] [stdout]   16 | use std::sync::{Arc, Mutex};
[INFO] [stdout]      |                      ^^^^^
[INFO] [stdout] help: consider importing this struct
[INFO] [stdout]      |
[INFO] [stdout]    1 + use std::sync::Mutex;
[INFO] [stdout]      |
[INFO] [stdout] 
[INFO] [stdout] 
[INFO] [stdout] error[E0425]: cannot find type `Arc` in this scope
[INFO] [stdout]     --> tests/replay_core.rs:8383:30
[INFO] [stdout]      |
[INFO] [stdout] 8383 |     fail_next_replay_stream: Arc<Mutex<bool>>,
[INFO] [stdout]      |                              ^^^ not found in this scope
[INFO] [stdout]      |
[INFO] [stdout] note: found an item that was configured out
[INFO] [stdout]     --> tests/replay_core.rs:16:17
[INFO] [stdout]      |
[INFO] [stdout]   15 | #[cfg(feature = "postgres")]
[INFO] [stdout]      |       -------------------- the item is gated behind the `postgres` feature
[INFO] [stdout]   16 | use std::sync::{Arc, Mutex};
[INFO] [stdout]      |                 ^^^
[INFO] [stdout] help: consider importing this struct
[INFO] [stdout]      |
[INFO] [stdout]    1 + use std::sync::Arc;
[INFO] [stdout]      |
[INFO] [stdout] 
[INFO] [stdout] 
[INFO] [stdout] error[E0425]: cannot find type `Mutex` in this scope
[INFO] [stdout]     --> tests/replay_core.rs:8383:34
[INFO] [stdout]      |
[INFO] [stdout] 8383 |     fail_next_replay_stream: Arc<Mutex<bool>>,
[INFO] [stdout]      |                                  ^^^^^ not found in this scope
[INFO] [stdout]      |
[INFO] [stdout] note: found an item that was configured out
[INFO] [stdout]     --> tests/replay_core.rs:16:22
[INFO] [stdout]      |
[INFO] [stdout]   15 | #[cfg(feature = "postgres")]
[INFO] [stdout]      |       -------------------- the item is gated behind the `postgres` feature
[INFO] [stdout]   16 | use std::sync::{Arc, Mutex};
[INFO] [stdout]      |                      ^^^^^
[INFO] [stdout] help: consider importing this struct
[INFO] [stdout]      |
[INFO] [stdout]    1 + use std::sync::Mutex;
[INFO] [stdout]      |
[INFO] [stdout] 
[INFO] [stdout] 
[INFO] [stdout] error[E0425]: cannot find type `Arc` in this scope
[INFO] [stdout]     --> tests/replay_core.rs:8384:33
[INFO] [stdout]      |
[INFO] [stdout] 8384 |     hydrate_failures_remaining: Arc<Mutex<u32>>,
[INFO] [stdout]      |                                 ^^^ not found in this scope
[INFO] [stdout]      |
[INFO] [stdout] note: found an item that was configured out
[INFO] [stdout]     --> tests/replay_core.rs:16:17
[INFO] [stdout]      |
[INFO] [stdout]   15 | #[cfg(feature = "postgres")]
[INFO] [stdout]      |       -------------------- the item is gated behind the `postgres` feature
[INFO] [stdout]   16 | use std::sync::{Arc, Mutex};
[INFO] [stdout]      |                 ^^^
[INFO] [stdout] help: consider importing this struct
[INFO] [stdout]      |
[INFO] [stdout]    1 + use std::sync::Arc;
[INFO] [stdout]      |
[INFO] [stdout] 
[INFO] [stdout] 
[INFO] [stdout] error[E0425]: cannot find type `Mutex` in this scope
[INFO] [stdout]     --> tests/replay_core.rs:8384:37
[INFO] [stdout]      |
[INFO] [stdout] 8384 |     hydrate_failures_remaining: Arc<Mutex<u32>>,
[INFO] [stdout]      |                                     ^^^^^ not found in this scope
[INFO] [stdout]      |
[INFO] [stdout] note: found an item that was configured out
[INFO] [stdout]     --> tests/replay_core.rs:16:22
[INFO] [stdout]      |
[INFO] [stdout]   15 | #[cfg(feature = "postgres")]
[INFO] [stdout]      |       -------------------- the item is gated behind the `postgres` feature
[INFO] [stdout]   16 | use std::sync::{Arc, Mutex};
[INFO] [stdout]      |                      ^^^^^
[INFO] [stdout] help: consider importing this struct
[INFO] [stdout]      |
[INFO] [stdout]    1 + use std::sync::Mutex;
[INFO] [stdout]      |
[INFO] [stdout] 
[INFO] [stdout] 
[INFO] [stdout] error[E0425]: cannot find type `Arc` in this scope
[INFO] [stdout]     --> tests/replay_core.rs:8385:29
[INFO] [stdout]      |
[INFO] [stdout] 8385 |     fail_next_commit_batch: Arc<Mutex<bool>>,
[INFO] [stdout]      |                             ^^^ not found in this scope
[INFO] [stdout]      |
[INFO] [stdout] note: found an item that was configured out
[INFO] [stdout]     --> tests/replay_core.rs:16:17
[INFO] [stdout]      |
[INFO] [stdout]   15 | #[cfg(feature = "postgres")]
[INFO] [stdout]      |       -------------------- the item is gated behind the `postgres` feature
[INFO] [stdout]   16 | use std::sync::{Arc, Mutex};
[INFO] [stdout]      |                 ^^^
[INFO] [stdout] help: consider importing this struct
[INFO] [stdout]      |
[INFO] [stdout]    1 + use std::sync::Arc;
[INFO] [stdout]      |
[INFO] [stdout] 
[INFO] [stdout] 
[INFO] [stdout] error[E0425]: cannot find type `Mutex` in this scope
[INFO] [stdout]     --> tests/replay_core.rs:8385:33
[INFO] [stdout]      |
[INFO] [stdout] 8385 |     fail_next_commit_batch: Arc<Mutex<bool>>,
[INFO] [stdout]      |                                 ^^^^^ not found in this scope
[INFO] [stdout]      |
[INFO] [stdout] note: found an item that was configured out
[INFO] [stdout]     --> tests/replay_core.rs:16:22
[INFO] [stdout]      |
[INFO] [stdout]   15 | #[cfg(feature = "postgres")]
[INFO] [stdout]      |       -------------------- the item is gated behind the `postgres` feature
[INFO] [stdout]   16 | use std::sync::{Arc, Mutex};
[INFO] [stdout]      |                      ^^^^^
[INFO] [stdout] help: consider importing this struct
[INFO] [stdout]      |
[INFO] [stdout]    1 + use std::sync::Mutex;
[INFO] [stdout]      |
[INFO] [stdout] 
[INFO] [stdout] 
[INFO] [stdout] error[E0425]: cannot find type `Arc` in this scope
[INFO] [stdout]     --> tests/replay_core.rs:8386:28
[INFO] [stdout]      |
[INFO] [stdout] 8386 |     fail_batch_commit_run: Arc<Mutex<Option<durust::RunId>>>,
[INFO] [stdout]      |                            ^^^ not found in this scope
[INFO] [stdout]      |
[INFO] [stdout] note: found an item that was configured out
[INFO] [stdout]     --> tests/replay_core.rs:16:17
[INFO] [stdout]      |
[INFO] [stdout]   15 | #[cfg(feature = "postgres")]
[INFO] [stdout]      |       -------------------- the item is gated behind the `postgres` feature
[INFO] [stdout]   16 | use std::sync::{Arc, Mutex};
[INFO] [stdout]      |                 ^^^
[INFO] [stdout] help: consider importing this struct
[INFO] [stdout]      |
[INFO] [stdout]    1 + use std::sync::Arc;
[INFO] [stdout]      |
[INFO] [stdout] 
[INFO] [stdout] 
[INFO] [stdout] error[E0425]: cannot find type `Mutex` in this scope
[INFO] [stdout]     --> tests/replay_core.rs:8386:32
[INFO] [stdout]      |
[INFO] [stdout] 8386 |     fail_batch_commit_run: Arc<Mutex<Option<durust::RunId>>>,
[INFO] [stdout]      |                                ^^^^^ not found in this scope
[INFO] [stdout]      |
[INFO] [stdout] note: found an item that was configured out
[INFO] [stdout]     --> tests/replay_core.rs:16:22
[INFO] [stdout]      |
[INFO] [stdout]   15 | #[cfg(feature = "postgres")]
[INFO] [stdout]      |       -------------------- the item is gated behind the `postgres` feature
[INFO] [stdout]   16 | use std::sync::{Arc, Mutex};
[INFO] [stdout]      |                      ^^^^^
[INFO] [stdout] help: consider importing this struct
[INFO] [stdout]      |
[INFO] [stdout]    1 + use std::sync::Mutex;
[INFO] [stdout]      |
[INFO] [stdout] 
[INFO] [stdout] 
[INFO] [stdout] error[E0425]: cannot find type `Arc` in this scope
[INFO] [stdout]     --> tests/replay_core.rs:8387:41
[INFO] [stdout]      |
[INFO] [stdout] 8387 |     advance_before_activity_completion: Arc<Mutex<Option<Duration>>>,
[INFO] [stdout]      |                                         ^^^ not found in this scope
[INFO] [stdout]      |
[INFO] [stdout] note: found an item that was configured out
[INFO] [stdout]     --> tests/replay_core.rs:16:17
[INFO] [stdout]      |
[INFO] [stdout]   15 | #[cfg(feature = "postgres")]
[INFO] [stdout]      |       -------------------- the item is gated behind the `postgres` feature
[INFO] [stdout]   16 | use std::sync::{Arc, Mutex};
[INFO] [stdout]      |                 ^^^
[INFO] [stdout] help: consider importing this struct
[INFO] [stdout]      |
[INFO] [stdout]    1 + use std::sync::Arc;
[INFO] [stdout]      |
[INFO] [stdout] 
[INFO] [stdout] 
[INFO] [stdout] error[E0425]: cannot find type `Mutex` in this scope
[INFO] [stdout]     --> tests/replay_core.rs:8387:45
[INFO] [stdout]      |
[INFO] [stdout] 8387 |     advance_before_activity_completion: Arc<Mutex<Option<Duration>>>,
[INFO] [stdout]      |                                             ^^^^^ not found in this scope
[INFO] [stdout]      |
[INFO] [stdout] note: found an item that was configured out
[INFO] [stdout]     --> tests/replay_core.rs:16:22
[INFO] [stdout]      |
[INFO] [stdout]   15 | #[cfg(feature = "postgres")]
[INFO] [stdout]      |       -------------------- the item is gated behind the `postgres` feature
[INFO] [stdout]   16 | use std::sync::{Arc, Mutex};
[INFO] [stdout]      |                      ^^^^^
[INFO] [stdout] help: consider importing this struct
[INFO] [stdout]      |
[INFO] [stdout]    1 + use std::sync::Mutex;
[INFO] [stdout]      |
[INFO] [stdout] 
[INFO] [stdout] 
[INFO] [stdout] error[E0433]: cannot find type `Arc` in this scope
[INFO] [stdout]     --> tests/replay_core.rs:8395:30
[INFO] [stdout]      |
[INFO] [stdout] 8395 |             stream_requests: Arc::new(Mutex::new(Vec::new())),
[INFO] [stdout]      |                              ^^^ use of undeclared type `Arc`
[INFO] [stdout]      |
[INFO] [stdout] note: found an item that was configured out
[INFO] [stdout]     --> tests/replay_core.rs:16:17
[INFO] [stdout]      |
[INFO] [stdout]   15 | #[cfg(feature = "postgres")]
[INFO] [stdout]      |       -------------------- the item is gated behind the `postgres` feature
[INFO] [stdout]   16 | use std::sync::{Arc, Mutex};
[INFO] [stdout]      |                 ^^^
[INFO] [stdout] help: consider importing this struct
[INFO] [stdout]      |
[INFO] [stdout]    1 + use std::sync::Arc;
[INFO] [stdout]      |
[INFO] [stdout] 
[INFO] [stdout] 
[INFO] [stdout] error[E0433]: cannot find type `Mutex` in this scope
[INFO] [stdout]     --> tests/replay_core.rs:8395:39
[INFO] [stdout]      |
[INFO] [stdout] 8395 |             stream_requests: Arc::new(Mutex::new(Vec::new())),
[INFO] [stdout]      |                                       ^^^^^ use of undeclared type `Mutex`
[INFO] [stdout]      |
[INFO] [stdout] note: found an item that was configured out
[INFO] [stdout]     --> tests/replay_core.rs:16:22
[INFO] [stdout]      |
[INFO] [stdout]   15 | #[cfg(feature = "postgres")]
[INFO] [stdout]      |       -------------------- the item is gated behind the `postgres` feature
[INFO] [stdout]   16 | use std::sync::{Arc, Mutex};
[INFO] [stdout]      |                      ^^^^^
[INFO] [stdout] help: consider importing this struct
[INFO] [stdout]      |
[INFO] [stdout]    1 + use std::sync::Mutex;
[INFO] [stdout]      |
[INFO] [stdout] 
[INFO] [stdout] 
[INFO] [stdout] error[E0433]: cannot find type `Arc` in this scope
[INFO] [stdout]     --> tests/replay_core.rs:8396:36
[INFO] [stdout]      |
[INFO] [stdout] 8396 |             signal_batch_requests: Arc::new(Mutex::new(Vec::new())),
[INFO] [stdout]      |                                    ^^^ use of undeclared type `Arc`
[INFO] [stdout]      |
[INFO] [stdout] note: found an item that was configured out
[INFO] [stdout]     --> tests/replay_core.rs:16:17
[INFO] [stdout]      |
[INFO] [stdout]   15 | #[cfg(feature = "postgres")]
[INFO] [stdout]      |       -------------------- the item is gated behind the `postgres` feature
[INFO] [stdout]   16 | use std::sync::{Arc, Mutex};
[INFO] [stdout]      |                 ^^^
[INFO] [stdout] help: consider importing this struct
[INFO] [stdout]      |
[INFO] [stdout]    1 + use std::sync::Arc;
[INFO] [stdout]      |
[INFO] [stdout] 
[INFO] [stdout] 
[INFO] [stdout] error[E0433]: cannot find type `Mutex` in this scope
[INFO] [stdout]     --> tests/replay_core.rs:8396:45
[INFO] [stdout]      |
[INFO] [stdout] 8396 |             signal_batch_requests: Arc::new(Mutex::new(Vec::new())),
[INFO] [stdout]      |                                             ^^^^^ use of undeclared type `Mutex`
[INFO] [stdout]      |
[INFO] [stdout] note: found an item that was configured out
[INFO] [stdout]     --> tests/replay_core.rs:16:22
[INFO] [stdout]      |
[INFO] [stdout]   15 | #[cfg(feature = "postgres")]
[INFO] [stdout]      |       -------------------- the item is gated behind the `postgres` feature
[INFO] [stdout]   16 | use std::sync::{Arc, Mutex};
[INFO] [stdout]      |                      ^^^^^
[INFO] [stdout] help: consider importing this struct
[INFO] [stdout]      |
[INFO] [stdout]    1 + use std::sync::Mutex;
[INFO] [stdout]      |
[INFO] [stdout] 
[INFO] [stdout] 
[INFO] [stdout] error[E0433]: cannot find type `Arc` in this scope
[INFO] [stdout]     --> tests/replay_core.rs:8397:46
[INFO] [stdout]      |
[INFO] [stdout] 8397 |             backpressure_next_replay_stream: Arc::new(Mutex::new(None)),
[INFO] [stdout]      |                                              ^^^ use of undeclared type `Arc`
[INFO] [stdout]      |
[INFO] [stdout] note: found an item that was configured out
[INFO] [stdout]     --> tests/replay_core.rs:16:17
[INFO] [stdout]      |
[INFO] [stdout]   15 | #[cfg(feature = "postgres")]
[INFO] [stdout]      |       -------------------- the item is gated behind the `postgres` feature
[INFO] [stdout]   16 | use std::sync::{Arc, Mutex};
[INFO] [stdout]      |                 ^^^
[INFO] [stdout] help: consider importing this struct
[INFO] [stdout]      |
[INFO] [stdout]    1 + use std::sync::Arc;
[INFO] [stdout]      |
[INFO] [stdout] 
[INFO] [stdout] 
[INFO] [stdout] error[E0433]: cannot find type `Mutex` in this scope
[INFO] [stdout]     --> tests/replay_core.rs:8397:55
[INFO] [stdout]      |
[INFO] [stdout] 8397 |             backpressure_next_replay_stream: Arc::new(Mutex::new(None)),
[INFO] [stdout]      |                                                       ^^^^^ use of undeclared type `Mutex`
[INFO] [stdout]      |
[INFO] [stdout] note: found an item that was configured out
[INFO] [stdout]     --> tests/replay_core.rs:16:22
[INFO] [stdout]      |
[INFO] [stdout]   15 | #[cfg(feature = "postgres")]
[INFO] [stdout]      |       -------------------- the item is gated behind the `postgres` feature
[INFO] [stdout]   16 | use std::sync::{Arc, Mutex};
[INFO] [stdout]      |                      ^^^^^
[INFO] [stdout] help: consider importing this struct
[INFO] [stdout]      |
[INFO] [stdout]    1 + use std::sync::Mutex;
[INFO] [stdout]      |
[INFO] [stdout] 
[INFO] [stdout] 
[INFO] [stdout] error[E0433]: cannot find type `Arc` in this scope
[INFO] [stdout]     --> tests/replay_core.rs:8398:37
[INFO] [stdout]      |
[INFO] [stdout] 8398 |             fail_next_current_time: Arc::new(Mutex::new(false)),
[INFO] [stdout]      |                                     ^^^ use of undeclared type `Arc`
[INFO] [stdout]      |
[INFO] [stdout] note: found an item that was configured out
[INFO] [stdout]     --> tests/replay_core.rs:16:17
[INFO] [stdout]      |
[INFO] [stdout]   15 | #[cfg(feature = "postgres")]
[INFO] [stdout]      |       -------------------- the item is gated behind the `postgres` feature
[INFO] [stdout]   16 | use std::sync::{Arc, Mutex};
[INFO] [stdout]      |                 ^^^
[INFO] [stdout] help: consider importing this struct
[INFO] [stdout]      |
[INFO] [stdout]    1 + use std::sync::Arc;
[INFO] [stdout]      |
[INFO] [stdout] 
[INFO] [stdout] 
[INFO] [stdout] error[E0433]: cannot find type `Mutex` in this scope
[INFO] [stdout]     --> tests/replay_core.rs:8398:46
[INFO] [stdout]      |
[INFO] [stdout] 8398 |             fail_next_current_time: Arc::new(Mutex::new(false)),
[INFO] [stdout]      |                                              ^^^^^ use of undeclared type `Mutex`
[INFO] [stdout]      |
[INFO] [stdout] note: found an item that was configured out
[INFO] [stdout]     --> tests/replay_core.rs:16:22
[INFO] [stdout]      |
[INFO] [stdout]   15 | #[cfg(feature = "postgres")]
[INFO] [stdout]      |       -------------------- the item is gated behind the `postgres` feature
[INFO] [stdout]   16 | use std::sync::{Arc, Mutex};
[INFO] [stdout]      |                      ^^^^^
[INFO] [stdout] help: consider importing this struct
[INFO] [stdout]      |
[INFO] [stdout]    1 + use std::sync::Mutex;
[INFO] [stdout]      |
[INFO] [stdout] 
[INFO] [stdout] 
[INFO] [stdout] error[E0433]: cannot find type `Arc` in this scope
[INFO] [stdout]     --> tests/replay_core.rs:8399:38
[INFO] [stdout]      |
[INFO] [stdout] 8399 |             fail_next_replay_stream: Arc::new(Mutex::new(false)),
[INFO] [stdout]      |                                      ^^^ use of undeclared type `Arc`
[INFO] [stdout]      |
[INFO] [stdout] note: found an item that was configured out
[INFO] [stdout]     --> tests/replay_core.rs:16:17
[INFO] [stdout]      |
[INFO] [stdout]   15 | #[cfg(feature = "postgres")]
[INFO] [stdout]      |       -------------------- the item is gated behind the `postgres` feature
[INFO] [stdout]   16 | use std::sync::{Arc, Mutex};
[INFO] [stdout]      |                 ^^^
[INFO] [stdout] help: consider importing this struct
[INFO] [stdout]      |
[INFO] [stdout]    1 + use std::sync::Arc;
[INFO] [stdout]      |
[INFO] [stdout] 
[INFO] [stdout] 
[INFO] [stdout] error[E0433]: cannot find type `Mutex` in this scope
[INFO] [stdout]     --> tests/replay_core.rs:8399:47
[INFO] [stdout]      |
[INFO] [stdout] 8399 |             fail_next_replay_stream: Arc::new(Mutex::new(false)),
[INFO] [stdout]      |                                               ^^^^^ use of undeclared type `Mutex`
[INFO] [stdout]      |
[INFO] [stdout] note: found an item that was configured out
[INFO] [stdout]     --> tests/replay_core.rs:16:22
[INFO] [stdout]      |
[INFO] [stdout]   15 | #[cfg(feature = "postgres")]
[INFO] [stdout]      |       -------------------- the item is gated behind the `postgres` feature
[INFO] [stdout]   16 | use std::sync::{Arc, Mutex};
[INFO] [stdout]      |                      ^^^^^
[INFO] [stdout] help: consider importing this struct
[INFO] [stdout]      |
[INFO] [stdout]    1 + use std::sync::Mutex;
[INFO] [stdout]      |
[INFO] [stdout] 
[INFO] [stdout] 
[INFO] [stdout] error[E0433]: cannot find type `Arc` in this scope
[INFO] [stdout]     --> tests/replay_core.rs:8400:41
[INFO] [stdout]      |
[INFO] [stdout] 8400 |             hydrate_failures_remaining: Arc::new(Mutex::new(0)),
[INFO] [stdout]      |                                         ^^^ use of undeclared type `Arc`
[INFO] [stdout]      |
[INFO] [stdout] note: found an item that was configured out
[INFO] [stdout]     --> tests/replay_core.rs:16:17
[INFO] [stdout]      |
[INFO] [stdout]   15 | #[cfg(feature = "postgres")]
[INFO] [stdout]      |       -------------------- the item is gated behind the `postgres` feature
[INFO] [stdout]   16 | use std::sync::{Arc, Mutex};
[INFO] [stdout]      |                 ^^^
[INFO] [stdout] help: consider importing this struct
[INFO] [stdout]      |
[INFO] [stdout]    1 + use std::sync::Arc;
[INFO] [stdout]      |
[INFO] [stdout] 
[INFO] [stdout] 
[INFO] [stdout] error[E0433]: cannot find type `Mutex` in this scope
[INFO] [stdout]     --> tests/replay_core.rs:8400:50
[INFO] [stdout]      |
[INFO] [stdout] 8400 |             hydrate_failures_remaining: Arc::new(Mutex::new(0)),
[INFO] [stdout]      |                                                  ^^^^^ use of undeclared type `Mutex`
[INFO] [stdout]      |
[INFO] [stdout] note: found an item that was configured out
[INFO] [stdout]     --> tests/replay_core.rs:16:22
[INFO] [stdout]      |
[INFO] [stdout]   15 | #[cfg(feature = "postgres")]
[INFO] [stdout]      |       -------------------- the item is gated behind the `postgres` feature
[INFO] [stdout]   16 | use std::sync::{Arc, Mutex};
[INFO] [stdout]      |                      ^^^^^
[INFO] [stdout] help: consider importing this struct
[INFO] [stdout]      |
[INFO] [stdout]    1 + use std::sync::Mutex;
[INFO] [stdout]      |
[INFO] [stdout] 
[INFO] [stdout] 
[INFO] [stdout] error[E0433]: cannot find type `Arc` in this scope
[INFO] [stdout]     --> tests/replay_core.rs:8401:37
[INFO] [stdout]      |
[INFO] [stdout] 8401 |             fail_next_commit_batch: Arc::new(Mutex::new(false)),
[INFO] [stdout]      |                                     ^^^ use of undeclared type `Arc`
[INFO] [stdout]      |
[INFO] [stdout] note: found an item that was configured out
[INFO] [stdout]     --> tests/replay_core.rs:16:17
[INFO] [stdout]      |
[INFO] [stdout]   15 | #[cfg(feature = "postgres")]
[INFO] [stdout]      |       -------------------- the item is gated behind the `postgres` feature
[INFO] [stdout]   16 | use std::sync::{Arc, Mutex};
[INFO] [stdout]      |                 ^^^
[INFO] [stdout] help: consider importing this struct
[INFO] [stdout]      |
[INFO] [stdout]    1 + use std::sync::Arc;
[INFO] [stdout]      |
[INFO] [stdout] 
[INFO] [stdout] 
[INFO] [stdout] error[E0433]: cannot find type `Mutex` in this scope
[INFO] [stdout]     --> tests/replay_core.rs:8401:46
[INFO] [stdout]      |
[INFO] [stdout] 8401 |             fail_next_commit_batch: Arc::new(Mutex::new(false)),
[INFO] [stdout]      |                                              ^^^^^ use of undeclared type `Mutex`
[INFO] [stdout]      |
[INFO] [stdout] note: found an item that was configured out
[INFO] [stdout]     --> tests/replay_core.rs:16:22
[INFO] [stdout]      |
[INFO] [stdout]   15 | #[cfg(feature = "postgres")]
[INFO] [stdout]      |       -------------------- the item is gated behind the `postgres` feature
[INFO] [stdout]   16 | use std::sync::{Arc, Mutex};
[INFO] [stdout]      |                      ^^^^^
[INFO] [stdout] help: consider importing this struct
[INFO] [stdout]      |
[INFO] [stdout]    1 + use std::sync::Mutex;
[INFO] [stdout]      |
[INFO] [stdout] 
[INFO] [stdout] 
[INFO] [stdout] error[E0433]: cannot find type `Arc` in this scope
[INFO] [stdout]     --> tests/replay_core.rs:8402:36
[INFO] [stdout]      |
[INFO] [stdout] 8402 |             fail_batch_commit_run: Arc::new(Mutex::new(None)),
[INFO] [stdout]      |                                    ^^^ use of undeclared type `Arc`
[INFO] [stdout]      |
[INFO] [stdout] note: found an item that was configured out
[INFO] [stdout]     --> tests/replay_core.rs:16:17
[INFO] [stdout]      |
[INFO] [stdout]   15 | #[cfg(feature = "postgres")]
[INFO] [stdout]      |       -------------------- the item is gated behind the `postgres` feature
[INFO] [stdout]   16 | use std::sync::{Arc, Mutex};
[INFO] [stdout]      |                 ^^^
[INFO] [stdout] help: consider importing this struct
[INFO] [stdout]      |
[INFO] [stdout]    1 + use std::sync::Arc;
[INFO] [stdout]      |
[INFO] [stdout] 
[INFO] [stdout] 
[INFO] [stdout] error[E0433]: cannot find type `Mutex` in this scope
[INFO] [stdout]     --> tests/replay_core.rs:8402:45
[INFO] [stdout]      |
[INFO] [stdout] 8402 |             fail_batch_commit_run: Arc::new(Mutex::new(None)),
[INFO] [stdout]      |                                             ^^^^^ use of undeclared type `Mutex`
[INFO] [stdout]      |
[INFO] [stdout] note: found an item that was configured out
[INFO] [stdout]     --> tests/replay_core.rs:16:22
[INFO] [stdout]      |
[INFO] [stdout]   15 | #[cfg(feature = "postgres")]
[INFO] [stdout]      |       -------------------- the item is gated behind the `postgres` feature
[INFO] [stdout]   16 | use std::sync::{Arc, Mutex};
[INFO] [stdout]      |                      ^^^^^
[INFO] [stdout] help: consider importing this struct
[INFO] [stdout]      |
[INFO] [stdout]    1 + use std::sync::Mutex;
[INFO] [stdout]      |
[INFO] [stdout] 
[INFO] [stdout] 
[INFO] [stdout] error[E0433]: cannot find type `Arc` in this scope
[INFO] [stdout]     --> tests/replay_core.rs:8403:49
[INFO] [stdout]      |
[INFO] [stdout] 8403 |             advance_before_activity_completion: Arc::new(Mutex::new(None)),
[INFO] [stdout]      |                                                 ^^^ use of undeclared type `Arc`
[INFO] [stdout]      |
[INFO] [stdout] note: found an item that was configured out
[INFO] [stdout]     --> tests/replay_core.rs:16:17
[INFO] [stdout]      |
[INFO] [stdout]   15 | #[cfg(feature = "postgres")]
[INFO] [stdout]      |       -------------------- the item is gated behind the `postgres` feature
[INFO] [stdout]   16 | use std::sync::{Arc, Mutex};
[INFO] [stdout]      |                 ^^^
[INFO] [stdout] help: consider importing this struct
[INFO] [stdout]      |
[INFO] [stdout]    1 + use std::sync::Arc;
[INFO] [stdout]      |
[INFO] [stdout] 
[INFO] [stdout] 
[INFO] [stdout] error[E0433]: cannot find type `Mutex` in this scope
[INFO] [stdout]     --> tests/replay_core.rs:8403:58
[INFO] [stdout]      |
[INFO] [stdout] 8403 |             advance_before_activity_completion: Arc::new(Mutex::new(None)),
[INFO] [stdout]      |                                                          ^^^^^ use of undeclared type `Mutex`
[INFO] [stdout]      |
[INFO] [stdout] note: found an item that was configured out
[INFO] [stdout]     --> tests/replay_core.rs:16:22
[INFO] [stdout]      |
[INFO] [stdout]   15 | #[cfg(feature = "postgres")]
[INFO] [stdout]      |       -------------------- the item is gated behind the `postgres` feature
[INFO] [stdout]   16 | use std::sync::{Arc, Mutex};
[INFO] [stdout]      |                      ^^^^^
[INFO] [stdout] help: consider importing this struct
[INFO] [stdout]      |
[INFO] [stdout]    1 + use std::sync::Mutex;
[INFO] [stdout]      |
[INFO] [stdout] 
[INFO] [stdout] 
[INFO] [stdout] error[E0425]: cannot find type `Arc` in this scope
[INFO] [stdout]     --> tests/replay_core.rs:8456:25
[INFO] [stdout]      |
[INFO] [stdout] 8456 |     fn take_flag(flag: &Arc<Mutex<bool>>) -> bool {
[INFO] [stdout]      |                         ^^^ not found in this scope
[INFO] [stdout]      |
[INFO] [stdout] note: found an item that was configured out
[INFO] [stdout]     --> tests/replay_core.rs:16:17
[INFO] [stdout]      |
[INFO] [stdout]   15 | #[cfg(feature = "postgres")]
[INFO] [stdout]      |       -------------------- the item is gated behind the `postgres` feature
[INFO] [stdout]   16 | use std::sync::{Arc, Mutex};
[INFO] [stdout]      |                 ^^^
[INFO] [stdout] help: consider importing this struct
[INFO] [stdout]      |
[INFO] [stdout]    1 + use std::sync::Arc;
[INFO] [stdout]      |
[INFO] [stdout] 
[INFO] [stdout] 
[INFO] [stdout] error[E0425]: cannot find type `Mutex` in this scope
[INFO] [stdout]     --> tests/replay_core.rs:8456:29
[INFO] [stdout]      |
[INFO] [stdout] 8456 |     fn take_flag(flag: &Arc<Mutex<bool>>) -> bool {
[INFO] [stdout]      |                             ^^^^^ not found in this scope
[INFO] [stdout]      |
[INFO] [stdout] note: found an item that was configured out
[INFO] [stdout]     --> tests/replay_core.rs:16:22
[INFO] [stdout]      |
[INFO] [stdout]   15 | #[cfg(feature = "postgres")]
[INFO] [stdout]      |       -------------------- the item is gated behind the `postgres` feature
[INFO] [stdout]   16 | use std::sync::{Arc, Mutex};
[INFO] [stdout]      |                      ^^^^^
[INFO] [stdout] help: consider importing this struct
[INFO] [stdout]      |
[INFO] [stdout]    1 + use std::sync::Mutex;
[INFO] [stdout]      |
[INFO] [stdout] 
[INFO] [stdout] 
[INFO] [stdout] Some errors have detailed explanations: E0425, E0433.
[INFO] [stdout] 
[INFO] [stdout] For more information about an error, try `rustc --explain E0425`.
[INFO] [stdout] 
[INFO] [stderr] error: could not compile `durust` (test "replay_core") due to 52 previous errors
[INFO] running `Command { std: "docker" "inspect" "3dda08ee268780d1218358e594feeeb7f9411e896f4c60f6483ed9db94a829ff", kill_on_drop: false }`
[INFO] running `Command { std: "docker" "rm" "-f" "3dda08ee268780d1218358e594feeeb7f9411e896f4c60f6483ed9db94a829ff", kill_on_drop: false }`
[INFO] [stdout] 3dda08ee268780d1218358e594feeeb7f9411e896f4c60f6483ed9db94a829ff
