[INFO] fetching crate duration-flex 1.0.0...
[INFO] testing duration-flex-1.0.0 against 1.99.0-beta.8+cargoflags=--release for beta-release-1.100-2
[INFO] extracting crate duration-flex 1.0.0 into /workspace/builds/worker-1-tc1/source
[INFO] started tweaking crates.io crate duration-flex 1.0.0
[INFO] finished tweaking crates.io crate duration-flex 1.0.0
[INFO] tweaked toml for crates.io crate duration-flex 1.0.0 written to /workspace/builds/worker-1-tc1/source/Cargo.toml
[INFO] validating manifest of crates.io crate duration-flex 1.0.0 on toolchain 1.99.0-beta.8
[INFO] running `Command { std: CARGO_HOME="/workspace/cargo-home" RUSTUP_HOME="/workspace/rustup-home" "/workspace/cargo-home/bin/cargo" "+1.99.0-beta.8" "metadata" "--manifest-path" "Cargo.toml" "--no-deps", kill_on_drop: false }`
[INFO] crate crates.io crate duration-flex 1.0.0 already has a lockfile, it will not be regenerated
[INFO] running `Command { std: CARGO_HOME="/workspace/cargo-home" RUSTUP_HOME="/workspace/rustup-home" "/workspace/cargo-home/bin/cargo" "+1.99.0-beta.8" "fetch" "--manifest-path" "Cargo.toml", kill_on_drop: false }`
[INFO] [stderr]     Updating crates.io index
[INFO] [stderr]  Downloading crates ...
[INFO] [stderr]   Downloaded validator v0.21.0
[INFO] [stderr]   Downloaded proc-macro-error-attr3 v3.1.0
[INFO] [stderr]   Downloaded utoipa v5.5.0
[INFO] [stderr]   Downloaded validator_derive v0.20.1
[INFO] [stderr]   Downloaded serde_test v1.0.177
[INFO] [stderr]   Downloaded proc-macro-error3 v3.1.0
[INFO] [stderr]   Downloaded utoipa-gen v5.5.0
[INFO] running `Command { std: "docker" "create" "-v" "/var/lib/crater-agent-workspace/builds/worker-1-tc1/source:/opt/rustwide/workdir:ro,Z" "-v" "/var/lib/crater-agent-workspace/builds/worker-1-tc1/target:/opt/rustwide/target:rw,Z" "-v" "/var/lib/crater-agent-workspace/cargo-home:/opt/rustwide/cargo-home:ro,Z" "-v" "/var/lib/crater-agent-workspace/rustup-home:/opt/rustwide/rustup-home:ro,Z" "-m" "1610612736" "--network" "none" "ghcr.io/rust-lang/crates-build-env/linux@sha256:77db811e55d90add9212f6832c23229e3de5f1c1f9905e8cb07319ea15df73ac" "sleep" "infinity", kill_on_drop: false }`
[INFO] [stdout] f1b69cc36c5d3b66f089da395be1282c2ee139a1c17f51bd7308a161d7255514
[INFO] running `Command { std: "docker" "start" "f1b69cc36c5d3b66f089da395be1282c2ee139a1c17f51bd7308a161d7255514", kill_on_drop: false }`
[INFO] running `Command { std: "docker" "inspect" "f1b69cc36c5d3b66f089da395be1282c2ee139a1c17f51bd7308a161d7255514", kill_on_drop: false }`
[INFO] running `Command { std: "docker" "exec" "-e" "SOURCE_DIR=/opt/rustwide/workdir" "-e" "CARGO_HOME=/opt/rustwide/cargo-home" "-e" "RUSTUP_HOME=/opt/rustwide/rustup-home" "-e" "CARGO_TARGET_DIR=/opt/rustwide/target" "-w" "/opt/rustwide/workdir" "--user" "0:0" "f1b69cc36c5d3b66f089da395be1282c2ee139a1c17f51bd7308a161d7255514" "/opt/rustwide/cargo-home/bin/cargo" "+1.99.0-beta.8" "metadata" "--no-deps" "--format-version=1", kill_on_drop: false }`
[INFO] running `Command { std: "docker" "inspect" "f1b69cc36c5d3b66f089da395be1282c2ee139a1c17f51bd7308a161d7255514", kill_on_drop: false }`
[INFO] running `Command { std: "docker" "exec" "-e" "SOURCE_DIR=/opt/rustwide/workdir" "-e" "CARGO_HOME=/opt/rustwide/cargo-home" "-e" "RUSTUP_HOME=/opt/rustwide/rustup-home" "-e" "CARGO_TARGET_DIR=/opt/rustwide/target" "-e" "CARGO_INCREMENTAL=0" "-e" "RUST_BACKTRACE=full" "-e" "RUSTFLAGS=--cap-lints=warn" "-e" "RUSTDOCFLAGS=--cap-lints=warn" "-w" "/opt/rustwide/workdir" "--user" "0:0" "f1b69cc36c5d3b66f089da395be1282c2ee139a1c17f51bd7308a161d7255514" "/opt/rustwide/cargo-home/bin/cargo" "+1.99.0-beta.8" "build" "--frozen" "--message-format=json" "--release", kill_on_drop: false }`
[INFO] [stderr]    Compiling chrono v0.4.45
[INFO] [stderr]    Compiling duration-flex v1.0.0 (/opt/rustwide/workdir)
[INFO] [stderr]     Finished `release` profile [optimized] target(s) in 3.41s
[INFO] running `Command { std: "docker" "inspect" "f1b69cc36c5d3b66f089da395be1282c2ee139a1c17f51bd7308a161d7255514", kill_on_drop: false }`
[INFO] running `Command { std: "docker" "exec" "-e" "SOURCE_DIR=/opt/rustwide/workdir" "-e" "CARGO_HOME=/opt/rustwide/cargo-home" "-e" "RUSTUP_HOME=/opt/rustwide/rustup-home" "-e" "CARGO_TARGET_DIR=/opt/rustwide/target" "-e" "CARGO_INCREMENTAL=0" "-e" "RUST_BACKTRACE=full" "-e" "RUSTFLAGS=--cap-lints=warn" "-e" "RUSTDOCFLAGS=--cap-lints=warn" "-w" "/opt/rustwide/workdir" "--user" "0:0" "f1b69cc36c5d3b66f089da395be1282c2ee139a1c17f51bd7308a161d7255514" "/opt/rustwide/cargo-home/bin/cargo" "+1.99.0-beta.8" "test" "--frozen" "--no-run" "--message-format=json" "--release", kill_on_drop: false }`
[INFO] [stderr]    Compiling syn v2.0.119
[INFO] [stderr]    Compiling syn v3.0.3
[INFO] [stderr]    Compiling litemap v0.8.3
[INFO] [stderr]    Compiling writeable v0.6.4
[INFO] [stderr]    Compiling icu_normalizer_data v2.3.0
[INFO] [stderr]    Compiling icu_properties_data v2.3.0
[INFO] [stderr]    Compiling proc-macro-error-attr3 v3.1.0
[INFO] [stderr]    Compiling serde_json v1.0.151
[INFO] [stderr]    Compiling indexmap v2.14.0
[INFO] [stderr]    Compiling clap_builder v4.6.6
[INFO] [stderr]    Compiling proc-macro-error3 v3.1.0
[INFO] [stderr]    Compiling zerovec-derive v0.11.6
[INFO] [stderr]    Compiling displaydoc v0.2.7
[INFO] [stderr]    Compiling serde_derive v1.0.229
[INFO] [stderr]    Compiling clap_derive v4.6.4
[INFO] [stderr]    Compiling synstructure v0.13.2
[INFO] [stderr]    Compiling darling_core v0.23.0
[INFO] [stderr]    Compiling zerofrom-derive v0.1.7
[INFO] [stderr]    Compiling yoke-derive v0.8.2
[INFO] [stderr]    Compiling utoipa-gen v5.5.0
[INFO] [stderr]    Compiling zerofrom v0.1.8
[INFO] [stderr]    Compiling yoke v0.8.3
[INFO] [stderr]    Compiling zerovec v0.11.8
[INFO] [stderr]    Compiling zerotrie v0.2.5
[INFO] [stderr]    Compiling clap v4.6.6
[INFO] [stderr]    Compiling tinystr v0.8.4
[INFO] [stderr]    Compiling potential_utf v0.1.6
[INFO] [stderr]    Compiling icu_locale_core v2.3.0
[INFO] [stderr]    Compiling icu_collections v2.3.0
[INFO] [stderr]    Compiling darling_macro v0.23.0
[INFO] [stderr]    Compiling serde v1.0.229
[INFO] [stderr]    Compiling darling v0.23.0
[INFO] [stderr]    Compiling validator_derive v0.20.1
[INFO] [stderr]    Compiling serde_test v1.0.177
[INFO] [stderr]    Compiling icu_provider v2.3.1
[INFO] [stderr]    Compiling icu_properties v2.3.0
[INFO] [stderr]    Compiling icu_normalizer v2.3.0
[INFO] [stderr]    Compiling idna_adapter v1.2.2
[INFO] [stderr]    Compiling idna v1.1.0
[INFO] [stderr]    Compiling url v2.5.8
[INFO] [stderr]    Compiling utoipa v5.5.0
[INFO] [stderr]    Compiling validator v0.21.0
[INFO] [stderr]    Compiling duration-flex v1.0.0 (/opt/rustwide/workdir)
[INFO] [stdout] error[E0277]: the trait bound `DurationFlex: serde::Deserialize<'de>` is not satisfied
[INFO] [stdout]    --> src/lib.rs:646:20
[INFO] [stdout]     |
[INFO] [stdout] 646 |         assert_de_tokens(&value, &[Token::Str("1y")]);
[INFO] [stdout]     |         ---------------- ^^^^^^ unsatisfied trait bound
[INFO] [stdout]     |         |
[INFO] [stdout]     |         required by a bound introduced by this call
[INFO] [stdout]     |
[INFO] [stdout] help: the trait `Deserialize<'_>` is not implemented for `DurationFlex`
[INFO] [stdout]    --> src/lib.rs:162:1
[INFO] [stdout]     |
[INFO] [stdout] 162 | pub struct DurationFlex {
[INFO] [stdout]     | ^^^^^^^^^^^^^^^^^^^^^^^
[INFO] [stdout]     = note: for local types consider adding `#[derive(serde::Deserialize)]` to your `DurationFlex` type
[INFO] [stdout]     = note: for types from other crates check whether the crate offers a `serde` feature flag
[INFO] [stdout]     = help: the following other types implement trait `Deserialize<'de>`:
[INFO] [stdout]               &'a Path
[INFO] [stdout]               &'a [u8]
[INFO] [stdout]               &'a str
[INFO] [stdout]               ()
[INFO] [stdout]               (T,)
[INFO] [stdout]               (T0, T1)
[INFO] [stdout]               (T0, T1, T2)
[INFO] [stdout]               (T0, T1, T2, T3)
[INFO] [stdout]             and 142 others
[INFO] [stdout] note: required by a bound in `assert_de_tokens`
[INFO] [stdout]    --> /opt/rustwide/cargo-home/registry/src/index.crates.io-1949cf8c6b5b557f/serde_test-1.0.177/src/assert.rs:168:8
[INFO] [stdout]     |
[INFO] [stdout] 166 | pub fn assert_de_tokens<'de, T>(value: &T, tokens: &'de [Token])
[INFO] [stdout]     |        ---------------- required by a bound in this function
[INFO] [stdout] 167 | where
[INFO] [stdout] 168 |     T: Deserialize<'de> + PartialEq + Debug,
[INFO] [stdout]     |        ^^^^^^^^^^^^^^^^ required by this bound in `assert_de_tokens`
[INFO] [stdout] 
[INFO] [stdout] 
[INFO] [stdout] error[E0277]: the trait bound `DurationFlex: serde::Deserialize<'de>` is not satisfied
[INFO] [stdout]    --> src/lib.rs:649:20
[INFO] [stdout]     |
[INFO] [stdout] 649 |         assert_de_tokens(&value, &[Token::Str("1y2w3d4h5m6s")]);
[INFO] [stdout]     |         ---------------- ^^^^^^ unsatisfied trait bound
[INFO] [stdout]     |         |
[INFO] [stdout]     |         required by a bound introduced by this call
[INFO] [stdout]     |
[INFO] [stdout] help: the trait `Deserialize<'_>` is not implemented for `DurationFlex`
[INFO] [stdout]    --> src/lib.rs:162:1
[INFO] [stdout]     |
[INFO] [stdout] 162 | pub struct DurationFlex {
[INFO] [stdout]     | ^^^^^^^^^^^^^^^^^^^^^^^
[INFO] [stdout]     = note: for local types consider adding `#[derive(serde::Deserialize)]` to your `DurationFlex` type
[INFO] [stdout]     = note: for types from other crates check whether the crate offers a `serde` feature flag
[INFO] [stdout]     = help: the following other types implement trait `Deserialize<'de>`:
[INFO] [stdout]               &'a Path
[INFO] [stdout]               &'a [u8]
[INFO] [stdout]               &'a str
[INFO] [stdout]               ()
[INFO] [stdout]               (T,)
[INFO] [stdout]               (T0, T1)
[INFO] [stdout]               (T0, T1, T2)
[INFO] [stdout]               (T0, T1, T2, T3)
[INFO] [stdout]             and 142 others
[INFO] [stdout] note: required by a bound in `assert_de_tokens`
[INFO] [stdout]    --> /opt/rustwide/cargo-home/registry/src/index.crates.io-1949cf8c6b5b557f/serde_test-1.0.177/src/assert.rs:168:8
[INFO] [stdout]     |
[INFO] [stdout] 166 | pub fn assert_de_tokens<'de, T>(value: &T, tokens: &'de [Token])
[INFO] [stdout]     |        ---------------- required by a bound in this function
[INFO] [stdout] 167 | where
[INFO] [stdout] 168 |     T: Deserialize<'de> + PartialEq + Debug,
[INFO] [stdout]     |        ^^^^^^^^^^^^^^^^ required by this bound in `assert_de_tokens`
[INFO] [stdout] 
[INFO] [stdout] 
[INFO] [stdout] error[E0277]: the trait bound `DurationFlex: serde::Deserialize<'de>` is not satisfied
[INFO] [stdout]    --> src/lib.rs:652:20
[INFO] [stdout]     |
[INFO] [stdout] 652 |         assert_de_tokens(&value, &[Token::Str("1w2d")]);
[INFO] [stdout]     |         ---------------- ^^^^^^ unsatisfied trait bound
[INFO] [stdout]     |         |
[INFO] [stdout]     |         required by a bound introduced by this call
[INFO] [stdout]     |
[INFO] [stdout] help: the trait `Deserialize<'_>` is not implemented for `DurationFlex`
[INFO] [stdout]    --> src/lib.rs:162:1
[INFO] [stdout]     |
[INFO] [stdout] 162 | pub struct DurationFlex {
[INFO] [stdout]     | ^^^^^^^^^^^^^^^^^^^^^^^
[INFO] [stdout]     = note: for local types consider adding `#[derive(serde::Deserialize)]` to your `DurationFlex` type
[INFO] [stdout]     = note: for types from other crates check whether the crate offers a `serde` feature flag
[INFO] [stdout]     = help: the following other types implement trait `Deserialize<'de>`:
[INFO] [stdout]               &'a Path
[INFO] [stdout]               &'a [u8]
[INFO] [stdout]               &'a str
[INFO] [stdout]               ()
[INFO] [stdout]               (T,)
[INFO] [stdout]               (T0, T1)
[INFO] [stdout]               (T0, T1, T2)
[INFO] [stdout]               (T0, T1, T2, T3)
[INFO] [stdout]             and 142 others
[INFO] [stdout] note: required by a bound in `assert_de_tokens`
[INFO] [stdout]    --> /opt/rustwide/cargo-home/registry/src/index.crates.io-1949cf8c6b5b557f/serde_test-1.0.177/src/assert.rs:168:8
[INFO] [stdout]     |
[INFO] [stdout] 166 | pub fn assert_de_tokens<'de, T>(value: &T, tokens: &'de [Token])
[INFO] [stdout]     |        ---------------- required by a bound in this function
[INFO] [stdout] 167 | where
[INFO] [stdout] 168 |     T: Deserialize<'de> + PartialEq + Debug,
[INFO] [stdout]     |        ^^^^^^^^^^^^^^^^ required by this bound in `assert_de_tokens`
[INFO] [stdout] 
[INFO] [stdout] 
[INFO] [stdout] error[E0277]: the trait bound `DurationFlex: serde::Deserialize<'de>` is not satisfied
[INFO] [stdout]    --> src/lib.rs:655:20
[INFO] [stdout]     |
[INFO] [stdout] 655 |         assert_de_tokens(&value, &[Token::Str("1w2d3h4m5s")]);
[INFO] [stdout]     |         ---------------- ^^^^^^ unsatisfied trait bound
[INFO] [stdout]     |         |
[INFO] [stdout]     |         required by a bound introduced by this call
[INFO] [stdout]     |
[INFO] [stdout] help: the trait `Deserialize<'_>` is not implemented for `DurationFlex`
[INFO] [stdout]    --> src/lib.rs:162:1
[INFO] [stdout]     |
[INFO] [stdout] 162 | pub struct DurationFlex {
[INFO] [stdout]     | ^^^^^^^^^^^^^^^^^^^^^^^
[INFO] [stdout]     = note: for local types consider adding `#[derive(serde::Deserialize)]` to your `DurationFlex` type
[INFO] [stdout]     = note: for types from other crates check whether the crate offers a `serde` feature flag
[INFO] [stdout]     = help: the following other types implement trait `Deserialize<'de>`:
[INFO] [stdout]               &'a Path
[INFO] [stdout]               &'a [u8]
[INFO] [stdout]               &'a str
[INFO] [stdout]               ()
[INFO] [stdout]               (T,)
[INFO] [stdout]               (T0, T1)
[INFO] [stdout]               (T0, T1, T2)
[INFO] [stdout]               (T0, T1, T2, T3)
[INFO] [stdout]             and 142 others
[INFO] [stdout] note: required by a bound in `assert_de_tokens`
[INFO] [stdout]    --> /opt/rustwide/cargo-home/registry/src/index.crates.io-1949cf8c6b5b557f/serde_test-1.0.177/src/assert.rs:168:8
[INFO] [stdout]     |
[INFO] [stdout] 166 | pub fn assert_de_tokens<'de, T>(value: &T, tokens: &'de [Token])
[INFO] [stdout]     |        ---------------- required by a bound in this function
[INFO] [stdout] 167 | where
[INFO] [stdout] 168 |     T: Deserialize<'de> + PartialEq + Debug,
[INFO] [stdout]     |        ^^^^^^^^^^^^^^^^ required by this bound in `assert_de_tokens`
[INFO] [stdout] 
[INFO] [stdout] 
[INFO] [stdout] error[E0277]: the trait bound `DurationFlex: serde::Deserialize<'de>` is not satisfied
[INFO] [stdout]    --> src/lib.rs:658:20
[INFO] [stdout]     |
[INFO] [stdout] 658 |         assert_de_tokens(&value, &[Token::Str("5s")]);
[INFO] [stdout]     |         ---------------- ^^^^^^ unsatisfied trait bound
[INFO] [stdout]     |         |
[INFO] [stdout]     |         required by a bound introduced by this call
[INFO] [stdout]     |
[INFO] [stdout] help: the trait `Deserialize<'_>` is not implemented for `DurationFlex`
[INFO] [stdout]    --> src/lib.rs:162:1
[INFO] [stdout]     |
[INFO] [stdout] 162 | pub struct DurationFlex {
[INFO] [stdout]     | ^^^^^^^^^^^^^^^^^^^^^^^
[INFO] [stdout]     = note: for local types consider adding `#[derive(serde::Deserialize)]` to your `DurationFlex` type
[INFO] [stdout]     = note: for types from other crates check whether the crate offers a `serde` feature flag
[INFO] [stdout]     = help: the following other types implement trait `Deserialize<'de>`:
[INFO] [stdout]               &'a Path
[INFO] [stdout]               &'a [u8]
[INFO] [stdout]               &'a str
[INFO] [stdout]               ()
[INFO] [stdout]               (T,)
[INFO] [stdout]               (T0, T1)
[INFO] [stdout]               (T0, T1, T2)
[INFO] [stdout]               (T0, T1, T2, T3)
[INFO] [stdout]             and 142 others
[INFO] [stdout] note: required by a bound in `assert_de_tokens`
[INFO] [stdout]    --> /opt/rustwide/cargo-home/registry/src/index.crates.io-1949cf8c6b5b557f/serde_test-1.0.177/src/assert.rs:168:8
[INFO] [stdout]     |
[INFO] [stdout] 166 | pub fn assert_de_tokens<'de, T>(value: &T, tokens: &'de [Token])
[INFO] [stdout]     |        ---------------- required by a bound in this function
[INFO] [stdout] 167 | where
[INFO] [stdout] 168 |     T: Deserialize<'de> + PartialEq + Debug,
[INFO] [stdout]     |        ^^^^^^^^^^^^^^^^ required by this bound in `assert_de_tokens`
[INFO] [stdout] 
[INFO] [stdout] 
[INFO] [stdout] error[E0277]: the trait bound `DurationFlex: serde::Deserialize<'de>` is not satisfied
[INFO] [stdout]    --> src/lib.rs:661:20
[INFO] [stdout]     |
[INFO] [stdout] 661 |         assert_de_tokens(&value, &[Token::Str("2w1d3h4m5s")]);
[INFO] [stdout]     |         ---------------- ^^^^^^ unsatisfied trait bound
[INFO] [stdout]     |         |
[INFO] [stdout]     |         required by a bound introduced by this call
[INFO] [stdout]     |
[INFO] [stdout] help: the trait `Deserialize<'_>` is not implemented for `DurationFlex`
[INFO] [stdout]    --> src/lib.rs:162:1
[INFO] [stdout]     |
[INFO] [stdout] 162 | pub struct DurationFlex {
[INFO] [stdout]     | ^^^^^^^^^^^^^^^^^^^^^^^
[INFO] [stdout]     = note: for local types consider adding `#[derive(serde::Deserialize)]` to your `DurationFlex` type
[INFO] [stdout]     = note: for types from other crates check whether the crate offers a `serde` feature flag
[INFO] [stdout]     = help: the following other types implement trait `Deserialize<'de>`:
[INFO] [stdout]               &'a Path
[INFO] [stdout]               &'a [u8]
[INFO] [stdout]               &'a str
[INFO] [stdout]               ()
[INFO] [stdout]               (T,)
[INFO] [stdout]               (T0, T1)
[INFO] [stdout]               (T0, T1, T2)
[INFO] [stdout]               (T0, T1, T2, T3)
[INFO] [stdout]             and 142 others
[INFO] [stdout] note: required by a bound in `assert_de_tokens`
[INFO] [stdout]    --> /opt/rustwide/cargo-home/registry/src/index.crates.io-1949cf8c6b5b557f/serde_test-1.0.177/src/assert.rs:168:8
[INFO] [stdout]     |
[INFO] [stdout] 166 | pub fn assert_de_tokens<'de, T>(value: &T, tokens: &'de [Token])
[INFO] [stdout]     |        ---------------- required by a bound in this function
[INFO] [stdout] 167 | where
[INFO] [stdout] 168 |     T: Deserialize<'de> + PartialEq + Debug,
[INFO] [stdout]     |        ^^^^^^^^^^^^^^^^ required by this bound in `assert_de_tokens`
[INFO] [stdout] 
[INFO] [stdout] 
[INFO] [stdout] error[E0277]: the trait bound `DurationFlex: serde::Deserialize<'de>` is not satisfied
[INFO] [stdout]    --> src/lib.rs:664:20
[INFO] [stdout]     |
[INFO] [stdout] 664 |         assert_de_tokens(&value, &[Token::Str("2w1d4h4m5s")]);
[INFO] [stdout]     |         ---------------- ^^^^^^ unsatisfied trait bound
[INFO] [stdout]     |         |
[INFO] [stdout]     |         required by a bound introduced by this call
[INFO] [stdout]     |
[INFO] [stdout] help: the trait `Deserialize<'_>` is not implemented for `DurationFlex`
[INFO] [stdout]    --> src/lib.rs:162:1
[INFO] [stdout]     |
[INFO] [stdout] 162 | pub struct DurationFlex {
[INFO] [stdout]     | ^^^^^^^^^^^^^^^^^^^^^^^
[INFO] [stdout]     = note: for local types consider adding `#[derive(serde::Deserialize)]` to your `DurationFlex` type
[INFO] [stdout]     = note: for types from other crates check whether the crate offers a `serde` feature flag
[INFO] [stdout]     = help: the following other types implement trait `Deserialize<'de>`:
[INFO] [stdout]               &'a Path
[INFO] [stdout]               &'a [u8]
[INFO] [stdout]               &'a str
[INFO] [stdout]               ()
[INFO] [stdout]               (T,)
[INFO] [stdout]               (T0, T1)
[INFO] [stdout]               (T0, T1, T2)
[INFO] [stdout]               (T0, T1, T2, T3)
[INFO] [stdout]             and 142 others
[INFO] [stdout] note: required by a bound in `assert_de_tokens`
[INFO] [stdout]    --> /opt/rustwide/cargo-home/registry/src/index.crates.io-1949cf8c6b5b557f/serde_test-1.0.177/src/assert.rs:168:8
[INFO] [stdout]     |
[INFO] [stdout] 166 | pub fn assert_de_tokens<'de, T>(value: &T, tokens: &'de [Token])
[INFO] [stdout]     |        ---------------- required by a bound in this function
[INFO] [stdout] 167 | where
[INFO] [stdout] 168 |     T: Deserialize<'de> + PartialEq + Debug,
[INFO] [stdout]     |        ^^^^^^^^^^^^^^^^ required by this bound in `assert_de_tokens`
[INFO] [stdout] 
[INFO] [stdout] 
[INFO] [stdout] error[E0277]: the trait bound `DurationFlex: serde::Serialize` is not satisfied
[INFO] [stdout]    --> src/lib.rs:670:21
[INFO] [stdout]     |
[INFO] [stdout] 670 |         assert_ser_tokens(&value, &[Token::Str("1y")]);
[INFO] [stdout]     |         ----------------- ^^^^^^ unsatisfied trait bound
[INFO] [stdout]     |         |
[INFO] [stdout]     |         required by a bound introduced by this call
[INFO] [stdout]     |
[INFO] [stdout] help: the trait `Serialize` is not implemented for `DurationFlex`
[INFO] [stdout]    --> src/lib.rs:162:1
[INFO] [stdout]     |
[INFO] [stdout] 162 | pub struct DurationFlex {
[INFO] [stdout]     | ^^^^^^^^^^^^^^^^^^^^^^^
[INFO] [stdout]     = note: for local types consider adding `#[derive(serde::Serialize)]` to your `DurationFlex` type
[INFO] [stdout]     = note: for types from other crates check whether the crate offers a `serde` feature flag
[INFO] [stdout]     = help: the following other types implement trait `Serialize`:
[INFO] [stdout]               &'a T
[INFO] [stdout]               &'a mut T
[INFO] [stdout]               ()
[INFO] [stdout]               (T,)
[INFO] [stdout]               (T0, T1)
[INFO] [stdout]               (T0, T1, T2)
[INFO] [stdout]               (T0, T1, T2, T3)
[INFO] [stdout]               (T0, T1, T2, T3, T4)
[INFO] [stdout]             and 129 others
[INFO] [stdout] note: required by a bound in `assert_ser_tokens`
[INFO] [stdout]    --> /opt/rustwide/cargo-home/registry/src/index.crates.io-1949cf8c6b5b557f/serde_test-1.0.177/src/assert.rs:69:17
[INFO] [stdout]     |
[INFO] [stdout]  67 | pub fn assert_ser_tokens<T>(value: &T, tokens: &[Token])
[INFO] [stdout]     |        ----------------- required by a bound in this function
[INFO] [stdout]  68 | where
[INFO] [stdout]  69 |     T: ?Sized + Serialize,
[INFO] [stdout]     |                 ^^^^^^^^^ required by this bound in `assert_ser_tokens`
[INFO] [stdout] 
[INFO] [stdout] 
[INFO] [stdout] error[E0277]: the trait bound `DurationFlex: serde::Serialize` is not satisfied
[INFO] [stdout]    --> src/lib.rs:673:21
[INFO] [stdout]     |
[INFO] [stdout] 673 |         assert_ser_tokens(&value, &[Token::Str("1y2w3d4h5m6s")]);
[INFO] [stdout]     |         ----------------- ^^^^^^ unsatisfied trait bound
[INFO] [stdout]     |         |
[INFO] [stdout]     |         required by a bound introduced by this call
[INFO] [stdout]     |
[INFO] [stdout] help: the trait `Serialize` is not implemented for `DurationFlex`
[INFO] [stdout]    --> src/lib.rs:162:1
[INFO] [stdout]     |
[INFO] [stdout] 162 | pub struct DurationFlex {
[INFO] [stdout]     | ^^^^^^^^^^^^^^^^^^^^^^^
[INFO] [stdout]     = note: for local types consider adding `#[derive(serde::Serialize)]` to your `DurationFlex` type
[INFO] [stdout]     = note: for types from other crates check whether the crate offers a `serde` feature flag
[INFO] [stdout]     = help: the following other types implement trait `Serialize`:
[INFO] [stdout]               &'a T
[INFO] [stdout]               &'a mut T
[INFO] [stdout]               ()
[INFO] [stdout]               (T,)
[INFO] [stdout]               (T0, T1)
[INFO] [stdout]               (T0, T1, T2)
[INFO] [stdout]               (T0, T1, T2, T3)
[INFO] [stdout]               (T0, T1, T2, T3, T4)
[INFO] [stdout]             and 129 others
[INFO] [stdout] note: required by a bound in `assert_ser_tokens`
[INFO] [stdout]    --> /opt/rustwide/cargo-home/registry/src/index.crates.io-1949cf8c6b5b557f/serde_test-1.0.177/src/assert.rs:69:17
[INFO] [stdout]     |
[INFO] [stdout]  67 | pub fn assert_ser_tokens<T>(value: &T, tokens: &[Token])
[INFO] [stdout]     |        ----------------- required by a bound in this function
[INFO] [stdout]  68 | where
[INFO] [stdout]  69 |     T: ?Sized + Serialize,
[INFO] [stdout]     |                 ^^^^^^^^^ required by this bound in `assert_ser_tokens`
[INFO] [stdout] 
[INFO] [stdout] 
[INFO] [stdout] error[E0277]: the trait bound `DurationFlex: serde::Serialize` is not satisfied
[INFO] [stdout]    --> src/lib.rs:676:21
[INFO] [stdout]     |
[INFO] [stdout] 676 |         assert_ser_tokens(&value, &[Token::Str("1w2d")]);
[INFO] [stdout]     |         ----------------- ^^^^^^ unsatisfied trait bound
[INFO] [stdout]     |         |
[INFO] [stdout]     |         required by a bound introduced by this call
[INFO] [stdout]     |
[INFO] [stdout] help: the trait `Serialize` is not implemented for `DurationFlex`
[INFO] [stdout]    --> src/lib.rs:162:1
[INFO] [stdout]     |
[INFO] [stdout] 162 | pub struct DurationFlex {
[INFO] [stdout]     | ^^^^^^^^^^^^^^^^^^^^^^^
[INFO] [stdout]     = note: for local types consider adding `#[derive(serde::Serialize)]` to your `DurationFlex` type
[INFO] [stdout]     = note: for types from other crates check whether the crate offers a `serde` feature flag
[INFO] [stdout]     = help: the following other types implement trait `Serialize`:
[INFO] [stdout]               &'a T
[INFO] [stdout]               &'a mut T
[INFO] [stdout]               ()
[INFO] [stdout]               (T,)
[INFO] [stdout]               (T0, T1)
[INFO] [stdout]               (T0, T1, T2)
[INFO] [stdout]               (T0, T1, T2, T3)
[INFO] [stdout]               (T0, T1, T2, T3, T4)
[INFO] [stdout]             and 129 others
[INFO] [stdout] note: required by a bound in `assert_ser_tokens`
[INFO] [stdout]    --> /opt/rustwide/cargo-home/registry/src/index.crates.io-1949cf8c6b5b557f/serde_test-1.0.177/src/assert.rs:69:17
[INFO] [stdout]     |
[INFO] [stdout]  67 | pub fn assert_ser_tokens<T>(value: &T, tokens: &[Token])
[INFO] [stdout]     |        ----------------- required by a bound in this function
[INFO] [stdout]  68 | where
[INFO] [stdout]  69 |     T: ?Sized + Serialize,
[INFO] [stdout]     |                 ^^^^^^^^^ required by this bound in `assert_ser_tokens`
[INFO] [stdout] 
[INFO] [stdout] 
[INFO] [stdout] error[E0277]: the trait bound `DurationFlex: serde::Serialize` is not satisfied
[INFO] [stdout]    --> src/lib.rs:679:21
[INFO] [stdout]     |
[INFO] [stdout] 679 |         assert_ser_tokens(&value, &[Token::Str("1w2d3h4m5s")]);
[INFO] [stdout]     |         ----------------- ^^^^^^ unsatisfied trait bound
[INFO] [stdout]     |         |
[INFO] [stdout]     |         required by a bound introduced by this call
[INFO] [stdout]     |
[INFO] [stdout] help: the trait `Serialize` is not implemented for `DurationFlex`
[INFO] [stdout]    --> src/lib.rs:162:1
[INFO] [stdout]     |
[INFO] [stdout] 162 | pub struct DurationFlex {
[INFO] [stdout]     | ^^^^^^^^^^^^^^^^^^^^^^^
[INFO] [stdout]     = note: for local types consider adding `#[derive(serde::Serialize)]` to your `DurationFlex` type
[INFO] [stdout]     = note: for types from other crates check whether the crate offers a `serde` feature flag
[INFO] [stdout]     = help: the following other types implement trait `Serialize`:
[INFO] [stdout]               &'a T
[INFO] [stdout]               &'a mut T
[INFO] [stdout]               ()
[INFO] [stdout]               (T,)
[INFO] [stdout]               (T0, T1)
[INFO] [stdout]               (T0, T1, T2)
[INFO] [stdout]               (T0, T1, T2, T3)
[INFO] [stdout]               (T0, T1, T2, T3, T4)
[INFO] [stdout]             and 129 others
[INFO] [stdout] note: required by a bound in `assert_ser_tokens`
[INFO] [stdout]    --> /opt/rustwide/cargo-home/registry/src/index.crates.io-1949cf8c6b5b557f/serde_test-1.0.177/src/assert.rs:69:17
[INFO] [stdout]     |
[INFO] [stdout]  67 | pub fn assert_ser_tokens<T>(value: &T, tokens: &[Token])
[INFO] [stdout]     |        ----------------- required by a bound in this function
[INFO] [stdout]  68 | where
[INFO] [stdout]  69 |     T: ?Sized + Serialize,
[INFO] [stdout]     |                 ^^^^^^^^^ required by this bound in `assert_ser_tokens`
[INFO] [stdout] 
[INFO] [stdout] 
[INFO] [stdout] error[E0277]: the trait bound `DurationFlex: serde::Serialize` is not satisfied
[INFO] [stdout]    --> src/lib.rs:682:21
[INFO] [stdout]     |
[INFO] [stdout] 682 |         assert_ser_tokens(&value, &[Token::Str("5s")]);
[INFO] [stdout]     |         ----------------- ^^^^^^ unsatisfied trait bound
[INFO] [stdout]     |         |
[INFO] [stdout]     |         required by a bound introduced by this call
[INFO] [stdout]     |
[INFO] [stdout] help: the trait `Serialize` is not implemented for `DurationFlex`
[INFO] [stdout]    --> src/lib.rs:162:1
[INFO] [stdout]     |
[INFO] [stdout] 162 | pub struct DurationFlex {
[INFO] [stdout]     | ^^^^^^^^^^^^^^^^^^^^^^^
[INFO] [stdout]     = note: for local types consider adding `#[derive(serde::Serialize)]` to your `DurationFlex` type
[INFO] [stdout]     = note: for types from other crates check whether the crate offers a `serde` feature flag
[INFO] [stdout]     = help: the following other types implement trait `Serialize`:
[INFO] [stdout]               &'a T
[INFO] [stdout]               &'a mut T
[INFO] [stdout]               ()
[INFO] [stdout]               (T,)
[INFO] [stdout]               (T0, T1)
[INFO] [stdout]               (T0, T1, T2)
[INFO] [stdout]               (T0, T1, T2, T3)
[INFO] [stdout]               (T0, T1, T2, T3, T4)
[INFO] [stdout]             and 129 others
[INFO] [stdout] note: required by a bound in `assert_ser_tokens`
[INFO] [stdout]    --> /opt/rustwide/cargo-home/registry/src/index.crates.io-1949cf8c6b5b557f/serde_test-1.0.177/src/assert.rs:69:17
[INFO] [stdout]     |
[INFO] [stdout]  67 | pub fn assert_ser_tokens<T>(value: &T, tokens: &[Token])
[INFO] [stdout]     |        ----------------- required by a bound in this function
[INFO] [stdout]  68 | where
[INFO] [stdout]  69 |     T: ?Sized + Serialize,
[INFO] [stdout]     |                 ^^^^^^^^^ required by this bound in `assert_ser_tokens`
[INFO] [stdout] 
[INFO] [stdout] 
[INFO] [stdout] error[E0277]: the trait bound `DurationFlex: serde::Serialize` is not satisfied
[INFO] [stdout]    --> src/lib.rs:685:21
[INFO] [stdout]     |
[INFO] [stdout] 685 |         assert_ser_tokens(&value, &[Token::Str("2w1d3h4m5s")]);
[INFO] [stdout]     |         ----------------- ^^^^^^ unsatisfied trait bound
[INFO] [stdout]     |         |
[INFO] [stdout]     |         required by a bound introduced by this call
[INFO] [stdout]     |
[INFO] [stdout] help: the trait `Serialize` is not implemented for `DurationFlex`
[INFO] [stdout]    --> src/lib.rs:162:1
[INFO] [stdout]     |
[INFO] [stdout] 162 | pub struct DurationFlex {
[INFO] [stdout]     | ^^^^^^^^^^^^^^^^^^^^^^^
[INFO] [stdout]     = note: for local types consider adding `#[derive(serde::Serialize)]` to your `DurationFlex` type
[INFO] [stdout]     = note: for types from other crates check whether the crate offers a `serde` feature flag
[INFO] [stdout]     = help: the following other types implement trait `Serialize`:
[INFO] [stdout]               &'a T
[INFO] [stdout]               &'a mut T
[INFO] [stdout]               ()
[INFO] [stdout]               (T,)
[INFO] [stdout]               (T0, T1)
[INFO] [stdout]               (T0, T1, T2)
[INFO] [stdout]               (T0, T1, T2, T3)
[INFO] [stdout]               (T0, T1, T2, T3, T4)
[INFO] [stdout]             and 129 others
[INFO] [stdout] note: required by a bound in `assert_ser_tokens`
[INFO] [stdout]    --> /opt/rustwide/cargo-home/registry/src/index.crates.io-1949cf8c6b5b557f/serde_test-1.0.177/src/assert.rs:69:17
[INFO] [stdout]     |
[INFO] [stdout]  67 | pub fn assert_ser_tokens<T>(value: &T, tokens: &[Token])
[INFO] [stdout]     |        ----------------- required by a bound in this function
[INFO] [stdout]  68 | where
[INFO] [stdout]  69 |     T: ?Sized + Serialize,
[INFO] [stdout]     |                 ^^^^^^^^^ required by this bound in `assert_ser_tokens`
[INFO] [stdout] 
[INFO] [stdout] 
[INFO] [stdout] error[E0277]: the trait bound `DurationFlex: serde::Serialize` is not satisfied
[INFO] [stdout]    --> src/lib.rs:688:21
[INFO] [stdout]     |
[INFO] [stdout] 688 |         assert_ser_tokens(&value, &[Token::Str("2w1d4h4m5s")]);
[INFO] [stdout]     |         ----------------- ^^^^^^ unsatisfied trait bound
[INFO] [stdout]     |         |
[INFO] [stdout]     |         required by a bound introduced by this call
[INFO] [stdout]     |
[INFO] [stdout] help: the trait `Serialize` is not implemented for `DurationFlex`
[INFO] [stdout]    --> src/lib.rs:162:1
[INFO] [stdout]     |
[INFO] [stdout] 162 | pub struct DurationFlex {
[INFO] [stdout]     | ^^^^^^^^^^^^^^^^^^^^^^^
[INFO] [stdout]     = note: for local types consider adding `#[derive(serde::Serialize)]` to your `DurationFlex` type
[INFO] [stdout]     = note: for types from other crates check whether the crate offers a `serde` feature flag
[INFO] [stdout]     = help: the following other types implement trait `Serialize`:
[INFO] [stdout]               &'a T
[INFO] [stdout]               &'a mut T
[INFO] [stdout]               ()
[INFO] [stdout]               (T,)
[INFO] [stdout]               (T0, T1)
[INFO] [stdout]               (T0, T1, T2)
[INFO] [stdout]               (T0, T1, T2, T3)
[INFO] [stdout]               (T0, T1, T2, T3, T4)
[INFO] [stdout]             and 129 others
[INFO] [stdout] note: required by a bound in `assert_ser_tokens`
[INFO] [stdout]    --> /opt/rustwide/cargo-home/registry/src/index.crates.io-1949cf8c6b5b557f/serde_test-1.0.177/src/assert.rs:69:17
[INFO] [stdout]     |
[INFO] [stdout]  67 | pub fn assert_ser_tokens<T>(value: &T, tokens: &[Token])
[INFO] [stdout]     |        ----------------- required by a bound in this function
[INFO] [stdout]  68 | where
[INFO] [stdout]  69 |     T: ?Sized + Serialize,
[INFO] [stdout]     |                 ^^^^^^^^^ required by this bound in `assert_ser_tokens`
[INFO] [stdout] 
[INFO] [stdout] 
[INFO] [stdout] error[E0277]: the trait bound `DurationFlex: serde::Serialize` is not satisfied
[INFO] [stdout]     --> src/lib.rs:693:12
[INFO] [stdout]      |
[INFO] [stdout]  693 |         #[derive(Serialize, Deserialize)]
[INFO] [stdout]      |                  ^^^^^^^^^ unsatisfied trait bound
[INFO] [stdout]  694 |         struct SomeStruct {
[INFO] [stdout]  695 |             duration: DurationFlex,
[INFO] [stdout]      |             -------- required by a bound introduced by this call
[INFO] [stdout]      |
[INFO] [stdout] help: the trait `Serialize` is not implemented for `DurationFlex`
[INFO] [stdout]     --> src/lib.rs:162:1
[INFO] [stdout]      |
[INFO] [stdout]  162 | pub struct DurationFlex {
[INFO] [stdout]      | ^^^^^^^^^^^^^^^^^^^^^^^
[INFO] [stdout]      = note: for local types consider adding `#[derive(serde::Serialize)]` to your `DurationFlex` type
[INFO] [stdout]      = note: for types from other crates check whether the crate offers a `serde` feature flag
[INFO] [stdout]      = help: the following other types implement trait `Serialize`:
[INFO] [stdout]                &'a T
[INFO] [stdout]                &'a mut T
[INFO] [stdout]                ()
[INFO] [stdout]                (T,)
[INFO] [stdout]                (T0, T1)
[INFO] [stdout]                (T0, T1, T2)
[INFO] [stdout]                (T0, T1, T2, T3)
[INFO] [stdout]                (T0, T1, T2, T3, T4)
[INFO] [stdout]              and 129 others
[INFO] [stdout] note: required by a bound in `test::in_struct::_::_serde::ser::SerializeStruct::serialize_field`
[INFO] [stdout]     --> /opt/rustwide/cargo-home/registry/src/index.crates.io-1949cf8c6b5b557f/serde_core-1.0.229/src/ser/mod.rs:1917:21
[INFO] [stdout]      |
[INFO] [stdout] 1915 |     fn serialize_field<T>(&mut self, key: &'static str, value: &T) -> Result<(), Self::Error>
[INFO] [stdout]      |        --------------- required by a bound in this associated function
[INFO] [stdout] 1916 |     where
[INFO] [stdout] 1917 |         T: ?Sized + Serialize;
[INFO] [stdout]      |                     ^^^^^^^^^ required by this bound in `SerializeStruct::serialize_field`
[INFO] [stdout]      = note: this error originates in the derive macro `Serialize` (in Nightly builds, run with -Z macro-backtrace for more info)
[INFO] [stdout] 
[INFO] [stdout] 
[INFO] [stdout] error[E0277]: the trait bound `DurationFlex: serde::Deserialize<'de>` is not satisfied
[INFO] [stdout]     --> src/lib.rs:695:14
[INFO] [stdout]      |
[INFO] [stdout]  695 |             duration: DurationFlex,
[INFO] [stdout]      |                       ^^^^^^^^^^^^ unsatisfied trait bound
[INFO] [stdout]      |
[INFO] [stdout] help: the trait `Deserialize<'_>` is not implemented for `DurationFlex`
[INFO] [stdout]     --> src/lib.rs:162:1
[INFO] [stdout]      |
[INFO] [stdout]  162 | pub struct DurationFlex {
[INFO] [stdout]      | ^^^^^^^^^^^^^^^^^^^^^^^
[INFO] [stdout]      = note: for local types consider adding `#[derive(serde::Deserialize)]` to your `DurationFlex` type
[INFO] [stdout]      = note: for types from other crates check whether the crate offers a `serde` feature flag
[INFO] [stdout]      = help: the following other types implement trait `Deserialize<'de>`:
[INFO] [stdout]                &'a Path
[INFO] [stdout]                &'a [u8]
[INFO] [stdout]                &'a str
[INFO] [stdout]                ()
[INFO] [stdout]                (T,)
[INFO] [stdout]                (T0, T1)
[INFO] [stdout]                (T0, T1, T2)
[INFO] [stdout]                (T0, T1, T2, T3)
[INFO] [stdout]              and 142 others
[INFO] [stdout] note: required by a bound in `next_element`
[INFO] [stdout]     --> /opt/rustwide/cargo-home/registry/src/index.crates.io-1949cf8c6b5b557f/serde_core-1.0.229/src/de/mod.rs:1771:12
[INFO] [stdout]      |
[INFO] [stdout] 1769 |     fn next_element<T>(&mut self) -> Result<Option<T>, Self::Error>
[INFO] [stdout]      |        ------------ required by a bound in this associated function
[INFO] [stdout] 1770 |     where
[INFO] [stdout] 1771 |         T: Deserialize<'de>,
[INFO] [stdout]      |            ^^^^^^^^^^^^^^^^ required by this bound in `SeqAccess::next_element`
[INFO] [stdout] 
[INFO] [stdout] 
[INFO] [stdout] error[E0277]: the trait bound `DurationFlex: serde::Deserialize<'de>` is not satisfied
[INFO] [stdout]     --> src/lib.rs:695:14
[INFO] [stdout]      |
[INFO] [stdout]  695 |             duration: DurationFlex,
[INFO] [stdout]      |                       ^^^^^^^^^^^^ unsatisfied trait bound
[INFO] [stdout]      |
[INFO] [stdout] help: the trait `Deserialize<'_>` is not implemented for `DurationFlex`
[INFO] [stdout]     --> src/lib.rs:162:1
[INFO] [stdout]      |
[INFO] [stdout]  162 | pub struct DurationFlex {
[INFO] [stdout]      | ^^^^^^^^^^^^^^^^^^^^^^^
[INFO] [stdout]      = note: for local types consider adding `#[derive(serde::Deserialize)]` to your `DurationFlex` type
[INFO] [stdout]      = note: for types from other crates check whether the crate offers a `serde` feature flag
[INFO] [stdout]      = help: the following other types implement trait `Deserialize<'de>`:
[INFO] [stdout]                &'a Path
[INFO] [stdout]                &'a [u8]
[INFO] [stdout]                &'a str
[INFO] [stdout]                ()
[INFO] [stdout]                (T,)
[INFO] [stdout]                (T0, T1)
[INFO] [stdout]                (T0, T1, T2)
[INFO] [stdout]                (T0, T1, T2, T3)
[INFO] [stdout]              and 142 others
[INFO] [stdout] note: required by a bound in `next_value`
[INFO] [stdout]     --> /opt/rustwide/cargo-home/registry/src/index.crates.io-1949cf8c6b5b557f/serde_core-1.0.229/src/de/mod.rs:1916:12
[INFO] [stdout]      |
[INFO] [stdout] 1914 |     fn next_value<V>(&mut self) -> Result<V, Self::Error>
[INFO] [stdout]      |        ---------- required by a bound in this associated function
[INFO] [stdout] 1915 |     where
[INFO] [stdout] 1916 |         V: Deserialize<'de>,
[INFO] [stdout]      |            ^^^^^^^^^^^^^^^^ required by this bound in `MapAccess::next_value`
[INFO] [stdout] 
[INFO] [stdout] 
[INFO] [stdout] error[E0277]: the trait bound `DurationFlex: serde::Deserialize<'de>` is not satisfied
[INFO] [stdout]    --> src/lib.rs:693:23
[INFO] [stdout]     |
[INFO] [stdout] 693 |         #[derive(Serialize, Deserialize)]
[INFO] [stdout]     |                             ^^^^^^^^^^^ unsatisfied trait bound
[INFO] [stdout]     |
[INFO] [stdout] help: the trait `Deserialize<'_>` is not implemented for `DurationFlex`
[INFO] [stdout]    --> src/lib.rs:162:1
[INFO] [stdout]     |
[INFO] [stdout] 162 | pub struct DurationFlex {
[INFO] [stdout]     | ^^^^^^^^^^^^^^^^^^^^^^^
[INFO] [stdout]     = note: for local types consider adding `#[derive(serde::Deserialize)]` to your `DurationFlex` type
[INFO] [stdout]     = note: for types from other crates check whether the crate offers a `serde` feature flag
[INFO] [stdout]     = help: the following other types implement trait `Deserialize<'de>`:
[INFO] [stdout]               &'a Path
[INFO] [stdout]               &'a [u8]
[INFO] [stdout]               &'a str
[INFO] [stdout]               ()
[INFO] [stdout]               (T,)
[INFO] [stdout]               (T0, T1)
[INFO] [stdout]               (T0, T1, T2)
[INFO] [stdout]               (T0, T1, T2, T3)
[INFO] [stdout]             and 142 others
[INFO] [stdout] note: required by a bound in `test::in_struct::_::_serde::__private229::de::missing_field`
[INFO] [stdout]    --> /opt/rustwide/cargo-home/registry/src/index.crates.io-1949cf8c6b5b557f/serde-1.0.229/src/private/de.rs:26:8
[INFO] [stdout]     |
[INFO] [stdout]  24 | pub fn missing_field<'de, V, E>(field: &'static str) -> Result<V, E>
[INFO] [stdout]     |        ------------- required by a bound in this function
[INFO] [stdout]  25 | where
[INFO] [stdout]  26 |     V: Deserialize<'de>,
[INFO] [stdout]     |        ^^^^^^^^^^^^^^^^ required by this bound in `missing_field`
[INFO] [stdout]     = note: this error originates in the derive macro `Deserialize` (in Nightly builds, run with -Z macro-backtrace for more info)
[INFO] [stdout] 
[INFO] [stdout] 
[INFO] [stdout] For more information about this error, try `rustc --explain E0277`.
[INFO] [stdout] 
[INFO] [stderr] error: could not compile `duration-flex` (lib test) due to 18 previous errors
[INFO] running `Command { std: "docker" "inspect" "f1b69cc36c5d3b66f089da395be1282c2ee139a1c17f51bd7308a161d7255514", kill_on_drop: false }`
[INFO] running `Command { std: "docker" "rm" "-f" "f1b69cc36c5d3b66f089da395be1282c2ee139a1c17f51bd7308a161d7255514", kill_on_drop: false }`
[INFO] [stdout] f1b69cc36c5d3b66f089da395be1282c2ee139a1c17f51bd7308a161d7255514
