[INFO] fetching crate durak 2.0.0...
[INFO] testing durak-2.0.0 against 1.99.0-beta.8+cargoflags=--release for beta-release-1.100-2
[INFO] extracting crate durak 2.0.0 into /workspace/builds/worker-1-tc1/source
[INFO] started tweaking crates.io crate durak 2.0.0
[INFO] finished tweaking crates.io crate durak 2.0.0
[INFO] tweaked toml for crates.io crate durak 2.0.0 written to /workspace/builds/worker-1-tc1/source/Cargo.toml
[INFO] validating manifest of crates.io crate durak 2.0.0 on toolchain 1.99.0-beta.8
[INFO] running `Command { std: CARGO_HOME="/workspace/cargo-home" RUSTUP_HOME="/workspace/rustup-home" "/workspace/cargo-home/bin/cargo" "+1.99.0-beta.8" "metadata" "--manifest-path" "Cargo.toml" "--no-deps", kill_on_drop: false }`
[INFO] crate crates.io crate durak 2.0.0 already has a lockfile, it will not be regenerated
[INFO] running `Command { std: CARGO_HOME="/workspace/cargo-home" RUSTUP_HOME="/workspace/rustup-home" "/workspace/cargo-home/bin/cargo" "+1.99.0-beta.8" "fetch" "--manifest-path" "Cargo.toml", kill_on_drop: false }`
[INFO] [stderr]     Updating crates.io index
[INFO] [stderr]  Downloading crates ...
[INFO] [stderr]   Downloaded stability v0.1.1
[INFO] [stderr]   Downloaded hashbrown v0.15.4
[INFO] [stderr]   Downloaded signal-hook-mio v0.2.4
[INFO] [stderr]   Downloaded humantime v2.2.0
[INFO] [stderr]   Downloaded signal-hook-registry v1.4.5
[INFO] [stderr]   Downloaded redox_syscall v0.5.13
[INFO] [stderr]   Downloaded cassowary v0.3.0
[INFO] [stderr]   Downloaded env_logger v0.10.2
[INFO] [stderr]   Downloaded cc v1.2.29
[INFO] [stderr]   Downloaded crossterm v0.27.0
[INFO] [stderr]   Downloaded ratatui v0.25.0
[INFO] running `Command { std: "docker" "create" "-v" "/var/lib/crater-agent-workspace/builds/worker-1-tc1/source:/opt/rustwide/workdir:ro,Z" "-v" "/var/lib/crater-agent-workspace/builds/worker-1-tc1/target:/opt/rustwide/target:rw,Z" "-v" "/var/lib/crater-agent-workspace/cargo-home:/opt/rustwide/cargo-home:ro,Z" "-v" "/var/lib/crater-agent-workspace/rustup-home:/opt/rustwide/rustup-home:ro,Z" "-m" "1610612736" "--network" "none" "ghcr.io/rust-lang/crates-build-env/linux@sha256:77db811e55d90add9212f6832c23229e3de5f1c1f9905e8cb07319ea15df73ac" "sleep" "infinity", kill_on_drop: false }`
[INFO] [stdout] 1c85a1b81962d1e1b3a8bfd0d63517afd452c734d9b71197a2f1de4c6e72c44b
[INFO] running `Command { std: "docker" "start" "1c85a1b81962d1e1b3a8bfd0d63517afd452c734d9b71197a2f1de4c6e72c44b", kill_on_drop: false }`
[INFO] running `Command { std: "docker" "inspect" "1c85a1b81962d1e1b3a8bfd0d63517afd452c734d9b71197a2f1de4c6e72c44b", kill_on_drop: false }`
[INFO] running `Command { std: "docker" "exec" "-e" "SOURCE_DIR=/opt/rustwide/workdir" "-e" "CARGO_HOME=/opt/rustwide/cargo-home" "-e" "RUSTUP_HOME=/opt/rustwide/rustup-home" "-e" "CARGO_TARGET_DIR=/opt/rustwide/target" "-w" "/opt/rustwide/workdir" "--user" "0:0" "1c85a1b81962d1e1b3a8bfd0d63517afd452c734d9b71197a2f1de4c6e72c44b" "/opt/rustwide/cargo-home/bin/cargo" "+1.99.0-beta.8" "metadata" "--no-deps" "--format-version=1", kill_on_drop: false }`
[INFO] running `Command { std: "docker" "inspect" "1c85a1b81962d1e1b3a8bfd0d63517afd452c734d9b71197a2f1de4c6e72c44b", kill_on_drop: false }`
[INFO] running `Command { std: "docker" "exec" "-e" "SOURCE_DIR=/opt/rustwide/workdir" "-e" "CARGO_HOME=/opt/rustwide/cargo-home" "-e" "RUSTUP_HOME=/opt/rustwide/rustup-home" "-e" "CARGO_TARGET_DIR=/opt/rustwide/target" "-e" "CARGO_INCREMENTAL=0" "-e" "RUST_BACKTRACE=full" "-e" "RUSTFLAGS=--cap-lints=warn" "-e" "RUSTDOCFLAGS=--cap-lints=warn" "-w" "/opt/rustwide/workdir" "--user" "0:0" "1c85a1b81962d1e1b3a8bfd0d63517afd452c734d9b71197a2f1de4c6e72c44b" "/opt/rustwide/cargo-home/bin/cargo" "+1.99.0-beta.8" "build" "--frozen" "--message-format=json" "--release", kill_on_drop: false }`
[INFO] [stderr]    Compiling libc v0.2.174
[INFO] [stderr]    Compiling cfg-if v1.0.1
[INFO] [stderr]    Compiling rustversion v1.0.21
[INFO] [stderr]    Compiling zerocopy v0.8.26
[INFO] [stderr]    Compiling log v0.4.27
[INFO] [stderr]    Compiling signal-hook v0.3.18
[INFO] [stderr]    Compiling memchr v2.7.5
[INFO] [stderr]    Compiling regex-syntax v0.8.5
[INFO] [stderr]    Compiling hashbrown v0.15.4
[INFO] [stderr]    Compiling bitflags v2.9.1
[INFO] [stderr]    Compiling either v1.15.0
[INFO] [stderr]    Compiling syn v2.0.104
[INFO] [stderr]    Compiling humantime v2.2.0
[INFO] [stderr]    Compiling termcolor v1.4.1
[INFO] [stderr]    Compiling stability v0.1.1
[INFO] [stderr]    Compiling iana-time-zone v0.1.63
[INFO] [stderr]    Compiling indoc v2.0.6
[INFO] [stderr]    Compiling cassowary v0.3.0
[INFO] [stderr]    Compiling itertools v0.12.1
[INFO] [stderr]    Compiling chrono v0.4.41
[INFO] [stderr]    Compiling arrayvec v0.7.6
[INFO] [stderr]    Compiling aho-corasick v1.1.3
[INFO] [stderr]    Compiling lru v0.12.5
[INFO] [stderr]    Compiling signal-hook-registry v1.4.5
[INFO] [stderr]    Compiling mio v0.8.11
[INFO] [stderr]    Compiling parking_lot_core v0.9.11
[INFO] [stderr]    Compiling getrandom v0.2.16
[INFO] [stderr]    Compiling is-terminal v0.4.16
[INFO] [stderr]    Compiling rand_core v0.6.4
[INFO] [stderr]    Compiling parking_lot v0.12.4
[INFO] [stderr]    Compiling signal-hook-mio v0.2.4
[INFO] [stderr]    Compiling crossterm v0.27.0
[INFO] [stderr]    Compiling regex-automata v0.4.9
[INFO] [stderr]    Compiling ppv-lite86 v0.2.21
[INFO] [stderr]    Compiling strum_macros v0.25.3
[INFO] [stderr]    Compiling rand_chacha v0.3.1
[INFO] [stderr]    Compiling rand v0.8.5
[INFO] [stderr]    Compiling strum v0.25.0
[INFO] [stderr]    Compiling ratatui v0.25.0
[INFO] [stderr]    Compiling regex v1.11.1
[INFO] [stderr]    Compiling env_logger v0.10.2
[INFO] [stderr]    Compiling durak v2.0.0 (/opt/rustwide/workdir)
[INFO] [stderr]     Finished `release` profile [optimized] target(s) in 38.64s
[INFO] running `Command { std: "docker" "inspect" "1c85a1b81962d1e1b3a8bfd0d63517afd452c734d9b71197a2f1de4c6e72c44b", kill_on_drop: false }`
[INFO] running `Command { std: "docker" "exec" "-e" "SOURCE_DIR=/opt/rustwide/workdir" "-e" "CARGO_HOME=/opt/rustwide/cargo-home" "-e" "RUSTUP_HOME=/opt/rustwide/rustup-home" "-e" "CARGO_TARGET_DIR=/opt/rustwide/target" "-e" "CARGO_INCREMENTAL=0" "-e" "RUST_BACKTRACE=full" "-e" "RUSTFLAGS=--cap-lints=warn" "-e" "RUSTDOCFLAGS=--cap-lints=warn" "-w" "/opt/rustwide/workdir" "--user" "0:0" "1c85a1b81962d1e1b3a8bfd0d63517afd452c734d9b71197a2f1de4c6e72c44b" "/opt/rustwide/cargo-home/bin/cargo" "+1.99.0-beta.8" "test" "--frozen" "--no-run" "--message-format=json" "--release", kill_on_drop: false }`
[INFO] [stderr]    Compiling durak v2.0.0 (/opt/rustwide/workdir)
[INFO] [stdout] error[E0308]: mismatched types
[INFO] [stdout]   --> src/game/ai_logic_test.rs:31:24
[INFO] [stdout]    |
[INFO] [stdout] 31 |                 cards: ArrayVec::new(),
[INFO] [stdout]    |                        ^^^^^^^^^^^^^^^ expected `Vec<Card>`, found `ArrayVec<_, _>`
[INFO] [stdout]    |
[INFO] [stdout]    = note: expected struct `Vec<card::Card>`
[INFO] [stdout]               found struct `ArrayVec<_, _>`
[INFO] [stdout] help: try using a conversion method
[INFO] [stdout]    |
[INFO] [stdout] 31 |                 cards: ArrayVec::new().to_vec(),
[INFO] [stdout]    |                                       +++++++++
[INFO] [stdout] 
[INFO] [stdout] 
[INFO] [stdout] error[E0308]: mismatched types
[INFO] [stdout]   --> src/game/ai_logic_test.rs:34:27
[INFO] [stdout]    |
[INFO] [stdout] 34 |             discard_pile: ArrayVec::new(),
[INFO] [stdout]    |                           ^^^^^^^^^^^^^^^ expected `Vec<Card>`, found `ArrayVec<_, _>`
[INFO] [stdout]    |
[INFO] [stdout]    = note: expected struct `Vec<card::Card>`
[INFO] [stdout]               found struct `ArrayVec<_, _>`
[INFO] [stdout] help: try using a conversion method
[INFO] [stdout]    |
[INFO] [stdout] 34 |             discard_pile: ArrayVec::new().to_vec(),
[INFO] [stdout]    |                                          +++++++++
[INFO] [stdout] 
[INFO] [stdout] 
[INFO] [stdout] error[E0308]: mismatched types
[INFO] [stdout]   --> src/game/ai_logic_test.rs:35:13
[INFO] [stdout]    |
[INFO] [stdout] 35 |             table_cards,
[INFO] [stdout]    |             ^^^^^^^^^^^ expected `Vec<(Card, Option<Card>)>`, found `ArrayVec<(Card, Option<Card>), 24>`
[INFO] [stdout]    |
[INFO] [stdout]    = note: expected struct `Vec<(card::Card, Option<card::Card>)>`
[INFO] [stdout]               found struct `ArrayVec<(card::Card, Option<card::Card>), 24>`
[INFO] [stdout] help: try using a conversion method
[INFO] [stdout]    |
[INFO] [stdout] 35 |             table_cards: table_cards.to_vec(),
[INFO] [stdout]    |             ++++++++++++            +++++++++
[INFO] [stdout] 
[INFO] [stdout] 
[INFO] [stdout] For more information about this error, try `rustc --explain E0308`.
[INFO] [stdout] 
[INFO] [stderr] error: could not compile `durak` (bin "durak" test) due to 3 previous errors
[INFO] running `Command { std: "docker" "inspect" "1c85a1b81962d1e1b3a8bfd0d63517afd452c734d9b71197a2f1de4c6e72c44b", kill_on_drop: false }`
[INFO] running `Command { std: "docker" "rm" "-f" "1c85a1b81962d1e1b3a8bfd0d63517afd452c734d9b71197a2f1de4c6e72c44b", kill_on_drop: false }`
[INFO] [stdout] 1c85a1b81962d1e1b3a8bfd0d63517afd452c734d9b71197a2f1de4c6e72c44b
