[INFO] fetching crate dungeonctl 0.1.0...
[INFO] testing dungeonctl-0.1.0 against 1.99.0-beta.8+cargoflags=--release for beta-release-1.100-2
[INFO] extracting crate dungeonctl 0.1.0 into /workspace/builds/worker-3-tc1/source
[INFO] started tweaking crates.io crate dungeonctl 0.1.0
[INFO] removed 0 missing examples
[INFO] finished tweaking crates.io crate dungeonctl 0.1.0
[INFO] tweaked toml for crates.io crate dungeonctl 0.1.0 written to /workspace/builds/worker-3-tc1/source/Cargo.toml
[INFO] validating manifest of crates.io crate dungeonctl 0.1.0 on toolchain 1.99.0-beta.8
[INFO] running `Command { std: CARGO_HOME="/workspace/cargo-home" RUSTUP_HOME="/workspace/rustup-home" "/workspace/cargo-home/bin/cargo" "+1.99.0-beta.8" "metadata" "--manifest-path" "Cargo.toml" "--no-deps", kill_on_drop: false }`
[INFO] crate crates.io crate dungeonctl 0.1.0 already has a lockfile, it will not be regenerated
[INFO] running `Command { std: CARGO_HOME="/workspace/cargo-home" RUSTUP_HOME="/workspace/rustup-home" "/workspace/cargo-home/bin/cargo" "+1.99.0-beta.8" "fetch" "--manifest-path" "Cargo.toml", kill_on_drop: false }`
[INFO] [stderr]     Updating crates.io index
[INFO] [stderr]  Downloading crates ...
[INFO] [stderr]   Downloaded wasi v0.13.3+wasi-0.2.2
[INFO] [stderr]   Downloaded wit-bindgen-rt v0.33.0
[INFO] [stderr]   Downloaded hex-literal v1.0.0
[INFO] [stderr]   Downloaded once_cell v1.20.2
[INFO] [stderr]   Downloaded smart-default v0.7.1
[INFO] [stderr]   Downloaded objc2-core-bluetooth v0.2.2
[INFO] [stderr]   Downloaded bluez-generated v0.4.0
[INFO] [stderr]   Downloaded pkg-config v0.3.31
[INFO] [stderr]   Downloaded serde-xml-rs v0.6.0
[INFO] [stderr]   Downloaded gensym v0.1.1
[INFO] [stderr]   Downloaded pin-project-internal v1.1.9
[INFO] [stderr]   Downloaded bluez-async v0.8.0
[INFO] [stderr]   Downloaded redox_syscall v0.5.8
[INFO] [stderr]   Downloaded thiserror v2.0.11
[INFO] [stderr]   Downloaded dbus-tokio v0.7.6
[INFO] [stderr]   Downloaded quote v1.0.38
[INFO] [stderr]   Downloaded getrandom v0.3.1
[INFO] [stderr]   Downloaded smallvec v1.14.0
[INFO] [stderr]   Downloaded thiserror-impl v2.0.11
[INFO] [stderr]   Downloaded async-trait v0.1.85
[INFO] [stderr]   Downloaded unicode-ident v1.0.14
[INFO] [stderr]   Downloaded proc-macro2 v1.0.92
[INFO] [stderr]   Downloaded futures-signals v0.3.34
[INFO] [stderr]   Downloaded serde v1.0.217
[INFO] [stderr]   Downloaded pin-project v1.1.9
[INFO] [stderr]   Downloaded xml-rs v0.8.25
[INFO] [stderr]   Downloaded bytemuck v1.21.0
[INFO] [stderr]   Downloaded binrw_derive v0.14.1
[INFO] [stderr]   Downloaded serde_derive v1.0.217
[INFO] [stderr]   Downloaded socket2 v0.5.8
[INFO] [stderr]   Downloaded bytes v1.9.0
[INFO] [stderr]   Downloaded jni-utils v0.1.1
[INFO] [stderr]   Downloaded jni v0.19.0
[INFO] [stderr]   Downloaded binrw v0.14.1
[INFO] [stderr]   Downloaded dbus v0.9.7
[INFO] [stderr]   Downloaded cc v1.2.16
[INFO] [stderr]   Downloaded tokio-util v0.7.13
[INFO] [stderr]   Downloaded btleplug v0.11.7
[INFO] [stderr]   Downloaded syn v2.0.95
[INFO] [stderr]   Downloaded libc v0.2.169
[INFO] [stderr]   Downloaded libdbus-sys v0.2.5
[INFO] running `Command { std: "docker" "create" "-v" "/var/lib/crater-agent-workspace/builds/worker-3-tc1/source:/opt/rustwide/workdir:ro,Z" "-v" "/var/lib/crater-agent-workspace/builds/worker-3-tc1/target:/opt/rustwide/target:rw,Z" "-v" "/var/lib/crater-agent-workspace/cargo-home:/opt/rustwide/cargo-home:ro,Z" "-v" "/var/lib/crater-agent-workspace/rustup-home:/opt/rustwide/rustup-home:ro,Z" "-m" "1610612736" "--network" "none" "ghcr.io/rust-lang/crates-build-env/linux@sha256:77db811e55d90add9212f6832c23229e3de5f1c1f9905e8cb07319ea15df73ac" "sleep" "infinity", kill_on_drop: false }`
[INFO] [stdout] d532fb1158cdc64b54c7371b31d1328d67f2a4a9cc5023f26b7ca9f39f8aadf1
[INFO] running `Command { std: "docker" "start" "d532fb1158cdc64b54c7371b31d1328d67f2a4a9cc5023f26b7ca9f39f8aadf1", kill_on_drop: false }`
[INFO] running `Command { std: "docker" "inspect" "d532fb1158cdc64b54c7371b31d1328d67f2a4a9cc5023f26b7ca9f39f8aadf1", kill_on_drop: false }`
[INFO] running `Command { std: "docker" "exec" "-e" "SOURCE_DIR=/opt/rustwide/workdir" "-e" "CARGO_HOME=/opt/rustwide/cargo-home" "-e" "RUSTUP_HOME=/opt/rustwide/rustup-home" "-e" "CARGO_TARGET_DIR=/opt/rustwide/target" "-w" "/opt/rustwide/workdir" "--user" "0:0" "d532fb1158cdc64b54c7371b31d1328d67f2a4a9cc5023f26b7ca9f39f8aadf1" "/opt/rustwide/cargo-home/bin/cargo" "+1.99.0-beta.8" "metadata" "--no-deps" "--format-version=1", kill_on_drop: false }`
[INFO] running `Command { std: "docker" "inspect" "d532fb1158cdc64b54c7371b31d1328d67f2a4a9cc5023f26b7ca9f39f8aadf1", kill_on_drop: false }`
[INFO] running `Command { std: "docker" "exec" "-e" "SOURCE_DIR=/opt/rustwide/workdir" "-e" "CARGO_HOME=/opt/rustwide/cargo-home" "-e" "RUSTUP_HOME=/opt/rustwide/rustup-home" "-e" "CARGO_TARGET_DIR=/opt/rustwide/target" "-e" "CARGO_INCREMENTAL=0" "-e" "RUST_BACKTRACE=full" "-e" "RUSTFLAGS=--cap-lints=warn" "-e" "RUSTDOCFLAGS=--cap-lints=warn" "-w" "/opt/rustwide/workdir" "--user" "0:0" "d532fb1158cdc64b54c7371b31d1328d67f2a4a9cc5023f26b7ca9f39f8aadf1" "/opt/rustwide/cargo-home/bin/cargo" "+1.99.0-beta.8" "build" "--frozen" "--message-format=json" "--release", kill_on_drop: false }`
[INFO] [stderr]    Compiling proc-macro2 v1.0.92
[INFO] [stderr]    Compiling unicode-ident v1.0.14
[INFO] [stderr]    Compiling autocfg v1.4.0
[INFO] [stderr]    Compiling libc v0.2.169
[INFO] [stderr]    Compiling pin-project-lite v0.2.16
[INFO] [stderr]    Compiling futures-core v0.3.31
[INFO] [stderr]    Compiling futures-sink v0.3.31
[INFO] [stderr]    Compiling futures-task v0.3.31
[INFO] [stderr]    Compiling futures-io v0.3.31
[INFO] [stderr]    Compiling pin-utils v0.1.0
[INFO] [stderr]    Compiling memchr v2.7.4
[INFO] [stderr]    Compiling pkg-config v0.3.31
[INFO] [stderr]    Compiling getrandom v0.3.1
[INFO] [stderr]    Compiling serde v1.0.217
[INFO] [stderr]    Compiling once_cell v1.20.2
[INFO] [stderr]    Compiling thiserror v2.0.11
[INFO] [stderr]    Compiling syn v1.0.109
[INFO] [stderr]    Compiling cfg-if v1.0.0
[INFO] [stderr]    Compiling log v0.4.22
[INFO] [stderr]    Compiling bytes v1.9.0
[INFO] [stderr]    Compiling futures-channel v0.3.31
[INFO] [stderr]    Compiling binrw_derive v0.14.1
[INFO] [stderr]    Compiling xml-rs v0.8.25
[INFO] [stderr]    Compiling smallvec v1.14.0
[INFO] [stderr]    Compiling itertools v0.13.0
[INFO] [stderr]    Compiling hashbrown v0.14.5
[INFO] [stderr]    Compiling uuid v1.16.0
[INFO] [stderr]    Compiling binrw v0.14.1
[INFO] [stderr]    Compiling owo-colors v3.5.0
[INFO] [stderr]    Compiling either v1.15.0
[INFO] [stderr]    Compiling bitflags v2.6.0
[INFO] [stderr]    Compiling slab v0.4.9
[INFO] [stderr]    Compiling lock_api v0.4.12
[INFO] [stderr]    Compiling tracing-core v0.1.33
[INFO] [stderr]    Compiling array-init v2.1.0
[INFO] [stderr]    Compiling bytemuck v1.21.0
[INFO] [stderr]    Compiling libdbus-sys v0.2.5
[INFO] [stderr]    Compiling discard v1.0.4
[INFO] [stderr]    Compiling quote v1.0.38
[INFO] [stderr]    Compiling syn v2.0.95
[INFO] [stderr]    Compiling socket2 v0.5.8
[INFO] [stderr]    Compiling mio v1.0.3
[INFO] [stderr]    Compiling parking_lot_core v0.9.10
[INFO] [stderr]    Compiling tokio v1.44.2
[INFO] [stderr]    Compiling dashmap v6.1.0
[INFO] [stderr]    Compiling tokio-util v0.7.13
[INFO] [stderr]    Compiling tokio-stream v0.1.17
[INFO] [stderr]    Compiling futures-macro v0.3.31
[INFO] [stderr]    Compiling thiserror-impl v1.0.69
[INFO] [stderr]    Compiling serde_derive v1.0.217
[INFO] [stderr]    Compiling thiserror-impl v2.0.11
[INFO] [stderr]    Compiling pin-project-internal v1.1.9
[INFO] [stderr]    Compiling async-trait v0.1.85
[INFO] [stderr]    Compiling gensym v0.1.1
[INFO] [stderr]    Compiling tracing-attributes v0.1.28
[INFO] [stderr]    Compiling smart-default v0.7.1
[INFO] [stderr]    Compiling futures-util v0.3.31
[INFO] [stderr]    Compiling thiserror v1.0.69
[INFO] [stderr]    Compiling pin-project v1.1.9
[INFO] [stderr]    Compiling tracing v0.1.41
[INFO] [stderr]    Compiling dbus v0.9.7
[INFO] [stderr]    Compiling futures-executor v0.3.31
[INFO] [stderr]    Compiling futures-signals v0.3.34
[INFO] [stderr]    Compiling futures v0.3.31
[INFO] [stderr]    Compiling serde-xml-rs v0.6.0
[INFO] [stderr]    Compiling bluez-generated v0.4.0
[INFO] [stderr]    Compiling dbus-tokio v0.7.6
[INFO] [stderr]    Compiling bluez-async v0.8.0
[INFO] [stderr]    Compiling btleplug v0.11.7
[INFO] [stderr]    Compiling dungeonctl v0.1.0 (/opt/rustwide/workdir)
[INFO] [stdout] warning: unused imports: `peripheral::PeripheralExt` and `state::DeviceState`
[INFO] [stdout]  --> src/core/mod.rs:7:23
[INFO] [stdout]   |
[INFO] [stdout] 7 | pub(crate) use self::{peripheral::PeripheralExt, state::DeviceState};
[INFO] [stdout]   |                       ^^^^^^^^^^^^^^^^^^^^^^^^^  ^^^^^^^^^^^^^^^^^^
[INFO] [stdout]   |
[INFO] [stdout]   = note: `#[warn(unused_imports)]` (part of `#[warn(unused)]`) on by default
[INFO] [stdout] 
[INFO] [stdout] 
[INFO] [stdout] warning: trait `PeripheralExt` is never used
[INFO] [stdout]  --> src/core/peripheral.rs:1:18
[INFO] [stdout]   |
[INFO] [stdout] 1 | pub(crate) trait PeripheralExt: btleplug::api::Peripheral {
[INFO] [stdout]   |                  ^^^^^^^^^^^^^
[INFO] [stdout]   |
[INFO] [stdout]   = note: `#[warn(dead_code)]` (part of `#[warn(unused)]`) on by default
[INFO] [stdout] 
[INFO] [stdout] 
[INFO] [stdout] warning: struct `DeviceState` is never constructed
[INFO] [stdout]   --> src/core/state.rs:20:19
[INFO] [stdout]    |
[INFO] [stdout] 20 | pub(crate) struct DeviceState<T> {
[INFO] [stdout]    |                   ^^^^^^^^^^^
[INFO] [stdout] 
[INFO] [stdout] 
[INFO] [stdout] warning: associated function `new` is never used
[INFO] [stdout]   --> src/core/state.rs:26:19
[INFO] [stdout]    |
[INFO] [stdout] 25 | impl<T: Clone> DeviceState<T> {
[INFO] [stdout]    | ----------------------------- associated function in this implementation
[INFO] [stdout] 26 |     pub(crate) fn new(stream: impl Stream<Item = T> + Send + Unpin + 'static, default: T) -> Self {
[INFO] [stdout]    |                   ^^^
[INFO] [stdout] 
[INFO] [stdout] 
[INFO] [stderr]     Finished `release` profile [optimized] target(s) in 54.93s
[INFO] [stderr] warning: the following packages contain code that will be rejected by a future version of Rust: binrw v0.14.1
[INFO] [stderr] note: to see what the problems were, use the option `--future-incompat-report`, or run `cargo report future-incompatibilities --id 2`
[INFO] running `Command { std: "docker" "inspect" "d532fb1158cdc64b54c7371b31d1328d67f2a4a9cc5023f26b7ca9f39f8aadf1", kill_on_drop: false }`
[INFO] running `Command { std: "docker" "exec" "-e" "SOURCE_DIR=/opt/rustwide/workdir" "-e" "CARGO_HOME=/opt/rustwide/cargo-home" "-e" "RUSTUP_HOME=/opt/rustwide/rustup-home" "-e" "CARGO_TARGET_DIR=/opt/rustwide/target" "-e" "CARGO_INCREMENTAL=0" "-e" "RUST_BACKTRACE=full" "-e" "RUSTFLAGS=--cap-lints=warn" "-e" "RUSTDOCFLAGS=--cap-lints=warn" "-w" "/opt/rustwide/workdir" "--user" "0:0" "d532fb1158cdc64b54c7371b31d1328d67f2a4a9cc5023f26b7ca9f39f8aadf1" "/opt/rustwide/cargo-home/bin/cargo" "+1.99.0-beta.8" "test" "--frozen" "--no-run" "--message-format=json" "--release", kill_on_drop: false }`
[INFO] [stderr]    Compiling signal-hook-registry v1.4.2
[INFO] [stderr]    Compiling tokio-macros v2.5.0
[INFO] [stderr]    Compiling log v0.4.22
[INFO] [stderr]    Compiling tracing-core v0.1.33
[INFO] [stderr]    Compiling regex-syntax v0.6.29
[INFO] [stderr]    Compiling regex-syntax v0.8.5
[INFO] [stderr]    Compiling eyre v0.6.12
[INFO] [stderr]    Compiling overload v0.1.1
[INFO] [stderr]    Compiling thread_local v1.1.8
[INFO] [stderr]    Compiling indenter v0.3.3
[INFO] [stderr]    Compiling sharded-slab v0.1.7
[INFO] [stderr]    Compiling hex-literal v1.0.0
[INFO] [stderr]    Compiling nu-ansi-term v0.46.0
[INFO] [stderr]    Compiling serde-xml-rs v0.6.0
[INFO] [stderr]    Compiling tracing v0.1.41
[INFO] [stderr]    Compiling tracing-log v0.2.0
[INFO] [stderr]    Compiling tokio v1.44.2
[INFO] [stderr]    Compiling regex-automata v0.4.9
[INFO] [stderr]    Compiling regex-automata v0.1.10
[INFO] [stderr]    Compiling regex v1.11.1
[INFO] [stderr]    Compiling matchers v0.1.0
[INFO] [stderr]    Compiling tracing-subscriber v0.3.19
[INFO] [stderr]    Compiling tokio-util v0.7.13
[INFO] [stderr]    Compiling dbus-tokio v0.7.6
[INFO] [stderr]    Compiling bluez-async v0.8.0
[INFO] [stderr]    Compiling tokio-stream v0.1.17
[INFO] [stderr]    Compiling btleplug v0.11.7
[INFO] [stderr]    Compiling dungeonctl v0.1.0 (/opt/rustwide/workdir)
[INFO] [stdout] warning: unused imports: `peripheral::PeripheralExt` and `state::DeviceState`
[INFO] [stdout]  --> src/core/mod.rs:7:23
[INFO] [stdout]   |
[INFO] [stdout] 7 | pub(crate) use self::{peripheral::PeripheralExt, state::DeviceState};
[INFO] [stdout]   |                       ^^^^^^^^^^^^^^^^^^^^^^^^^  ^^^^^^^^^^^^^^^^^^
[INFO] [stdout]   |
[INFO] [stdout]   = note: `#[warn(unused_imports)]` (part of `#[warn(unused)]`) on by default
[INFO] [stdout] 
[INFO] [stdout] 
[INFO] [stdout] warning: trait `PeripheralExt` is never used
[INFO] [stdout]  --> src/core/peripheral.rs:1:18
[INFO] [stdout]   |
[INFO] [stdout] 1 | pub(crate) trait PeripheralExt: btleplug::api::Peripheral {
[INFO] [stdout]   |                  ^^^^^^^^^^^^^
[INFO] [stdout]   |
[INFO] [stdout]   = note: `#[warn(dead_code)]` (part of `#[warn(unused)]`) on by default
[INFO] [stdout] 
[INFO] [stdout] 
[INFO] [stdout] warning: struct `DeviceState` is never constructed
[INFO] [stdout]   --> src/core/state.rs:20:19
[INFO] [stdout]    |
[INFO] [stdout] 20 | pub(crate) struct DeviceState<T> {
[INFO] [stdout]    |                   ^^^^^^^^^^^
[INFO] [stdout] 
[INFO] [stdout] 
[INFO] [stdout] warning: associated function `new` is never used
[INFO] [stdout]   --> src/core/state.rs:26:19
[INFO] [stdout]    |
[INFO] [stdout] 25 | impl<T: Clone> DeviceState<T> {
[INFO] [stdout]    | ----------------------------- associated function in this implementation
[INFO] [stdout] 26 |     pub(crate) fn new(stream: impl Stream<Item = T> + Send + Unpin + 'static, default: T) -> Self {
[INFO] [stdout]    |                   ^^^
[INFO] [stdout] 
[INFO] [stdout] 
[INFO] [stdout] error[E0432]: unresolved imports `dungeonctl::Coyote3`, `dungeonctl::coyote3`
[INFO] [stdout]   --> examples/stim.rs:4:5
[INFO] [stdout]    |
[INFO] [stdout]  4 |     Coyote3, Stereo,
[INFO] [stdout]    |     ^^^^^^^ no `Coyote3` in the root
[INFO] [stdout]  5 |     coyote3::{DeviceSettings, IntensityChange, Pulse, Pulses},
[INFO] [stdout]    |     ^^^^^^^ could not find `coyote3` in `dungeonctl`
[INFO] [stdout]    |
[INFO] [stdout] note: found an item that was configured out
[INFO] [stdout]   --> src/lib.rs:26:24
[INFO] [stdout]    |
[INFO] [stdout] 25 | #[cfg(feature = "coyote3")]
[INFO] [stdout]    |       ------------------- the item is gated behind the `coyote3` feature
[INFO] [stdout] 26 | pub use self::coyote3::Coyote3;
[INFO] [stdout]    |                        ^^^^^^^
[INFO] [stdout] note: found an item that was configured out
[INFO] [stdout]   --> src/lib.rs:13:9
[INFO] [stdout]    |
[INFO] [stdout] 12 | #[cfg(feature = "coyote3")]
[INFO] [stdout]    |       ------------------- the item is gated behind the `coyote3` feature
[INFO] [stdout] 13 | pub mod coyote3;
[INFO] [stdout]    |         ^^^^^^^
[INFO] [stdout] 
[INFO] [stdout] 
[INFO] [stdout] warning: method call on a diverging inference variable
[INFO] [stdout]   --> examples/stim.rs:79:20
[INFO] [stdout]    |
[INFO] [stdout] 79 |         _ = coyote.state().for_each(async |state| info!(?state)) => Ok(()),
[INFO] [stdout]    |                    ^^^^^
[INFO] [stdout]    |
[INFO] [stdout]    = help: consider providing a type annotation
[INFO] [stdout]    = warning: this was previously accepted by the compiler but is being phased out; it will become a hard error in a future release!
[INFO] [stdout]    = note: for more information, see issue #156047 <https://github.com/rust-lang/rust/issues/156047>
[INFO] [stdout]    = note: `#[warn(method_call_on_diverging_infer_var)]` (part of `#[warn(future_incompatible)]`) on by default
[INFO] [stdout] 
[INFO] [stdout] 
[INFO] [stdout] warning: unused imports: `peripheral::PeripheralExt` and `state::DeviceState`
[INFO] [stdout]  --> src/core/mod.rs:7:23
[INFO] [stdout]   |
[INFO] [stdout] 7 | pub(crate) use self::{peripheral::PeripheralExt, state::DeviceState};
[INFO] [stdout]   |                       ^^^^^^^^^^^^^^^^^^^^^^^^^  ^^^^^^^^^^^^^^^^^^
[INFO] [stdout]   |
[INFO] [stdout]   = note: `#[warn(unused_imports)]` (part of `#[warn(unused)]`) on by default
[INFO] [stdout] 
[INFO] [stdout] 
[INFO] [stdout] error[E0599]: no method named `state` found for type `!` in the current scope
[INFO] [stdout]   --> examples/stim.rs:79:20
[INFO] [stdout]    |
[INFO] [stdout] 79 |         _ = coyote.state().for_each(async |state| info!(?state)) => Ok(()),
[INFO] [stdout]    |                    ^^^^^ method not found in `!`
[INFO] [stdout] 
[INFO] [stdout] 
[INFO] [stdout] error[E0599]: no method named `disconnect` found for type `!` in the current scope
[INFO] [stdout]   --> examples/stim.rs:83:20
[INFO] [stdout]    |
[INFO] [stdout] 83 |             coyote.disconnect().await?;
[INFO] [stdout]    |                    ^^^^^^^^^^ method not found in `!`
[INFO] [stdout] 
[INFO] [stdout] 
[INFO] [stdout] warning: unreachable call
[INFO] [stdout]   --> examples/stim.rs:83:20
[INFO] [stdout]    |
[INFO] [stdout] 83 |             coyote.disconnect().await?;
[INFO] [stdout]    |             ------ ^^^^^^^^^^ unreachable call
[INFO] [stdout]    |             |
[INFO] [stdout]    |             any code following this expression is unreachable
[INFO] [stdout]    |
[INFO] [stdout]    = note: `#[warn(unreachable_code)]` (part of `#[warn(unused)]`) on by default
[INFO] [stdout] 
[INFO] [stdout] 
[INFO] [stdout] error[E0599]: no method named `disconnect` found for type `!` in the current scope
[INFO] [stdout]   --> examples/stim.rs:91:20
[INFO] [stdout]    |
[INFO] [stdout] 91 |             coyote.disconnect().await?;
[INFO] [stdout]    |                    ^^^^^^^^^^ method not found in `!`
[INFO] [stdout] 
[INFO] [stdout] 
[INFO] [stdout] warning: unreachable call
[INFO] [stdout]   --> examples/stim.rs:91:20
[INFO] [stdout]    |
[INFO] [stdout] 91 |             coyote.disconnect().await?;
[INFO] [stdout]    |             ------ ^^^^^^^^^^ unreachable call
[INFO] [stdout]    |             |
[INFO] [stdout]    |             any code following this expression is unreachable
[INFO] [stdout] 
[INFO] [stdout] 
[INFO] [stdout] Some errors have detailed explanations: E0432, E0599.
[INFO] [stdout] 
[INFO] [stdout] For more information about an error, try `rustc --explain E0432`.
[INFO] [stdout] 
[INFO] [stdout] warning: trait `PeripheralExt` is never used
[INFO] [stdout]  --> src/core/peripheral.rs:1:18
[INFO] [stdout]   |
[INFO] [stdout] 1 | pub(crate) trait PeripheralExt: btleplug::api::Peripheral {
[INFO] [stdout]   |                  ^^^^^^^^^^^^^
[INFO] [stdout]   |
[INFO] [stdout]   = note: `#[warn(dead_code)]` (part of `#[warn(unused)]`) on by default
[INFO] [stdout] 
[INFO] [stdout] 
[INFO] [stdout] warning: struct `DeviceState` is never constructed
[INFO] [stdout]   --> src/core/state.rs:20:19
[INFO] [stdout]    |
[INFO] [stdout] 20 | pub(crate) struct DeviceState<T> {
[INFO] [stdout]    |                   ^^^^^^^^^^^
[INFO] [stdout] 
[INFO] [stdout] 
[INFO] [stdout] warning: associated function `new` is never used
[INFO] [stdout]   --> src/core/state.rs:26:19
[INFO] [stdout]    |
[INFO] [stdout] 25 | impl<T: Clone> DeviceState<T> {
[INFO] [stdout]    | ----------------------------- associated function in this implementation
[INFO] [stdout] 26 |     pub(crate) fn new(stream: impl Stream<Item = T> + Send + Unpin + 'static, default: T) -> Self {
[INFO] [stdout]    |                   ^^^
[INFO] [stdout] 
[INFO] [stdout] 
[INFO] [stderr] error: could not compile `dungeonctl` (example "stim") due to 4 previous errors; 4 warnings emitted
[INFO] [stderr] warning: build failed, waiting for other jobs to finish...
[INFO] running `Command { std: "docker" "inspect" "d532fb1158cdc64b54c7371b31d1328d67f2a4a9cc5023f26b7ca9f39f8aadf1", kill_on_drop: false }`
[INFO] running `Command { std: "docker" "rm" "-f" "d532fb1158cdc64b54c7371b31d1328d67f2a4a9cc5023f26b7ca9f39f8aadf1", kill_on_drop: false }`
[INFO] [stdout] d532fb1158cdc64b54c7371b31d1328d67f2a4a9cc5023f26b7ca9f39f8aadf1
