[INFO] fetching crate duckdb-bitstring 0.7.0...
[INFO] testing duckdb-bitstring-0.7.0 against 1.99.0-beta.8+cargoflags=--release for beta-release-1.100-2
[INFO] extracting crate duckdb-bitstring 0.7.0 into /workspace/builds/worker-4-tc1/source
[INFO] started tweaking crates.io crate duckdb-bitstring 0.7.0
[INFO] removed 0 missing tests
[INFO] finished tweaking crates.io crate duckdb-bitstring 0.7.0
[INFO] tweaked toml for crates.io crate duckdb-bitstring 0.7.0 written to /workspace/builds/worker-4-tc1/source/Cargo.toml
[INFO] validating manifest of crates.io crate duckdb-bitstring 0.7.0 on toolchain 1.99.0-beta.8
[INFO] running `Command { std: CARGO_HOME="/workspace/cargo-home" RUSTUP_HOME="/workspace/rustup-home" "/workspace/cargo-home/bin/cargo" "+1.99.0-beta.8" "metadata" "--manifest-path" "Cargo.toml" "--no-deps", kill_on_drop: false }`
[INFO] crate crates.io crate duckdb-bitstring 0.7.0 already has a lockfile, it will not be regenerated
[INFO] running `Command { std: CARGO_HOME="/workspace/cargo-home" RUSTUP_HOME="/workspace/rustup-home" "/workspace/cargo-home/bin/cargo" "+1.99.0-beta.8" "fetch" "--manifest-path" "Cargo.toml", kill_on_drop: false }`
[INFO] [stderr]     Updating crates.io index
[INFO] [stderr]  Downloading crates ...
[INFO] [stderr]   Downloaded toml_datetime v0.6.6
[INFO] [stderr]   Downloaded borsh-derive v1.5.1
[INFO] [stderr]   Downloaded rkyv_derive v0.7.44
[INFO] [stderr]   Downloaded simdutf8 v0.1.4
[INFO] [stderr]   Downloaded syn_derive v0.1.8
[INFO] [stderr]   Downloaded rkyv v0.7.44
[INFO] [stderr]   Downloaded arrow-string v56.2.0
[INFO] [stderr]   Downloaded bytes v1.6.1
[INFO] [stderr]   Downloaded borsh v1.5.1
[INFO] [stderr]   Downloaded arrow-data v56.2.0
[INFO] [stderr]   Downloaded tar v0.4.41
[INFO] [stderr]   Downloaded flate2 v1.0.30
[INFO] [stderr]   Downloaded arrow v56.2.0
[INFO] [stderr]   Downloaded arrow-select v56.2.0
[INFO] [stderr]   Downloaded arrow-schema v56.2.0
[INFO] [stderr]   Downloaded arrow-buffer v56.2.0
[INFO] [stderr]   Downloaded cc v1.1.5
[INFO] [stderr]   Downloaded rust_decimal v1.35.0
[INFO] [stderr]   Downloaded serde_json v1.0.120
[INFO] [stderr]   Downloaded lexical-core v1.0.5
[INFO] [stderr]   Downloaded arrow-row v56.2.0
[INFO] [stderr]   Downloaded lexical-write-integer v1.0.5
[INFO] [stderr]   Downloaded lexical-parse-integer v1.0.5
[INFO] [stderr]   Downloaded arrow-arith v56.2.0
[INFO] [stderr]   Downloaded syn v2.0.71
[INFO] [stderr]   Downloaded arrow-ord v56.2.0
[INFO] [stderr]   Downloaded comfy-table v7.1.2
[INFO] [stderr]   Downloaded arrow-cast v56.2.0
[INFO] [stderr]   Downloaded lexical-util v1.0.6
[INFO] [stderr]   Downloaded lexical-write-float v1.0.5
[INFO] [stderr]   Downloaded arrow-array v56.2.0
[INFO] [stderr]   Downloaded lexical-parse-float v1.0.5
[INFO] [stderr]   Downloaded duckdb v1.4.2
[INFO] [stderr]   Downloaded libduckdb-sys v1.4.2
[INFO] running `Command { std: "docker" "create" "-v" "/var/lib/crater-agent-workspace/builds/worker-4-tc1/source:/opt/rustwide/workdir:ro,Z" "-v" "/var/lib/crater-agent-workspace/builds/worker-4-tc1/target:/opt/rustwide/target:rw,Z" "-v" "/var/lib/crater-agent-workspace/cargo-home:/opt/rustwide/cargo-home:ro,Z" "-v" "/var/lib/crater-agent-workspace/rustup-home:/opt/rustwide/rustup-home:ro,Z" "-m" "1610612736" "--network" "none" "ghcr.io/rust-lang/crates-build-env/linux@sha256:77db811e55d90add9212f6832c23229e3de5f1c1f9905e8cb07319ea15df73ac" "sleep" "infinity", kill_on_drop: false }`
[INFO] [stdout] ddf3c84095df91da23ec9e12086e088deb0e282e5dad0c6604e8f0f62ac1de7d
[INFO] running `Command { std: "docker" "start" "ddf3c84095df91da23ec9e12086e088deb0e282e5dad0c6604e8f0f62ac1de7d", kill_on_drop: false }`
[INFO] running `Command { std: "docker" "inspect" "ddf3c84095df91da23ec9e12086e088deb0e282e5dad0c6604e8f0f62ac1de7d", kill_on_drop: false }`
[INFO] running `Command { std: "docker" "exec" "-e" "SOURCE_DIR=/opt/rustwide/workdir" "-e" "CARGO_HOME=/opt/rustwide/cargo-home" "-e" "RUSTUP_HOME=/opt/rustwide/rustup-home" "-e" "CARGO_TARGET_DIR=/opt/rustwide/target" "-w" "/opt/rustwide/workdir" "--user" "0:0" "ddf3c84095df91da23ec9e12086e088deb0e282e5dad0c6604e8f0f62ac1de7d" "/opt/rustwide/cargo-home/bin/cargo" "+1.99.0-beta.8" "metadata" "--no-deps" "--format-version=1", kill_on_drop: false }`
[INFO] running `Command { std: "docker" "inspect" "ddf3c84095df91da23ec9e12086e088deb0e282e5dad0c6604e8f0f62ac1de7d", kill_on_drop: false }`
[INFO] running `Command { std: "docker" "exec" "-e" "SOURCE_DIR=/opt/rustwide/workdir" "-e" "CARGO_HOME=/opt/rustwide/cargo-home" "-e" "RUSTUP_HOME=/opt/rustwide/rustup-home" "-e" "CARGO_TARGET_DIR=/opt/rustwide/target" "-e" "CARGO_INCREMENTAL=0" "-e" "RUST_BACKTRACE=full" "-e" "RUSTFLAGS=--cap-lints=warn" "-e" "RUSTDOCFLAGS=--cap-lints=warn" "-w" "/opt/rustwide/workdir" "--user" "0:0" "ddf3c84095df91da23ec9e12086e088deb0e282e5dad0c6604e8f0f62ac1de7d" "/opt/rustwide/cargo-home/bin/cargo" "+1.99.0-beta.8" "build" "--frozen" "--message-format=json" "--release", kill_on_drop: false }`
[INFO] [stderr]    Compiling libm v0.2.8
[INFO] [stderr]    Compiling autocfg v1.3.0
[INFO] [stderr]    Compiling proc-macro2 v1.0.86
[INFO] [stderr]    Compiling libc v0.2.155
[INFO] [stderr]    Compiling bitflags v2.6.0
[INFO] [stderr]    Compiling bytes v1.6.1
[INFO] [stderr]    Compiling iana-time-zone v0.1.60
[INFO] [stderr]    Compiling zerocopy v0.7.35
[INFO] [stderr]    Compiling once_cell v1.19.0
[INFO] [stderr]    Compiling hashbrown v0.16.0
[INFO] [stderr]    Compiling rustix v0.38.34
[INFO] [stderr]    Compiling cfg-if v1.0.0
[INFO] [stderr]    Compiling ahash v0.8.11
[INFO] [stderr]    Compiling lexical-util v1.0.6
[INFO] [stderr]    Compiling rustversion v1.0.17
[INFO] [stderr]    Compiling linux-raw-sys v0.4.14
[INFO] [stderr]    Compiling serde v1.0.204
[INFO] [stderr]    Compiling arrow-schema v56.2.0
[INFO] [stderr]    Compiling num-traits v0.2.19
[INFO] [stderr]    Compiling serde_json v1.0.120
[INFO] [stderr]    Compiling adler v1.0.2
[INFO] [stderr]    Compiling memchr v2.7.4
[INFO] [stderr]    Compiling crc32fast v1.4.2
[INFO] [stderr]    Compiling ryu v1.0.18
[INFO] [stderr]    Compiling itoa v1.0.11
[INFO] [stderr]    Compiling miniz_oxide v0.7.4
[INFO] [stderr]    Compiling regex-syntax v0.8.4
[INFO] [stderr]    Compiling pkg-config v0.3.30
[INFO] [stderr]    Compiling strum v0.26.3
[INFO] [stderr]    Compiling rust_decimal v1.35.0
[INFO] [stderr]    Compiling filetime v0.2.23
[INFO] [stderr]    Compiling hashbrown v0.15.2
[INFO] [stderr]    Compiling lexical-parse-integer v1.0.5
[INFO] [stderr]    Compiling quote v1.0.36
[INFO] [stderr]    Compiling lexical-write-integer v1.0.5
[INFO] [stderr]    Compiling getrandom v0.2.15
[INFO] [stderr]    Compiling aho-corasick v1.1.3
[INFO] [stderr]    Compiling flate2 v1.0.30
[INFO] [stderr]    Compiling syn v2.0.71
[INFO] [stderr]    Compiling arrayvec v0.7.4
[INFO] [stderr]    Compiling lexical-parse-float v1.0.5
[INFO] [stderr]    Compiling cast v0.3.0
[INFO] [stderr]    Compiling fallible-streaming-iterator v0.1.9
[INFO] [stderr]    Compiling fallible-iterator v0.3.0
[INFO] [stderr]    Compiling lexical-write-float v1.0.5
[INFO] [stderr]    Compiling hashlink v0.10.0
[INFO] [stderr]    Compiling lexical-core v1.0.5
[INFO] [stderr]    Compiling num-integer v0.1.46
[INFO] [stderr]    Compiling num-complex v0.4.6
[INFO] [stderr]    Compiling half v2.4.1
[INFO] [stderr]    Compiling chrono v0.4.40
[INFO] [stderr]    Compiling atoi v2.0.0
[INFO] [stderr]    Compiling xattr v1.3.1
[INFO] [stderr]    Compiling num-bigint v0.4.6
[INFO] [stderr]    Compiling num-iter v0.1.45
[INFO] [stderr]    Compiling tar v0.4.41
[INFO] [stderr]    Compiling regex-automata v0.4.7
[INFO] [stderr]    Compiling num-rational v0.4.2
[INFO] [stderr]    Compiling serde_derive v1.0.204
[INFO] [stderr]    Compiling strum_macros v0.26.4
[INFO] [stderr]    Compiling strum_macros v0.27.2
[INFO] [stderr]    Compiling num v0.4.3
[INFO] [stderr]    Compiling arrow-buffer v56.2.0
[INFO] [stderr]    Compiling arrow-data v56.2.0
[INFO] [stderr]    Compiling arrow-array v56.2.0
[INFO] [stderr]    Compiling strum v0.27.2
[INFO] [stderr]    Compiling comfy-table v7.1.2
[INFO] [stderr]    Compiling regex v1.10.5
[INFO] [stderr]    Compiling arrow-select v56.2.0
[INFO] [stderr]    Compiling arrow-row v56.2.0
[INFO] [stderr]    Compiling arrow-arith v56.2.0
[INFO] [stderr]    Compiling libduckdb-sys v1.4.2
[INFO] [stderr]    Compiling arrow-string v56.2.0
[INFO] [stderr]    Compiling arrow-ord v56.2.0
[INFO] [stderr]    Compiling arrow-cast v56.2.0
[INFO] [stderr]    Compiling arrow v56.2.0
[INFO] [stderr]    Compiling duckdb v1.4.2
[INFO] [stderr]    Compiling duckdb-bitstring v0.7.0 (/opt/rustwide/workdir)
[INFO] [stderr]     Finished `release` profile [optimized] target(s) in 2m 56s
[INFO] running `Command { std: "docker" "inspect" "ddf3c84095df91da23ec9e12086e088deb0e282e5dad0c6604e8f0f62ac1de7d", kill_on_drop: false }`
[INFO] running `Command { std: "docker" "exec" "-e" "SOURCE_DIR=/opt/rustwide/workdir" "-e" "CARGO_HOME=/opt/rustwide/cargo-home" "-e" "RUSTUP_HOME=/opt/rustwide/rustup-home" "-e" "CARGO_TARGET_DIR=/opt/rustwide/target" "-e" "CARGO_INCREMENTAL=0" "-e" "RUST_BACKTRACE=full" "-e" "RUSTFLAGS=--cap-lints=warn" "-e" "RUSTDOCFLAGS=--cap-lints=warn" "-w" "/opt/rustwide/workdir" "--user" "0:0" "ddf3c84095df91da23ec9e12086e088deb0e282e5dad0c6604e8f0f62ac1de7d" "/opt/rustwide/cargo-home/bin/cargo" "+1.99.0-beta.8" "test" "--frozen" "--no-run" "--message-format=json" "--release", kill_on_drop: false }`
[INFO] [stderr]    Compiling duckdb-bitstring v0.7.0 (/opt/rustwide/workdir)
[INFO] [stdout] error: linking with `cc` failed: exit status: 1
[INFO] [stdout]   |
[INFO] [stdout]   = note:  "cc" "-m64" "/opt/rustwide/target/release/deps/rustc03RcjV/symbols.o" "<4 object files omitted>" "-Wl,--as-needed" "-Wl,-Bstatic" "<sysroot>/lib/rustlib/x86_64-unknown-linux-gnu/lib/{libtest-*,libgetopts-*,librustc_std_workspace_std-*}.rlib" "/opt/rustwide/target/release/deps/{libduckdb_bitstring-872f3ff90e2bd7d9,libduckdb-560c041fc184eb82,libcast-5cdd185a02da6df4,librust_decimal-dde8fa7a88c13694,libserde-ffbc83edd2f80048,libarrayvec-e25c17b945f19533,libfallible_streaming_iterator-d2f735ab55540c15,libfallible_iterator-a9808a2d108b3f56,libstrum-8a0db7b56212223f,libhashlink-419ffbb0e5416b8e,libhashbrown-c1443b5ca145756f,libfoldhash-c2659dfc4557d4c1,libarrow-baae8bbfad122fbe,libarrow_row-475ce50f1c5b824f,libarrow_string-82e9c99162fa06bf,libregex-4da7d286a7b3f620,libregex_automata-84282cfd91a1966e,libaho_corasick-1a713034b9e7c2fc,libregex_syntax-0733827ffb443d98,libmemchr-7a3b50b11aed0d50,libarrow_cast-3d909368428d1d25,libatoi-17d9da9d4836586f,libryu-15a81a7eceacd5e8,libbase64-5ba8d8f2fe9c6ccd,libcomfy_table-a313067dbc4464bc,libunicode_width-c2e256aa7a1ffd47,libstrum-93db04c7e071bd01,liblexical_core-734d8a9c7b492846,liblexical_write_float-b61fbf393218c74f,liblexical_write_integer-3a0bec3cfe85aa8a,liblexical_parse_float-73a0f46f932b998e,liblexical_parse_integer-f49cf67aef24f116,liblexical_util-f1f16726348f96e0,libstatic_assertions-306fc8cfb43dc741,libarrow_arith-3ffdbb499c9372a8,libarrow_ord-36f3bc1d38e0feaa,libarrow_select-71e6838cec47d034,libarrow_array-cd863f2739d491bf,libahash-5a1c66939bb9ae4c,libgetrandom-c32ec9bc3112edeb,liblibc-392cc4aa04b4808f,libonce_cell-65e595700dcf15a2,libzerocopy-1c047b33006633ab,libhashbrown-f050754af7e5a979,libchrono-1389c0b5bb436d74,libiana_time_zone-ecc151b6e64f2219,libarrow_data-7146ba165a36c91c,libarrow_schema-fb436639f0999b34,libbitflags-a57167ea5125d6ed,libarrow_buffer-ffd511815875c987,libbytes-e3f0e33696f43890,libhalf-8c00b9c540aeac3a,libcfg_if-193575a6b29a3ab9,libnum-9dc314f9db9db228,libnum_iter-c95485af11c6532d,libnum_rational-8dfeb819ce344ab5,libnum_complex-957eaf072a2953f9,libnum_bigint-dcf5e044e3d1af8f,libnum_integer-f29a107303c6f076,libnum_traits-a74f2e2296177501,liblibduckdb_sys-e542cc456ca71c09,libbit_vec-ab32f3a6c739df74}.rlib" "<sysroot>/lib/rustlib/x86_64-unknown-linux-gnu/lib/{libstd-*,libpanic_unwind-*,libobject-*,libmemchr-*,libaddr2line-*,libgimli-*,libcfg_if-*,librustc_demangle-*,libstd_detect-*,libhashbrown-*,librustc_std_workspace_alloc-*,libminiz_oxide-*,libadler2-*,libunwind-*,liblibc-*,librustc_std_workspace_core-*,liballoc-*,libcore-*,libcompiler_builtins-*}.rlib" "-Wl,-Bdynamic" "-lc" "-lm" "-lrt" "-lpthread" "-lduckdb" "-lgcc_s" "-lutil" "-lrt" "-lpthread" "-lm" "-ldl" "-lc" "-L" "/opt/rustwide/target/release/deps/rustc03RcjV/raw-dylibs" "-B<sysroot>/lib/rustlib/x86_64-unknown-linux-gnu/bin/gcc-ld" "-fuse-ld=lld" "-Wl,--eh-frame-hdr" "-Wl,-z,noexecstack" "-L" "<sysroot>/lib/rustlib/x86_64-unknown-linux-gnu/lib" "-o" "/opt/rustwide/target/release/deps/tests_appender-2090bde712e236dd" "-Wl,--gc-sections" "-pie" "-Wl,-z,relro,-z,now" "-Wl,-O1" "-Wl,--strip-debug" "-nodefaultlibs"
[INFO] [stdout]   = note: some arguments are omitted. use `--verbose` to show all linker arguments
[INFO] [stdout]   = note: rust-lld: error: unable to find library -lduckdb
[INFO] [stdout]           collect2: error: ld returned 1 exit status
[INFO] [stdout]           
[INFO] [stdout] 
[INFO] [stdout] 
[INFO] [stderr] error: could not compile `duckdb-bitstring` (test "tests_appender") due to 1 previous error
[INFO] [stderr] warning: build failed, waiting for other jobs to finish...
[INFO] [stdout] error: linking with `cc` failed: exit status: 1
[INFO] [stdout]   |
[INFO] [stdout]   = note:  "cc" "-m64" "/opt/rustwide/target/release/deps/rustcJVPcpE/symbols.o" "<4 object files omitted>" "-Wl,--as-needed" "-Wl,-Bstatic" "<sysroot>/lib/rustlib/x86_64-unknown-linux-gnu/lib/{libtest-*,libgetopts-*,librustc_std_workspace_std-*}.rlib" "/opt/rustwide/target/release/deps/{libduckdb_bitstring-872f3ff90e2bd7d9,libbit_vec-ab32f3a6c739df74,libduckdb-560c041fc184eb82,libcast-5cdd185a02da6df4,librust_decimal-dde8fa7a88c13694,libserde-ffbc83edd2f80048,libarrayvec-e25c17b945f19533,libfallible_streaming_iterator-d2f735ab55540c15,libfallible_iterator-a9808a2d108b3f56,libstrum-8a0db7b56212223f,libhashlink-419ffbb0e5416b8e,libhashbrown-c1443b5ca145756f,libfoldhash-c2659dfc4557d4c1,libarrow-baae8bbfad122fbe,libarrow_row-475ce50f1c5b824f,libarrow_string-82e9c99162fa06bf,libregex-4da7d286a7b3f620,libregex_automata-84282cfd91a1966e,libaho_corasick-1a713034b9e7c2fc,libregex_syntax-0733827ffb443d98,libmemchr-7a3b50b11aed0d50,libarrow_cast-3d909368428d1d25,libatoi-17d9da9d4836586f,libryu-15a81a7eceacd5e8,libbase64-5ba8d8f2fe9c6ccd,libcomfy_table-a313067dbc4464bc,libunicode_width-c2e256aa7a1ffd47,libstrum-93db04c7e071bd01,liblexical_core-734d8a9c7b492846,liblexical_write_float-b61fbf393218c74f,liblexical_write_integer-3a0bec3cfe85aa8a,liblexical_parse_float-73a0f46f932b998e,liblexical_parse_integer-f49cf67aef24f116,liblexical_util-f1f16726348f96e0,libstatic_assertions-306fc8cfb43dc741,libarrow_arith-3ffdbb499c9372a8,libarrow_ord-36f3bc1d38e0feaa,libarrow_select-71e6838cec47d034,libarrow_array-cd863f2739d491bf,libahash-5a1c66939bb9ae4c,libgetrandom-c32ec9bc3112edeb,liblibc-392cc4aa04b4808f,libonce_cell-65e595700dcf15a2,libzerocopy-1c047b33006633ab,libhashbrown-f050754af7e5a979,libchrono-1389c0b5bb436d74,libiana_time_zone-ecc151b6e64f2219,libarrow_data-7146ba165a36c91c,libarrow_schema-fb436639f0999b34,libbitflags-a57167ea5125d6ed,libarrow_buffer-ffd511815875c987,libbytes-e3f0e33696f43890,libhalf-8c00b9c540aeac3a,libcfg_if-193575a6b29a3ab9,libnum-9dc314f9db9db228,libnum_iter-c95485af11c6532d,libnum_rational-8dfeb819ce344ab5,libnum_complex-957eaf072a2953f9,libnum_bigint-dcf5e044e3d1af8f,libnum_integer-f29a107303c6f076,libnum_traits-a74f2e2296177501,liblibduckdb_sys-e542cc456ca71c09}.rlib" "<sysroot>/lib/rustlib/x86_64-unknown-linux-gnu/lib/{libstd-*,libpanic_unwind-*,libobject-*,libmemchr-*,libaddr2line-*,libgimli-*,libcfg_if-*,librustc_demangle-*,libstd_detect-*,libhashbrown-*,librustc_std_workspace_alloc-*,libminiz_oxide-*,libadler2-*,libunwind-*,liblibc-*,librustc_std_workspace_core-*,liballoc-*,libcore-*,libcompiler_builtins-*}.rlib" "-Wl,-Bdynamic" "-lc" "-lm" "-lrt" "-lpthread" "-lduckdb" "-lgcc_s" "-lutil" "-lrt" "-lpthread" "-lm" "-ldl" "-lc" "-L" "/opt/rustwide/target/release/deps/rustcJVPcpE/raw-dylibs" "-B<sysroot>/lib/rustlib/x86_64-unknown-linux-gnu/bin/gcc-ld" "-fuse-ld=lld" "-Wl,--eh-frame-hdr" "-Wl,-z,noexecstack" "-L" "<sysroot>/lib/rustlib/x86_64-unknown-linux-gnu/lib" "-o" "/opt/rustwide/target/release/deps/tests_read_query-936b6b385fb90bae" "-Wl,--gc-sections" "-pie" "-Wl,-z,relro,-z,now" "-Wl,-O1" "-Wl,--strip-debug" "-nodefaultlibs"
[INFO] [stdout]   = note: some arguments are omitted. use `--verbose` to show all linker arguments
[INFO] [stdout]   = note: rust-lld: error: unable to find library -lduckdb
[INFO] [stdout]           collect2: error: ld returned 1 exit status
[INFO] [stdout]           
[INFO] [stdout] 
[INFO] [stdout] 
[INFO] [stderr] error: could not compile `duckdb-bitstring` (test "tests_read_query") due to 1 previous error
[INFO] [stdout] error: linking with `cc` failed: exit status: 1
[INFO] [stdout]   |
[INFO] [stdout]   = note:  "cc" "-m64" "/opt/rustwide/target/release/deps/rustcG2ho5X/symbols.o" "<6 object files omitted>" "-Wl,--as-needed" "-Wl,-Bstatic" "<sysroot>/lib/rustlib/x86_64-unknown-linux-gnu/lib/{libtest-*,libgetopts-*,librustc_std_workspace_std-*}.rlib" "/opt/rustwide/target/release/deps/{libduckdb-560c041fc184eb82,libcast-5cdd185a02da6df4,librust_decimal-dde8fa7a88c13694,libserde-ffbc83edd2f80048,libarrayvec-e25c17b945f19533,libfallible_streaming_iterator-d2f735ab55540c15,libfallible_iterator-a9808a2d108b3f56,libstrum-8a0db7b56212223f,libhashlink-419ffbb0e5416b8e,libhashbrown-c1443b5ca145756f,libfoldhash-c2659dfc4557d4c1,libarrow-baae8bbfad122fbe,libarrow_row-475ce50f1c5b824f,libarrow_string-82e9c99162fa06bf,libregex-4da7d286a7b3f620,libregex_automata-84282cfd91a1966e,libaho_corasick-1a713034b9e7c2fc,libregex_syntax-0733827ffb443d98,libmemchr-7a3b50b11aed0d50,libarrow_cast-3d909368428d1d25,libatoi-17d9da9d4836586f,libryu-15a81a7eceacd5e8,libbase64-5ba8d8f2fe9c6ccd,libcomfy_table-a313067dbc4464bc,libunicode_width-c2e256aa7a1ffd47,libstrum-93db04c7e071bd01,liblexical_core-734d8a9c7b492846,liblexical_write_float-b61fbf393218c74f,liblexical_write_integer-3a0bec3cfe85aa8a,liblexical_parse_float-73a0f46f932b998e,liblexical_parse_integer-f49cf67aef24f116,liblexical_util-f1f16726348f96e0,libstatic_assertions-306fc8cfb43dc741,libarrow_arith-3ffdbb499c9372a8,libarrow_ord-36f3bc1d38e0feaa,libarrow_select-71e6838cec47d034,libarrow_array-cd863f2739d491bf,libahash-5a1c66939bb9ae4c,libgetrandom-c32ec9bc3112edeb,liblibc-392cc4aa04b4808f,libonce_cell-65e595700dcf15a2,libzerocopy-1c047b33006633ab,libhashbrown-f050754af7e5a979,libchrono-1389c0b5bb436d74,libiana_time_zone-ecc151b6e64f2219,libarrow_data-7146ba165a36c91c,libarrow_schema-fb436639f0999b34,libbitflags-a57167ea5125d6ed,libarrow_buffer-ffd511815875c987,libbytes-e3f0e33696f43890,libhalf-8c00b9c540aeac3a,libcfg_if-193575a6b29a3ab9,libnum-9dc314f9db9db228,libnum_iter-c95485af11c6532d,libnum_rational-8dfeb819ce344ab5,libnum_complex-957eaf072a2953f9,libnum_bigint-dcf5e044e3d1af8f,libnum_integer-f29a107303c6f076,libnum_traits-a74f2e2296177501,liblibduckdb_sys-e542cc456ca71c09,libbit_vec-ab32f3a6c739df74}.rlib" "<sysroot>/lib/rustlib/x86_64-unknown-linux-gnu/lib/{libstd-*,libpanic_unwind-*,libobject-*,libmemchr-*,libaddr2line-*,libgimli-*,libcfg_if-*,librustc_demangle-*,libstd_detect-*,libhashbrown-*,librustc_std_workspace_alloc-*,libminiz_oxide-*,libadler2-*,libunwind-*,liblibc-*,librustc_std_workspace_core-*,liballoc-*,libcore-*,libcompiler_builtins-*}.rlib" "-Wl,-Bdynamic" "-lc" "-lm" "-lrt" "-lpthread" "-lduckdb" "-lgcc_s" "-lutil" "-lrt" "-lpthread" "-lm" "-ldl" "-lc" "-L" "/opt/rustwide/target/release/deps/rustcG2ho5X/raw-dylibs" "-B<sysroot>/lib/rustlib/x86_64-unknown-linux-gnu/bin/gcc-ld" "-fuse-ld=lld" "-Wl,--eh-frame-hdr" "-Wl,-z,noexecstack" "-L" "<sysroot>/lib/rustlib/x86_64-unknown-linux-gnu/lib" "-o" "/opt/rustwide/target/release/deps/duckdb_bitstring-d87fb56801bcfcaf" "-Wl,--gc-sections" "-pie" "-Wl,-z,relro,-z,now" "-Wl,-O1" "-Wl,--strip-debug" "-nodefaultlibs"
[INFO] [stdout]   = note: some arguments are omitted. use `--verbose` to show all linker arguments
[INFO] [stdout]   = note: rust-lld: error: unable to find library -lduckdb
[INFO] [stdout]           collect2: error: ld returned 1 exit status
[INFO] [stdout]           
[INFO] [stdout] 
[INFO] [stdout] 
[INFO] [stderr] error: could not compile `duckdb-bitstring` (lib test) due to 1 previous error
[INFO] [stdout] error: linking with `cc` failed: exit status: 1
[INFO] [stdout]   |
[INFO] [stdout]   = note:  "cc" "-m64" "/opt/rustwide/target/release/deps/rustcmZH46T/symbols.o" "<3 object files omitted>" "-Wl,--as-needed" "-Wl,-Bstatic" "<sysroot>/lib/rustlib/x86_64-unknown-linux-gnu/lib/{libtest-*,libgetopts-*,librustc_std_workspace_std-*}.rlib" "/opt/rustwide/target/release/deps/{libduckdb_bitstring-872f3ff90e2bd7d9,libduckdb-560c041fc184eb82,libcast-5cdd185a02da6df4,librust_decimal-dde8fa7a88c13694,libserde-ffbc83edd2f80048,libarrayvec-e25c17b945f19533,libfallible_streaming_iterator-d2f735ab55540c15,libfallible_iterator-a9808a2d108b3f56,libstrum-8a0db7b56212223f,libhashlink-419ffbb0e5416b8e,libhashbrown-c1443b5ca145756f,libfoldhash-c2659dfc4557d4c1,libarrow-baae8bbfad122fbe,libarrow_row-475ce50f1c5b824f,libarrow_string-82e9c99162fa06bf,libregex-4da7d286a7b3f620,libregex_automata-84282cfd91a1966e,libaho_corasick-1a713034b9e7c2fc,libregex_syntax-0733827ffb443d98,libmemchr-7a3b50b11aed0d50,libarrow_cast-3d909368428d1d25,libatoi-17d9da9d4836586f,libryu-15a81a7eceacd5e8,libbase64-5ba8d8f2fe9c6ccd,libcomfy_table-a313067dbc4464bc,libunicode_width-c2e256aa7a1ffd47,libstrum-93db04c7e071bd01,liblexical_core-734d8a9c7b492846,liblexical_write_float-b61fbf393218c74f,liblexical_write_integer-3a0bec3cfe85aa8a,liblexical_parse_float-73a0f46f932b998e,liblexical_parse_integer-f49cf67aef24f116,liblexical_util-f1f16726348f96e0,libstatic_assertions-306fc8cfb43dc741,libarrow_arith-3ffdbb499c9372a8,libarrow_ord-36f3bc1d38e0feaa,libarrow_select-71e6838cec47d034,libarrow_array-cd863f2739d491bf,libahash-5a1c66939bb9ae4c,libgetrandom-c32ec9bc3112edeb,liblibc-392cc4aa04b4808f,libonce_cell-65e595700dcf15a2,libzerocopy-1c047b33006633ab,libhashbrown-f050754af7e5a979,libchrono-1389c0b5bb436d74,libiana_time_zone-ecc151b6e64f2219,libarrow_data-7146ba165a36c91c,libarrow_schema-fb436639f0999b34,libbitflags-a57167ea5125d6ed,libarrow_buffer-ffd511815875c987,libbytes-e3f0e33696f43890,libhalf-8c00b9c540aeac3a,libcfg_if-193575a6b29a3ab9,libnum-9dc314f9db9db228,libnum_iter-c95485af11c6532d,libnum_rational-8dfeb819ce344ab5,libnum_complex-957eaf072a2953f9,libnum_bigint-dcf5e044e3d1af8f,libnum_integer-f29a107303c6f076,libnum_traits-a74f2e2296177501,liblibduckdb_sys-e542cc456ca71c09,libbit_vec-ab32f3a6c739df74}.rlib" "<sysroot>/lib/rustlib/x86_64-unknown-linux-gnu/lib/{libstd-*,libpanic_unwind-*,libobject-*,libmemchr-*,libaddr2line-*,libgimli-*,libcfg_if-*,librustc_demangle-*,libstd_detect-*,libhashbrown-*,librustc_std_workspace_alloc-*,libminiz_oxide-*,libadler2-*,libunwind-*,liblibc-*,librustc_std_workspace_core-*,liballoc-*,libcore-*,libcompiler_builtins-*}.rlib" "-Wl,-Bdynamic" "-lc" "-lm" "-lrt" "-lpthread" "-lduckdb" "-lgcc_s" "-lutil" "-lrt" "-lpthread" "-lm" "-ldl" "-lc" "-L" "/opt/rustwide/target/release/deps/rustcmZH46T/raw-dylibs" "-B<sysroot>/lib/rustlib/x86_64-unknown-linux-gnu/bin/gcc-ld" "-fuse-ld=lld" "-Wl,--eh-frame-hdr" "-Wl,-z,noexecstack" "-L" "<sysroot>/lib/rustlib/x86_64-unknown-linux-gnu/lib" "-o" "/opt/rustwide/target/release/deps/tests_param-cf436d5c6680ba13" "-Wl,--gc-sections" "-pie" "-Wl,-z,relro,-z,now" "-Wl,-O1" "-Wl,--strip-debug" "-nodefaultlibs"
[INFO] [stdout]   = note: some arguments are omitted. use `--verbose` to show all linker arguments
[INFO] [stdout]   = note: rust-lld: error: unable to find library -lduckdb
[INFO] [stdout]           collect2: error: ld returned 1 exit status
[INFO] [stdout]           
[INFO] [stdout] 
[INFO] [stdout] 
[INFO] [stderr] error: could not compile `duckdb-bitstring` (test "tests_param") due to 1 previous error
[INFO] running `Command { std: "docker" "inspect" "ddf3c84095df91da23ec9e12086e088deb0e282e5dad0c6604e8f0f62ac1de7d", kill_on_drop: false }`
[INFO] running `Command { std: "docker" "rm" "-f" "ddf3c84095df91da23ec9e12086e088deb0e282e5dad0c6604e8f0f62ac1de7d", kill_on_drop: false }`
[INFO] [stdout] ddf3c84095df91da23ec9e12086e088deb0e282e5dad0c6604e8f0f62ac1de7d
