[INFO] fetching crate dtact 0.3.0...
[INFO] testing dtact-0.3.0 against 1.99.0-beta.8+cargoflags=--release for beta-release-1.100-2
[INFO] extracting crate dtact 0.3.0 into /workspace/builds/worker-5-tc1/source
[INFO] removed /workspace/builds/worker-5-tc1/source/.cargo/config.toml
[INFO] started tweaking crates.io crate dtact 0.3.0
[INFO] removed 0 missing examples
[INFO] removed 0 missing tests
[INFO] finished tweaking crates.io crate dtact 0.3.0
[INFO] tweaked toml for crates.io crate dtact 0.3.0 written to /workspace/builds/worker-5-tc1/source/Cargo.toml
[INFO] validating manifest of crates.io crate dtact 0.3.0 on toolchain 1.99.0-beta.8
[INFO] running `Command { std: CARGO_HOME="/workspace/cargo-home" RUSTUP_HOME="/workspace/rustup-home" "/workspace/cargo-home/bin/cargo" "+1.99.0-beta.8" "metadata" "--manifest-path" "Cargo.toml" "--no-deps", kill_on_drop: false }`
[INFO] crate crates.io crate dtact 0.3.0 already has a lockfile, it will not be regenerated
[INFO] running `Command { std: CARGO_HOME="/workspace/cargo-home" RUSTUP_HOME="/workspace/rustup-home" "/workspace/cargo-home/bin/cargo" "+1.99.0-beta.8" "fetch" "--manifest-path" "Cargo.toml", kill_on_drop: false }`
[INFO] [stderr]     Updating crates.io index
[INFO] [stderr]  Downloading crates ...
[INFO] [stderr]   Downloaded serial_test v4.0.1
[INFO] [stderr]   Downloaded sc v0.2.7
[INFO] [stderr]   Downloaded serial_test_derive v4.0.1
[INFO] [stderr]   Downloaded dtact-macros v0.1.3
[INFO] [stderr]   Downloaded dtact-util v0.2.1
[INFO] [stderr]   Downloaded io-uring v0.7.13
[INFO] [stderr]   Downloaded dtact v0.2.8
[INFO] running `Command { std: "docker" "create" "-v" "/var/lib/crater-agent-workspace/builds/worker-5-tc1/source:/opt/rustwide/workdir:ro,Z" "-v" "/var/lib/crater-agent-workspace/builds/worker-5-tc1/target:/opt/rustwide/target:rw,Z" "-v" "/var/lib/crater-agent-workspace/cargo-home:/opt/rustwide/cargo-home:ro,Z" "-v" "/var/lib/crater-agent-workspace/rustup-home:/opt/rustwide/rustup-home:ro,Z" "-m" "1610612736" "--network" "none" "ghcr.io/rust-lang/crates-build-env/linux@sha256:77db811e55d90add9212f6832c23229e3de5f1c1f9905e8cb07319ea15df73ac" "sleep" "infinity", kill_on_drop: false }`
[INFO] [stdout] a2600d3f490de611cdc48fb964874e07a4fc307170a82deabe047c4de1fab74d
[INFO] running `Command { std: "docker" "start" "a2600d3f490de611cdc48fb964874e07a4fc307170a82deabe047c4de1fab74d", kill_on_drop: false }`
[INFO] running `Command { std: "docker" "inspect" "a2600d3f490de611cdc48fb964874e07a4fc307170a82deabe047c4de1fab74d", kill_on_drop: false }`
[INFO] running `Command { std: "docker" "exec" "-e" "SOURCE_DIR=/opt/rustwide/workdir" "-e" "CARGO_HOME=/opt/rustwide/cargo-home" "-e" "RUSTUP_HOME=/opt/rustwide/rustup-home" "-e" "CARGO_TARGET_DIR=/opt/rustwide/target" "-w" "/opt/rustwide/workdir" "--user" "0:0" "a2600d3f490de611cdc48fb964874e07a4fc307170a82deabe047c4de1fab74d" "/opt/rustwide/cargo-home/bin/cargo" "+1.99.0-beta.8" "metadata" "--no-deps" "--format-version=1", kill_on_drop: false }`
[INFO] running `Command { std: "docker" "inspect" "a2600d3f490de611cdc48fb964874e07a4fc307170a82deabe047c4de1fab74d", kill_on_drop: false }`
[INFO] running `Command { std: "docker" "exec" "-e" "SOURCE_DIR=/opt/rustwide/workdir" "-e" "CARGO_HOME=/opt/rustwide/cargo-home" "-e" "RUSTUP_HOME=/opt/rustwide/rustup-home" "-e" "CARGO_TARGET_DIR=/opt/rustwide/target" "-e" "CARGO_INCREMENTAL=0" "-e" "RUST_BACKTRACE=full" "-e" "RUSTFLAGS=--cap-lints=warn" "-e" "RUSTDOCFLAGS=--cap-lints=warn" "-w" "/opt/rustwide/workdir" "--user" "0:0" "a2600d3f490de611cdc48fb964874e07a4fc307170a82deabe047c4de1fab74d" "/opt/rustwide/cargo-home/bin/cargo" "+1.99.0-beta.8" "build" "--frozen" "--message-format=json" "--release", kill_on_drop: false }`
[INFO] [stderr] warning: profile package spec `dtact-web` in profile `release` did not match any packages
[INFO] [stderr]    Compiling serde_core v1.0.229
[INFO] [stderr]    Compiling utf8parse v0.2.2
[INFO] [stderr]    Compiling libc v0.2.189
[INFO] [stderr]    Compiling is_terminal_polyfill v1.70.2
[INFO] [stderr]    Compiling colorchoice v1.0.5
[INFO] [stderr]    Compiling anstyle-query v1.1.5
[INFO] [stderr]    Compiling anstyle v1.0.14
[INFO] [stderr]    Compiling linux-raw-sys v0.12.1
[INFO] [stderr]    Compiling bitflags v2.13.1
[INFO] [stderr]    Compiling serde v1.0.229
[INFO] [stderr]    Compiling zmij v1.0.23
[INFO] [stderr]    Compiling rustix v1.1.4
[INFO] [stderr]    Compiling getrandom v0.4.3
[INFO] [stderr]    Compiling winnow v1.0.4
[INFO] [stderr]    Compiling strsim v0.11.1
[INFO] [stderr]    Compiling syn v3.0.3
[INFO] [stderr]    Compiling clap_lex v1.1.0
[INFO] [stderr]    Compiling syn v2.0.119
[INFO] [stderr]    Compiling serde_json v1.0.151
[INFO] [stderr]    Compiling hashbrown v0.17.1
[INFO] [stderr]    Compiling anstyle-parse v1.0.0
[INFO] [stderr]    Compiling fastrand v2.5.0
[INFO] [stderr]    Compiling cbindgen v0.29.4
[INFO] [stderr]    Compiling itoa v1.0.18
[INFO] [stderr]    Compiling anstream v1.0.0
[INFO] [stderr]    Compiling once_cell v1.21.4
[INFO] [stderr]    Compiling winnow v0.7.15
[INFO] [stderr]    Compiling memchr v2.8.3
[INFO] [stderr]    Compiling equivalent v1.0.2
[INFO] [stderr]    Compiling log v0.4.33
[INFO] [stderr]    Compiling toml_parser v1.1.3+spec-1.1.0
[INFO] [stderr]    Compiling clap_builder v4.6.2
[INFO] [stderr]    Compiling indexmap v2.14.0
[INFO] [stderr]    Compiling tempfile v3.27.0
[INFO] [stderr]    Compiling serde_derive v1.0.229
[INFO] [stderr]    Compiling clap v4.6.4
[INFO] [stderr]    Compiling toml_datetime v0.7.5+spec-1.1.0
[INFO] [stderr]    Compiling serde_spanned v1.1.1
[INFO] [stderr]    Compiling toml v0.9.12+spec-1.1.0
[INFO] [stderr]    Compiling dtact-macros v0.1.3
[INFO] [stderr]    Compiling dtact v0.3.0 (/opt/rustwide/workdir)
[INFO] [stderr] warning: dtact@0.3.0: Skipping header generation. Set DEV='1' to enable.
[INFO] [stdout] warning: use of deprecated method `std::sync::atomic::Atomic::<u32>::fetch_update`: renamed to `try_update` for consistency
[INFO] [stdout]    --> src/memory_management.rs:406:14
[INFO] [stdout]     |
[INFO] [stdout] 406 |             .fetch_update(Ordering::AcqRel, Ordering::Acquire, |s| {
[INFO] [stdout]     |              ^^^^^^^^^^^^
[INFO] [stdout]     |
[INFO] [stdout]     = note: `#[warn(deprecated)]` on by default
[INFO] [stdout] help: replace the use of the deprecated method
[INFO] [stdout]     |
[INFO] [stdout] 406 -             .fetch_update(Ordering::AcqRel, Ordering::Acquire, |s| {
[INFO] [stdout] 406 +             .try_update(Ordering::AcqRel, Ordering::Acquire, |s| {
[INFO] [stdout]     |
[INFO] [stdout] 
[INFO] [stdout] 
[INFO] [stderr]     Finished `release` profile [optimized] target(s) in 24.13s
[INFO] running `Command { std: "docker" "inspect" "a2600d3f490de611cdc48fb964874e07a4fc307170a82deabe047c4de1fab74d", kill_on_drop: false }`
[INFO] running `Command { std: "docker" "exec" "-e" "SOURCE_DIR=/opt/rustwide/workdir" "-e" "CARGO_HOME=/opt/rustwide/cargo-home" "-e" "RUSTUP_HOME=/opt/rustwide/rustup-home" "-e" "CARGO_TARGET_DIR=/opt/rustwide/target" "-e" "CARGO_INCREMENTAL=0" "-e" "RUST_BACKTRACE=full" "-e" "RUSTFLAGS=--cap-lints=warn" "-e" "RUSTDOCFLAGS=--cap-lints=warn" "-w" "/opt/rustwide/workdir" "--user" "0:0" "a2600d3f490de611cdc48fb964874e07a4fc307170a82deabe047c4de1fab74d" "/opt/rustwide/cargo-home/bin/cargo" "+1.99.0-beta.8" "test" "--frozen" "--no-run" "--message-format=json" "--release", kill_on_drop: false }`
[INFO] [stderr] warning: profile package spec `dtact-web` in profile `release` did not match any packages
[INFO] [stderr]    Compiling libc v0.2.189
[INFO] [stderr]    Compiling syn v3.0.3
[INFO] [stderr]    Compiling zerocopy v0.8.55
[INFO] [stderr]    Compiling zerocopy-derive v0.8.55
[INFO] [stderr]    Compiling cc v1.4.0
[INFO] [stderr]    Compiling crossbeam-utils v0.8.22
[INFO] [stderr]    Compiling smallvec v1.15.2
[INFO] [stderr]    Compiling getrandom v0.3.4
[INFO] [stderr]    Compiling serde_core v1.0.229
[INFO] [stderr]    Compiling bitflags v2.13.1
[INFO] [stderr]    Compiling rustversion v1.0.23
[INFO] [stderr]    Compiling regex-automata v0.4.16
[INFO] [stderr]    Compiling num-traits v0.2.19
[INFO] [stderr]    Compiling crossbeam-epoch v0.9.20
[INFO] [stderr]    Compiling serde v1.0.229
[INFO] [stderr]    Compiling crossbeam-deque v0.8.7
[INFO] [stderr]    Compiling log v0.4.33
[INFO] [stderr]    Compiling tracing-core v0.1.36
[INFO] [stderr]    Compiling zmij v1.0.23
[INFO] [stderr]    Compiling getrandom v0.4.3
[INFO] [stderr]    Compiling rustix v1.1.4
[INFO] [stderr]    Compiling either v1.17.0
[INFO] [stderr]    Compiling linux-raw-sys v0.12.1
[INFO] [stderr]    Compiling serde_json v1.0.151
[INFO] [stderr]    Compiling futures-core v0.3.33
[INFO] [stderr]    Compiling ciborium-io v0.2.2
[INFO] [stderr]    Compiling io-uring v0.7.13
[INFO] [stderr]    Compiling plotters-backend v0.3.7
[INFO] [stderr]    Compiling futures-task v0.3.33
[INFO] [stderr]    Compiling memchr v2.8.3
[INFO] [stderr]    Compiling fastrand v2.5.0
[INFO] [stderr]    Compiling plotters-svg v0.3.7
[INFO] [stderr]    Compiling futures-util v0.3.33
[INFO] [stderr]    Compiling itertools v0.13.0
[INFO] [stderr]    Compiling sharded-slab v0.1.7
[INFO] [stderr]    Compiling clap_builder v4.6.2
[INFO] [stderr]    Compiling thread_local v1.1.10
[INFO] [stderr]    Compiling tracing-log v0.2.0
[INFO] [stderr]    Compiling tracing v0.1.44
[INFO] [stderr]    Compiling bytes v1.12.1
[INFO] [stderr]    Compiling same-file v1.0.6
[INFO] [stderr]    Compiling quick-error v1.2.3
[INFO] [stderr]    Compiling cast v0.3.0
[INFO] [stderr]    Compiling nu-ansi-term v0.50.3
[INFO] [stderr]    Compiling parking_lot_core v0.9.12
[INFO] [stderr]    Compiling errno v0.3.14
[INFO] [stderr]    Compiling rand_core v0.9.5
[INFO] [stderr]    Compiling mio v1.2.2
[INFO] [stderr]    Compiling parking_lot v0.12.5
[INFO] [stderr]    Compiling signal-hook-registry v1.4.8
[INFO] [stderr]    Compiling socket2 v0.6.5
[INFO] [stderr]    Compiling rayon-core v1.13.0
[INFO] [stderr]    Compiling wait-timeout v0.2.1
[INFO] [stderr]    Compiling sc v0.2.7
[INFO] [stderr]    Compiling fnv v1.0.7
[INFO] [stderr]    Compiling bit-vec v0.8.0
[INFO] [stderr]    Compiling generator v0.8.9
[INFO] [stderr]    Compiling alloca v0.4.0
[INFO] [stderr]    Compiling criterion-plot v0.8.2
[INFO] [stderr]    Compiling bit-set v0.8.0
[INFO] [stderr]    Compiling rayon v1.12.0
[INFO] [stderr]    Compiling rand v0.9.5
[INFO] [stderr]    Compiling rand_xorshift v0.4.0
[INFO] [stderr]    Compiling plotters v0.3.7
[INFO] [stderr]    Compiling page_size v0.6.0
[INFO] [stderr]    Compiling walkdir v2.5.0
[INFO] [stderr]    Compiling anes v0.1.6
[INFO] [stderr]    Compiling oorandom v11.1.5
[INFO] [stderr]    Compiling unarray v0.1.4
[INFO] [stderr]    Compiling scoped-tls v1.0.1
[INFO] [stderr]    Compiling futures-executor v0.3.33
[INFO] [stderr]    Compiling tempfile v3.27.0
[INFO] [stderr]    Compiling serde_derive v1.0.229
[INFO] [stderr]    Compiling tokio-macros v2.7.2
[INFO] [stderr]    Compiling serial_test_derive v4.0.1
[INFO] [stderr]    Compiling rusty-fork v0.3.1
[INFO] [stderr]    Compiling matchers v0.2.0
[INFO] [stderr]    Compiling regex v1.13.1
[INFO] [stderr]    Compiling tracing-subscriber v0.3.23
[INFO] [stderr]    Compiling serial_test v4.0.1
[INFO] [stderr]    Compiling tokio v1.53.1
[INFO] [stderr]    Compiling clap v4.6.4
[INFO] [stderr]    Compiling loom v0.7.2
[INFO] [stderr]    Compiling cbindgen v0.29.4
[INFO] [stderr]    Compiling tinytemplate v1.2.1
[INFO] [stderr]    Compiling half v2.7.1
[INFO] [stderr]    Compiling ppv-lite86 v0.2.21
[INFO] [stderr]    Compiling rand_chacha v0.9.0
[INFO] [stderr]    Compiling ciborium-ll v0.2.2
[INFO] [stderr]    Compiling proptest v1.11.0
[INFO] [stderr]    Compiling ciborium v0.2.2
[INFO] [stderr]    Compiling criterion v0.8.2
[INFO] [stderr]    Compiling dtact v0.2.8
[INFO] [stderr]    Compiling dtact v0.3.0 (/opt/rustwide/workdir)
[INFO] [stderr]    Compiling dtact-util v0.2.1
[INFO] [stderr] warning: dtact@0.3.0: Skipping header generation. Set DEV='1' to enable.
[INFO] [stdout] warning: use of deprecated method `std::sync::atomic::Atomic::<u32>::fetch_update`: renamed to `try_update` for consistency
[INFO] [stdout]    --> src/memory_management.rs:406:14
[INFO] [stdout]     |
[INFO] [stdout] 406 |             .fetch_update(Ordering::AcqRel, Ordering::Acquire, |s| {
[INFO] [stdout]     |              ^^^^^^^^^^^^
[INFO] [stdout]     |
[INFO] [stdout]     = note: `#[warn(deprecated)]` on by default
[INFO] [stdout] help: replace the use of the deprecated method
[INFO] [stdout]     |
[INFO] [stdout] 406 -             .fetch_update(Ordering::AcqRel, Ordering::Acquire, |s| {
[INFO] [stdout] 406 +             .try_update(Ordering::AcqRel, Ordering::Acquire, |s| {
[INFO] [stdout]     |
[INFO] [stdout] 
[INFO] [stdout] 
[INFO] [stdout] error[E0061]: this function takes 5 arguments but 4 arguments were supplied
[INFO] [stdout]    --> examples/rust_dtact_util.rs:21:1
[INFO] [stdout]     |
[INFO] [stdout]  21 | #[dtact_init(workers = 4, stack = "256K", capacity = "1024")]
[INFO] [stdout]     | ^^^^^^^^^^^^^^^^^^^^^^^^^^^^^^^^^^^^^^^^^^^^^^^^^^^^^^^^^^^^^ argument #5 of type `usize` is missing
[INFO] [stdout]     |
[INFO] [stdout] note: associated function defined here
[INFO] [stdout]    --> src/memory_management.rs:533:12
[INFO] [stdout]     |
[INFO] [stdout] 533 |     pub fn new(
[INFO] [stdout]     |            ^^^
[INFO] [stdout]     = note: this error originates in the attribute macro `dtact_init` (in Nightly builds, run with -Z macro-backtrace for more info)
[INFO] [stdout] 
[INFO] [stdout] 
[INFO] [stdout] error[E0061]: this function takes 5 arguments but 4 arguments were supplied
[INFO] [stdout]    --> examples/rust_async.rs:20:1
[INFO] [stdout]     |
[INFO] [stdout]  20 | #[dtact_init(workers = 4, stack = "256K", capacity = "1024")]
[INFO] [stdout]     | ^^^^^^^^^^^^^^^^^^^^^^^^^^^^^^^^^^^^^^^^^^^^^^^^^^^^^^^^^^^^^ argument #5 of type `usize` is missing
[INFO] [stdout]     |
[INFO] [stdout] note: associated function defined here
[INFO] [stdout]    --> src/memory_management.rs:533:12
[INFO] [stdout]     |
[INFO] [stdout] 533 |     pub fn new(
[INFO] [stdout]     |            ^^^
[INFO] [stdout]     = note: this error originates in the attribute macro `dtact_init` (in Nightly builds, run with -Z macro-backtrace for more info)
[INFO] [stdout] 
[INFO] [stdout] 
[INFO] [stdout] For more information about this error, try `rustc --explain E0061`.
[INFO] [stdout] 
[INFO] [stderr] warning: dtact@0.3.0: Skipping header generation. Set DEV='1' to enable.
[INFO] [stdout] error[E0061]: this function takes 5 arguments but 4 arguments were supplied
[INFO] [stdout]    --> tests/e2e.rs:6:1
[INFO] [stdout]     |
[INFO] [stdout]   6 | #[dtact::dtact_init(workers = 4, capacity = 2048, safety = "Safety1")]
[INFO] [stdout]     | ^^^^^^^^^^^^^^^^^^^^^^^^^^^^^^^^^^^^^^^^^^^^^^^^^^^^^^^^^^^^^^^^^^^^^^ argument #5 of type `usize` is missing
[INFO] [stdout]     |
[INFO] [stdout] note: associated function defined here
[INFO] [stdout]    --> src/memory_management.rs:533:12
[INFO] [stdout]     |
[INFO] [stdout] 533 |     pub fn new(
[INFO] [stdout]     |            ^^^
[INFO] [stdout]     = note: this error originates in the attribute macro `dtact::dtact_init` (in Nightly builds, run with -Z macro-backtrace for more info)
[INFO] [stdout] 
[INFO] [stdout] 
[INFO] [stderr] error: could not compile `dtact` (example "rust_async") due to 1 previous error
[INFO] [stderr] warning: build failed, waiting for other jobs to finish...
[INFO] [stdout] For more information about this error, try `rustc --explain E0061`.
[INFO] [stdout] 
[INFO] [stdout] For more information about this error, try `rustc --explain E0061`.
[INFO] [stdout] 
[INFO] [stderr] warning: dtact@0.3.0: Skipping header generation. Set DEV='1' to enable.
[INFO] [stderr] error: could not compile `dtact` (test "e2e") due to 1 previous error
[INFO] [stderr] warning: dtact@0.3.0: Skipping header generation. Set DEV='1' to enable.
[INFO] [stderr] error: could not compile `dtact` (example "rust_dtact_util") due to 1 previous error
[INFO] [stdout] warning: use of deprecated method `std::sync::atomic::Atomic::<u32>::fetch_update`: renamed to `try_update` for consistency
[INFO] [stdout]    --> src/memory_management.rs:406:14
[INFO] [stdout]     |
[INFO] [stdout] 406 |             .fetch_update(Ordering::AcqRel, Ordering::Acquire, |s| {
[INFO] [stdout]     |              ^^^^^^^^^^^^
[INFO] [stdout]     |
[INFO] [stdout]     = note: `#[warn(deprecated)]` on by default
[INFO] [stdout] help: replace the use of the deprecated method
[INFO] [stdout]     |
[INFO] [stdout] 406 -             .fetch_update(Ordering::AcqRel, Ordering::Acquire, |s| {
[INFO] [stdout] 406 +             .try_update(Ordering::AcqRel, Ordering::Acquire, |s| {
[INFO] [stdout]     |
[INFO] [stdout] 
[INFO] [stdout] 
[INFO] [stderr] warning: dtact@0.3.0: Skipping header generation. Set DEV='1' to enable.
[INFO] [stderr] error: could not compile `dtact` (test "scheduler")
[INFO] [stderr] 
[INFO] [stderr] Caused by:
[INFO] [stderr]   process didn't exit successfully: `/opt/rustwide/rustup-home/toolchains/1.99.0-beta.8-x86_64-unknown-linux-gnu/bin/rustc --crate-name scheduler --edition=2024 tests/scheduler.rs --error-format=json --json=diagnostic-rendered-ansi,artifacts,future-incompat --emit=dep-info,link -C opt-level=3 -C lto -C codegen-units=1 --test --cfg 'feature="default"' --check-cfg 'cfg(docsrs,test)' --check-cfg 'cfg(feature, values("benchmark", "cooperative-yield", "default", "hw-acceleration", "hypervisor", "kernel", "security-hardened", "windows-root"))' -C metadata=1ca45b56e4b1ee7a -C extra-filename=-453f279be6d00d6d --out-dir /opt/rustwide/target/release/deps -C strip=symbols -L dependency=/opt/rustwide/target/release/deps --extern criterion=/opt/rustwide/target/release/deps/libcriterion-a50120e0b5e228d5.rlib --extern dtact=/opt/rustwide/target/release/deps/libdtact.rlib --extern dtact_macros=/opt/rustwide/target/release/deps/libdtact_macros-f3533f033bb579d7.so --extern dtact_util=/opt/rustwide/target/release/deps/libdtact_util-7a5239ab717493e0.rlib --extern libc=/opt/rustwide/target/release/deps/liblibc-1d8d715d20362228.rlib --extern loom=/opt/rustwide/target/release/deps/libloom-df543ba4e0894749.rlib --extern proptest=/opt/rustwide/target/release/deps/libproptest-811a231252b9f147.rlib --extern serial_test=/opt/rustwide/target/release/deps/libserial_test-1d73e7b9bb250a6c.rlib --extern tokio=/opt/rustwide/target/release/deps/libtokio-abba59fd06383610.rlib --cap-lints=warn -L native=/opt/rustwide/target/release/build/alloca-c89fb54847f4a6e9/out --check-cfg 'cfg(loom)'` (signal: 9, SIGKILL: kill)
[INFO] [stderr] warning: dtact@0.3.0: Skipping header generation. Set DEV='1' to enable.
[INFO] [stderr] error: could not compile `dtact` (test "loom_test")
[INFO] [stderr] 
[INFO] [stderr] Caused by:
[INFO] [stderr]   process didn't exit successfully: `/opt/rustwide/rustup-home/toolchains/1.99.0-beta.8-x86_64-unknown-linux-gnu/bin/rustc --crate-name loom_test --edition=2024 tests/loom_test.rs --error-format=json --json=diagnostic-rendered-ansi,artifacts,future-incompat --emit=dep-info,link -C opt-level=3 -C lto -C codegen-units=1 --test --cfg 'feature="default"' --check-cfg 'cfg(docsrs,test)' --check-cfg 'cfg(feature, values("benchmark", "cooperative-yield", "default", "hw-acceleration", "hypervisor", "kernel", "security-hardened", "windows-root"))' -C metadata=02e10b9a34fe464c -C extra-filename=-07cc75825efb746e --out-dir /opt/rustwide/target/release/deps -C strip=symbols -L dependency=/opt/rustwide/target/release/deps --extern criterion=/opt/rustwide/target/release/deps/libcriterion-a50120e0b5e228d5.rlib --extern dtact=/opt/rustwide/target/release/deps/libdtact.rlib --extern dtact_macros=/opt/rustwide/target/release/deps/libdtact_macros-f3533f033bb579d7.so --extern dtact_util=/opt/rustwide/target/release/deps/libdtact_util-7a5239ab717493e0.rlib --extern libc=/opt/rustwide/target/release/deps/liblibc-1d8d715d20362228.rlib --extern loom=/opt/rustwide/target/release/deps/libloom-df543ba4e0894749.rlib --extern proptest=/opt/rustwide/target/release/deps/libproptest-811a231252b9f147.rlib --extern serial_test=/opt/rustwide/target/release/deps/libserial_test-1d73e7b9bb250a6c.rlib --extern tokio=/opt/rustwide/target/release/deps/libtokio-abba59fd06383610.rlib --cap-lints=warn -L native=/opt/rustwide/target/release/build/alloca-c89fb54847f4a6e9/out --check-cfg 'cfg(loom)'` (signal: 9, SIGKILL: kill)
[INFO] running `Command { std: "docker" "inspect" "a2600d3f490de611cdc48fb964874e07a4fc307170a82deabe047c4de1fab74d", kill_on_drop: false }`
[INFO] running `Command { std: "docker" "rm" "-f" "a2600d3f490de611cdc48fb964874e07a4fc307170a82deabe047c4de1fab74d", kill_on_drop: false }`
[INFO] [stdout] a2600d3f490de611cdc48fb964874e07a4fc307170a82deabe047c4de1fab74d
