[INFO] fetching crate dt-p3-koala-bear 0.8.0...
[INFO] testing dt-p3-koala-bear-0.8.0 against 1.100.0-beta.1+cargoflags=--release for beta-release-1.100-2
[INFO] extracting crate dt-p3-koala-bear 0.8.0 into /workspace/builds/worker-1-tc2/source
[INFO] started tweaking crates.io crate dt-p3-koala-bear 0.8.0
[INFO] removed 0 missing tests
[INFO] finished tweaking crates.io crate dt-p3-koala-bear 0.8.0
[INFO] tweaked toml for crates.io crate dt-p3-koala-bear 0.8.0 written to /workspace/builds/worker-1-tc2/source/Cargo.toml
[INFO] validating manifest of crates.io crate dt-p3-koala-bear 0.8.0 on toolchain 1.100.0-beta.1
[INFO] running `Command { std: CARGO_HOME="/workspace/cargo-home" RUSTUP_HOME="/workspace/rustup-home" "/workspace/cargo-home/bin/cargo" "+1.100.0-beta.1" "metadata" "--manifest-path" "Cargo.toml" "--no-deps", kill_on_drop: false }`
[INFO] crate crates.io crate dt-p3-koala-bear 0.8.0 already has a lockfile, it will not be regenerated
[INFO] running `Command { std: CARGO_HOME="/workspace/cargo-home" RUSTUP_HOME="/workspace/rustup-home" "/workspace/cargo-home/bin/cargo" "+1.100.0-beta.1" "fetch" "--manifest-path" "Cargo.toml", kill_on_drop: false }`
[INFO] running `Command { std: "docker" "create" "-v" "/var/lib/crater-agent-workspace/builds/worker-1-tc2/source:/opt/rustwide/workdir:ro,Z" "-v" "/var/lib/crater-agent-workspace/builds/worker-1-tc2/target:/opt/rustwide/target:rw,Z" "-v" "/var/lib/crater-agent-workspace/cargo-home:/opt/rustwide/cargo-home:ro,Z" "-v" "/var/lib/crater-agent-workspace/rustup-home:/opt/rustwide/rustup-home:ro,Z" "-m" "1610612736" "--network" "none" "ghcr.io/rust-lang/crates-build-env/linux@sha256:77db811e55d90add9212f6832c23229e3de5f1c1f9905e8cb07319ea15df73ac" "sleep" "infinity", kill_on_drop: false }`
[INFO] [stdout] 0eb411b48096a378f18b5c6ecf00a58a5d484f2fe7a5209f481c670c7d4fa7f4
[INFO] running `Command { std: "docker" "start" "0eb411b48096a378f18b5c6ecf00a58a5d484f2fe7a5209f481c670c7d4fa7f4", kill_on_drop: false }`
[INFO] running `Command { std: "docker" "inspect" "0eb411b48096a378f18b5c6ecf00a58a5d484f2fe7a5209f481c670c7d4fa7f4", kill_on_drop: false }`
[INFO] running `Command { std: "docker" "exec" "-e" "SOURCE_DIR=/opt/rustwide/workdir" "-e" "CARGO_HOME=/opt/rustwide/cargo-home" "-e" "RUSTUP_HOME=/opt/rustwide/rustup-home" "-e" "CARGO_TARGET_DIR=/opt/rustwide/target" "-w" "/opt/rustwide/workdir" "--user" "0:0" "0eb411b48096a378f18b5c6ecf00a58a5d484f2fe7a5209f481c670c7d4fa7f4" "/opt/rustwide/cargo-home/bin/cargo" "+1.100.0-beta.1" "metadata" "--no-deps" "--format-version=1", kill_on_drop: false }`
[INFO] running `Command { std: "docker" "inspect" "0eb411b48096a378f18b5c6ecf00a58a5d484f2fe7a5209f481c670c7d4fa7f4", kill_on_drop: false }`
[INFO] running `Command { std: "docker" "exec" "-e" "SOURCE_DIR=/opt/rustwide/workdir" "-e" "CARGO_HOME=/opt/rustwide/cargo-home" "-e" "RUSTUP_HOME=/opt/rustwide/rustup-home" "-e" "CARGO_TARGET_DIR=/opt/rustwide/target" "-e" "CARGO_INCREMENTAL=0" "-e" "RUST_BACKTRACE=full" "-e" "RUSTFLAGS=--cap-lints=warn" "-e" "RUSTDOCFLAGS=--cap-lints=warn" "-w" "/opt/rustwide/workdir" "--user" "0:0" "0eb411b48096a378f18b5c6ecf00a58a5d484f2fe7a5209f481c670c7d4fa7f4" "/opt/rustwide/cargo-home/bin/cargo" "+1.100.0-beta.1" "build" "--frozen" "--message-format=json" "--release", kill_on_drop: false }`
[INFO] [stderr]    Compiling libc v0.2.189
[INFO] [stderr]    Compiling zerocopy v0.8.56
[INFO] [stderr]    Compiling serde_core v1.0.229
[INFO] [stderr]    Compiling serde v1.0.229
[INFO] [stderr]    Compiling crossbeam-utils v0.8.22
[INFO] [stderr]    Compiling either v1.18.0
[INFO] [stderr]    Compiling crossbeam-epoch v0.9.20
[INFO] [stderr]    Compiling crossbeam-deque v0.8.7
[INFO] [stderr]    Compiling rayon-core v1.13.0
[INFO] [stderr]    Compiling dt-p3-maybe-rayon v0.8.0
[INFO] [stderr]    Compiling proc-macro2 v1.0.107
[INFO] [stderr]    Compiling num-traits v0.2.19
[INFO] [stderr]    Compiling gcd v2.3.0
[INFO] [stderr]    Compiling itertools v0.12.1
[INFO] [stderr]    Compiling itertools v0.10.5
[INFO] [stderr]    Compiling quote v1.0.47
[INFO] [stderr]    Compiling syn v3.0.4
[INFO] [stderr]    Compiling syn v2.0.119
[INFO] [stderr]    Compiling num-integer v0.1.47
[INFO] [stderr]    Compiling num-bigint v0.4.8
[INFO] [stderr]    Compiling rayon v1.12.0
[INFO] [stderr]    Compiling getrandom v0.2.17
[INFO] [stderr]    Compiling rand_core v0.6.4
[INFO] [stderr]    Compiling serde_derive v1.0.229
[INFO] [stderr]    Compiling dt-p3-util v0.8.0
[INFO] [stderr]    Compiling tracing-attributes v0.1.31
[INFO] [stderr]    Compiling ppv-lite86 v0.2.21
[INFO] [stderr]    Compiling rand_chacha v0.3.1
[INFO] [stderr]    Compiling rand v0.8.8
[INFO] [stderr]    Compiling tracing v0.1.44
[INFO] [stderr]    Compiling dt-p3-field v0.8.0
[INFO] [stderr]    Compiling dt-p3-matrix v0.8.0
[INFO] [stderr]    Compiling dt-p3-symmetric v0.8.0
[INFO] [stderr]    Compiling dt-p3-dft v0.8.0
[INFO] [stderr]    Compiling dt-p3-mds v0.8.0
[INFO] [stderr]    Compiling dt-p3-poseidon2 v0.8.0
[INFO] [stderr]    Compiling dt-p3-koala-bear v0.8.0 (/opt/rustwide/workdir)
[INFO] [stdout] warning: unnecessary parentheses around closure body
[INFO] [stdout]    --> src/koala_bear.rs:363:32
[INFO] [stdout]     |
[INFO] [stdout] 363 |         let sum = iter.map(|x| (x.value as u64)).sum::<u64>();
[INFO] [stdout]     |                                ^              ^
[INFO] [stdout]     |
[INFO] [stdout]     = note: `#[warn(unused_parens)]` (part of `#[warn(unused)]`) on by default
[INFO] [stdout] help: remove these parentheses
[INFO] [stdout]     |
[INFO] [stdout] 363 -         let sum = iter.map(|x| (x.value as u64)).sum::<u64>();
[INFO] [stdout] 363 +         let sum = iter.map(|x| x.value as u64).sum::<u64>();
[INFO] [stdout]     |
[INFO] [stdout] 
[INFO] [stdout] 
[INFO] [stderr]     Finished `release` profile [optimized] target(s) in 27.57s
[INFO] running `Command { std: "docker" "inspect" "0eb411b48096a378f18b5c6ecf00a58a5d484f2fe7a5209f481c670c7d4fa7f4", kill_on_drop: false }`
[INFO] running `Command { std: "docker" "exec" "-e" "SOURCE_DIR=/opt/rustwide/workdir" "-e" "CARGO_HOME=/opt/rustwide/cargo-home" "-e" "RUSTUP_HOME=/opt/rustwide/rustup-home" "-e" "CARGO_TARGET_DIR=/opt/rustwide/target" "-e" "CARGO_INCREMENTAL=0" "-e" "RUST_BACKTRACE=full" "-e" "RUSTFLAGS=--cap-lints=warn" "-e" "RUSTDOCFLAGS=--cap-lints=warn" "-w" "/opt/rustwide/workdir" "--user" "0:0" "0eb411b48096a378f18b5c6ecf00a58a5d484f2fe7a5209f481c670c7d4fa7f4" "/opt/rustwide/cargo-home/bin/cargo" "+1.100.0-beta.1" "test" "--frozen" "--no-run" "--message-format=json" "--release", kill_on_drop: false }`
[INFO] [stderr]    Compiling syn v2.0.119
[INFO] [stderr]    Compiling zerocopy v0.8.56
[INFO] [stderr]    Compiling libc v0.2.189
[INFO] [stderr]    Compiling num-traits v0.2.19
[INFO] [stderr]    Compiling syn v1.0.109
[INFO] [stderr]    Compiling typenum v1.20.1
[INFO] [stderr]    Compiling zmij v1.0.23
[INFO] [stderr]    Compiling serde_json v1.0.151
[INFO] [stderr]    Compiling ciborium-io v0.2.2
[INFO] [stderr]    Compiling plotters-backend v0.3.7
[INFO] [stderr]    Compiling anstyle v1.0.14
[INFO] [stderr]    Compiling memchr v2.8.3
[INFO] [stderr]    Compiling clap_lex v1.1.0
[INFO] [stderr]    Compiling paste v1.0.15
[INFO] [stderr]    Compiling regex-syntax v0.8.11
[INFO] [stderr]    Compiling cast v0.3.0
[INFO] [stderr]    Compiling oorandom v11.1.5
[INFO] [stderr]    Compiling anes v0.1.6
[INFO] [stderr]    Compiling criterion-plot v0.5.0
[INFO] [stderr]    Compiling plotters-svg v0.3.7
[INFO] [stderr]    Compiling clap_builder v4.6.6
[INFO] [stderr]    Compiling num-integer v0.1.47
[INFO] [stderr]    Compiling num-bigint v0.4.8
[INFO] [stderr]    Compiling generic-array v0.14.7
[INFO] [stderr]    Compiling plotters v0.3.7
[INFO] [stderr]    Compiling getrandom v0.2.17
[INFO] [stderr]    Compiling is-terminal v0.4.17
[INFO] [stderr]    Compiling rand_core v0.6.4
[INFO] [stderr]    Compiling crypto-common v0.1.7
[INFO] [stderr]    Compiling digest v0.10.7
[INFO] [stderr]    Compiling regex-automata v0.4.18
[INFO] [stderr]    Compiling rand_xoshiro v0.6.0
[INFO] [stderr]    Compiling tinytemplate v1.2.1
[INFO] [stderr]    Compiling clap v4.6.6
[INFO] [stderr]    Compiling regex v1.13.1
[INFO] [stderr]    Compiling ark-ff-asm v0.4.2
[INFO] [stderr]    Compiling derivative v2.2.0
[INFO] [stderr]    Compiling ark-ff-macros v0.4.2
[INFO] [stderr]    Compiling zerocopy-derive v0.8.56
[INFO] [stderr]    Compiling tracing-attributes v0.1.31
[INFO] [stderr]    Compiling zeroize_derive v1.5.0
[INFO] [stderr]    Compiling zeroize v1.9.0
[INFO] [stderr]    Compiling tracing v0.1.44
[INFO] [stderr]    Compiling ppv-lite86 v0.2.21
[INFO] [stderr]    Compiling half v2.7.1
[INFO] [stderr]    Compiling ciborium-ll v0.2.2
[INFO] [stderr]    Compiling rand_chacha v0.3.1
[INFO] [stderr]    Compiling ciborium v0.2.2
[INFO] [stderr]    Compiling rand v0.8.8
[INFO] [stderr]    Compiling criterion v0.5.1
[INFO] [stderr]    Compiling dt-p3-field v0.8.0
[INFO] [stderr]    Compiling ark-std v0.4.0
[INFO] [stderr]    Compiling ark-serialize v0.4.2
[INFO] [stderr]    Compiling ark-ff v0.4.2
[INFO] [stderr]    Compiling dt-p3-matrix v0.8.0
[INFO] [stderr]    Compiling dt-p3-symmetric v0.8.0
[INFO] [stderr]    Compiling dt-p3-dft v0.8.0
[INFO] [stderr]    Compiling dt-p3-mds v0.8.0
[INFO] [stderr]    Compiling dt-p3-poseidon2 v0.8.0
[INFO] [stderr]    Compiling dt-p3-koala-bear v0.8.0 (/opt/rustwide/workdir)
[INFO] [stdout] warning: unnecessary parentheses around closure body
[INFO] [stdout]    --> src/koala_bear.rs:363:32
[INFO] [stdout]     |
[INFO] [stdout] 363 |         let sum = iter.map(|x| (x.value as u64)).sum::<u64>();
[INFO] [stdout]     |                                ^              ^
[INFO] [stdout]     |
[INFO] [stdout]     = note: `#[warn(unused_parens)]` (part of `#[warn(unused)]`) on by default
[INFO] [stdout] help: remove these parentheses
[INFO] [stdout]     |
[INFO] [stdout] 363 -         let sum = iter.map(|x| (x.value as u64)).sum::<u64>();
[INFO] [stdout] 363 +         let sum = iter.map(|x| x.value as u64).sum::<u64>();
[INFO] [stdout]     |
[INFO] [stdout] 
[INFO] [stdout] 
[INFO] [stdout] error[E0432]: unresolved import `p3_baby_bear`
[INFO] [stdout]   --> tests/quintic_demo.rs:18:5
[INFO] [stdout]    |
[INFO] [stdout] 18 | use p3_baby_bear::BabyBear;
[INFO] [stdout]    |     ^^^^^^^^^^^^ use of unresolved module or unlinked crate `p3_baby_bear`
[INFO] [stdout]    |
[INFO] [stdout] help: there is a crate or module with a similar name
[INFO] [stdout]    |
[INFO] [stdout] 18 - use p3_baby_bear::BabyBear;
[INFO] [stdout] 18 + use p3_koala_bear::BabyBear;
[INFO] [stdout]    |
[INFO] [stdout] 
[INFO] [stdout] 
[INFO] [stdout] error[E0432]: unresolved import `p3_field_testing`
[INFO] [stdout]    --> src/extension.rs:171:9
[INFO] [stdout]     |
[INFO] [stdout] 171 |     use p3_field_testing::{test_field, test_two_adic_extension_field};
[INFO] [stdout]     |         ^^^^^^^^^^^^^^^^ use of unresolved module or unlinked crate `p3_field_testing`
[INFO] [stdout]     |
[INFO] [stdout]     = help: if you wanted to use a crate named `p3_field_testing`, use `cargo add p3_field_testing` to add it to your `Cargo.toml`
[INFO] [stdout] 
[INFO] [stdout] 
[INFO] [stdout] error[E0432]: unresolved import `p3_field_testing`
[INFO] [stdout]    --> src/extension.rs:200:9
[INFO] [stdout]     |
[INFO] [stdout] 200 |     use p3_field_testing::{test_field, test_two_adic_extension_field};
[INFO] [stdout]     |         ^^^^^^^^^^^^^^^^ use of unresolved module or unlinked crate `p3_field_testing`
[INFO] [stdout]     |
[INFO] [stdout]     = help: if you wanted to use a crate named `p3_field_testing`, use `cargo add p3_field_testing` to add it to your `Cargo.toml`
[INFO] [stdout] 
[INFO] [stdout] 
[INFO] [stdout] error[E0432]: unresolved import `p3_field_testing`
[INFO] [stdout]    --> src/extension.rs:233:9
[INFO] [stdout]     |
[INFO] [stdout] 233 |     use p3_field_testing::{test_field, test_two_adic_extension_field};
[INFO] [stdout]     |         ^^^^^^^^^^^^^^^^ use of unresolved module or unlinked crate `p3_field_testing`
[INFO] [stdout]     |
[INFO] [stdout]     = help: if you wanted to use a crate named `p3_field_testing`, use `cargo add p3_field_testing` to add it to your `Cargo.toml`
[INFO] [stdout] 
[INFO] [stdout] 
[INFO] [stdout] error[E0432]: unresolved import `p3_field_testing`
[INFO] [stdout]    --> src/koala_bear.rs:484:9
[INFO] [stdout]     |
[INFO] [stdout] 484 |     use p3_field_testing::{test_field, test_two_adic_field};
[INFO] [stdout]     |         ^^^^^^^^^^^^^^^^ use of unresolved module or unlinked crate `p3_field_testing`
[INFO] [stdout]     |
[INFO] [stdout]     = help: if you wanted to use a crate named `p3_field_testing`, use `cargo add p3_field_testing` to add it to your `Cargo.toml`
[INFO] [stdout] 
[INFO] [stdout] 
[INFO] [stdout] warning: unnecessary parentheses around closure body
[INFO] [stdout]    --> src/koala_bear.rs:363:32
[INFO] [stdout]     |
[INFO] [stdout] 363 |         let sum = iter.map(|x| (x.value as u64)).sum::<u64>();
[INFO] [stdout]     |                                ^              ^
[INFO] [stdout]     |
[INFO] [stdout]     = note: `#[warn(unused_parens)]` (part of `#[warn(unused)]`) on by default
[INFO] [stdout] help: remove these parentheses
[INFO] [stdout]     |
[INFO] [stdout] 363 -         let sum = iter.map(|x| (x.value as u64)).sum::<u64>();
[INFO] [stdout] 363 +         let sum = iter.map(|x| x.value as u64).sum::<u64>();
[INFO] [stdout]     |
[INFO] [stdout] 
[INFO] [stdout] 
[INFO] [stdout] For more information about this error, try `rustc --explain E0432`.
[INFO] [stdout] 
[INFO] [stderr] error: could not compile `dt-p3-koala-bear` (test "quintic_demo") due to 1 previous error
[INFO] [stderr] warning: build failed, waiting for other jobs to finish...
[INFO] [stdout] For more information about this error, try `rustc --explain E0432`.
[INFO] [stdout] 
[INFO] [stderr] error: could not compile `dt-p3-koala-bear` (lib test) due to 4 previous errors; 1 warning emitted
[INFO] running `Command { std: "docker" "inspect" "0eb411b48096a378f18b5c6ecf00a58a5d484f2fe7a5209f481c670c7d4fa7f4", kill_on_drop: false }`
[INFO] running `Command { std: "docker" "rm" "-f" "0eb411b48096a378f18b5c6ecf00a58a5d484f2fe7a5209f481c670c7d4fa7f4", kill_on_drop: false }`
[INFO] [stdout] 0eb411b48096a378f18b5c6ecf00a58a5d484f2fe7a5209f481c670c7d4fa7f4
