[INFO] fetching crate dt-p3-fri 0.8.0...
[INFO] testing dt-p3-fri-0.8.0 against 1.99.0-beta.8+cargoflags=--release for beta-release-1.100-2
[INFO] extracting crate dt-p3-fri 0.8.0 into /workspace/builds/worker-5-tc1/source
[INFO] started tweaking crates.io crate dt-p3-fri 0.8.0
[INFO] removed 0 missing tests
[INFO] finished tweaking crates.io crate dt-p3-fri 0.8.0
[INFO] tweaked toml for crates.io crate dt-p3-fri 0.8.0 written to /workspace/builds/worker-5-tc1/source/Cargo.toml
[INFO] validating manifest of crates.io crate dt-p3-fri 0.8.0 on toolchain 1.99.0-beta.8
[INFO] running `Command { std: CARGO_HOME="/workspace/cargo-home" RUSTUP_HOME="/workspace/rustup-home" "/workspace/cargo-home/bin/cargo" "+1.99.0-beta.8" "metadata" "--manifest-path" "Cargo.toml" "--no-deps", kill_on_drop: false }`
[INFO] crate crates.io crate dt-p3-fri 0.8.0 already has a lockfile, it will not be regenerated
[INFO] running `Command { std: CARGO_HOME="/workspace/cargo-home" RUSTUP_HOME="/workspace/rustup-home" "/workspace/cargo-home/bin/cargo" "+1.99.0-beta.8" "fetch" "--manifest-path" "Cargo.toml", kill_on_drop: false }`
[INFO] [stderr]     Updating crates.io index
[INFO] [stderr]     Blocking waiting for file lock on package cache
[INFO] [stderr]  Downloading crates ...
[INFO] [stderr]   Downloaded dt-p3-util v0.8.0
[INFO] [stderr]   Downloaded dt-p3-field v0.8.0
[INFO] [stderr]   Downloaded dt-p3-maybe-rayon v0.8.0
[INFO] [stderr]   Downloaded dt-p3-matrix v0.8.0
[INFO] [stderr]   Downloaded dt-p3-interpolation v0.8.0
[INFO] [stderr]   Downloaded dt-p3-commit v0.8.0
[INFO] [stderr]   Downloaded dt-p3-challenger v0.8.0
[INFO] [stderr]   Downloaded dt-p3-symmetric v0.8.0
[INFO] [stderr]   Downloaded dt-p3-dft v0.8.0
[INFO] running `Command { std: "docker" "create" "-v" "/var/lib/crater-agent-workspace/builds/worker-5-tc1/source:/opt/rustwide/workdir:ro,Z" "-v" "/var/lib/crater-agent-workspace/builds/worker-5-tc1/target:/opt/rustwide/target:rw,Z" "-v" "/var/lib/crater-agent-workspace/cargo-home:/opt/rustwide/cargo-home:ro,Z" "-v" "/var/lib/crater-agent-workspace/rustup-home:/opt/rustwide/rustup-home:ro,Z" "-m" "1610612736" "--network" "none" "ghcr.io/rust-lang/crates-build-env/linux@sha256:77db811e55d90add9212f6832c23229e3de5f1c1f9905e8cb07319ea15df73ac" "sleep" "infinity", kill_on_drop: false }`
[INFO] [stdout] 7dee933140a78e356a5051116f08287e0e0778d209927b7802d60e7b871620a0
[INFO] running `Command { std: "docker" "start" "7dee933140a78e356a5051116f08287e0e0778d209927b7802d60e7b871620a0", kill_on_drop: false }`
[INFO] running `Command { std: "docker" "inspect" "7dee933140a78e356a5051116f08287e0e0778d209927b7802d60e7b871620a0", kill_on_drop: false }`
[INFO] running `Command { std: "docker" "exec" "-e" "SOURCE_DIR=/opt/rustwide/workdir" "-e" "CARGO_HOME=/opt/rustwide/cargo-home" "-e" "RUSTUP_HOME=/opt/rustwide/rustup-home" "-e" "CARGO_TARGET_DIR=/opt/rustwide/target" "-w" "/opt/rustwide/workdir" "--user" "0:0" "7dee933140a78e356a5051116f08287e0e0778d209927b7802d60e7b871620a0" "/opt/rustwide/cargo-home/bin/cargo" "+1.99.0-beta.8" "metadata" "--no-deps" "--format-version=1", kill_on_drop: false }`
[INFO] running `Command { std: "docker" "inspect" "7dee933140a78e356a5051116f08287e0e0778d209927b7802d60e7b871620a0", kill_on_drop: false }`
[INFO] running `Command { std: "docker" "exec" "-e" "SOURCE_DIR=/opt/rustwide/workdir" "-e" "CARGO_HOME=/opt/rustwide/cargo-home" "-e" "RUSTUP_HOME=/opt/rustwide/rustup-home" "-e" "CARGO_TARGET_DIR=/opt/rustwide/target" "-e" "CARGO_INCREMENTAL=0" "-e" "RUST_BACKTRACE=full" "-e" "RUSTFLAGS=--cap-lints=warn" "-e" "RUSTDOCFLAGS=--cap-lints=warn" "-w" "/opt/rustwide/workdir" "--user" "0:0" "7dee933140a78e356a5051116f08287e0e0778d209927b7802d60e7b871620a0" "/opt/rustwide/cargo-home/bin/cargo" "+1.99.0-beta.8" "build" "--frozen" "--message-format=json" "--release", kill_on_drop: false }`
[INFO] [stderr]    Compiling libc v0.2.189
[INFO] [stderr]    Compiling num-traits v0.2.19
[INFO] [stderr]    Compiling syn v3.0.4
[INFO] [stderr]    Compiling syn v2.0.119
[INFO] [stderr]    Compiling dt-p3-maybe-rayon v0.8.0
[INFO] [stderr]    Compiling crossbeam-epoch v0.9.20
[INFO] [stderr]    Compiling crossbeam-deque v0.8.7
[INFO] [stderr]    Compiling rayon-core v1.13.0
[INFO] [stderr]    Compiling itertools v0.12.1
[INFO] [stderr]    Compiling itertools v0.10.5
[INFO] [stderr]    Compiling num-integer v0.1.47
[INFO] [stderr]    Compiling rayon v1.12.0
[INFO] [stderr]    Compiling num-bigint v0.4.8
[INFO] [stderr]    Compiling getrandom v0.2.17
[INFO] [stderr]    Compiling rand_core v0.6.4
[INFO] [stderr]    Compiling rand_chacha v0.3.1
[INFO] [stderr]    Compiling rand v0.8.8
[INFO] [stderr]    Compiling serde_derive v1.0.229
[INFO] [stderr]    Compiling tracing-attributes v0.1.31
[INFO] [stderr]    Compiling serde v1.0.229
[INFO] [stderr]    Compiling tracing v0.1.44
[INFO] [stderr]    Compiling dt-p3-util v0.8.0
[INFO] [stderr]    Compiling dt-p3-field v0.8.0
[INFO] [stderr]    Compiling dt-p3-matrix v0.8.0
[INFO] [stderr]    Compiling dt-p3-symmetric v0.8.0
[INFO] [stderr]    Compiling dt-p3-challenger v0.8.0
[INFO] [stderr]    Compiling dt-p3-interpolation v0.8.0
[INFO] [stderr]    Compiling dt-p3-dft v0.8.0
[INFO] [stderr]    Compiling dt-p3-commit v0.8.0
[INFO] [stderr]    Compiling dt-p3-fri v0.8.0 (/opt/rustwide/workdir)
[INFO] [stderr]     Finished `release` profile [optimized] target(s) in 22.45s
[INFO] running `Command { std: "docker" "inspect" "7dee933140a78e356a5051116f08287e0e0778d209927b7802d60e7b871620a0", kill_on_drop: false }`
[INFO] running `Command { std: "docker" "exec" "-e" "SOURCE_DIR=/opt/rustwide/workdir" "-e" "CARGO_HOME=/opt/rustwide/cargo-home" "-e" "RUSTUP_HOME=/opt/rustwide/rustup-home" "-e" "CARGO_TARGET_DIR=/opt/rustwide/target" "-e" "CARGO_INCREMENTAL=0" "-e" "RUST_BACKTRACE=full" "-e" "RUSTFLAGS=--cap-lints=warn" "-e" "RUSTDOCFLAGS=--cap-lints=warn" "-w" "/opt/rustwide/workdir" "--user" "0:0" "7dee933140a78e356a5051116f08287e0e0778d209927b7802d60e7b871620a0" "/opt/rustwide/cargo-home/bin/cargo" "+1.99.0-beta.8" "test" "--frozen" "--no-run" "--message-format=json" "--release", kill_on_drop: false }`
[INFO] [stderr]    Compiling zerocopy v0.8.56
[INFO] [stderr]    Compiling zerocopy-derive v0.8.56
[INFO] [stderr]    Compiling num-traits v0.2.19
[INFO] [stderr]    Compiling serde_json v1.0.151
[INFO] [stderr]    Compiling tracing v0.1.44
[INFO] [stderr]    Compiling anstyle v1.0.14
[INFO] [stderr]    Compiling plotters-backend v0.3.7
[INFO] [stderr]    Compiling ciborium-io v0.2.2
[INFO] [stderr]    Compiling getrandom v0.2.17
[INFO] [stderr]    Compiling clap_lex v1.1.0
[INFO] [stderr]    Compiling regex-automata v0.4.18
[INFO] [stderr]    Compiling cast v0.3.0
[INFO] [stderr]    Compiling is-terminal v0.4.17
[INFO] [stderr]    Compiling anes v0.1.6
[INFO] [stderr]    Compiling oorandom v11.1.5
[INFO] [stderr]    Compiling criterion-plot v0.5.0
[INFO] [stderr]    Compiling rand_core v0.6.4
[INFO] [stderr]    Compiling clap_builder v4.6.6
[INFO] [stderr]    Compiling plotters-svg v0.3.7
[INFO] [stderr]    Compiling num-integer v0.1.47
[INFO] [stderr]    Compiling plotters v0.3.7
[INFO] [stderr]    Compiling num-bigint v0.4.8
[INFO] [stderr]    Compiling tinytemplate v1.2.1
[INFO] [stderr]    Compiling regex v1.13.1
[INFO] [stderr]    Compiling clap v4.6.6
[INFO] [stderr]    Compiling ppv-lite86 v0.2.21
[INFO] [stderr]    Compiling half v2.7.1
[INFO] [stderr]    Compiling ciborium-ll v0.2.2
[INFO] [stderr]    Compiling rand_chacha v0.3.1
[INFO] [stderr]    Compiling ciborium v0.2.2
[INFO] [stderr]    Compiling rand v0.8.8
[INFO] [stderr]    Compiling criterion v0.5.1
[INFO] [stderr]    Compiling dt-p3-field v0.8.0
[INFO] [stderr]    Compiling dt-p3-matrix v0.8.0
[INFO] [stderr]    Compiling dt-p3-symmetric v0.8.0
[INFO] [stderr]    Compiling dt-p3-challenger v0.8.0
[INFO] [stderr]    Compiling dt-p3-interpolation v0.8.0
[INFO] [stderr]    Compiling dt-p3-dft v0.8.0
[INFO] [stderr]    Compiling dt-p3-commit v0.8.0
[INFO] [stderr]    Compiling dt-p3-fri v0.8.0 (/opt/rustwide/workdir)
[INFO] [stdout] error[E0432]: unresolved import `p3_baby_bear`
[INFO] [stdout]  --> tests/fri.rs:2:5
[INFO] [stdout]   |
[INFO] [stdout] 2 | use p3_baby_bear::{BabyBear, DiffusionMatrixBabyBear};
[INFO] [stdout]   |     ^^^^^^^^^^^^ use of unresolved module or unlinked crate `p3_baby_bear`
[INFO] [stdout]   |
[INFO] [stdout]   = help: if you wanted to use a crate named `p3_baby_bear`, use `cargo add p3_baby_bear` to add it to your `Cargo.toml`
[INFO] [stdout] 
[INFO] [stdout] 
[INFO] [stdout] error[E0432]: unresolved import `p3_merkle_tree`
[INFO] [stdout]   --> tests/fri.rs:12:5
[INFO] [stdout]    |
[INFO] [stdout] 12 | use p3_merkle_tree::FieldMerkleTreeMmcs;
[INFO] [stdout]    |     ^^^^^^^^^^^^^^ use of unresolved module or unlinked crate `p3_merkle_tree`
[INFO] [stdout]    |
[INFO] [stdout]    = help: if you wanted to use a crate named `p3_merkle_tree`, use `cargo add p3_merkle_tree` to add it to your `Cargo.toml`
[INFO] [stdout] 
[INFO] [stdout] 
[INFO] [stdout] error[E0432]: unresolved import `p3_poseidon2`
[INFO] [stdout]   --> tests/fri.rs:13:5
[INFO] [stdout]    |
[INFO] [stdout] 13 | use p3_poseidon2::{Poseidon2, Poseidon2ExternalMatrixGeneral};
[INFO] [stdout]    |     ^^^^^^^^^^^^ use of unresolved module or unlinked crate `p3_poseidon2`
[INFO] [stdout]    |
[INFO] [stdout]    = help: if you wanted to use a crate named `p3_poseidon2`, use `cargo add p3_poseidon2` to add it to your `Cargo.toml`
[INFO] [stdout] 
[INFO] [stdout] 
[INFO] [stdout] error[E0432]: unresolved import `p3_symmetric`
[INFO] [stdout]   --> tests/fri.rs:14:5
[INFO] [stdout]    |
[INFO] [stdout] 14 | use p3_symmetric::{PaddingFreeSponge, TruncatedPermutation};
[INFO] [stdout]    |     ^^^^^^^^^^^^ use of unresolved module or unlinked crate `p3_symmetric`
[INFO] [stdout]    |
[INFO] [stdout]    = help: if you wanted to use a crate named `p3_symmetric`, use `cargo add p3_symmetric` to add it to your `Cargo.toml`
[INFO] [stdout] 
[INFO] [stdout] 
[INFO] [stdout] error[E0432]: unresolved import `p3_baby_bear`
[INFO] [stdout]   --> src/fold_even_odd.rs:58:9
[INFO] [stdout]    |
[INFO] [stdout] 58 |     use p3_baby_bear::BabyBear;
[INFO] [stdout]    |         ^^^^^^^^^^^^ use of unresolved module or unlinked crate `p3_baby_bear`
[INFO] [stdout]    |
[INFO] [stdout]    = help: if you wanted to use a crate named `p3_baby_bear`, use `cargo add p3_baby_bear` to add it to your `Cargo.toml`
[INFO] [stdout] 
[INFO] [stdout] 
[INFO] [stdout] error[E0432]: unresolved import `p3_baby_bear`
[INFO] [stdout]    --> src/two_adic_pcs.rs:605:9
[INFO] [stdout]     |
[INFO] [stdout] 605 |     use p3_baby_bear::BabyBear;
[INFO] [stdout]     |         ^^^^^^^^^^^^ use of unresolved module or unlinked crate `p3_baby_bear`
[INFO] [stdout]     |
[INFO] [stdout]     = help: if you wanted to use a crate named `p3_baby_bear`, use `cargo add p3_baby_bear` to add it to your `Cargo.toml`
[INFO] [stdout] 
[INFO] [stdout] 
[INFO] [stdout] error[E0063]: missing fields `grinding_bits_folding` and `num_committed_groups` in initializer of `FriConfig<_>`
[INFO] [stdout]   --> tests/fri.rs:36:22
[INFO] [stdout]    |
[INFO] [stdout] 36 |     let fri_config = FriConfig {
[INFO] [stdout]    |                      ^^^^^^^^^ missing `grinding_bits_folding` and `num_committed_groups`
[INFO] [stdout] 
[INFO] [stdout] 
[INFO] [stdout] Some errors have detailed explanations: E0063, E0432.
[INFO] [stdout] 
[INFO] [stdout] For more information about an error, try `rustc --explain E0063`.
[INFO] [stdout] 
[INFO] [stderr] error: could not compile `dt-p3-fri` (test "fri") due to 5 previous errors
[INFO] [stderr] warning: build failed, waiting for other jobs to finish...
[INFO] [stdout] For more information about this error, try `rustc --explain E0432`.
[INFO] [stdout] 
[INFO] [stderr] error: could not compile `dt-p3-fri` (lib test) due to 2 previous errors
[INFO] running `Command { std: "docker" "inspect" "7dee933140a78e356a5051116f08287e0e0778d209927b7802d60e7b871620a0", kill_on_drop: false }`
[INFO] running `Command { std: "docker" "rm" "-f" "7dee933140a78e356a5051116f08287e0e0778d209927b7802d60e7b871620a0", kill_on_drop: false }`
[INFO] [stdout] 7dee933140a78e356a5051116f08287e0e0778d209927b7802d60e7b871620a0
