[INFO] fetching crate ds-transcriber 1.0.1...
[INFO] testing ds-transcriber-1.0.1 against 1.99.0-beta.8+cargoflags=--release for beta-release-1.100-2
[INFO] extracting crate ds-transcriber 1.0.1 into /workspace/builds/worker-4-tc1/source
[INFO] started tweaking crates.io crate ds-transcriber 1.0.1
[INFO] removed 0 missing examples
[INFO] finished tweaking crates.io crate ds-transcriber 1.0.1
[INFO] tweaked toml for crates.io crate ds-transcriber 1.0.1 written to /workspace/builds/worker-4-tc1/source/Cargo.toml
[INFO] validating manifest of crates.io crate ds-transcriber 1.0.1 on toolchain 1.99.0-beta.8
[INFO] running `Command { std: CARGO_HOME="/workspace/cargo-home" RUSTUP_HOME="/workspace/rustup-home" "/workspace/cargo-home/bin/cargo" "+1.99.0-beta.8" "metadata" "--manifest-path" "Cargo.toml" "--no-deps", kill_on_drop: false }`
[INFO] crate crates.io crate ds-transcriber 1.0.1 already has a lockfile, it will not be regenerated
[INFO] running `Command { std: CARGO_HOME="/workspace/cargo-home" RUSTUP_HOME="/workspace/rustup-home" "/workspace/cargo-home/bin/cargo" "+1.99.0-beta.8" "fetch" "--manifest-path" "Cargo.toml", kill_on_drop: false }`
[INFO] [stderr]     Blocking waiting for file lock on package cache
[INFO] [stderr]     Updating crates.io index
[INFO] [stderr]  Downloading crates ...
[INFO] [stderr]   Downloaded num-integer v0.1.44
[INFO] [stderr]   Downloaded nnnoiseless v0.3.3
[INFO] [stderr]   Downloaded dasp_frame v0.11.0
[INFO] [stderr]   Downloaded darling_macro v0.13.1
[INFO] [stderr]   Downloaded dasp_ring_buffer v0.11.0
[INFO] [stderr]   Downloaded dasp_interpolate v0.11.0
[INFO] [stderr]   Downloaded peeking_take_while v0.1.2
[INFO] [stderr]   Downloaded wasm-bindgen-macro v0.2.79
[INFO] [stderr]   Downloaded coreaudio-sys v0.2.9
[INFO] [stderr]   Downloaded num-complex v0.4.0
[INFO] [stderr]   Downloaded deepspeech-sys v0.9.1
[INFO] [stderr]   Downloaded num_enum_derive v0.5.7
[INFO] [stderr]   Downloaded shlex v0.1.1
[INFO] [stderr]   Downloaded ndk-context v0.1.0
[INFO] [stderr]   Downloaded proc-macro-crate v1.1.3
[INFO] [stderr]   Downloaded wasm-bindgen-shared v0.2.79
[INFO] [stderr]   Downloaded num_enum v0.5.7
[INFO] [stderr]   Downloaded ndk-glue v0.6.1
[INFO] [stderr]   Downloaded wasm-bindgen-backend v0.2.79
[INFO] [stderr]   Downloaded darling v0.13.1
[INFO] [stderr]   Downloaded oboe v0.4.5
[INFO] [stderr]   Downloaded ndk-macro v0.3.0
[INFO] [stderr]   Downloaded cexpr v0.4.0
[INFO] [stderr]   Downloaded wasm-bindgen-macro-support v0.2.79
[INFO] [stderr]   Downloaded pkg-config v0.3.24
[INFO] [stderr]   Downloaded os_str_bytes v6.0.0
[INFO] [stderr]   Downloaded alsa-sys v0.3.1
[INFO] [stderr]   Downloaded deepspeech v0.9.1
[INFO] [stderr]   Downloaded glob v0.3.0
[INFO] [stderr]   Downloaded mach v0.3.2
[INFO] [stderr]   Downloaded clang-sys v1.3.1
[INFO] [stderr]   Downloaded ndk v0.6.0
[INFO] [stderr]   Downloaded coreaudio-rs v0.10.0
[INFO] [stderr]   Downloaded darling_core v0.13.1
[INFO] [stderr]   Downloaded textwrap v0.15.0
[INFO] [stderr]   Downloaded indexmap v1.8.0
[INFO] [stderr]   Downloaded anyhow v1.0.56
[INFO] [stderr]   Downloaded alsa v0.6.0
[INFO] [stderr]   Downloaded jni v0.19.0
[INFO] [stderr]   Downloaded js-sys v0.3.56
[INFO] [stderr]   Downloaded bumpalo v3.9.1
[INFO] [stderr]   Downloaded cpal v0.13.5
[INFO] [stderr]   Downloaded stdweb v0.1.3
[INFO] [stderr]   Downloaded combine v4.6.3
[INFO] [stderr]   Downloaded oboe-sys v0.4.5
[INFO] [stderr]   Downloaded wasm-bindgen v0.2.79
[INFO] [stderr]   Downloaded nom v5.1.2
[INFO] [stderr]   Downloaded bindgen v0.56.0
[INFO] [stderr]   Downloaded clap v3.1.6
[INFO] [stderr]   Downloaded syn v1.0.89
[INFO] [stderr]   Downloaded nix v0.23.1
[INFO] [stderr]   Downloaded regex v1.5.5
[INFO] [stderr]   Downloaded ndk-sys v0.3.0
[INFO] [stderr]   Downloaded libc v0.2.120
[INFO] [stderr]   Downloaded web-sys v0.3.56
[INFO] running `Command { std: "docker" "create" "-v" "/var/lib/crater-agent-workspace/builds/worker-4-tc1/source:/opt/rustwide/workdir:ro,Z" "-v" "/var/lib/crater-agent-workspace/builds/worker-4-tc1/target:/opt/rustwide/target:rw,Z" "-v" "/var/lib/crater-agent-workspace/cargo-home:/opt/rustwide/cargo-home:ro,Z" "-v" "/var/lib/crater-agent-workspace/rustup-home:/opt/rustwide/rustup-home:ro,Z" "-m" "1610612736" "--network" "none" "ghcr.io/rust-lang/crates-build-env/linux@sha256:77db811e55d90add9212f6832c23229e3de5f1c1f9905e8cb07319ea15df73ac" "sleep" "infinity", kill_on_drop: false }`
[INFO] [stdout] 0e375945d55c4298f932927cae3bdd12686bb6ea56281e5dba038e7a9ec12339
[INFO] running `Command { std: "docker" "start" "0e375945d55c4298f932927cae3bdd12686bb6ea56281e5dba038e7a9ec12339", kill_on_drop: false }`
[INFO] running `Command { std: "docker" "inspect" "0e375945d55c4298f932927cae3bdd12686bb6ea56281e5dba038e7a9ec12339", kill_on_drop: false }`
[INFO] running `Command { std: "docker" "exec" "-e" "SOURCE_DIR=/opt/rustwide/workdir" "-e" "CARGO_HOME=/opt/rustwide/cargo-home" "-e" "RUSTUP_HOME=/opt/rustwide/rustup-home" "-e" "CARGO_TARGET_DIR=/opt/rustwide/target" "-w" "/opt/rustwide/workdir" "--user" "0:0" "0e375945d55c4298f932927cae3bdd12686bb6ea56281e5dba038e7a9ec12339" "/opt/rustwide/cargo-home/bin/cargo" "+1.99.0-beta.8" "metadata" "--no-deps" "--format-version=1", kill_on_drop: false }`
[INFO] running `Command { std: "docker" "inspect" "0e375945d55c4298f932927cae3bdd12686bb6ea56281e5dba038e7a9ec12339", kill_on_drop: false }`
[INFO] running `Command { std: "docker" "exec" "-e" "SOURCE_DIR=/opt/rustwide/workdir" "-e" "CARGO_HOME=/opt/rustwide/cargo-home" "-e" "RUSTUP_HOME=/opt/rustwide/rustup-home" "-e" "CARGO_TARGET_DIR=/opt/rustwide/target" "-e" "CARGO_INCREMENTAL=0" "-e" "RUST_BACKTRACE=full" "-e" "RUSTFLAGS=--cap-lints=warn" "-e" "RUSTDOCFLAGS=--cap-lints=warn" "-w" "/opt/rustwide/workdir" "--user" "0:0" "0e375945d55c4298f932927cae3bdd12686bb6ea56281e5dba038e7a9ec12339" "/opt/rustwide/cargo-home/bin/cargo" "+1.99.0-beta.8" "build" "--frozen" "--message-format=json" "--release", kill_on_drop: false }`
[INFO] [stderr]    Compiling libc v0.2.120
[INFO] [stderr]    Compiling proc-macro2 v1.0.36
[INFO] [stderr]    Compiling unicode-xid v0.2.2
[INFO] [stderr]    Compiling syn v1.0.89
[INFO] [stderr]    Compiling pkg-config v0.3.24
[INFO] [stderr]    Compiling parking_lot_core v0.8.5
[INFO] [stderr]    Compiling smallvec v1.8.0
[INFO] [stderr]    Compiling deepspeech-sys v0.9.1
[INFO] [stderr]    Compiling log v0.4.14
[INFO] [stderr]    Compiling anyhow v1.0.56
[INFO] [stderr]    Compiling cpal v0.13.5
[INFO] [stderr]    Compiling memoffset v0.6.5
[INFO] [stderr]    Compiling instant v0.1.12
[INFO] [stderr]    Compiling lock_api v0.4.6
[INFO] [stderr]    Compiling alsa-sys v0.3.1
[INFO] [stderr]    Compiling quote v1.0.15
[INFO] [stderr]    Compiling nix v0.23.1
[INFO] [stderr]    Compiling deepspeech v0.9.1
[INFO] [stderr]    Compiling parking_lot v0.11.2
[INFO] [stderr]    Compiling thiserror-impl v1.0.30
[INFO] [stderr]    Compiling thiserror v1.0.30
[INFO] [stderr]    Compiling alsa v0.6.0
[INFO] [stderr]    Compiling ds-transcriber v1.0.1 (/opt/rustwide/workdir)
[INFO] [stderr]     Finished `release` profile [optimized] target(s) in 12.43s
[INFO] running `Command { std: "docker" "inspect" "0e375945d55c4298f932927cae3bdd12686bb6ea56281e5dba038e7a9ec12339", kill_on_drop: false }`
[INFO] running `Command { std: "docker" "exec" "-e" "SOURCE_DIR=/opt/rustwide/workdir" "-e" "CARGO_HOME=/opt/rustwide/cargo-home" "-e" "RUSTUP_HOME=/opt/rustwide/rustup-home" "-e" "CARGO_TARGET_DIR=/opt/rustwide/target" "-e" "CARGO_INCREMENTAL=0" "-e" "RUST_BACKTRACE=full" "-e" "RUSTFLAGS=--cap-lints=warn" "-e" "RUSTDOCFLAGS=--cap-lints=warn" "-w" "/opt/rustwide/workdir" "--user" "0:0" "0e375945d55c4298f932927cae3bdd12686bb6ea56281e5dba038e7a9ec12339" "/opt/rustwide/cargo-home/bin/cargo" "+1.99.0-beta.8" "test" "--frozen" "--no-run" "--message-format=json" "--release", kill_on_drop: false }`
[INFO] [stderr]    Compiling memchr v2.4.1
[INFO] [stderr]    Compiling indexmap v1.8.0
[INFO] [stderr]    Compiling hashbrown v0.11.2
[INFO] [stderr]    Compiling atty v0.2.14
[INFO] [stderr]    Compiling textwrap v0.15.0
[INFO] [stderr]    Compiling termcolor v1.1.3
[INFO] [stderr]    Compiling strsim v0.10.0
[INFO] [stderr]    Compiling os_str_bytes v6.0.0
[INFO] [stderr]    Compiling clap v3.1.6
[INFO] [stderr]    Compiling ds-transcriber v1.0.1 (/opt/rustwide/workdir)
[INFO] [stdout] error: linking with `cc` failed: exit status: 1
[INFO] [stdout]   |
[INFO] [stdout]   = note:  "cc" "-m64" "/opt/rustwide/target/release/deps/rustc80Q1cm/symbols.o" "<2 object files omitted>" "-Wl,--as-needed" "-Wl,-Bstatic" "<sysroot>/lib/rustlib/x86_64-unknown-linux-gnu/lib/{libtest-*,libgetopts-*,librustc_std_workspace_std-*}.rlib" "/opt/rustwide/target/release/deps/{libdeepspeech-d6cfce13049e5418,libdeepspeech_sys-1c7db20d57a40722,liblog-a177ca17544118e1,libcpal-f080b70d6e0e5fe2,libparking_lot-ba3a37531801e994,libparking_lot_core-a1ed2678b303054b,libsmallvec-87e1a5b4d62eea6e,liblock_api-7d5f6e4542ca046f,libscopeguard-d6f31e6f1ec771b5,libinstant-bb1a82e4bf4218c6,libalsa-27bfb62a20a973b6,libnix-e5e1206dd2f3d126,libmemoffset-99a9041c836de5b2,libcfg_if-193575a6b29a3ab9,libbitflags-68973b8086863992,libalsa_sys-562611883c76d544,liblibc-5d3219f7085fc9f7,libthiserror-3a7571ff3b67ed9f,libanyhow-a62447edb52b9729}.rlib" "<sysroot>/lib/rustlib/x86_64-unknown-linux-gnu/lib/{libstd-*,libpanic_unwind-*,libobject-*,libmemchr-*,libaddr2line-*,libgimli-*,libcfg_if-*,librustc_demangle-*,libstd_detect-*,libhashbrown-*,librustc_std_workspace_alloc-*,libminiz_oxide-*,libadler2-*,libunwind-*,liblibc-*,librustc_std_workspace_core-*,liballoc-*,libcore-*,libcompiler_builtins-*}.rlib" "-Wl,-Bdynamic" "-ldeepspeech" "-lasound" "-lgcc_s" "-lutil" "-lrt" "-lpthread" "-lm" "-ldl" "-lc" "-L" "/opt/rustwide/target/release/deps/rustc80Q1cm/raw-dylibs" "-B<sysroot>/lib/rustlib/x86_64-unknown-linux-gnu/bin/gcc-ld" "-fuse-ld=lld" "-Wl,--eh-frame-hdr" "-Wl,-z,noexecstack" "-L" "/usr/lib/x86_64-linux-gnu" "-L" "<sysroot>/lib/rustlib/x86_64-unknown-linux-gnu/lib" "-o" "/opt/rustwide/target/release/deps/ds_transcriber-2d6aab5a6299ed05" "-Wl,--gc-sections" "-pie" "-Wl,-z,relro,-z,now" "-Wl,-O1" "-Wl,--strip-debug" "-nodefaultlibs"
[INFO] [stdout]   = note: some arguments are omitted. use `--verbose` to show all linker arguments
[INFO] [stdout]   = note: rust-lld: error: unable to find library -ldeepspeech
[INFO] [stdout]           collect2: error: ld returned 1 exit status
[INFO] [stdout]           
[INFO] [stdout] 
[INFO] [stdout] 
[INFO] [stderr] error: could not compile `ds-transcriber` (lib test) due to 1 previous error
[INFO] [stderr] warning: build failed, waiting for other jobs to finish...
[INFO] [stdout] error: linking with `cc` failed: exit status: 1
[INFO] [stdout]   |
[INFO] [stdout]   = note:  "cc" "-m64" "/opt/rustwide/target/release/examples/rustcgNXAK6/symbols.o" "<3 object files omitted>" "-Wl,--as-needed" "-Wl,-Bstatic" "/opt/rustwide/target/release/deps/{libds_transcriber-8cc721e0a5368aa6,libdeepspeech-d6cfce13049e5418,libdeepspeech_sys-1c7db20d57a40722,liblog-a177ca17544118e1,libcpal-f080b70d6e0e5fe2,libparking_lot-ba3a37531801e994,libparking_lot_core-a1ed2678b303054b,libsmallvec-87e1a5b4d62eea6e,liblock_api-7d5f6e4542ca046f,libscopeguard-d6f31e6f1ec771b5,libinstant-bb1a82e4bf4218c6,libalsa-27bfb62a20a973b6,libnix-e5e1206dd2f3d126,libmemoffset-99a9041c836de5b2,libcfg_if-193575a6b29a3ab9,libalsa_sys-562611883c76d544,libthiserror-3a7571ff3b67ed9f,libanyhow-a62447edb52b9729,libclap-2cf8dbabce733301,libstrsim-4d90d417acaad1e9,libatty-ac4f40c8ed723407,liblibc-5d3219f7085fc9f7,libtermcolor-ac2e9838f80d9b5c,libtextwrap-61f4f70eef0b4a0c,libindexmap-45bef03912b04221,libhashbrown-2c516be90586790d,libos_str_bytes-3c10efd4d549f359,libmemchr-4f1ace6183a6b8a7,libbitflags-68973b8086863992,liblazy_static-480433dca0d17907}.rlib" "<sysroot>/lib/rustlib/x86_64-unknown-linux-gnu/lib/{libstd-*,libpanic_unwind-*,libobject-*,libmemchr-*,libaddr2line-*,libgimli-*,libcfg_if-*,librustc_demangle-*,libstd_detect-*,libhashbrown-*,librustc_std_workspace_alloc-*,libminiz_oxide-*,libadler2-*,libunwind-*,liblibc-*,librustc_std_workspace_core-*,liballoc-*,libcore-*,libcompiler_builtins-*}.rlib" "-Wl,-Bdynamic" "-ldeepspeech" "-lasound" "-lgcc_s" "-lutil" "-lrt" "-lpthread" "-lm" "-ldl" "-lc" "-L" "/opt/rustwide/target/release/examples/rustcgNXAK6/raw-dylibs" "-B<sysroot>/lib/rustlib/x86_64-unknown-linux-gnu/bin/gcc-ld" "-fuse-ld=lld" "-Wl,--eh-frame-hdr" "-Wl,-z,noexecstack" "-L" "/usr/lib/x86_64-linux-gnu" "-L" "<sysroot>/lib/rustlib/x86_64-unknown-linux-gnu/lib" "-o" "/opt/rustwide/target/release/examples/transcribe-487c31658bdf91ed" "-Wl,--gc-sections" "-pie" "-Wl,-z,relro,-z,now" "-Wl,-O1" "-Wl,--strip-debug" "-nodefaultlibs"
[INFO] [stdout]   = note: some arguments are omitted. use `--verbose` to show all linker arguments
[INFO] [stdout]   = note: rust-lld: error: unable to find library -ldeepspeech
[INFO] [stdout]           collect2: error: ld returned 1 exit status
[INFO] [stdout]           
[INFO] [stdout] 
[INFO] [stdout] 
[INFO] [stderr] error: could not compile `ds-transcriber` (example "transcribe") due to 1 previous error
[INFO] running `Command { std: "docker" "inspect" "0e375945d55c4298f932927cae3bdd12686bb6ea56281e5dba038e7a9ec12339", kill_on_drop: false }`
[INFO] running `Command { std: "docker" "rm" "-f" "0e375945d55c4298f932927cae3bdd12686bb6ea56281e5dba038e7a9ec12339", kill_on_drop: false }`
[INFO] [stdout] 0e375945d55c4298f932927cae3bdd12686bb6ea56281e5dba038e7a9ec12339
