[INFO] fetching crate draco-core 2.3.2...
[INFO] testing draco-core-2.3.2 against 1.100.0-beta.1+cargoflags=--release for beta-release-1.100-2
[INFO] extracting crate draco-core 2.3.2 into /workspace/builds/worker-3-tc2/source
[INFO] started tweaking crates.io crate draco-core 2.3.2
[INFO] removed 0 missing examples
[INFO] removed 0 missing tests
[INFO] finished tweaking crates.io crate draco-core 2.3.2
[INFO] tweaked toml for crates.io crate draco-core 2.3.2 written to /workspace/builds/worker-3-tc2/source/Cargo.toml
[INFO] validating manifest of crates.io crate draco-core 2.3.2 on toolchain 1.100.0-beta.1
[INFO] running `Command { std: CARGO_HOME="/workspace/cargo-home" RUSTUP_HOME="/workspace/rustup-home" "/workspace/cargo-home/bin/cargo" "+1.100.0-beta.1" "metadata" "--manifest-path" "Cargo.toml" "--no-deps", kill_on_drop: false }`
[INFO] crate crates.io crate draco-core 2.3.2 already has a lockfile, it will not be regenerated
[INFO] running `Command { std: CARGO_HOME="/workspace/cargo-home" RUSTUP_HOME="/workspace/rustup-home" "/workspace/cargo-home/bin/cargo" "+1.100.0-beta.1" "fetch" "--manifest-path" "Cargo.toml", kill_on_drop: false }`
[INFO] running `Command { std: "docker" "create" "-v" "/var/lib/crater-agent-workspace/builds/worker-3-tc2/source:/opt/rustwide/workdir:ro,Z" "-v" "/var/lib/crater-agent-workspace/builds/worker-3-tc2/target:/opt/rustwide/target:rw,Z" "-v" "/var/lib/crater-agent-workspace/cargo-home:/opt/rustwide/cargo-home:ro,Z" "-v" "/var/lib/crater-agent-workspace/rustup-home:/opt/rustwide/rustup-home:ro,Z" "-m" "1610612736" "--network" "none" "ghcr.io/rust-lang/crates-build-env/linux@sha256:77db811e55d90add9212f6832c23229e3de5f1c1f9905e8cb07319ea15df73ac" "sleep" "infinity", kill_on_drop: false }`
[INFO] [stdout] 0b755c1832f083a986ac7fefe9b7abd8ebcd57c09a68b1bb921cfcfdfe3eb743
[INFO] running `Command { std: "docker" "start" "0b755c1832f083a986ac7fefe9b7abd8ebcd57c09a68b1bb921cfcfdfe3eb743", kill_on_drop: false }`
[INFO] running `Command { std: "docker" "inspect" "0b755c1832f083a986ac7fefe9b7abd8ebcd57c09a68b1bb921cfcfdfe3eb743", kill_on_drop: false }`
[INFO] running `Command { std: "docker" "exec" "-e" "SOURCE_DIR=/opt/rustwide/workdir" "-e" "CARGO_HOME=/opt/rustwide/cargo-home" "-e" "RUSTUP_HOME=/opt/rustwide/rustup-home" "-e" "CARGO_TARGET_DIR=/opt/rustwide/target" "-w" "/opt/rustwide/workdir" "--user" "0:0" "0b755c1832f083a986ac7fefe9b7abd8ebcd57c09a68b1bb921cfcfdfe3eb743" "/opt/rustwide/cargo-home/bin/cargo" "+1.100.0-beta.1" "metadata" "--no-deps" "--format-version=1", kill_on_drop: false }`
[INFO] running `Command { std: "docker" "inspect" "0b755c1832f083a986ac7fefe9b7abd8ebcd57c09a68b1bb921cfcfdfe3eb743", kill_on_drop: false }`
[INFO] running `Command { std: "docker" "exec" "-e" "SOURCE_DIR=/opt/rustwide/workdir" "-e" "CARGO_HOME=/opt/rustwide/cargo-home" "-e" "RUSTUP_HOME=/opt/rustwide/rustup-home" "-e" "CARGO_TARGET_DIR=/opt/rustwide/target" "-e" "CARGO_INCREMENTAL=0" "-e" "RUST_BACKTRACE=full" "-e" "RUSTFLAGS=--cap-lints=warn" "-e" "RUSTDOCFLAGS=--cap-lints=warn" "-w" "/opt/rustwide/workdir" "--user" "0:0" "0b755c1832f083a986ac7fefe9b7abd8ebcd57c09a68b1bb921cfcfdfe3eb743" "/opt/rustwide/cargo-home/bin/cargo" "+1.100.0-beta.1" "build" "--frozen" "--message-format=json" "--release", kill_on_drop: false }`
[INFO] [stderr]    Compiling syn v3.0.7
[INFO] [stderr]    Compiling bytemuck_derive v1.12.1
[INFO] [stderr]    Compiling bytemuck v1.25.2
[INFO] [stderr]    Compiling draco-core v2.3.2 (/opt/rustwide/workdir)
[INFO] [stderr]     Finished `release` profile [optimized] target(s) in 23.83s
[INFO] running `Command { std: "docker" "inspect" "0b755c1832f083a986ac7fefe9b7abd8ebcd57c09a68b1bb921cfcfdfe3eb743", kill_on_drop: false }`
[INFO] running `Command { std: "docker" "exec" "-e" "SOURCE_DIR=/opt/rustwide/workdir" "-e" "CARGO_HOME=/opt/rustwide/cargo-home" "-e" "RUSTUP_HOME=/opt/rustwide/rustup-home" "-e" "CARGO_TARGET_DIR=/opt/rustwide/target" "-e" "CARGO_INCREMENTAL=0" "-e" "RUST_BACKTRACE=full" "-e" "RUSTFLAGS=--cap-lints=warn" "-e" "RUSTDOCFLAGS=--cap-lints=warn" "-w" "/opt/rustwide/workdir" "--user" "0:0" "0b755c1832f083a986ac7fefe9b7abd8ebcd57c09a68b1bb921cfcfdfe3eb743" "/opt/rustwide/cargo-home/bin/cargo" "+1.100.0-beta.1" "test" "--frozen" "--no-run" "--message-format=json" "--release", kill_on_drop: false }`
[INFO] [stderr]    Compiling libc v0.2.190
[INFO] [stderr]    Compiling once_cell v1.21.4
[INFO] [stderr]    Compiling getrandom v0.4.3
[INFO] [stderr]    Compiling tempfile v3.27.0
[INFO] [stderr]    Compiling draco-core v2.3.2 (/opt/rustwide/workdir)
[INFO] [stdout] error[E0433]: cannot find module or crate `draco_io` in this scope
[INFO] [stdout]    --> tests/compat_encoder_options.rs:130:5
[INFO] [stdout]     |
[INFO] [stdout] 130 |     draco_io::obj_writer::write_obj_mesh(obj_path, &mesh).expect("Failed to write obj");
[INFO] [stdout]     |     ^^^^^^^^ use of unresolved module or unlinked crate `draco_io`
[INFO] [stdout]     |
[INFO] [stdout]     = help: if you wanted to use a crate named `draco_io`, use `cargo add draco_io` to add it to your `Cargo.toml`
[INFO] [stdout] 
[INFO] [stdout] 
[INFO] [stdout] error[E0433]: cannot find module or crate `draco_io` in this scope
[INFO] [stdout]    --> tests/compat_encoder_options.rs:133:26
[INFO] [stdout]     |
[INFO] [stdout] 133 |     let mut obj_reader = draco_io::ObjReader::open(obj_path).expect("Failed to open obj");
[INFO] [stdout]     |                          ^^^^^^^^ use of unresolved module or unlinked crate `draco_io`
[INFO] [stdout]     |
[INFO] [stdout]     = help: if you wanted to use a crate named `draco_io`, use `cargo add draco_io` to add it to your `Cargo.toml`
[INFO] [stdout] 
[INFO] [stdout] 
[INFO] [stdout] error[E0433]: cannot find module or crate `draco_io` in this scope
[INFO] [stdout]    --> tests/compat_encoder_options.rs:246:5
[INFO] [stdout]     |
[INFO] [stdout] 246 |     draco_io::obj_writer::write_obj_mesh(obj_path, &mesh).expect("Failed to write obj");
[INFO] [stdout]     |     ^^^^^^^^ use of unresolved module or unlinked crate `draco_io`
[INFO] [stdout]     |
[INFO] [stdout]     = help: if you wanted to use a crate named `draco_io`, use `cargo add draco_io` to add it to your `Cargo.toml`
[INFO] [stdout] 
[INFO] [stdout] 
[INFO] [stdout] error: couldn't read `tests/../../../fuzz/seeds/encode_drc/parallelogram_over_attribute_connectivity.bin`: No such file or directory (os error 2)
[INFO] [stdout]     --> tests/encoder_hardening_test.rs:1601:16
[INFO] [stdout]      |
[INFO] [stdout] 1601 |       let data = include_bytes!(
[INFO] [stdout]      |  ________________^
[INFO] [stdout] 1602 | |         "../../../fuzz/seeds/encode_drc/parallelogram_over_attribute_connectivity.bin"
[INFO] [stdout] 1603 | |     );
[INFO] [stdout]      | |_____^
[INFO] [stdout] 
[INFO] [stdout] 
[INFO] [stdout] error: couldn't read `tests/../../../fuzz/seeds/encode_drc/legacy_predictive_symbol_count.bin`: No such file or directory (os error 2)
[INFO] [stdout]     --> tests/encoder_hardening_test.rs:1669:16
[INFO] [stdout]      |
[INFO] [stdout] 1669 |     let data = include_bytes!("../../../fuzz/seeds/encode_drc/legacy_predictive_symbol_count.bin");
[INFO] [stdout]      |                ^^^^^^^^^^^^^^^^^^^^^^^^^^^^^^^^^^^^^^^^^^^^^^^^^^^^^^^^^^^^^^^^^^^^^^^^^^^^^^^^^^^
[INFO] [stdout] 
[INFO] [stdout] 
[INFO] [stdout] error: couldn't read `tests/../../../fuzz/seeds/encode_drc/legacy_texcoord_predicts_from_portable_position.bin`: No such file or directory (os error 2)
[INFO] [stdout]     --> tests/encoder_hardening_test.rs:1733:16
[INFO] [stdout]      |
[INFO] [stdout] 1733 |       let data = include_bytes!(
[INFO] [stdout]      |  ________________^
[INFO] [stdout] 1734 | |         "../../../fuzz/seeds/encode_drc/legacy_texcoord_predicts_from_portable_position.bin"
[INFO] [stdout] 1735 | |     );
[INFO] [stdout]      | |_____^
[INFO] [stdout] 
[INFO] [stdout] 
[INFO] [stdout] error: couldn't read `tests/../../../fuzz/seeds/encode_drc/texcoord_predicts_from_a_uint32_position.bin`: No such file or directory (os error 2)
[INFO] [stdout]     --> tests/encoder_hardening_test.rs:1798:16
[INFO] [stdout]      |
[INFO] [stdout] 1798 |       let data = include_bytes!(
[INFO] [stdout]      |  ________________^
[INFO] [stdout] 1799 | |         "../../../fuzz/seeds/encode_drc/texcoord_predicts_from_a_uint32_position.bin"
[INFO] [stdout] 1800 | |     );
[INFO] [stdout]      | |_____^
[INFO] [stdout] 
[INFO] [stdout] 
[INFO] [stdout] error: couldn't read `tests/../../../fuzz/seeds/encode_drc/texcoord_portable_encoder_wraps_where_decoder_refuses.bin`: No such file or directory (os error 2)
[INFO] [stdout]     --> tests/encoder_hardening_test.rs:1858:16
[INFO] [stdout]      |
[INFO] [stdout] 1858 |       let data = include_bytes!(
[INFO] [stdout]      |  ________________^
[INFO] [stdout] 1859 | |         "../../../fuzz/seeds/encode_drc/texcoord_portable_encoder_wraps_where_decoder_refuses.bin"
[INFO] [stdout] 1860 | |     );
[INFO] [stdout]      | |_____^
[INFO] [stdout] 
[INFO] [stdout] 
[INFO] [stdout] error[E0433]: cannot find module or crate `draco_io` in this scope
[INFO] [stdout]    --> tests/compat_encoder_options.rs:248:26
[INFO] [stdout]     |
[INFO] [stdout] 248 |     let mut obj_reader = draco_io::ObjReader::open(obj_path).expect("Failed to open obj");
[INFO] [stdout]     |                          ^^^^^^^^ use of unresolved module or unlinked crate `draco_io`
[INFO] [stdout]     |
[INFO] [stdout]     = help: if you wanted to use a crate named `draco_io`, use `cargo add draco_io` to add it to your `Cargo.toml`
[INFO] [stdout] 
[INFO] [stdout] 
[INFO] [stdout] error: couldn't read `tests/../../../fuzz/seeds/encode_drc/legacy_split_events_with_two_bit_edges.bin`: No such file or directory (os error 2)
[INFO] [stdout]     --> tests/encoder_hardening_test.rs:1993:9
[INFO] [stdout]      |
[INFO] [stdout] 1993 |         include_bytes!("../../../fuzz/seeds/encode_drc/legacy_split_events_with_two_bit_edges.bin");
[INFO] [stdout]      |         ^^^^^^^^^^^^^^^^^^^^^^^^^^^^^^^^^^^^^^^^^^^^^^^^^^^^^^^^^^^^^^^^^^^^^^^^^^^^^^^^^^^^^^^^^^^
[INFO] [stdout] 
[INFO] [stdout] 
[INFO] [stdout] error: couldn't read `tests/../../../testdata/cpp_main_integer_normals_speed_0.drc`: No such file or directory (os error 2)
[INFO] [stdout]     --> tests/encoder_hardening_test.rs:2226:20
[INFO] [stdout]      |
[INFO] [stdout] 2226 |     let upstream = include_bytes!("../../../testdata/cpp_main_integer_normals_speed_0.drc");
[INFO] [stdout]      |                    ^^^^^^^^^^^^^^^^^^^^^^^^^^^^^^^^^^^^^^^^^^^^^^^^^^^^^^^^^^^^^^^^^^^^^^^^
[INFO] [stdout] 
[INFO] [stdout] 
[INFO] [stdout] error[E0433]: cannot find module or crate `draco_io` in this scope
[INFO] [stdout]    --> tests/compat_encoder_options.rs:364:5
[INFO] [stdout]     |
[INFO] [stdout] 364 |     draco_io::obj_writer::write_obj_mesh(obj_path, &mesh).expect("Failed to write obj");
[INFO] [stdout]     |     ^^^^^^^^ use of unresolved module or unlinked crate `draco_io`
[INFO] [stdout]     |
[INFO] [stdout]     = help: if you wanted to use a crate named `draco_io`, use `cargo add draco_io` to add it to your `Cargo.toml`
[INFO] [stdout] 
[INFO] [stdout] 
[INFO] [stdout] error[E0433]: cannot find module or crate `draco_io` in this scope
[INFO] [stdout]    --> tests/compat_encoder_options.rs:366:26
[INFO] [stdout]     |
[INFO] [stdout] 366 |     let mut obj_reader = draco_io::ObjReader::open(obj_path).expect("Failed to open obj");
[INFO] [stdout]     |                          ^^^^^^^^ use of unresolved module or unlinked crate `draco_io`
[INFO] [stdout]     |
[INFO] [stdout]     = help: if you wanted to use a crate named `draco_io`, use `cargo add draco_io` to add it to your `Cargo.toml`
[INFO] [stdout] 
[INFO] [stdout] 
[INFO] [stdout] error[E0433]: cannot find module or crate `draco_io` in this scope
[INFO] [stdout]    --> tests/compat_encoder_options.rs:483:5
[INFO] [stdout]     |
[INFO] [stdout] 483 |     draco_io::obj_writer::write_obj_mesh(obj_path, &mesh).expect("Failed to write obj");
[INFO] [stdout]     |     ^^^^^^^^ use of unresolved module or unlinked crate `draco_io`
[INFO] [stdout]     |
[INFO] [stdout]     = help: if you wanted to use a crate named `draco_io`, use `cargo add draco_io` to add it to your `Cargo.toml`
[INFO] [stdout] 
[INFO] [stdout] 
[INFO] [stdout] error[E0433]: cannot find module or crate `draco_io` in this scope
[INFO] [stdout]    --> tests/compat_encoder_options.rs:485:26
[INFO] [stdout]     |
[INFO] [stdout] 485 |     let mut obj_reader = draco_io::ObjReader::open(obj_path).expect("Failed to open obj");
[INFO] [stdout]     |                          ^^^^^^^^ use of unresolved module or unlinked crate `draco_io`
[INFO] [stdout]     |
[INFO] [stdout]     = help: if you wanted to use a crate named `draco_io`, use `cargo add draco_io` to add it to your `Cargo.toml`
[INFO] [stdout] 
[INFO] [stdout] 
[INFO] [stdout] error[E0433]: cannot find module or crate `draco_io` in this scope
[INFO] [stdout]    --> tests/bench_external_cpp_encode.rs:268:30
[INFO] [stdout]     |
[INFO] [stdout] 268 |         let mut obj_reader = draco_io::ObjReader::open(&obj_path).expect("Failed to open obj");
[INFO] [stdout]     |                              ^^^^^^^^ use of unresolved module or unlinked crate `draco_io`
[INFO] [stdout]     |
[INFO] [stdout]     = help: if you wanted to use a crate named `draco_io`, use `cargo add draco_io` to add it to your `Cargo.toml`
[INFO] [stdout] 
[INFO] [stdout] 
[INFO] [stdout] For more information about this error, try `rustc --explain E0433`.
[INFO] [stdout] 
[INFO] [stderr] error: could not compile `draco-core` (test "compat_encoder_options") due to 8 previous errors
[INFO] [stderr] warning: build failed, waiting for other jobs to finish...
[INFO] [stdout] For more information about this error, try `rustc --explain E0433`.
[INFO] [stdout] 
[INFO] [stderr] error: could not compile `draco-core` (test "bench_external_cpp_encode") due to 1 previous error
[INFO] [stderr] error: could not compile `draco-core` (test "encoder_hardening_test") due to 7 previous errors
[INFO] running `Command { std: "docker" "inspect" "0b755c1832f083a986ac7fefe9b7abd8ebcd57c09a68b1bb921cfcfdfe3eb743", kill_on_drop: false }`
[INFO] running `Command { std: "docker" "rm" "-f" "0b755c1832f083a986ac7fefe9b7abd8ebcd57c09a68b1bb921cfcfdfe3eb743", kill_on_drop: false }`
[INFO] [stdout] 0b755c1832f083a986ac7fefe9b7abd8ebcd57c09a68b1bb921cfcfdfe3eb743
