[INFO] fetching crate dox 0.1.1...
[INFO] testing dox-0.1.1 against 1.99.0-beta.8+cargoflags=--release for beta-release-1.100-2
[INFO] extracting crate dox 0.1.1 into /workspace/builds/worker-4-tc1/source
[INFO] started tweaking crates.io crate dox 0.1.1
[INFO] finished tweaking crates.io crate dox 0.1.1
[INFO] tweaked toml for crates.io crate dox 0.1.1 written to /workspace/builds/worker-4-tc1/source/Cargo.toml
[INFO] validating manifest of crates.io crate dox 0.1.1 on toolchain 1.99.0-beta.8
[INFO] running `Command { std: CARGO_HOME="/workspace/cargo-home" RUSTUP_HOME="/workspace/rustup-home" "/workspace/cargo-home/bin/cargo" "+1.99.0-beta.8" "metadata" "--manifest-path" "Cargo.toml" "--no-deps", kill_on_drop: false }`
[INFO] crate crates.io crate dox 0.1.1 already has a lockfile, it will not be regenerated
[INFO] running `Command { std: CARGO_HOME="/workspace/cargo-home" RUSTUP_HOME="/workspace/rustup-home" "/workspace/cargo-home/bin/cargo" "+1.99.0-beta.8" "fetch" "--manifest-path" "Cargo.toml", kill_on_drop: false }`
[INFO] running `Command { std: "docker" "create" "-v" "/var/lib/crater-agent-workspace/builds/worker-4-tc1/source:/opt/rustwide/workdir:ro,Z" "-v" "/var/lib/crater-agent-workspace/builds/worker-4-tc1/target:/opt/rustwide/target:rw,Z" "-v" "/var/lib/crater-agent-workspace/cargo-home:/opt/rustwide/cargo-home:ro,Z" "-v" "/var/lib/crater-agent-workspace/rustup-home:/opt/rustwide/rustup-home:ro,Z" "-m" "1610612736" "--network" "none" "ghcr.io/rust-lang/crates-build-env/linux@sha256:77db811e55d90add9212f6832c23229e3de5f1c1f9905e8cb07319ea15df73ac" "sleep" "infinity", kill_on_drop: false }`
[INFO] [stdout] 0a16cd7100aeb73e70c41bba417cacf029a318295eb3627c88b2fbbdc758f879
[INFO] running `Command { std: "docker" "start" "0a16cd7100aeb73e70c41bba417cacf029a318295eb3627c88b2fbbdc758f879", kill_on_drop: false }`
[INFO] running `Command { std: "docker" "inspect" "0a16cd7100aeb73e70c41bba417cacf029a318295eb3627c88b2fbbdc758f879", kill_on_drop: false }`
[INFO] running `Command { std: "docker" "exec" "-e" "SOURCE_DIR=/opt/rustwide/workdir" "-e" "CARGO_HOME=/opt/rustwide/cargo-home" "-e" "RUSTUP_HOME=/opt/rustwide/rustup-home" "-e" "CARGO_TARGET_DIR=/opt/rustwide/target" "-w" "/opt/rustwide/workdir" "--user" "0:0" "0a16cd7100aeb73e70c41bba417cacf029a318295eb3627c88b2fbbdc758f879" "/opt/rustwide/cargo-home/bin/cargo" "+1.99.0-beta.8" "metadata" "--no-deps" "--format-version=1", kill_on_drop: false }`
[INFO] running `Command { std: "docker" "inspect" "0a16cd7100aeb73e70c41bba417cacf029a318295eb3627c88b2fbbdc758f879", kill_on_drop: false }`
[INFO] running `Command { std: "docker" "exec" "-e" "SOURCE_DIR=/opt/rustwide/workdir" "-e" "CARGO_HOME=/opt/rustwide/cargo-home" "-e" "RUSTUP_HOME=/opt/rustwide/rustup-home" "-e" "CARGO_TARGET_DIR=/opt/rustwide/target" "-e" "CARGO_INCREMENTAL=0" "-e" "RUST_BACKTRACE=full" "-e" "RUSTFLAGS=--cap-lints=warn" "-e" "RUSTDOCFLAGS=--cap-lints=warn" "-w" "/opt/rustwide/workdir" "--user" "0:0" "0a16cd7100aeb73e70c41bba417cacf029a318295eb3627c88b2fbbdc758f879" "/opt/rustwide/cargo-home/bin/cargo" "+1.99.0-beta.8" "build" "--frozen" "--message-format=json" "--release", kill_on_drop: false }`
[INFO] [stderr]    Compiling windows_x86_64_gnu v0.48.5
[INFO] [stderr]    Compiling windows-targets v0.48.5
[INFO] [stderr]    Compiling windows v0.48.0
[INFO] [stderr]    Compiling dox v0.1.1 (/opt/rustwide/workdir)
[INFO] [stdout] error: linking with `cc` failed: exit status: 1
[INFO] [stdout]   |
[INFO] [stdout]   = note:  "cc" "-m64" "/opt/rustwide/target/release/deps/rustcZgOY7Q/symbols.o" "<2 object files omitted>" "-Wl,--as-needed" "-Wl,-Bstatic" "/opt/rustwide/target/release/deps/{libwindows-f8964b868c4e25c6,libwindows_targets-7d1e2880fe441718}.rlib" "<sysroot>/lib/rustlib/x86_64-unknown-linux-gnu/lib/{libstd-*,libpanic_unwind-*,libobject-*,libmemchr-*,libaddr2line-*,libgimli-*,libcfg_if-*,librustc_demangle-*,libstd_detect-*,libhashbrown-*,librustc_std_workspace_alloc-*,libminiz_oxide-*,libadler2-*,libunwind-*,liblibc-*,librustc_std_workspace_core-*,liballoc-*,libcore-*,libcompiler_builtins-*}.rlib" "-Wl,-Bdynamic" "-lgcc_s" "-lutil" "-lrt" "-lpthread" "-lm" "-ldl" "-lc" "-L" "/opt/rustwide/target/release/deps/rustcZgOY7Q/raw-dylibs" "-B<sysroot>/lib/rustlib/x86_64-unknown-linux-gnu/bin/gcc-ld" "-fuse-ld=lld" "-Wl,--eh-frame-hdr" "-Wl,-z,noexecstack" "-L" "<sysroot>/lib/rustlib/x86_64-unknown-linux-gnu/lib" "-o" "/opt/rustwide/target/release/deps/dox-4701bf02c45f5572" "-Wl,--gc-sections" "-pie" "-Wl,-z,relro,-z,now" "-Wl,-O1" "-Wl,--strip-debug" "-nodefaultlibs"
[INFO] [stdout]   = note: some arguments are omitted. use `--verbose` to show all linker arguments
[INFO] [stdout]   = note: rust-lld: error: undefined symbol: GetStdHandle
[INFO] [stdout]           >>> referenced by dox.56e7f2d6ac32f7ca-cgu.0
[INFO] [stdout]           >>>               /opt/rustwide/target/release/deps/dox-4701bf02c45f5572.dox.56e7f2d6ac32f7ca-cgu.0.rcgu.o:(dox::set_console_color)
[INFO] [stdout]           
[INFO] [stdout]           rust-lld: error: undefined symbol: SetConsoleTextAttribute
[INFO] [stdout]           >>> referenced by dox.56e7f2d6ac32f7ca-cgu.0
[INFO] [stdout]           >>>               /opt/rustwide/target/release/deps/dox-4701bf02c45f5572.dox.56e7f2d6ac32f7ca-cgu.0.rcgu.o:(dox::set_console_color)
[INFO] [stdout]           
[INFO] [stdout]           rust-lld: error: undefined symbol: CreateToolhelp32Snapshot
[INFO] [stdout]           >>> referenced by dox.56e7f2d6ac32f7ca-cgu.0
[INFO] [stdout]           >>>               /opt/rustwide/target/release/deps/dox-4701bf02c45f5572.dox.56e7f2d6ac32f7ca-cgu.0.rcgu.o:(dox::main)
[INFO] [stdout]           
[INFO] [stdout]           rust-lld: error: undefined symbol: Process32FirstW
[INFO] [stdout]           >>> referenced by dox.56e7f2d6ac32f7ca-cgu.0
[INFO] [stdout]           >>>               /opt/rustwide/target/release/deps/dox-4701bf02c45f5572.dox.56e7f2d6ac32f7ca-cgu.0.rcgu.o:(dox::main)
[INFO] [stdout]           
[INFO] [stdout]           rust-lld: error: undefined symbol: OpenProcess
[INFO] [stdout]           >>> referenced by dox.56e7f2d6ac32f7ca-cgu.0
[INFO] [stdout]           >>>               /opt/rustwide/target/release/deps/dox-4701bf02c45f5572.dox.56e7f2d6ac32f7ca-cgu.0.rcgu.o:(dox::main)
[INFO] [stdout]           >>> referenced by dox.56e7f2d6ac32f7ca-cgu.0
[INFO] [stdout]           >>>               /opt/rustwide/target/release/deps/dox-4701bf02c45f5572.dox.56e7f2d6ac32f7ca-cgu.0.rcgu.o:(dox::main)
[INFO] [stdout]           
[INFO] [stdout]           rust-lld: error: undefined symbol: TerminateProcess
[INFO] [stdout]           >>> referenced by dox.56e7f2d6ac32f7ca-cgu.0
[INFO] [stdout]           >>>               /opt/rustwide/target/release/deps/dox-4701bf02c45f5572.dox.56e7f2d6ac32f7ca-cgu.0.rcgu.o:(dox::main)
[INFO] [stdout]           >>> referenced by dox.56e7f2d6ac32f7ca-cgu.0
[INFO] [stdout]           >>>               /opt/rustwide/target/release/deps/dox-4701bf02c45f5572.dox.56e7f2d6ac32f7ca-cgu.0.rcgu.o:(dox::main)
[INFO] [stdout]           
[INFO] [stdout]           rust-lld: error: undefined symbol: CloseHandle
[INFO] [stdout]           >>> referenced by dox.56e7f2d6ac32f7ca-cgu.0
[INFO] [stdout]           >>>               /opt/rustwide/target/release/deps/dox-4701bf02c45f5572.dox.56e7f2d6ac32f7ca-cgu.0.rcgu.o:(dox::main)
[INFO] [stdout]           >>> referenced by dox.56e7f2d6ac32f7ca-cgu.0
[INFO] [stdout]           >>>               /opt/rustwide/target/release/deps/dox-4701bf02c45f5572.dox.56e7f2d6ac32f7ca-cgu.0.rcgu.o:(dox::main)
[INFO] [stdout]           >>> referenced by dox.56e7f2d6ac32f7ca-cgu.0
[INFO] [stdout]           >>>               /opt/rustwide/target/release/deps/dox-4701bf02c45f5572.dox.56e7f2d6ac32f7ca-cgu.0.rcgu.o:(dox::main)
[INFO] [stdout]           
[INFO] [stdout]           rust-lld: error: undefined symbol: Process32NextW
[INFO] [stdout]           >>> referenced by dox.56e7f2d6ac32f7ca-cgu.0
[INFO] [stdout]           >>>               /opt/rustwide/target/release/deps/dox-4701bf02c45f5572.dox.56e7f2d6ac32f7ca-cgu.0.rcgu.o:(dox::main)
[INFO] [stdout]           
[INFO] [stdout]           rust-lld: error: undefined symbol: GetTcpTable2
[INFO] [stdout]           >>> referenced by dox.56e7f2d6ac32f7ca-cgu.0
[INFO] [stdout]           >>>               /opt/rustwide/target/release/deps/dox-4701bf02c45f5572.dox.56e7f2d6ac32f7ca-cgu.0.rcgu.o:(dox::main)
[INFO] [stdout]           >>> referenced by dox.56e7f2d6ac32f7ca-cgu.0
[INFO] [stdout]           >>>               /opt/rustwide/target/release/deps/dox-4701bf02c45f5572.dox.56e7f2d6ac32f7ca-cgu.0.rcgu.o:(dox::main)
[INFO] [stdout]           
[INFO] [stdout]           rust-lld: error: undefined symbol: FormatMessageW
[INFO] [stdout]           >>> referenced by windows.8339a725b1e1923e-cgu.2
[INFO] [stdout]           >>>               windows-f8964b868c4e25c6.windows.8339a725b1e1923e-cgu.2.rcgu.o:(<windows::core::hresult::HRESULT>::message) in archive /opt/rustwide/target/release/deps/libwindows-f8964b868c4e25c6.rlib
[INFO] [stdout]           
[INFO] [stdout]           rust-lld: error: undefined symbol: GetProcessHeap
[INFO] [stdout]           >>> referenced by windows.8339a725b1e1923e-cgu.2
[INFO] [stdout]           >>>               windows-f8964b868c4e25c6.windows.8339a725b1e1923e-cgu.2.rcgu.o:(<windows::core::hresult::HRESULT>::message) in archive /opt/rustwide/target/release/deps/libwindows-f8964b868c4e25c6.rlib
[INFO] [stdout]           >>> referenced by windows.8339a725b1e1923e-cgu.2
[INFO] [stdout]           >>>               windows-f8964b868c4e25c6.windows.8339a725b1e1923e-cgu.2.rcgu.o:(<windows::core::hresult::HRESULT>::message) in archive /opt/rustwide/target/release/deps/libwindows-f8964b868c4e25c6.rlib
[INFO] [stdout]           >>> referenced by windows.8339a725b1e1923e-cgu.2
[INFO] [stdout]           >>>               windows-f8964b868c4e25c6.windows.8339a725b1e1923e-cgu.2.rcgu.o:(<windows::core::hresult::HRESULT>::message) in archive /opt/rustwide/target/release/deps/libwindows-f8964b868c4e25c6.rlib
[INFO] [stdout]           >>> referenced 6 more times
[INFO] [stdout]           
[INFO] [stdout]           rust-lld: error: undefined symbol: HeapAlloc
[INFO] [stdout]           >>> referenced by windows.8339a725b1e1923e-cgu.2
[INFO] [stdout]           >>>               windows-f8964b868c4e25c6.windows.8339a725b1e1923e-cgu.2.rcgu.o:(<windows::core::hresult::HRESULT>::message) in archive /opt/rustwide/target/release/deps/libwindows-f8964b868c4e25c6.rlib
[INFO] [stdout]           >>> referenced by windows.8339a725b1e1923e-cgu.3
[INFO] [stdout]           >>>               windows-f8964b868c4e25c6.windows.8339a725b1e1923e-cgu.3.rcgu.o:(<windows::core::error::Error>::message) in archive /opt/rustwide/target/release/deps/libwindows-f8964b868c4e25c6.rlib
[INFO] [stdout]           >>> referenced by windows.8339a725b1e1923e-cgu.3
[INFO] [stdout]           >>>               windows-f8964b868c4e25c6.windows.8339a725b1e1923e-cgu.3.rcgu.o:(<windows::core::error::Error as core::convert::From<windows::core::hresult::HRESULT>>::from) in archive /opt/rustwide/target/release/deps/libwindows-f8964b868c4e25c6.rlib
[INFO] [stdout]           
[INFO] [stdout]           rust-lld: error: undefined symbol: HeapFree
[INFO] [stdout]           >>> referenced by windows.8339a725b1e1923e-cgu.2
[INFO] [stdout]           >>>               windows-f8964b868c4e25c6.windows.8339a725b1e1923e-cgu.2.rcgu.o:(<windows::core::hresult::HRESULT>::message) in archive /opt/rustwide/target/release/deps/libwindows-f8964b868c4e25c6.rlib
[INFO] [stdout]           >>> referenced by windows.8339a725b1e1923e-cgu.2
[INFO] [stdout]           >>>               windows-f8964b868c4e25c6.windows.8339a725b1e1923e-cgu.2.rcgu.o:(<windows::core::hresult::HRESULT>::message) in archive /opt/rustwide/target/release/deps/libwindows-f8964b868c4e25c6.rlib
[INFO] [stdout]           >>> referenced by windows.8339a725b1e1923e-cgu.3
[INFO] [stdout]           >>>               windows-f8964b868c4e25c6.windows.8339a725b1e1923e-cgu.3.rcgu.o:(core::ptr::drop_glue::<windows::core::strings::hstring::HSTRING>) in archive /opt/rustwide/target/release/deps/libwindows-f8964b868c4e25c6.rlib
[INFO] [stdout]           >>> referenced 3 more times
[INFO] [stdout]           
[INFO] [stdout]           rust-lld: error: undefined symbol: GetLastError
[INFO] [stdout]           >>> referenced by windows.8339a725b1e1923e-cgu.3
[INFO] [stdout]           >>>               windows-f8964b868c4e25c6.windows.8339a725b1e1923e-cgu.3.rcgu.o:(<windows::core::error::Error>::from_win32) in archive /opt/rustwide/target/release/deps/libwindows-f8964b868c4e25c6.rlib
[INFO] [stdout]           
[INFO] [stdout]           rust-lld: error: undefined symbol: LoadLibraryA
[INFO] [stdout]           >>> referenced by windows.8339a725b1e1923e-cgu.3
[INFO] [stdout]           >>>               windows-f8964b868c4e25c6.windows.8339a725b1e1923e-cgu.3.rcgu.o:(<windows::core::error::Error>::new) in archive /opt/rustwide/target/release/deps/libwindows-f8964b868c4e25c6.rlib
[INFO] [stdout]           
[INFO] [stdout]           rust-lld: error: undefined symbol: GetProcAddress
[INFO] [stdout]           >>> referenced by windows.8339a725b1e1923e-cgu.3
[INFO] [stdout]           >>>               windows-f8964b868c4e25c6.windows.8339a725b1e1923e-cgu.3.rcgu.o:(<windows::core::error::Error>::new) in archive /opt/rustwide/target/release/deps/libwindows-f8964b868c4e25c6.rlib
[INFO] [stdout]           
[INFO] [stdout]           rust-lld: error: undefined symbol: FreeLibrary
[INFO] [stdout]           >>> referenced by windows.8339a725b1e1923e-cgu.3
[INFO] [stdout]           >>>               windows-f8964b868c4e25c6.windows.8339a725b1e1923e-cgu.3.rcgu.o:(<windows::core::error::Error>::new) in archive /opt/rustwide/target/release/deps/libwindows-f8964b868c4e25c6.rlib
[INFO] [stdout]           
[INFO] [stdout]           rust-lld: error: undefined symbol: GetErrorInfo
[INFO] [stdout]           >>> referenced by windows.8339a725b1e1923e-cgu.3
[INFO] [stdout]           >>>               windows-f8964b868c4e25c6.windows.8339a725b1e1923e-cgu.3.rcgu.o:(<windows::core::error::Error>::new) in archive /opt/rustwide/target/release/deps/libwindows-f8964b868c4e25c6.rlib
[INFO] [stdout]           >>> referenced by windows.8339a725b1e1923e-cgu.3
[INFO] [stdout]           >>>               windows-f8964b868c4e25c6.windows.8339a725b1e1923e-cgu.3.rcgu.o:(<windows::core::error::Error as core::convert::From<windows::core::hresult::HRESULT>>::from) in archive /opt/rustwide/target/release/deps/libwindows-f8964b868c4e25c6.rlib
[INFO] [stdout]           >>> referenced by windows.8339a725b1e1923e-cgu.3
[INFO] [stdout]           >>>               windows-f8964b868c4e25c6.windows.8339a725b1e1923e-cgu.3.rcgu.o:(<windows::core::error::Error as core::convert::From<windows::core::hresult::HRESULT>>::from) in archive /opt/rustwide/target/release/deps/libwindows-f8964b868c4e25c6.rlib
[INFO] [stdout]           
[INFO] [stdout]           rust-lld: error: undefined symbol: SysFreeString
[INFO] [stdout]           >>> referenced by windows.8339a725b1e1923e-cgu.3
[INFO] [stdout]           >>>               windows-f8964b868c4e25c6.windows.8339a725b1e1923e-cgu.3.rcgu.o:(<windows::core::error::Error>::message) in archive /opt/rustwide/target/release/deps/libwindows-f8964b868c4e25c6.rlib
[INFO] [stdout]           >>> referenced by windows.8339a725b1e1923e-cgu.3
[INFO] [stdout]           >>>               windows-f8964b868c4e25c6.windows.8339a725b1e1923e-cgu.3.rcgu.o:(<windows::core::error::Error>::message) in archive /opt/rustwide/target/release/deps/libwindows-f8964b868c4e25c6.rlib
[INFO] [stdout]           >>> referenced by windows.8339a725b1e1923e-cgu.3
[INFO] [stdout]           >>>               windows-f8964b868c4e25c6.windows.8339a725b1e1923e-cgu.3.rcgu.o:(<windows::core::error::Error>::message) in archive /opt/rustwide/target/release/deps/libwindows-f8964b868c4e25c6.rlib
[INFO] [stdout]           >>> referenced 8 more times
[INFO] [stdout]           
[INFO] [stdout]           rust-lld: error: undefined symbol: SysStringLen
[INFO] [stdout]           >>> referenced by windows.8339a725b1e1923e-cgu.3
[INFO] [stdout]           >>>               windows-f8964b868c4e25c6.windows.8339a725b1e1923e-cgu.3.rcgu.o:(<windows::core::error::Error>::message) in archive /opt/rustwide/target/release/deps/libwindows-f8964b868c4e25c6.rlib
[INFO] [stdout]           >>> referenced by windows.8339a725b1e1923e-cgu.3
[INFO] [stdout]           >>>               windows-f8964b868c4e25c6.windows.8339a725b1e1923e-cgu.3.rcgu.o:(<windows::core::error::Error>::message) in archive /opt/rustwide/target/release/deps/libwindows-f8964b868c4e25c6.rlib
[INFO] [stdout]           >>> referenced by windows.8339a725b1e1923e-cgu.3
[INFO] [stdout]           >>>               windows-f8964b868c4e25c6.windows.8339a725b1e1923e-cgu.3.rcgu.o:(<windows::core::error::Error as core::convert::From<windows::core::hresult::HRESULT>>::from) in archive /opt/rustwide/target/release/deps/libwindows-f8964b868c4e25c6.rlib
[INFO] [stdout]           collect2: error: ld returned 1 exit status
[INFO] [stdout]           
[INFO] [stdout] 
[INFO] [stdout] 
[INFO] [stderr] error: could not compile `dox` (bin "dox") due to 1 previous error
[INFO] running `Command { std: "docker" "inspect" "0a16cd7100aeb73e70c41bba417cacf029a318295eb3627c88b2fbbdc758f879", kill_on_drop: false }`
[INFO] running `Command { std: "docker" "rm" "-f" "0a16cd7100aeb73e70c41bba417cacf029a318295eb3627c88b2fbbdc758f879", kill_on_drop: false }`
[INFO] [stdout] 0a16cd7100aeb73e70c41bba417cacf029a318295eb3627c88b2fbbdc758f879
