[INFO] fetching crate dots-rs-derive 0.1.7...
[INFO] testing dots-rs-derive-0.1.7 against 1.99.0-beta.8+cargoflags=--release for beta-release-1.100-2
[INFO] extracting crate dots-rs-derive 0.1.7 into /workspace/builds/worker-0-tc1/source
[INFO] started tweaking crates.io crate dots-rs-derive 0.1.7
[INFO] removed 0 missing tests
[INFO] finished tweaking crates.io crate dots-rs-derive 0.1.7
[INFO] tweaked toml for crates.io crate dots-rs-derive 0.1.7 written to /workspace/builds/worker-0-tc1/source/Cargo.toml
[INFO] validating manifest of crates.io crate dots-rs-derive 0.1.7 on toolchain 1.99.0-beta.8
[INFO] running `Command { std: CARGO_HOME="/workspace/cargo-home" RUSTUP_HOME="/workspace/rustup-home" "/workspace/cargo-home/bin/cargo" "+1.99.0-beta.8" "metadata" "--manifest-path" "Cargo.toml" "--no-deps", kill_on_drop: false }`
[INFO] crate crates.io crate dots-rs-derive 0.1.7 already has a lockfile, it will not be regenerated
[INFO] running `Command { std: CARGO_HOME="/workspace/cargo-home" RUSTUP_HOME="/workspace/rustup-home" "/workspace/cargo-home/bin/cargo" "+1.99.0-beta.8" "fetch" "--manifest-path" "Cargo.toml", kill_on_drop: false }`
[INFO] running `Command { std: "docker" "create" "-v" "/var/lib/crater-agent-workspace/builds/worker-0-tc1/source:/opt/rustwide/workdir:ro,Z" "-v" "/var/lib/crater-agent-workspace/builds/worker-0-tc1/target:/opt/rustwide/target:rw,Z" "-v" "/var/lib/crater-agent-workspace/cargo-home:/opt/rustwide/cargo-home:ro,Z" "-v" "/var/lib/crater-agent-workspace/rustup-home:/opt/rustwide/rustup-home:ro,Z" "-m" "1610612736" "--network" "none" "ghcr.io/rust-lang/crates-build-env/linux@sha256:77db811e55d90add9212f6832c23229e3de5f1c1f9905e8cb07319ea15df73ac" "sleep" "infinity", kill_on_drop: false }`
[INFO] [stdout] e7579da01d60ba47e668eeacd20f32efe570101028afcf9f13fc6ad15b91c6b7
[INFO] running `Command { std: "docker" "start" "e7579da01d60ba47e668eeacd20f32efe570101028afcf9f13fc6ad15b91c6b7", kill_on_drop: false }`
[INFO] running `Command { std: "docker" "inspect" "e7579da01d60ba47e668eeacd20f32efe570101028afcf9f13fc6ad15b91c6b7", kill_on_drop: false }`
[INFO] running `Command { std: "docker" "exec" "-e" "SOURCE_DIR=/opt/rustwide/workdir" "-e" "CARGO_HOME=/opt/rustwide/cargo-home" "-e" "RUSTUP_HOME=/opt/rustwide/rustup-home" "-e" "CARGO_TARGET_DIR=/opt/rustwide/target" "-w" "/opt/rustwide/workdir" "--user" "0:0" "e7579da01d60ba47e668eeacd20f32efe570101028afcf9f13fc6ad15b91c6b7" "/opt/rustwide/cargo-home/bin/cargo" "+1.99.0-beta.8" "metadata" "--no-deps" "--format-version=1", kill_on_drop: false }`
[INFO] running `Command { std: "docker" "inspect" "e7579da01d60ba47e668eeacd20f32efe570101028afcf9f13fc6ad15b91c6b7", kill_on_drop: false }`
[INFO] running `Command { std: "docker" "exec" "-e" "SOURCE_DIR=/opt/rustwide/workdir" "-e" "CARGO_HOME=/opt/rustwide/cargo-home" "-e" "RUSTUP_HOME=/opt/rustwide/rustup-home" "-e" "CARGO_TARGET_DIR=/opt/rustwide/target" "-e" "CARGO_INCREMENTAL=0" "-e" "RUST_BACKTRACE=full" "-e" "RUSTFLAGS=--cap-lints=warn" "-e" "RUSTDOCFLAGS=--cap-lints=warn" "-w" "/opt/rustwide/workdir" "--user" "0:0" "e7579da01d60ba47e668eeacd20f32efe570101028afcf9f13fc6ad15b91c6b7" "/opt/rustwide/cargo-home/bin/cargo" "+1.99.0-beta.8" "build" "--frozen" "--message-format=json" "--release", kill_on_drop: false }`
[INFO] [stderr]    Compiling syn v3.0.6
[INFO] [stderr]    Compiling dots-rs-derive v0.1.7 (/opt/rustwide/workdir)
[INFO] [stderr]     Finished `release` profile [optimized] target(s) in 8.48s
[INFO] running `Command { std: "docker" "inspect" "e7579da01d60ba47e668eeacd20f32efe570101028afcf9f13fc6ad15b91c6b7", kill_on_drop: false }`
[INFO] running `Command { std: "docker" "exec" "-e" "SOURCE_DIR=/opt/rustwide/workdir" "-e" "CARGO_HOME=/opt/rustwide/cargo-home" "-e" "RUSTUP_HOME=/opt/rustwide/rustup-home" "-e" "CARGO_TARGET_DIR=/opt/rustwide/target" "-e" "CARGO_INCREMENTAL=0" "-e" "RUST_BACKTRACE=full" "-e" "RUSTFLAGS=--cap-lints=warn" "-e" "RUSTDOCFLAGS=--cap-lints=warn" "-w" "/opt/rustwide/workdir" "--user" "0:0" "e7579da01d60ba47e668eeacd20f32efe570101028afcf9f13fc6ad15b91c6b7" "/opt/rustwide/cargo-home/bin/cargo" "+1.99.0-beta.8" "test" "--frozen" "--no-run" "--message-format=json" "--release", kill_on_drop: false }`
[INFO] [stderr]    Compiling proc-macro2 v1.0.107
[INFO] [stderr]    Compiling unicode-ident v1.0.26
[INFO] [stderr]    Compiling quote v1.0.47
[INFO] [stderr]    Compiling dots-rs-derive v0.1.7 (/opt/rustwide/workdir)
[INFO] [stderr]    Compiling syn v3.0.6
[INFO] [stdout] error[E0432]: unresolved import `dots_rs_core`
[INFO] [stdout]   --> tests/merge.rs:17:5
[INFO] [stdout]    |
[INFO] [stdout] 17 | use dots_rs_core::{
[INFO] [stdout]    |     ^^^^^^^^^^^^ use of unresolved module or unlinked crate `dots_rs_core`
[INFO] [stdout]    |
[INFO] [stdout] help: there is a crate or module with a similar name
[INFO] [stdout]    |
[INFO] [stdout] 17 - use dots_rs_core::{
[INFO] [stdout] 17 + use dots_rs_derive::{
[INFO] [stdout]    |
[INFO] [stdout] 
[INFO] [stdout] 
[INFO] [stdout] error[E0432]: unresolved import `dots_rs_core`
[INFO] [stdout]   --> tests/uuid_field.rs:10:5
[INFO] [stdout]    |
[INFO] [stdout] 10 | use dots_rs_core::{FieldKind, decode_typed_from_slice, encode_to_vec};
[INFO] [stdout]    |     ^^^^^^^^^^^^ use of unresolved module or unlinked crate `dots_rs_core`
[INFO] [stdout]    |
[INFO] [stdout] help: there is a crate or module with a similar name
[INFO] [stdout]    |
[INFO] [stdout] 10 - use dots_rs_core::{FieldKind, decode_typed_from_slice, encode_to_vec};
[INFO] [stdout] 10 + use dots_rs_derive::{FieldKind, decode_typed_from_slice, encode_to_vec};
[INFO] [stdout]    |
[INFO] [stdout] 
[INFO] [stdout] 
[INFO] [stdout] error[E0432]: unresolved import `dots_rs_core`
[INFO] [stdout]   --> tests/nested_struct.rs:11:5
[INFO] [stdout]    |
[INFO] [stdout] 11 | use dots_rs_core::{AnyStruct, FieldKind, StructValue, decode_typed_from_slice, encode_to_vec};
[INFO] [stdout]    |     ^^^^^^^^^^^^ use of unresolved module or unlinked crate `dots_rs_core`
[INFO] [stdout]    |
[INFO] [stdout] help: there is a crate or module with a similar name
[INFO] [stdout]    |
[INFO] [stdout] 11 - use dots_rs_core::{AnyStruct, FieldKind, StructValue, decode_typed_from_slice, encode_to_vec};
[INFO] [stdout] 11 + use dots_rs_derive::{AnyStruct, FieldKind, StructValue, decode_typed_from_slice, encode_to_vec};
[INFO] [stdout]    |
[INFO] [stdout] 
[INFO] [stdout] 
[INFO] [stdout] error[E0432]: unresolved import `dots_rs_core`
[INFO] [stdout]   --> tests/global_registration.rs:23:5
[INFO] [stdout]    |
[INFO] [stdout] 23 | use dots_rs_core::{GlobalRegistration, PUBLISHED_TYPES, SUBSCRIBED_TYPES};
[INFO] [stdout]    |     ^^^^^^^^^^^^ use of unresolved module or unlinked crate `dots_rs_core`
[INFO] [stdout]    |
[INFO] [stdout] help: there is a crate or module with a similar name
[INFO] [stdout]    |
[INFO] [stdout] 23 - use dots_rs_core::{GlobalRegistration, PUBLISHED_TYPES, SUBSCRIBED_TYPES};
[INFO] [stdout] 23 + use dots_rs_derive::{GlobalRegistration, PUBLISHED_TYPES, SUBSCRIBED_TYPES};
[INFO] [stdout]    |
[INFO] [stdout] 
[INFO] [stdout] 
[INFO] [stdout] error[E0432]: unresolved import `dots_rs_core`
[INFO] [stdout]   --> tests/bare_key.rs:15:5
[INFO] [stdout]    |
[INFO] [stdout] 15 | use dots_rs_core::{AnyStruct, PropertySet, StructValue, dots, encode_to_vec, minicbor};
[INFO] [stdout]    |     ^^^^^^^^^^^^ use of unresolved module or unlinked crate `dots_rs_core`
[INFO] [stdout]    |
[INFO] [stdout] help: there is a crate or module with a similar name
[INFO] [stdout]    |
[INFO] [stdout] 15 - use dots_rs_core::{AnyStruct, PropertySet, StructValue, dots, encode_to_vec, minicbor};
[INFO] [stdout] 15 + use dots_rs_derive::{AnyStruct, PropertySet, StructValue, dots, encode_to_vec, minicbor};
[INFO] [stdout]    |
[INFO] [stdout] 
[INFO] [stdout] 
[INFO] [stdout] error[E0432]: unresolved import `dots_rs_core`
[INFO] [stdout]   --> tests/any_field.rs:12:5
[INFO] [stdout]    |
[INFO] [stdout] 12 | use dots_rs_core::{FieldKind, decode_typed_from_slice, encode_to_vec, to_any};
[INFO] [stdout]    |     ^^^^^^^^^^^^ use of unresolved module or unlinked crate `dots_rs_core`
[INFO] [stdout]    |
[INFO] [stdout] help: there is a crate or module with a similar name
[INFO] [stdout]    |
[INFO] [stdout] 12 - use dots_rs_core::{FieldKind, decode_typed_from_slice, encode_to_vec, to_any};
[INFO] [stdout] 12 + use dots_rs_derive::{FieldKind, decode_typed_from_slice, encode_to_vec, to_any};
[INFO] [stdout]    |
[INFO] [stdout] 
[INFO] [stdout] 
[INFO] [stdout] error[E0432]: unresolved import `dots_rs_core`
[INFO] [stdout]   --> tests/any_field.rs:15:9
[INFO] [stdout]    |
[INFO] [stdout] 15 |     use dots_rs_core::AnyObject;
[INFO] [stdout]    |         ^^^^^^^^^^^^ use of unresolved module or unlinked crate `dots_rs_core`
[INFO] [stdout]    |
[INFO] [stdout] help: there is a crate or module with a similar name
[INFO] [stdout]    |
[INFO] [stdout] 15 -     use dots_rs_core::AnyObject;
[INFO] [stdout] 15 +     use dots_rs_derive::AnyObject;
[INFO] [stdout]    |
[INFO] [stdout] 
[INFO] [stdout] 
[INFO] [stdout] error[E0432]: unresolved import `dots_rs_core`
[INFO] [stdout]   --> tests/any_field.rs:99:9
[INFO] [stdout]    |
[INFO] [stdout] 99 |     use dots_rs_core::AnyObject;
[INFO] [stdout]    |         ^^^^^^^^^^^^ use of unresolved module or unlinked crate `dots_rs_core`
[INFO] [stdout]    |
[INFO] [stdout] help: there is a crate or module with a similar name
[INFO] [stdout]    |
[INFO] [stdout] 99 -     use dots_rs_core::AnyObject;
[INFO] [stdout] 99 +     use dots_rs_derive::AnyObject;
[INFO] [stdout]    |
[INFO] [stdout] 
[INFO] [stdout] 
[INFO] [stdout] error[E0432]: unresolved import `dots_rs_core`
[INFO] [stdout]   --> tests/wire_only_descriptors.rs:11:5
[INFO] [stdout]    |
[INFO] [stdout] 11 | use dots_rs_core::{DynamicStruct, DynamicStructDescriptor, DynamicValue, encode_to_vec};
[INFO] [stdout]    |     ^^^^^^^^^^^^ use of unresolved module or unlinked crate `dots_rs_core`
[INFO] [stdout]    |
[INFO] [stdout] help: there is a crate or module with a similar name
[INFO] [stdout]    |
[INFO] [stdout] 11 - use dots_rs_core::{DynamicStruct, DynamicStructDescriptor, DynamicValue, encode_to_vec};
[INFO] [stdout] 11 + use dots_rs_derive::{DynamicStruct, DynamicStructDescriptor, DynamicValue, encode_to_vec};
[INFO] [stdout]    |
[INFO] [stdout] 
[INFO] [stdout] 
[INFO] [stdout] error[E0432]: unresolved import `dots_rs_core`
[INFO] [stdout]   --> tests/value_ops.rs:14:5
[INFO] [stdout]    |
[INFO] [stdout] 14 | use dots_rs_core::{
[INFO] [stdout]    |     ^^^^^^^^^^^^ use of unresolved module or unlinked crate `dots_rs_core`
[INFO] [stdout]    |
[INFO] [stdout] help: there is a crate or module with a similar name
[INFO] [stdout]    |
[INFO] [stdout] 14 - use dots_rs_core::{
[INFO] [stdout] 14 + use dots_rs_derive::{
[INFO] [stdout]    |
[INFO] [stdout] 
[INFO] [stdout] 
[INFO] [stdout] error[E0433]: cannot find `dots_rs` in the list of imported crates
[INFO] [stdout]   --> tests/uuid_field.rs:15:14
[INFO] [stdout]    |
[INFO] [stdout] 15 |     #[derive(DotsStruct, Default, Debug, PartialEq, Clone)]
[INFO] [stdout]    |              ^^^^^^^^^^ could not find `dots_rs` in the list of imported crates
[INFO] [stdout]    |
[INFO] [stdout]    = note: this error originates in the derive macro `DotsStruct` (in Nightly builds, run with -Z macro-backtrace for more info)
[INFO] [stdout] 
[INFO] [stdout] 
[INFO] [stdout] error[E0433]: cannot find `dots_rs` in the list of imported crates
[INFO] [stdout]   --> tests/global_registration.rs:28:14
[INFO] [stdout]    |
[INFO] [stdout] 28 |     #[derive(DotsStruct, Default, Debug, PartialEq, Clone)]
[INFO] [stdout]    |              ^^^^^^^^^^ could not find `dots_rs` in the list of imported crates
[INFO] [stdout]    |
[INFO] [stdout]    = note: this error originates in the derive macro `DotsStruct` (in Nightly builds, run with -Z macro-backtrace for more info)
[INFO] [stdout] 
[INFO] [stdout] 
[INFO] [stdout] error[E0433]: cannot find `dots_rs` in the list of imported crates
[INFO] [stdout]   --> tests/merge.rs:25:14
[INFO] [stdout]    |
[INFO] [stdout] 25 |     #[derive(DotsStruct, Default, Debug, PartialEq, Clone)]
[INFO] [stdout]    |              ^^^^^^^^^^ could not find `dots_rs` in the list of imported crates
[INFO] [stdout]    |
[INFO] [stdout]    = note: this error originates in the derive macro `DotsStruct` (in Nightly builds, run with -Z macro-backtrace for more info)
[INFO] [stdout] 
[INFO] [stdout] 
[INFO] [stdout] error[E0433]: cannot find `dots_rs` in the list of imported crates
[INFO] [stdout]   --> tests/any_field.rs:18:14
[INFO] [stdout]    |
[INFO] [stdout] 18 |     #[derive(DotsStruct, Default, Debug, PartialEq, Clone)]
[INFO] [stdout]    |              ^^^^^^^^^^ could not find `dots_rs` in the list of imported crates
[INFO] [stdout]    |
[INFO] [stdout]    = note: this error originates in the derive macro `DotsStruct` (in Nightly builds, run with -Z macro-backtrace for more info)
[INFO] [stdout] 
[INFO] [stdout] 
[INFO] [stdout] error[E0433]: cannot find `dots_rs` in the list of imported crates
[INFO] [stdout]   --> tests/nested_struct.rs:16:14
[INFO] [stdout]    |
[INFO] [stdout] 16 |     #[derive(DotsStruct, Default, Debug, PartialEq, Clone)]
[INFO] [stdout]    |              ^^^^^^^^^^ could not find `dots_rs` in the list of imported crates
[INFO] [stdout]    |
[INFO] [stdout]    = note: this error originates in the derive macro `DotsStruct` (in Nightly builds, run with -Z macro-backtrace for more info)
[INFO] [stdout] 
[INFO] [stdout] 
[INFO] [stdout] error[E0433]: cannot find `dots_rs` in the list of imported crates
[INFO] [stdout]   --> tests/bare_key.rs:23:14
[INFO] [stdout]    |
[INFO] [stdout] 23 |     #[derive(DotsStruct, Default, Clone, Debug, PartialEq)]
[INFO] [stdout]    |              ^^^^^^^^^^ could not find `dots_rs` in the list of imported crates
[INFO] [stdout]    |
[INFO] [stdout]    = note: this error originates in the derive macro `DotsStruct` (in Nightly builds, run with -Z macro-backtrace for more info)
[INFO] [stdout] 
[INFO] [stdout] 
[INFO] [stdout] error[E0432]: unresolved import `dots_rs_core`
[INFO] [stdout]  --> tests/codec_roundtrip.rs:8:5
[INFO] [stdout]   |
[INFO] [stdout] 8 | use dots_rs_core::dots;
[INFO] [stdout]   |     ^^^^^^^^^^^^ use of unresolved module or unlinked crate `dots_rs_core`
[INFO] [stdout]   |
[INFO] [stdout] help: there is a crate or module with a similar name
[INFO] [stdout]   |
[INFO] [stdout] 8 - use dots_rs_core::dots;
[INFO] [stdout] 8 + use dots_rs_derive::dots;
[INFO] [stdout]   |
[INFO] [stdout] 
[INFO] [stdout] 
[INFO] [stdout] error[E0432]: unresolved import `dots_rs_core`
[INFO] [stdout]  --> tests/codec_roundtrip.rs:9:5
[INFO] [stdout]   |
[INFO] [stdout] 9 | use dots_rs_core::{AnyStruct, StructValue, decode_typed_from_slice, encode_to_vec};
[INFO] [stdout]   |     ^^^^^^^^^^^^ use of unresolved module or unlinked crate `dots_rs_core`
[INFO] [stdout]   |
[INFO] [stdout] help: there is a crate or module with a similar name
[INFO] [stdout]   |
[INFO] [stdout] 9 - use dots_rs_core::{AnyStruct, StructValue, decode_typed_from_slice, encode_to_vec};
[INFO] [stdout] 9 + use dots_rs_derive::{AnyStruct, StructValue, decode_typed_from_slice, encode_to_vec};
[INFO] [stdout]   |
[INFO] [stdout] 
[INFO] [stdout] 
[INFO] [stdout] error[E0433]: cannot find `dots_rs` in the list of imported crates
[INFO] [stdout]   --> tests/wire_only_descriptors.rs:16:14
[INFO] [stdout]    |
[INFO] [stdout] 16 |     #[derive(DotsStruct, Default, Debug, PartialEq, Clone)]
[INFO] [stdout]    |              ^^^^^^^^^^ could not find `dots_rs` in the list of imported crates
[INFO] [stdout]    |
[INFO] [stdout]    = note: this error originates in the derive macro `DotsStruct` (in Nightly builds, run with -Z macro-backtrace for more info)
[INFO] [stdout] 
[INFO] [stdout] 
[INFO] [stdout] error[E0433]: cannot find `dots_rs` in the list of imported crates
[INFO] [stdout]   --> tests/value_ops.rs:21:14
[INFO] [stdout]    |
[INFO] [stdout] 21 |     #[derive(DotsEnum, Clone, Copy, Debug, PartialEq)]
[INFO] [stdout]    |              ^^^^^^^^ could not find `dots_rs` in the list of imported crates
[INFO] [stdout]    |
[INFO] [stdout]    = note: this error originates in the derive macro `DotsEnum` (in Nightly builds, run with -Z macro-backtrace for more info)
[INFO] [stdout] 
[INFO] [stdout] 
[INFO] [stdout] error[E0433]: cannot find `dots_rs` in the list of imported crates
[INFO] [stdout]   --> tests/static_descriptor.rs:28:14
[INFO] [stdout]    |
[INFO] [stdout] 28 |     #[derive(DotsStruct, Default, Debug, PartialEq, Clone)]
[INFO] [stdout]    |              ^^^^^^^^^^ could not find `dots_rs` in the list of imported crates
[INFO] [stdout]    |
[INFO] [stdout]    = note: this error originates in the derive macro `DotsStruct` (in Nightly builds, run with -Z macro-backtrace for more info)
[INFO] [stdout] 
[INFO] [stdout] 
[INFO] [stdout] error[E0433]: cannot find module or crate `dots_rs_core` in this scope
[INFO] [stdout]    --> tests/enum_fields.rs:243:9
[INFO] [stdout]     |
[INFO] [stdout] 243 |     use dots_rs_core::minicbor::Encoder;
[INFO] [stdout]     |         ^^^^^^^^^^^^ use of unresolved module or unlinked crate `dots_rs_core`
[INFO] [stdout]     |
[INFO] [stdout] help: there is a crate or module with a similar name
[INFO] [stdout]     |
[INFO] [stdout] 243 -     use dots_rs_core::minicbor::Encoder;
[INFO] [stdout] 243 +     use dots_rs_derive::minicbor::Encoder;
[INFO] [stdout]     |
[INFO] [stdout] 
[INFO] [stdout] 
[INFO] [stdout] error[E0432]: unresolved import `dots_rs_core`
[INFO] [stdout]   --> tests/enum_fields.rs:19:5
[INFO] [stdout]    |
[INFO] [stdout] 19 | use dots_rs_core::{
[INFO] [stdout]    |     ^^^^^^^^^^^^ use of unresolved module or unlinked crate `dots_rs_core`
[INFO] [stdout]    |
[INFO] [stdout] help: there is a crate or module with a similar name
[INFO] [stdout]    |
[INFO] [stdout] 19 - use dots_rs_core::{
[INFO] [stdout] 19 + use dots_rs_derive::{
[INFO] [stdout]    |
[INFO] [stdout] 
[INFO] [stdout] 
[INFO] [stdout] error[E0432]: unresolved import `dots_rs_core`
[INFO] [stdout]   --> tests/vec_fields.rs:13:5
[INFO] [stdout]    |
[INFO] [stdout] 13 | use dots_rs_core::{AnyStruct, FieldKind, decode_typed_from_slice, encode_to_vec};
[INFO] [stdout]    |     ^^^^^^^^^^^^ use of unresolved module or unlinked crate `dots_rs_core`
[INFO] [stdout]    |
[INFO] [stdout] help: there is a crate or module with a similar name
[INFO] [stdout]    |
[INFO] [stdout] 13 - use dots_rs_core::{AnyStruct, FieldKind, decode_typed_from_slice, encode_to_vec};
[INFO] [stdout] 13 + use dots_rs_derive::{AnyStruct, FieldKind, decode_typed_from_slice, encode_to_vec};
[INFO] [stdout]    |
[INFO] [stdout] 
[INFO] [stdout] 
[INFO] [stdout] error[E0433]: cannot find `dots_rs` in the list of imported crates
[INFO] [stdout]   --> tests/new_constructor.rs:12:14
[INFO] [stdout]    |
[INFO] [stdout] 12 |     #[derive(DotsStruct, Default, Debug, PartialEq, Clone)]
[INFO] [stdout]    |              ^^^^^^^^^^ could not find `dots_rs` in the list of imported crates
[INFO] [stdout]    |
[INFO] [stdout]    = note: this error originates in the derive macro `DotsStruct` (in Nightly builds, run with -Z macro-backtrace for more info)
[INFO] [stdout] 
[INFO] [stdout] 
[INFO] [stdout] error[E0433]: cannot find `dots_rs` in the list of imported crates
[INFO] [stdout]   --> tests/codec_roundtrip.rs:14:14
[INFO] [stdout]    |
[INFO] [stdout] 14 |     #[derive(DotsStruct, Default, Debug, PartialEq, Clone)]
[INFO] [stdout]    |              ^^^^^^^^^^ could not find `dots_rs` in the list of imported crates
[INFO] [stdout]    |
[INFO] [stdout]    = note: this error originates in the derive macro `DotsStruct` (in Nightly builds, run with -Z macro-backtrace for more info)
[INFO] [stdout] 
[INFO] [stdout] 
[INFO] [stdout] error[E0432]: unresolved import `dots_rs_core`
[INFO] [stdout]  --> tests/instance_ref.rs:6:5
[INFO] [stdout]   |
[INFO] [stdout] 6 | use dots_rs_core::{
[INFO] [stdout]   |     ^^^^^^^^^^^^ use of unresolved module or unlinked crate `dots_rs_core`
[INFO] [stdout]   |
[INFO] [stdout] help: there is a crate or module with a similar name
[INFO] [stdout]   |
[INFO] [stdout] 6 - use dots_rs_core::{
[INFO] [stdout] 6 + use dots_rs_derive::{
[INFO] [stdout]   |
[INFO] [stdout] 
[INFO] [stdout] 
[INFO] [stdout] error[E0433]: cannot find `dots_rs` in the list of imported crates
[INFO] [stdout]   --> tests/enum_fields.rs:26:14
[INFO] [stdout]    |
[INFO] [stdout] 26 |     #[derive(DotsEnum, Default, Debug, Clone, Copy, PartialEq, Eq)]
[INFO] [stdout]    |              ^^^^^^^^ could not find `dots_rs` in the list of imported crates
[INFO] [stdout]    |
[INFO] [stdout]    = note: this error originates in the derive macro `DotsEnum` (in Nightly builds, run with -Z macro-backtrace for more info)
[INFO] [stdout] 
[INFO] [stdout] 
[INFO] [stdout] error[E0432]: unresolved import `dots_rs_core`
[INFO] [stdout]   --> tests/golden_wire_bytes.rs:19:5
[INFO] [stdout]    |
[INFO] [stdout] 19 | use dots_rs_core::{
[INFO] [stdout]    |     ^^^^^^^^^^^^ use of unresolved module or unlinked crate `dots_rs_core`
[INFO] [stdout]    |
[INFO] [stdout] help: there is a crate or module with a similar name
[INFO] [stdout]    |
[INFO] [stdout] 19 - use dots_rs_core::{
[INFO] [stdout] 19 + use dots_rs_derive::{
[INFO] [stdout]    |
[INFO] [stdout] 
[INFO] [stdout] 
[INFO] [stdout] error[E0433]: cannot find module or crate `dots_rs_core` in this scope
[INFO] [stdout]    --> tests/golden_wire_bytes.rs:464:9
[INFO] [stdout]     |
[INFO] [stdout] 464 |     use dots_rs_core::minicbor::Encoder;
[INFO] [stdout]     |         ^^^^^^^^^^^^ use of unresolved module or unlinked crate `dots_rs_core`
[INFO] [stdout]     |
[INFO] [stdout] help: there is a crate or module with a similar name
[INFO] [stdout]     |
[INFO] [stdout] 464 -     use dots_rs_core::minicbor::Encoder;
[INFO] [stdout] 464 +     use dots_rs_derive::minicbor::Encoder;
[INFO] [stdout]     |
[INFO] [stdout] 
[INFO] [stdout] 
[INFO] [stdout] error[E0432]: unresolved import `dots_rs_core`
[INFO] [stdout]   --> tests/golden_wire_bytes.rs:25:9
[INFO] [stdout]    |
[INFO] [stdout] 25 |     use dots_rs_core::{Duration, PropertySet, Timepoint};
[INFO] [stdout]    |         ^^^^^^^^^^^^ use of unresolved module or unlinked crate `dots_rs_core`
[INFO] [stdout]    |
[INFO] [stdout] help: there is a crate or module with a similar name
[INFO] [stdout]    |
[INFO] [stdout] 25 -     use dots_rs_core::{Duration, PropertySet, Timepoint};
[INFO] [stdout] 25 +     use dots_rs_derive::{Duration, PropertySet, Timepoint};
[INFO] [stdout]    |
[INFO] [stdout] 
[INFO] [stdout] 
[INFO] [stdout] error[E0433]: cannot find `dots_rs` in the list of imported crates
[INFO] [stdout]   --> tests/vec_fields.rs:18:14
[INFO] [stdout]    |
[INFO] [stdout] 18 |     #[derive(DotsStruct, Default, Debug, PartialEq, Clone)]
[INFO] [stdout]    |              ^^^^^^^^^^ could not find `dots_rs` in the list of imported crates
[INFO] [stdout]    |
[INFO] [stdout]    = note: this error originates in the derive macro `DotsStruct` (in Nightly builds, run with -Z macro-backtrace for more info)
[INFO] [stdout] 
[INFO] [stdout] 
[INFO] [stdout] error[E0433]: cannot find `dots_rs` in the list of imported crates
[INFO] [stdout]   --> tests/golden_wire_bytes.rs:31:14
[INFO] [stdout]    |
[INFO] [stdout] 31 |     #[derive(DotsEnum, Default, Debug, Clone, Copy, PartialEq, Eq)]
[INFO] [stdout]    |              ^^^^^^^^ could not find `dots_rs` in the list of imported crates
[INFO] [stdout]    |
[INFO] [stdout]    = note: this error originates in the derive macro `DotsEnum` (in Nightly builds, run with -Z macro-backtrace for more info)
[INFO] [stdout] 
[INFO] [stdout] 
[INFO] [stdout] error[E0433]: cannot find `dots_rs` in the list of imported crates
[INFO] [stdout]   --> tests/instance_ref.rs:15:14
[INFO] [stdout]    |
[INFO] [stdout] 15 |     #[derive(DotsStruct, Default, Debug, PartialEq, Clone)]
[INFO] [stdout]    |              ^^^^^^^^^^ could not find `dots_rs` in the list of imported crates
[INFO] [stdout]    |
[INFO] [stdout]    = note: this error originates in the derive macro `DotsStruct` (in Nightly builds, run with -Z macro-backtrace for more info)
[INFO] [stdout] 
[INFO] [stdout] 
[INFO] [stdout] error[E0433]: cannot find `dots_rs` in the list of imported crates
[INFO] [stdout]   --> tests/value_ops.rs:34:14
[INFO] [stdout]    |
[INFO] [stdout] 34 |     #[derive(DotsStruct, Default, Debug, PartialEq, Clone)]
[INFO] [stdout]    |              ^^^^^^^^^^ could not find `dots_rs` in the list of imported crates
[INFO] [stdout]    |
[INFO] [stdout]    = note: this error originates in the derive macro `DotsStruct` (in Nightly builds, run with -Z macro-backtrace for more info)
[INFO] [stdout] 
[INFO] [stdout] 
[INFO] [stdout] error[E0433]: cannot find `dots_rs` in the list of imported crates
[INFO] [stdout]   --> tests/enum_fields.rs:38:14
[INFO] [stdout]    |
[INFO] [stdout] 38 |     #[derive(DotsEnum, Default, Debug, Clone, Copy, PartialEq, Eq)]
[INFO] [stdout]    |              ^^^^^^^^ could not find `dots_rs` in the list of imported crates
[INFO] [stdout]    |
[INFO] [stdout]    = note: this error originates in the derive macro `DotsEnum` (in Nightly builds, run with -Z macro-backtrace for more info)
[INFO] [stdout] 
[INFO] [stdout] 
[INFO] [stdout] error[E0433]: cannot find `dots_rs` in the list of imported crates
[INFO] [stdout]   --> tests/golden_wire_bytes.rs:53:14
[INFO] [stdout]    |
[INFO] [stdout] 53 |     #[derive(DotsStruct, Default, Debug, PartialEq, Clone)]
[INFO] [stdout]    |              ^^^^^^^^^^ could not find `dots_rs` in the list of imported crates
[INFO] [stdout]    |
[INFO] [stdout]    = note: this error originates in the derive macro `DotsStruct` (in Nightly builds, run with -Z macro-backtrace for more info)
[INFO] [stdout] 
[INFO] [stdout] 
[INFO] [stdout] error[E0433]: cannot find `dots_rs` in the list of imported crates
[INFO] [stdout]   --> tests/enum_fields.rs:50:14
[INFO] [stdout]    |
[INFO] [stdout] 50 |     #[derive(DotsStruct, Default, Debug, PartialEq, Clone)]
[INFO] [stdout]    |              ^^^^^^^^^^ could not find `dots_rs` in the list of imported crates
[INFO] [stdout]    |
[INFO] [stdout]    = note: this error originates in the derive macro `DotsStruct` (in Nightly builds, run with -Z macro-backtrace for more info)
[INFO] [stdout] 
[INFO] [stdout] 
[INFO] [stdout] error[E0433]: cannot find `dots_rs` in the list of imported crates
[INFO] [stdout]   --> tests/global_registration.rs:35:14
[INFO] [stdout]    |
[INFO] [stdout] 35 |     #[derive(DotsStruct, Default, Debug, PartialEq, Clone)]
[INFO] [stdout]    |              ^^^^^^^^^^ could not find `dots_rs` in the list of imported crates
[INFO] [stdout]    |
[INFO] [stdout]    = note: this error originates in the derive macro `DotsStruct` (in Nightly builds, run with -Z macro-backtrace for more info)
[INFO] [stdout] 
[INFO] [stdout] 
[INFO] [stdout] error[E0433]: cannot find `dots_rs` in the list of imported crates
[INFO] [stdout]   --> tests/new_constructor.rs:21:14
[INFO] [stdout]    |
[INFO] [stdout] 21 |     #[derive(DotsStruct, Default, Debug, PartialEq, Clone)]
[INFO] [stdout]    |              ^^^^^^^^^^ could not find `dots_rs` in the list of imported crates
[INFO] [stdout]    |
[INFO] [stdout]    = note: this error originates in the derive macro `DotsStruct` (in Nightly builds, run with -Z macro-backtrace for more info)
[INFO] [stdout] 
[INFO] [stdout] 
[INFO] [stdout] error[E0433]: cannot find `dots_rs` in the list of imported crates
[INFO] [stdout]   --> tests/instance_ref.rs:25:14
[INFO] [stdout]    |
[INFO] [stdout] 25 |     #[derive(DotsStruct, Default, Debug, PartialEq, Clone)]
[INFO] [stdout]    |              ^^^^^^^^^^ could not find `dots_rs` in the list of imported crates
[INFO] [stdout]    |
[INFO] [stdout]    = note: this error originates in the derive macro `DotsStruct` (in Nightly builds, run with -Z macro-backtrace for more info)
[INFO] [stdout] 
[INFO] [stdout] 
[INFO] [stdout] Some errors have detailed explanations: E0432, E0433.
[INFO] [stdout] 
[INFO] [stdout] For more information about an error, try `rustc --explain E0432`.
[INFO] [stdout] 
[INFO] [stderr] error: could not compile `dots-rs-derive` (test "uuid_field") due to 2 previous errors
[INFO] [stderr] warning: build failed, waiting for other jobs to finish...
[INFO] [stdout] error[E0433]: cannot find `dots_rs` in the list of imported crates
[INFO] [stdout]   --> tests/wire_only_descriptors.rs:25:14
[INFO] [stdout]    |
[INFO] [stdout] 25 |     #[derive(DotsStruct, Default, Debug, PartialEq, Clone)]
[INFO] [stdout]    |              ^^^^^^^^^^ could not find `dots_rs` in the list of imported crates
[INFO] [stdout]    |
[INFO] [stdout]    = note: this error originates in the derive macro `DotsStruct` (in Nightly builds, run with -Z macro-backtrace for more info)
[INFO] [stdout] 
[INFO] [stdout] 
[INFO] [stdout] error[E0433]: cannot find `dots_rs` in the list of imported crates
[INFO] [stdout]    --> tests/bare_key.rs:118:14
[INFO] [stdout]     |
[INFO] [stdout] 118 |     #[derive(DotsStruct, Default, Clone, Debug, PartialEq)]
[INFO] [stdout]     |              ^^^^^^^^^^ could not find `dots_rs` in the list of imported crates
[INFO] [stdout]     |
[INFO] [stdout]     = note: this error originates in the derive macro `DotsStruct` (in Nightly builds, run with -Z macro-backtrace for more info)
[INFO] [stdout] 
[INFO] [stdout] 
[INFO] [stdout] error[E0433]: cannot find `dots_rs` in the list of imported crates
[INFO] [stdout]   --> tests/any_field.rs:27:14
[INFO] [stdout]    |
[INFO] [stdout] 27 |     #[derive(DotsStruct, Default, Debug, PartialEq, Clone)]
[INFO] [stdout]    |              ^^^^^^^^^^ could not find `dots_rs` in the list of imported crates
[INFO] [stdout]    |
[INFO] [stdout]    = note: this error originates in the derive macro `DotsStruct` (in Nightly builds, run with -Z macro-backtrace for more info)
[INFO] [stdout] 
[INFO] [stdout] 
[INFO] [stdout] error[E0433]: cannot find `dots_rs` in the list of imported crates
[INFO] [stdout]   --> tests/nested_struct.rs:25:14
[INFO] [stdout]    |
[INFO] [stdout] 25 |     #[derive(DotsStruct, Default, Debug, PartialEq, Clone)]
[INFO] [stdout]    |              ^^^^^^^^^^ could not find `dots_rs` in the list of imported crates
[INFO] [stdout]    |
[INFO] [stdout]    = note: this error originates in the derive macro `DotsStruct` (in Nightly builds, run with -Z macro-backtrace for more info)
[INFO] [stdout] 
[INFO] [stdout] 
[INFO] [stdout] error[E0433]: cannot find `dots_rs` in the list of imported crates
[INFO] [stdout]   --> tests/value_ops.rs:43:14
[INFO] [stdout]    |
[INFO] [stdout] 43 |     #[derive(DotsStruct, Default, Debug, PartialEq, Clone)]
[INFO] [stdout]    |              ^^^^^^^^^^ could not find `dots_rs` in the list of imported crates
[INFO] [stdout]    |
[INFO] [stdout]    = note: this error originates in the derive macro `DotsStruct` (in Nightly builds, run with -Z macro-backtrace for more info)
[INFO] [stdout] 
[INFO] [stdout] 
[INFO] [stdout] error[E0433]: cannot find `dots_rs` in the list of imported crates
[INFO] [stdout]   --> tests/vec_fields.rs:27:14
[INFO] [stdout]    |
[INFO] [stdout] 27 |     #[derive(DotsStruct, Default, Debug, PartialEq, Clone)]
[INFO] [stdout]    |              ^^^^^^^^^^ could not find `dots_rs` in the list of imported crates
[INFO] [stdout]    |
[INFO] [stdout]    = note: this error originates in the derive macro `DotsStruct` (in Nightly builds, run with -Z macro-backtrace for more info)
[INFO] [stdout] 
[INFO] [stdout] 
[INFO] [stdout] error[E0433]: cannot find `dots_rs` in the list of imported crates
[INFO] [stdout]   --> tests/static_descriptor.rs:44:14
[INFO] [stdout]    |
[INFO] [stdout] 44 |     #[derive(DotsStruct, Default, Debug, PartialEq, Clone)]
[INFO] [stdout]    |              ^^^^^^^^^^ could not find `dots_rs` in the list of imported crates
[INFO] [stdout]    |
[INFO] [stdout]    = note: this error originates in the derive macro `DotsStruct` (in Nightly builds, run with -Z macro-backtrace for more info)
[INFO] [stdout] 
[INFO] [stdout] 
[INFO] [stdout] Some errors have detailed explanations: E0432, E0433.
[INFO] [stdout] 
[INFO] [stdout] For more information about an error, try `rustc --explain E0432`.
[INFO] [stdout] 
[INFO] [stderr] error: could not compile `dots-rs-derive` (test "global_registration") due to 3 previous errors
[INFO] [stdout] warning: unused import: `generated_like::*`
[INFO] [stdout]    --> tests/bare_key.rs:130:9
[INFO] [stdout]     |
[INFO] [stdout] 130 |     use generated_like::*; // module glob brings `SubKey` and its companion into scope
[INFO] [stdout]     |         ^^^^^^^^^^^^^^^^^
[INFO] [stdout]     |
[INFO] [stdout]     = note: `#[warn(unused_imports)]` (part of `#[warn(unused)]`) on by default
[INFO] [stdout] 
[INFO] [stdout] 
[INFO] [stdout] Some errors have detailed explanations: E0432, E0433.
[INFO] [stdout] 
[INFO] [stdout] For more information about an error, try `rustc --explain E0432`.
[INFO] [stdout] 
[INFO] [stderr] error: could not compile `dots-rs-derive` (test "bare_key") due to 3 previous errors; 1 warning emitted
[INFO] [stdout] Some errors have detailed explanations: E0432, E0433.
[INFO] [stdout] 
[INFO] [stdout] For more information about an error, try `rustc --explain E0432`.
[INFO] [stdout] 
[INFO] [stderr] error: could not compile `dots-rs-derive` (test "merge") due to 2 previous errors
[INFO] [stdout] error[E0433]: cannot find `dots_rs` in the list of imported crates
[INFO] [stdout]   --> tests/any_field.rs:36:14
[INFO] [stdout]    |
[INFO] [stdout] 36 |     #[derive(DotsStruct, Default, Debug, PartialEq, Clone)]
[INFO] [stdout]    |              ^^^^^^^^^^ could not find `dots_rs` in the list of imported crates
[INFO] [stdout]    |
[INFO] [stdout]    = note: this error originates in the derive macro `DotsStruct` (in Nightly builds, run with -Z macro-backtrace for more info)
[INFO] [stdout] 
[INFO] [stdout] 
[INFO] [stdout] error[E0433]: cannot find `dots_rs` in the list of imported crates
[INFO] [stdout]   --> tests/golden_wire_bytes.rs:75:14
[INFO] [stdout]    |
[INFO] [stdout] 75 |     #[derive(DotsStruct, Default, Debug, PartialEq, Clone)]
[INFO] [stdout]    |              ^^^^^^^^^^ could not find `dots_rs` in the list of imported crates
[INFO] [stdout]    |
[INFO] [stdout]    = note: this error originates in the derive macro `DotsStruct` (in Nightly builds, run with -Z macro-backtrace for more info)
[INFO] [stdout] 
[INFO] [stdout] 
[INFO] [stdout] error[E0433]: cannot find module or crate `dots_rs_core` in this scope
[INFO] [stdout]   --> tests/codec_roundtrip.rs:81:17
[INFO] [stdout]    |
[INFO] [stdout] 81 |     let mut e = dots_rs_core::minicbor::Encoder::new(&mut buf);
[INFO] [stdout]    |                 ^^^^^^^^^^^^ use of unresolved module or unlinked crate `dots_rs_core`
[INFO] [stdout]    |
[INFO] [stdout] help: there is a crate or module with a similar name
[INFO] [stdout]    |
[INFO] [stdout] 81 -     let mut e = dots_rs_core::minicbor::Encoder::new(&mut buf);
[INFO] [stdout] 81 +     let mut e = dots_rs_derive::minicbor::Encoder::new(&mut buf);
[INFO] [stdout]    |
[INFO] [stdout] 
[INFO] [stdout] 
[INFO] [stdout] error[E0433]: cannot find module or crate `dots_rs_core` in this scope
[INFO] [stdout]    --> tests/codec_roundtrip.rs:104:17
[INFO] [stdout]     |
[INFO] [stdout] 104 |     let mut e = dots_rs_core::minicbor::Encoder::new(&mut buf);
[INFO] [stdout]     |                 ^^^^^^^^^^^^ use of unresolved module or unlinked crate `dots_rs_core`
[INFO] [stdout]     |
[INFO] [stdout] help: there is a crate or module with a similar name
[INFO] [stdout]     |
[INFO] [stdout] 104 -     let mut e = dots_rs_core::minicbor::Encoder::new(&mut buf);
[INFO] [stdout] 104 +     let mut e = dots_rs_derive::minicbor::Encoder::new(&mut buf);
[INFO] [stdout]     |
[INFO] [stdout] 
[INFO] [stdout] 
[INFO] [stdout] Some errors have detailed explanations: E0432, E0433.
[INFO] [stdout] 
[INFO] [stdout] For more information about an error, try `rustc --explain E0432`.
[INFO] [stdout] 
[INFO] [stderr] error: could not compile `dots-rs-derive` (test "enum_fields") due to 5 previous errors
[INFO] [stdout] error[E0433]: cannot find `dots_rs` in the list of imported crates
[INFO] [stdout]    --> tests/codec_roundtrip.rs:203:14
[INFO] [stdout]     |
[INFO] [stdout] 203 |     #[derive(DotsStruct, Default, Debug, PartialEq, Clone)]
[INFO] [stdout]     |              ^^^^^^^^^^ could not find `dots_rs` in the list of imported crates
[INFO] [stdout]     |
[INFO] [stdout]     = note: this error originates in the derive macro `DotsStruct` (in Nightly builds, run with -Z macro-backtrace for more info)
[INFO] [stdout] 
[INFO] [stdout] 
[INFO] [stdout] error[E0433]: cannot find `dots_rs` in the list of imported crates
[INFO] [stdout]   --> tests/static_descriptor.rs:51:14
[INFO] [stdout]    |
[INFO] [stdout] 51 |     #[derive(DotsStruct, Default, Debug, PartialEq, Clone)]
[INFO] [stdout]    |              ^^^^^^^^^^ could not find `dots_rs` in the list of imported crates
[INFO] [stdout]    |
[INFO] [stdout]    = note: this error originates in the derive macro `DotsStruct` (in Nightly builds, run with -Z macro-backtrace for more info)
[INFO] [stdout] 
[INFO] [stdout] 
[INFO] [stdout] error[E0433]: cannot find `dots_rs` in the list of imported crates
[INFO] [stdout]   --> tests/instance_ref.rs:39:14
[INFO] [stdout]    |
[INFO] [stdout] 39 |     #[derive(DotsStruct, Default, Debug, PartialEq, Clone)]
[INFO] [stdout]    |              ^^^^^^^^^^ could not find `dots_rs` in the list of imported crates
[INFO] [stdout]    |
[INFO] [stdout]    = note: this error originates in the derive macro `DotsStruct` (in Nightly builds, run with -Z macro-backtrace for more info)
[INFO] [stdout] 
[INFO] [stdout] 
[INFO] [stdout] error[E0433]: cannot find `dots_rs` in the list of imported crates
[INFO] [stdout]   --> tests/new_constructor.rs:32:14
[INFO] [stdout]    |
[INFO] [stdout] 32 |     #[derive(DotsStruct, Default, Debug, PartialEq, Clone)]
[INFO] [stdout]    |              ^^^^^^^^^^ could not find `dots_rs` in the list of imported crates
[INFO] [stdout]    |
[INFO] [stdout]    = note: this error originates in the derive macro `DotsStruct` (in Nightly builds, run with -Z macro-backtrace for more info)
[INFO] [stdout] 
[INFO] [stdout] 
[INFO] [stdout] Some errors have detailed explanations: E0432, E0433.
[INFO] [stdout] 
[INFO] [stdout] For more information about an error, try `rustc --explain E0432`.
[INFO] [stdout] 
[INFO] [stderr] error: could not compile `dots-rs-derive` (test "nested_struct") due to 3 previous errors
[INFO] [stdout] Some errors have detailed explanations: E0432, E0433.
[INFO] [stdout] 
[INFO] [stdout] For more information about an error, try `rustc --explain E0432`.
[INFO] [stdout] 
[INFO] [stderr] error: could not compile `dots-rs-derive` (test "codec_roundtrip") due to 6 previous errors
[INFO] [stdout] Some errors have detailed explanations: E0432, E0433.
[INFO] [stdout] 
[INFO] [stdout] For more information about an error, try `rustc --explain E0432`.
[INFO] [stdout] 
[INFO] [stderr] error: could not compile `dots-rs-derive` (test "any_field") due to 6 previous errors
[INFO] [stdout] error[E0433]: cannot find `dots_rs` in the list of imported crates
[INFO] [stdout]   --> tests/static_descriptor.rs:58:14
[INFO] [stdout]    |
[INFO] [stdout] 58 |     #[derive(DotsStruct, Default, Debug, PartialEq, Clone)]
[INFO] [stdout]    |              ^^^^^^^^^^ could not find `dots_rs` in the list of imported crates
[INFO] [stdout]    |
[INFO] [stdout]    = note: this error originates in the derive macro `DotsStruct` (in Nightly builds, run with -Z macro-backtrace for more info)
[INFO] [stdout] 
[INFO] [stdout] 
[INFO] [stdout] error[E0433]: cannot find `dots_rs` in the list of imported crates
[INFO] [stdout]   --> tests/new_constructor.rs:50:14
[INFO] [stdout]    |
[INFO] [stdout] 50 |     #[derive(DotsStruct, Default, Debug, PartialEq, Clone)]
[INFO] [stdout]    |              ^^^^^^^^^^ could not find `dots_rs` in the list of imported crates
[INFO] [stdout]    |
[INFO] [stdout]    = note: this error originates in the derive macro `DotsStruct` (in Nightly builds, run with -Z macro-backtrace for more info)
[INFO] [stdout] 
[INFO] [stdout] 
[INFO] [stderr] error: could not compile `dots-rs-derive` (test "vec_fields") due to 3 previous errors
[INFO] [stdout] Some errors have detailed explanations: E0432, E0433.
[INFO] [stdout] 
[INFO] [stdout] For more information about an error, try `rustc --explain E0432`.
[INFO] [stdout] 
[INFO] [stdout] Some errors have detailed explanations: E0432, E0433.
[INFO] [stdout] 
[INFO] [stdout] For more information about an error, try `rustc --explain E0432`.
[INFO] [stdout] 
[INFO] [stderr] error: could not compile `dots-rs-derive` (test "wire_only_descriptors") due to 3 previous errors
[INFO] [stdout] error[E0433]: cannot find `dots_rs` in the list of imported crates
[INFO] [stdout]   --> tests/instance_ref.rs:49:14
[INFO] [stdout]    |
[INFO] [stdout] 49 |     #[derive(DotsStruct, Default, Debug, PartialEq, Clone)]
[INFO] [stdout]    |              ^^^^^^^^^^ could not find `dots_rs` in the list of imported crates
[INFO] [stdout]    |
[INFO] [stdout]    = note: this error originates in the derive macro `DotsStruct` (in Nightly builds, run with -Z macro-backtrace for more info)
[INFO] [stdout] 
[INFO] [stdout] 
[INFO] [stdout] error[E0433]: cannot find `dots_rs` in the list of imported crates
[INFO] [stdout]   --> tests/static_descriptor.rs:65:14
[INFO] [stdout]    |
[INFO] [stdout] 65 |     #[derive(DotsStruct, Default, Debug, PartialEq, Clone)]
[INFO] [stdout]    |              ^^^^^^^^^^ could not find `dots_rs` in the list of imported crates
[INFO] [stdout]    |
[INFO] [stdout]    = note: this error originates in the derive macro `DotsStruct` (in Nightly builds, run with -Z macro-backtrace for more info)
[INFO] [stdout] 
[INFO] [stdout] 
[INFO] [stdout] error[E0433]: cannot find module or crate `dots_rs_core` in this scope
[INFO] [stdout]   --> tests/value_ops.rs:73:48
[INFO] [stdout]    |
[INFO] [stdout] 73 |     DynamicStruct::decode(descriptor.clone(), &dots_rs_core::encode_to_vec(value))
[INFO] [stdout]    |                                                ^^^^^^^^^^^^ use of unresolved module or unlinked crate `dots_rs_core`
[INFO] [stdout]    |
[INFO] [stdout] help: there is a crate or module with a similar name
[INFO] [stdout]    |
[INFO] [stdout] 73 -     DynamicStruct::decode(descriptor.clone(), &dots_rs_core::encode_to_vec(value))
[INFO] [stdout] 73 +     DynamicStruct::decode(descriptor.clone(), &dots_rs_derive::encode_to_vec(value))
[INFO] [stdout]    |
[INFO] [stdout] 
[INFO] [stdout] 
[INFO] [stdout] Some errors have detailed explanations: E0432, E0433.
[INFO] [stdout] 
[INFO] [stdout] For more information about an error, try `rustc --explain E0432`.
[INFO] [stdout] 
[INFO] [stderr] error: could not compile `dots-rs-derive` (test "value_ops") due to 5 previous errors
[INFO] [stdout] error[E0433]: cannot find `dots_rs` in the list of imported crates
[INFO] [stdout]   --> tests/instance_ref.rs:57:14
[INFO] [stdout]    |
[INFO] [stdout] 57 |     #[derive(DotsStruct, Default, Debug, PartialEq, Clone)]
[INFO] [stdout]    |              ^^^^^^^^^^ could not find `dots_rs` in the list of imported crates
[INFO] [stdout]    |
[INFO] [stdout]    = note: this error originates in the derive macro `DotsStruct` (in Nightly builds, run with -Z macro-backtrace for more info)
[INFO] [stdout] 
[INFO] [stdout] 
[INFO] [stdout] error[E0433]: cannot find `dots_rs` in the list of imported crates
[INFO] [stdout]   --> tests/static_descriptor.rs:72:14
[INFO] [stdout]    |
[INFO] [stdout] 72 |     #[derive(DotsStruct, Default, Debug, PartialEq, Clone)]
[INFO] [stdout]    |              ^^^^^^^^^^ could not find `dots_rs` in the list of imported crates
[INFO] [stdout]    |
[INFO] [stdout]    = note: this error originates in the derive macro `DotsStruct` (in Nightly builds, run with -Z macro-backtrace for more info)
[INFO] [stdout] 
[INFO] [stdout] 
[INFO] [stdout] For more information about this error, try `rustc --explain E0433`.
[INFO] [stdout] 
[INFO] [stderr] error: could not compile `dots-rs-derive` (test "new_constructor") due to 4 previous errors
[INFO] [stdout] error[E0433]: cannot find `dots_rs` in the list of imported crates
[INFO] [stdout]   --> tests/static_descriptor.rs:79:14
[INFO] [stdout]    |
[INFO] [stdout] 79 |     #[derive(DotsStruct, Default, Debug, PartialEq, Clone)]
[INFO] [stdout]    |              ^^^^^^^^^^ could not find `dots_rs` in the list of imported crates
[INFO] [stdout]    |
[INFO] [stdout]    = note: this error originates in the derive macro `DotsStruct` (in Nightly builds, run with -Z macro-backtrace for more info)
[INFO] [stdout] 
[INFO] [stdout] 
[INFO] [stdout] error[E0433]: cannot find `dots_rs` in the list of imported crates
[INFO] [stdout]   --> tests/instance_ref.rs:67:14
[INFO] [stdout]    |
[INFO] [stdout] 67 |     #[derive(DotsStruct, Default, Debug, PartialEq, Clone)]
[INFO] [stdout]    |              ^^^^^^^^^^ could not find `dots_rs` in the list of imported crates
[INFO] [stdout]    |
[INFO] [stdout]    = note: this error originates in the derive macro `DotsStruct` (in Nightly builds, run with -Z macro-backtrace for more info)
[INFO] [stdout] 
[INFO] [stdout] 
[INFO] [stdout] error[E0433]: cannot find `dots_rs` in the list of imported crates
[INFO] [stdout]    --> tests/golden_wire_bytes.rs:101:14
[INFO] [stdout]     |
[INFO] [stdout] 101 |     #[derive(DotsStruct, Default, Debug, PartialEq, Clone)]
[INFO] [stdout]     |              ^^^^^^^^^^ could not find `dots_rs` in the list of imported crates
[INFO] [stdout]     |
[INFO] [stdout]     = note: this error originates in the derive macro `DotsStruct` (in Nightly builds, run with -Z macro-backtrace for more info)
[INFO] [stdout] 
[INFO] [stdout] 
[INFO] [stdout] error[E0433]: cannot find `dots_rs` in the list of imported crates
[INFO] [stdout]   --> tests/static_descriptor.rs:86:14
[INFO] [stdout]    |
[INFO] [stdout] 86 |     #[derive(DotsStruct, Default, Debug, PartialEq, Clone)]
[INFO] [stdout]    |              ^^^^^^^^^^ could not find `dots_rs` in the list of imported crates
[INFO] [stdout]    |
[INFO] [stdout]    = note: this error originates in the derive macro `DotsStruct` (in Nightly builds, run with -Z macro-backtrace for more info)
[INFO] [stdout] 
[INFO] [stdout] 
[INFO] [stdout] For more information about this error, try `rustc --explain E0433`.
[INFO] [stdout] 
[INFO] [stderr] error: could not compile `dots-rs-derive` (test "static_descriptor") due to 8 previous errors
[INFO] [stdout] error[E0433]: cannot find module or crate `dots_rs_core` in this scope
[INFO] [stdout]    --> tests/instance_ref.rs:232:17
[INFO] [stdout]     |
[INFO] [stdout] 232 |                 dots_rs_core::DynamicStructDescriptor::from_static(RefPair::DESCRIPTOR),
[INFO] [stdout]     |                 ^^^^^^^^^^^^ use of unresolved module or unlinked crate `dots_rs_core`
[INFO] [stdout]     |
[INFO] [stdout] help: there is a crate or module with a similar name
[INFO] [stdout]     |
[INFO] [stdout] 232 -                 dots_rs_core::DynamicStructDescriptor::from_static(RefPair::DESCRIPTOR),
[INFO] [stdout] 232 +                 dots_rs_derive::DynamicStructDescriptor::from_static(RefPair::DESCRIPTOR),
[INFO] [stdout]     |
[INFO] [stdout] 
[INFO] [stdout] 
[INFO] [stdout] error[E0433]: cannot find module or crate `dots_rs_core` in this scope
[INFO] [stdout]    --> tests/instance_ref.rs:245:42
[INFO] [stdout]     |
[INFO] [stdout] 245 |     let descriptor = std::sync::Arc::new(dots_rs_core::DynamicStructDescriptor::from_static(
[INFO] [stdout]     |                                          ^^^^^^^^^^^^ use of unresolved module or unlinked crate `dots_rs_core`
[INFO] [stdout]     |
[INFO] [stdout] help: there is a crate or module with a similar name
[INFO] [stdout]     |
[INFO] [stdout] 245 -     let descriptor = std::sync::Arc::new(dots_rs_core::DynamicStructDescriptor::from_static(
[INFO] [stdout] 245 +     let descriptor = std::sync::Arc::new(dots_rs_derive::DynamicStructDescriptor::from_static(
[INFO] [stdout]     |
[INFO] [stdout] 
[INFO] [stdout] 
[INFO] [stdout] error[E0433]: cannot find module or crate `dots_rs_core` in this scope
[INFO] [stdout]    --> tests/instance_ref.rs:251:15
[INFO] [stdout]     |
[INFO] [stdout] 251 |         Some(&dots_rs_core::DynamicValue::String("eth0".into()))
[INFO] [stdout]     |               ^^^^^^^^^^^^ use of unresolved module or unlinked crate `dots_rs_core`
[INFO] [stdout]     |
[INFO] [stdout] help: there is a crate or module with a similar name
[INFO] [stdout]     |
[INFO] [stdout] 251 -         Some(&dots_rs_core::DynamicValue::String("eth0".into()))
[INFO] [stdout] 251 +         Some(&dots_rs_derive::DynamicValue::String("eth0".into()))
[INFO] [stdout]     |
[INFO] [stdout] 
[INFO] [stdout] 
[INFO] [stdout] error[E0433]: cannot find module or crate `dots_rs_core` in this scope
[INFO] [stdout]   --> tests/instance_ref.rs:61:29
[INFO] [stdout]    |
[INFO] [stdout] 61 |         pub subject: Option<dots_rs_core::InstanceRef>,
[INFO] [stdout]    |                             ^^^^^^^^^^^^ use of unresolved module or unlinked crate `dots_rs_core`
[INFO] [stdout]    |
[INFO] [stdout] help: there is a crate or module with a similar name
[INFO] [stdout]    |
[INFO] [stdout] 61 -         pub subject: Option<dots_rs_core::InstanceRef>,
[INFO] [stdout] 61 +         pub subject: Option<dots_rs_derive::InstanceRef>,
[INFO] [stdout]    |
[INFO] [stdout] 
[INFO] [stdout] 
[INFO] [stdout] error[E0433]: cannot find module or crate `dots_rs_core` in this scope
[INFO] [stdout]   --> tests/instance_ref.rs:71:29
[INFO] [stdout]    |
[INFO] [stdout] 71 |         pub generic: Option<dots_rs_core::InstanceRef>,
[INFO] [stdout]    |                             ^^^^^^^^^^^^ use of unresolved module or unlinked crate `dots_rs_core`
[INFO] [stdout]    |
[INFO] [stdout] help: there is a crate or module with a similar name
[INFO] [stdout]    |
[INFO] [stdout] 71 -         pub generic: Option<dots_rs_core::InstanceRef>,
[INFO] [stdout] 71 +         pub generic: Option<dots_rs_derive::InstanceRef>,
[INFO] [stdout]    |
[INFO] [stdout] 
[INFO] [stdout] 
[INFO] [stdout] error[E0433]: cannot find module or crate `dots_rs_core` in this scope
[INFO] [stdout]   --> tests/instance_ref.rs:73:27
[INFO] [stdout]    |
[INFO] [stdout] 73 |         pub typed: Option<dots_rs_core::InstanceRef<ExampleType>>,
[INFO] [stdout]    |                           ^^^^^^^^^^^^ use of unresolved module or unlinked crate `dots_rs_core`
[INFO] [stdout]    |
[INFO] [stdout] help: there is a crate or module with a similar name
[INFO] [stdout]    |
[INFO] [stdout] 73 -         pub typed: Option<dots_rs_core::InstanceRef<ExampleType>>,
[INFO] [stdout] 73 +         pub typed: Option<dots_rs_derive::InstanceRef<ExampleType>>,
[INFO] [stdout]    |
[INFO] [stdout] 
[INFO] [stdout] 
[INFO] [stdout] error[E0433]: cannot find module or crate `dots_rs_core` in this scope
[INFO] [stdout]    --> tests/instance_ref.rs:166:31
[INFO] [stdout]     |
[INFO] [stdout] 166 |     let decoded: StatusType = dots_rs_core::decode_typed_from_slice(&bytes).unwrap();
[INFO] [stdout]     |                               ^^^^^^^^^^^^ use of unresolved module or unlinked crate `dots_rs_core`
[INFO] [stdout]     |
[INFO] [stdout] help: there is a crate or module with a similar name
[INFO] [stdout]     |
[INFO] [stdout] 166 -     let decoded: StatusType = dots_rs_core::decode_typed_from_slice(&bytes).unwrap();
[INFO] [stdout] 166 +     let decoded: StatusType = dots_rs_derive::decode_typed_from_slice(&bytes).unwrap();
[INFO] [stdout]     |
[INFO] [stdout] 
[INFO] [stdout] 
[INFO] [stdout] error[E0433]: cannot find module or crate `dots_rs_core` in this scope
[INFO] [stdout]    --> tests/instance_ref.rs:202:28
[INFO] [stdout]     |
[INFO] [stdout] 202 |     let decoded: RefPair = dots_rs_core::decode_typed_from_slice(&bytes).unwrap();
[INFO] [stdout]     |                            ^^^^^^^^^^^^ use of unresolved module or unlinked crate `dots_rs_core`
[INFO] [stdout]     |
[INFO] [stdout] help: there is a crate or module with a similar name
[INFO] [stdout]     |
[INFO] [stdout] 202 -     let decoded: RefPair = dots_rs_core::decode_typed_from_slice(&bytes).unwrap();
[INFO] [stdout] 202 +     let decoded: RefPair = dots_rs_derive::decode_typed_from_slice(&bytes).unwrap();
[INFO] [stdout]     |
[INFO] [stdout] 
[INFO] [stdout] 
[INFO] [stdout] error[E0433]: cannot find module or crate `dots_rs_core` in this scope
[INFO] [stdout]    --> tests/instance_ref.rs:230:21
[INFO] [stdout]     |
[INFO] [stdout] 230 |             assert!(dots_rs_core::decode_typed_from_slice::<RefPair>(&bytes).is_err());
[INFO] [stdout]     |                     ^^^^^^^^^^^^ use of unresolved module or unlinked crate `dots_rs_core`
[INFO] [stdout]     |
[INFO] [stdout] help: there is a crate or module with a similar name
[INFO] [stdout]     |
[INFO] [stdout] 230 -             assert!(dots_rs_core::decode_typed_from_slice::<RefPair>(&bytes).is_err());
[INFO] [stdout] 230 +             assert!(dots_rs_derive::decode_typed_from_slice::<RefPair>(&bytes).is_err());
[INFO] [stdout]     |
[INFO] [stdout] 
[INFO] [stdout] 
[INFO] [stdout] Some errors have detailed explanations: E0432, E0433.
[INFO] [stdout] 
[INFO] [stdout] For more information about an error, try `rustc --explain E0432`.
[INFO] [stdout] 
[INFO] [stderr] error: could not compile `dots-rs-derive` (test "instance_ref") due to 16 previous errors
[INFO] [stdout] error[E0433]: cannot find module or crate `dots_rs_core` in this scope
[INFO] [stdout]    --> tests/golden_wire_bytes.rs:522:23
[INFO] [stdout]     |
[INFO] [stdout] 522 |     let mut decoder = dots_rs_core::minicbor::Decoder::new(&stream);
[INFO] [stdout]     |                       ^^^^^^^^^^^^ use of unresolved module or unlinked crate `dots_rs_core`
[INFO] [stdout]     |
[INFO] [stdout] help: there is a crate or module with a similar name
[INFO] [stdout]     |
[INFO] [stdout] 522 -     let mut decoder = dots_rs_core::minicbor::Decoder::new(&stream);
[INFO] [stdout] 522 +     let mut decoder = dots_rs_derive::minicbor::Decoder::new(&stream);
[INFO] [stdout]     |
[INFO] [stdout] 
[INFO] [stdout] 
[INFO] [stdout] Some errors have detailed explanations: E0432, E0433.
[INFO] [stdout] 
[INFO] [stdout] For more information about an error, try `rustc --explain E0432`.
[INFO] [stdout] 
[INFO] [stderr] error: could not compile `dots-rs-derive` (test "golden_wire_bytes") due to 8 previous errors
[INFO] running `Command { std: "docker" "inspect" "e7579da01d60ba47e668eeacd20f32efe570101028afcf9f13fc6ad15b91c6b7", kill_on_drop: false }`
[INFO] running `Command { std: "docker" "rm" "-f" "e7579da01d60ba47e668eeacd20f32efe570101028afcf9f13fc6ad15b91c6b7", kill_on_drop: false }`
[INFO] [stdout] e7579da01d60ba47e668eeacd20f32efe570101028afcf9f13fc6ad15b91c6b7
