[INFO] fetching crate dorsid 0.1.0...
[INFO] testing dorsid-0.1.0 against 1.99.0-beta.8+cargoflags=--release for beta-release-1.100-2
[INFO] extracting crate dorsid 0.1.0 into /workspace/builds/worker-1-tc1/source
[INFO] started tweaking crates.io crate dorsid 0.1.0
[INFO] removed 0 missing tests
[INFO] finished tweaking crates.io crate dorsid 0.1.0
[INFO] tweaked toml for crates.io crate dorsid 0.1.0 written to /workspace/builds/worker-1-tc1/source/Cargo.toml
[INFO] validating manifest of crates.io crate dorsid 0.1.0 on toolchain 1.99.0-beta.8
[INFO] running `Command { std: CARGO_HOME="/workspace/cargo-home" RUSTUP_HOME="/workspace/rustup-home" "/workspace/cargo-home/bin/cargo" "+1.99.0-beta.8" "metadata" "--manifest-path" "Cargo.toml" "--no-deps", kill_on_drop: false }`
[INFO] crate crates.io crate dorsid 0.1.0 already has a lockfile, it will not be regenerated
[INFO] running `Command { std: CARGO_HOME="/workspace/cargo-home" RUSTUP_HOME="/workspace/rustup-home" "/workspace/cargo-home/bin/cargo" "+1.99.0-beta.8" "fetch" "--manifest-path" "Cargo.toml", kill_on_drop: false }`
[INFO] [stderr]     Updating crates.io index
[INFO] [stderr]  Downloading crates ...
[INFO] [stderr]   Downloaded diceware-ordinal v0.1.0
[INFO] running `Command { std: "docker" "create" "-v" "/var/lib/crater-agent-workspace/builds/worker-1-tc1/source:/opt/rustwide/workdir:ro,Z" "-v" "/var/lib/crater-agent-workspace/builds/worker-1-tc1/target:/opt/rustwide/target:rw,Z" "-v" "/var/lib/crater-agent-workspace/cargo-home:/opt/rustwide/cargo-home:ro,Z" "-v" "/var/lib/crater-agent-workspace/rustup-home:/opt/rustwide/rustup-home:ro,Z" "-m" "1610612736" "--network" "none" "ghcr.io/rust-lang/crates-build-env/linux@sha256:77db811e55d90add9212f6832c23229e3de5f1c1f9905e8cb07319ea15df73ac" "sleep" "infinity", kill_on_drop: false }`
[INFO] [stdout] 1b81464182bef5936f7fa0481db84bcb26c5b6b8b16d4046650bd12014c3c087
[INFO] running `Command { std: "docker" "start" "1b81464182bef5936f7fa0481db84bcb26c5b6b8b16d4046650bd12014c3c087", kill_on_drop: false }`
[INFO] running `Command { std: "docker" "inspect" "1b81464182bef5936f7fa0481db84bcb26c5b6b8b16d4046650bd12014c3c087", kill_on_drop: false }`
[INFO] running `Command { std: "docker" "exec" "-e" "SOURCE_DIR=/opt/rustwide/workdir" "-e" "CARGO_HOME=/opt/rustwide/cargo-home" "-e" "RUSTUP_HOME=/opt/rustwide/rustup-home" "-e" "CARGO_TARGET_DIR=/opt/rustwide/target" "-w" "/opt/rustwide/workdir" "--user" "0:0" "1b81464182bef5936f7fa0481db84bcb26c5b6b8b16d4046650bd12014c3c087" "/opt/rustwide/cargo-home/bin/cargo" "+1.99.0-beta.8" "metadata" "--no-deps" "--format-version=1", kill_on_drop: false }`
[INFO] running `Command { std: "docker" "inspect" "1b81464182bef5936f7fa0481db84bcb26c5b6b8b16d4046650bd12014c3c087", kill_on_drop: false }`
[INFO] running `Command { std: "docker" "exec" "-e" "SOURCE_DIR=/opt/rustwide/workdir" "-e" "CARGO_HOME=/opt/rustwide/cargo-home" "-e" "RUSTUP_HOME=/opt/rustwide/rustup-home" "-e" "CARGO_TARGET_DIR=/opt/rustwide/target" "-e" "CARGO_INCREMENTAL=0" "-e" "RUST_BACKTRACE=full" "-e" "RUSTFLAGS=--cap-lints=warn" "-e" "RUSTDOCFLAGS=--cap-lints=warn" "-w" "/opt/rustwide/workdir" "--user" "0:0" "1b81464182bef5936f7fa0481db84bcb26c5b6b8b16d4046650bd12014c3c087" "/opt/rustwide/cargo-home/bin/cargo" "+1.99.0-beta.8" "build" "--frozen" "--message-format=json" "--release", kill_on_drop: false }`
[INFO] [stderr]    Compiling syn v2.0.117
[INFO] [stderr]    Compiling libc v0.2.186
[INFO] [stderr]    Compiling getrandom v0.4.2
[INFO] [stderr]    Compiling num-conv v0.2.1
[INFO] [stderr]    Compiling time v0.3.47
[INFO] [stderr]    Compiling thiserror-impl v2.0.18
[INFO] [stderr]    Compiling thiserror v2.0.18
[INFO] [stderr]    Compiling diceware-ordinal v0.1.0
[INFO] [stderr]    Compiling dorsid v0.1.0 (/opt/rustwide/workdir)
[INFO] [stdout] warning: function `sleep_until_next_ms` is never used
[INFO] [stdout]   --> src/util.rs:21:8
[INFO] [stdout]    |
[INFO] [stdout] 21 | pub fn sleep_until_next_ms(current_ms: u64) {
[INFO] [stdout]    |        ^^^^^^^^^^^^^^^^^^^
[INFO] [stdout]    |
[INFO] [stdout]    = note: `#[warn(dead_code)]` (part of `#[warn(unused)]`) on by default
[INFO] [stdout] 
[INFO] [stdout] 
[INFO] [stderr]     Finished `release` profile [optimized] target(s) in 7.67s
[INFO] running `Command { std: "docker" "inspect" "1b81464182bef5936f7fa0481db84bcb26c5b6b8b16d4046650bd12014c3c087", kill_on_drop: false }`
[INFO] running `Command { std: "docker" "exec" "-e" "SOURCE_DIR=/opt/rustwide/workdir" "-e" "CARGO_HOME=/opt/rustwide/cargo-home" "-e" "RUSTUP_HOME=/opt/rustwide/rustup-home" "-e" "CARGO_TARGET_DIR=/opt/rustwide/target" "-e" "CARGO_INCREMENTAL=0" "-e" "RUST_BACKTRACE=full" "-e" "RUSTFLAGS=--cap-lints=warn" "-e" "RUSTDOCFLAGS=--cap-lints=warn" "-w" "/opt/rustwide/workdir" "--user" "0:0" "1b81464182bef5936f7fa0481db84bcb26c5b6b8b16d4046650bd12014c3c087" "/opt/rustwide/cargo-home/bin/cargo" "+1.99.0-beta.8" "test" "--frozen" "--no-run" "--message-format=json" "--release", kill_on_drop: false }`
[INFO] [stderr]    Compiling dorsid v0.1.0 (/opt/rustwide/workdir)
[INFO] [stdout] warning: function `sleep_until_next_ms` is never used
[INFO] [stdout]   --> src/util.rs:21:8
[INFO] [stdout]    |
[INFO] [stdout] 21 | pub fn sleep_until_next_ms(current_ms: u64) {
[INFO] [stdout]    |        ^^^^^^^^^^^^^^^^^^^
[INFO] [stdout]    |
[INFO] [stdout]    = note: `#[warn(dead_code)]` (part of `#[warn(unused)]`) on by default
[INFO] [stdout] 
[INFO] [stdout] 
[INFO] [stdout] error[E0432]: unresolved import `dorsid::sid::RetroGenerator`
[INFO] [stdout]   --> tests/spec_examples.rs:15:5
[INFO] [stdout]    |
[INFO] [stdout] 15 | use dorsid::sid::RetroGenerator;
[INFO] [stdout]    |     ^^^^^^^^^^^^^--------------
[INFO] [stdout]    |                  |
[INFO] [stdout]    |                  no `RetroGenerator` in `sid`
[INFO] [stdout]    |
[INFO] [stdout] note: found an item that was configured out
[INFO] [stdout]   --> src/sid/mod.rs:86:35
[INFO] [stdout]    |
[INFO] [stdout] 85 | #[cfg(feature = "retro")]
[INFO] [stdout]    |       ----------------- the item is gated behind the `retro` feature
[INFO] [stdout] 86 | pub use retroactive::{RetroError, RetroGenerator};
[INFO] [stdout]    |                                   ^^^^^^^^^^^^^^
[INFO] [stdout] 
[INFO] [stdout] 
[INFO] [stdout] error[E0432]: unresolved import `dorsid::sid::Generator`
[INFO] [stdout]   --> tests/generator_threads.rs:11:5
[INFO] [stdout]    |
[INFO] [stdout] 11 | use dorsid::sid::Generator;
[INFO] [stdout]    |     ^^^^^^^^^^^^^---------
[INFO] [stdout]    |                  |
[INFO] [stdout]    |                  no `Generator` in `sid`
[INFO] [stdout]    |
[INFO] [stdout] note: found an item that was configured out
[INFO] [stdout]   --> src/sid/mod.rs:62:20
[INFO] [stdout]    |
[INFO] [stdout] 61 | #[cfg(any(feature = "sid-persistent", feature = "persistent"))]
[INFO] [stdout]    |          ---------------------------------------------------- the item is gated here
[INFO] [stdout] 62 | pub use generator::Generator;
[INFO] [stdout]    |                    ^^^^^^^^^
[INFO] [stdout] 
[INFO] [stdout] 
[INFO] [stdout] For more information about this error, try `rustc --explain E0432`.
[INFO] [stdout] 
[INFO] [stderr] error: could not compile `dorsid` (test "generator_threads") due to 1 previous error
[INFO] [stderr] warning: build failed, waiting for other jobs to finish...
[INFO] [stdout] For more information about this error, try `rustc --explain E0432`.
[INFO] [stdout] 
[INFO] [stderr] error: could not compile `dorsid` (test "spec_examples") due to 1 previous error
[INFO] [stdout] error[E0432]: unresolved import `dorsid::sid::RetroGenerator`
[INFO] [stdout]   --> tests/roundtrip.rs:5:5
[INFO] [stdout]    |
[INFO] [stdout]  5 | use dorsid::sid::RetroGenerator;
[INFO] [stdout]    |     ^^^^^^^^^^^^^--------------
[INFO] [stdout]    |                  |
[INFO] [stdout]    |                  no `RetroGenerator` in `sid`
[INFO] [stdout]    |
[INFO] [stdout] note: found an item that was configured out
[INFO] [stdout]   --> src/sid/mod.rs:86:35
[INFO] [stdout]    |
[INFO] [stdout] 85 | #[cfg(feature = "retro")]
[INFO] [stdout]    |       ----------------- the item is gated behind the `retro` feature
[INFO] [stdout] 86 | pub use retroactive::{RetroError, RetroGenerator};
[INFO] [stdout]    |                                   ^^^^^^^^^^^^^^
[INFO] [stdout] 
[INFO] [stdout] 
[INFO] [stdout] For more information about this error, try `rustc --explain E0432`.
[INFO] [stdout] 
[INFO] [stderr] error: could not compile `dorsid` (test "roundtrip") due to 1 previous error
[INFO] running `Command { std: "docker" "inspect" "1b81464182bef5936f7fa0481db84bcb26c5b6b8b16d4046650bd12014c3c087", kill_on_drop: false }`
[INFO] running `Command { std: "docker" "rm" "-f" "1b81464182bef5936f7fa0481db84bcb26c5b6b8b16d4046650bd12014c3c087", kill_on_drop: false }`
[INFO] [stdout] 1b81464182bef5936f7fa0481db84bcb26c5b6b8b16d4046650bd12014c3c087
